66.249.69.133 - - [17/Apr/2026:14:59:17 -0400] "GET /?j=84891827072950 HTTP/1.1" 200 1834 "-" "Mozilla/5.0 (Linux; Android 6.0.1; Nexus 5X Build/MMB29P) AppleWebKit/537.36 (KHTML, like Gecko) Chrome/146.0.7680.177 Mobile Safari/537.36 (compatible; Googlebot/2.1; +http://www.google.com/bot.html)"
40.77.167.151 - - [17/Apr/2026:14:59:28 -0400] "GET /shop/metopias/rabidities6351427190.html HTTP/1.1" 404 1251 "-" "Mozilla/5.0 AppleWebKit/537.36 (KHTML, like Gecko; compatible; bingbot/2.0; +http://www.bing.com/bingbot.htm) Chrome/116.0.1938.76 Safari/537.36"
192.178.6.64 - - [17/Apr/2026:14:59:29 -0400] "GET /?d=41370794238105 HTTP/1.1" 200 1830 "-" "Mozilla/5.0 (Linux; Android 6.0.1; Nexus 5X Build/MMB29P) AppleWebKit/537.36 (KHTML, like Gecko) Chrome/146.0.7680.177 Mobile Safari/537.36 (compatible; Googlebot/2.1; +http://www.google.com/bot.html)"
40.77.167.151 - - [17/Apr/2026:14:59:29 -0400] "GET /shop/cubitiere/castrator26766122186.html HTTP/1.1" 404 1251 "-" "Mozilla/5.0 AppleWebKit/537.36 (KHTML, like Gecko; compatible; bingbot/2.0; +http://www.bing.com/bingbot.htm) Chrome/116.0.1938.76 Safari/537.36"
40.77.167.151 - - [17/Apr/2026:14:59:30 -0400] "GET /shop/macrozoospore/saimiri38121239912.html HTTP/1.1" 404 1251 "-" "Mozilla/5.0 AppleWebKit/537.36 (KHTML, like Gecko; compatible; bingbot/2.0; +http://www.bing.com/bingbot.htm) Chrome/116.0.1938.76 Safari/537.36"
192.178.6.72 - - [17/Apr/2026:14:59:44 -0400] "GET /?d=24182501226862 HTTP/1.1" 200 1830 "-" "Mozilla/5.0 (Linux; Android 6.0.1; Nexus 5X Build/MMB29P) AppleWebKit/537.36 (KHTML, like Gecko) Chrome/146.0.7680.177 Mobile Safari/537.36 (compatible; Googlebot/2.1; +http://www.google.com/bot.html)"
216.244.66.241 - - [17/Apr/2026:15:00:02 -0400] "GET /?p=6350 HTTP/1.1" 200 9221 "-" "Mozilla/5.0 (compatible; DotBot/1.2; +https://opensiteexplorer.org/dotbot; help@moz.com)"
192.178.6.72 - - [17/Apr/2026:15:00:03 -0400] "GET /?d=68685355903739 HTTP/1.1" 200 1812 "-" "Mozilla/5.0 (Linux; Android 6.0.1; Nexus 5X Build/MMB29P) AppleWebKit/537.36 (KHTML, like Gecko) Chrome/146.0.7680.177 Mobile Safari/537.36 (compatible; Googlebot/2.1; +http://www.google.com/bot.html)"
216.244.66.241 - - [17/Apr/2026:15:00:07 -0400] "GET /?p=7864 HTTP/1.1" 200 9221 "-" "Mozilla/5.0 (compatible; DotBot/1.2; +https://opensiteexplorer.org/dotbot; help@moz.com)"
17.241.75.91 - - [17/Apr/2026:15:00:11 -0400] "GET /_autoindex/assets/js/tablesort.number.js HTTP/1.1" 200 375 "https://davidsteele.com/?d=2597641" "Mozilla/5.0 (Macintosh; Intel Mac OS X 10_15_7) AppleWebKit/605.1.15 (KHTML, like Gecko) Version/17.4 Safari/605.1.15 (Applebot/0.1; +http://www.apple.com/go/applebot)"
17.241.227.138 - - [17/Apr/2026:15:00:12 -0400] "GET /_autoindex/assets/js/tablesort.js HTTP/1.1" 200 2634 "https://davidsteele.com/?d=2597641" "Mozilla/5.0 (Macintosh; Intel Mac OS X 10_15_7) AppleWebKit/605.1.15 (KHTML, like Gecko) Version/17.4 Safari/605.1.15 (Applebot/0.1; +http://www.apple.com/go/applebot)"
192.178.6.73 - - [17/Apr/2026:15:00:23 -0400] "GET /?d=7647407446970 HTTP/1.1" 200 1812 "-" "Mozilla/5.0 (Linux; Android 6.0.1; Nexus 5X Build/MMB29P) AppleWebKit/537.36 (KHTML, like Gecko) Chrome/146.0.7680.177 Mobile Safari/537.36 (compatible; Googlebot/2.1; +http://www.google.com/bot.html)"
114.119.144.212 - - [17/Apr/2026:15:00:53 -0400] "GET /info/2649298580.html HTTP/1.1" 404 1251 "https://www.davidsteele.com/sitemap.xml" "Mozilla/5.0 (Linux; Android 7.0;) AppleWebKit/537.36 (KHTML, like Gecko) Mobile Safari/537.36 (compatible; PetalBot;+https://webmaster.petalsearch.com/site/petalbot)"
66.249.69.132 - - [17/Apr/2026:15:01:08 -0400] "GET /?j=41845529966401 HTTP/1.1" 200 1834 "-" "GoogleOther-Image/1.0"
216.244.66.241 - - [17/Apr/2026:15:01:13 -0400] "GET /assets/x-ray3.jpg HTTP/1.1" 404 1251 "-" "Mozilla/5.0 (compatible; DotBot/1.2; +https://opensiteexplorer.org/dotbot; help@moz.com)"
192.178.6.72 - - [17/Apr/2026:15:01:25 -0400] "GET /?d=52219083707348 HTTP/1.1" 200 1812 "-" "Mozilla/5.0 (Linux; Android 6.0.1; Nexus 5X Build/MMB29P) AppleWebKit/537.36 (KHTML, like Gecko) Chrome/146.0.7680.177 Mobile Safari/537.36 (compatible; Googlebot/2.1; +http://www.google.com/bot.html)"
17.241.227.157 - - [17/Apr/2026:15:02:05 -0400] "GET /?d=1299412 HTTP/1.1" 200 2129 "-" "Mozilla/5.0 (Macintosh; Intel Mac OS X 10_15_7) AppleWebKit/605.1.15 (KHTML, like Gecko) Version/17.4 Safari/605.1.15 (Applebot/0.1; +http://www.apple.com/go/applebot)"
192.178.6.72 - - [17/Apr/2026:15:02:27 -0400] "GET /?d=77226459390650 HTTP/1.1" 200 1812 "-" "Mozilla/5.0 (Linux; Android 6.0.1; Nexus 5X Build/MMB29P) AppleWebKit/537.36 (KHTML, like Gecko) Chrome/146.0.7680.177 Mobile Safari/537.36 (compatible; Googlebot/2.1; +http://www.google.com/bot.html)"
192.178.6.64 - - [17/Apr/2026:15:03:40 -0400] "GET /?d=16718597987589 HTTP/1.1" 200 1830 "-" "Mozilla/5.0 (Linux; Android 6.0.1; Nexus 5X Build/MMB29P) AppleWebKit/537.36 (KHTML, like Gecko) Chrome/146.0.7680.177 Mobile Safari/537.36 (compatible; Googlebot/2.1; +http://www.google.com/bot.html)"
107.172.177.97 - - [17/Apr/2026:15:03:42 -0400] "GET /13200-2/ HTTP/1.1" 404 1251 "https://davidsteele.com/" "Mozilla/5.0 (Windows NT 10.0; Win64; x64) AppleWebKit/537.36 (KHTML, like Gecko) Chrome/114.0.0.0 Safari/537.36 Edg/114.0.1264.71"
107.172.177.97 - - [17/Apr/2026:15:03:42 -0400] "GET / HTTP/1.1" 200 1830 "-" "Mozilla/5.0 (Windows NT 10.0; Win64; x64) AppleWebKit/537.36 (KHTML, like Gecko) Chrome/114.0.0.0 Safari/537.36 Edg/114.0.1264.71"
162.0.209.96 - - [17/Apr/2026:15:03:49 -0400] "POST /wp-cron.php?doing_wp_cron=1776452629.1078960895538330078125 HTTP/1.1" 200 0 "-" "WordPress/6.8.5; https://davidsteele.com"
107.172.177.97 - - [17/Apr/2026:15:03:43 -0400] "GET /wp-login.php HTTP/1.1" 200 1974 "https://davidsteele.com" "Mozilla/5.0 (Windows NT 6.3; Win64; x64) AppleWebKit/537.36 (KHTML, like Gecko) Chrome/103.0.0.0 Safari/537.36"
107.172.177.97 - - [17/Apr/2026:15:03:49 -0400] "GET /wp-login.php?action=lostpassword HTTP/1.1" 200 1189 "https://davidsteele.com/wp-login.php" "Mozilla/5.0 (Windows NT 6.3; Win64; x64) AppleWebKit/537.36 (KHTML, like Gecko) Chrome/103.0.0.0 Safari/537.36"
107.172.177.97 - - [17/Apr/2026:15:03:53 -0400] "GET /wp-includes/css/dashicons.min.css?ver=6.8.5 HTTP/1.1" 200 35110 "https://davidsteele.com/wp-login.php?action=lostpassword" "Mozilla/5.0 (Windows NT 10.0; Win64; x64) AppleWebKit/537.36 (KHTML, like Gecko) Chrome/143.0.0.0 Safari/537.36"
107.172.177.97 - - [17/Apr/2026:15:03:53 -0400] "GET /wp-includes/css/buttons.min.css?ver=6.8.5 HTTP/1.1" 200 1275 "https://davidsteele.com/wp-login.php?action=lostpassword" "Mozilla/5.0 (Windows NT 10.0; Win64; x64) AppleWebKit/537.36 (KHTML, like Gecko) Chrome/143.0.0.0 Safari/537.36"
107.172.177.97 - - [17/Apr/2026:15:03:54 -0400] "GET /wp-admin/css/forms.min.css?ver=6.8.5 HTTP/1.1" 200 6387 "https://davidsteele.com/wp-login.php?action=lostpassword" "Mozilla/5.0 (Windows NT 10.0; Win64; x64) AppleWebKit/537.36 (KHTML, like Gecko) Chrome/143.0.0.0 Safari/537.36"
107.172.177.97 - - [17/Apr/2026:15:03:54 -0400] "GET /wp-admin/css/l10n.min.css?ver=6.8.5 HTTP/1.1" 200 675 "https://davidsteele.com/wp-login.php?action=lostpassword" "Mozilla/5.0 (Windows NT 10.0; Win64; x64) AppleWebKit/537.36 (KHTML, like Gecko) Chrome/143.0.0.0 Safari/537.36"
107.172.177.97 - - [17/Apr/2026:15:03:54 -0400] "GET /wp-admin/css/login.min.css?ver=6.8.5 HTTP/1.1" 200 1965 "https://davidsteele.com/wp-login.php?action=lostpassword" "Mozilla/5.0 (Windows NT 10.0; Win64; x64) AppleWebKit/537.36 (KHTML, like Gecko) Chrome/143.0.0.0 Safari/537.36"
192.178.6.72 - - [17/Apr/2026:15:04:01 -0400] "GET /?d=85164306593844 HTTP/1.1" 200 1828 "-" "Mozilla/5.0 (Linux; Android 6.0.1; Nexus 5X Build/MMB29P) AppleWebKit/537.36 (KHTML, like Gecko) Chrome/146.0.7680.177 Mobile Safari/537.36 (compatible; Googlebot/2.1; +http://www.google.com/bot.html)"
192.178.6.72 - - [17/Apr/2026:15:04:11 -0400] "GET /?d=8054565893525 HTTP/1.1" 200 1828 "-" "Mozilla/5.0 (Linux; Android 6.0.1; Nexus 5X Build/MMB29P) AppleWebKit/537.36 (KHTML, like Gecko) Chrome/146.0.7680.177 Mobile Safari/537.36 (compatible; Googlebot/2.1; +http://www.google.com/bot.html)"
17.22.237.120 - - [17/Apr/2026:15:04:13 -0400] "GET /?d=2010603 HTTP/1.1" 200 2131 "-" "Mozilla/5.0 (Macintosh; Intel Mac OS X 10_15_7) AppleWebKit/605.1.15 (KHTML, like Gecko) Version/17.4 Safari/605.1.15 (Applebot/0.1; +http://www.apple.com/go/applebot)"
192.178.6.72 - - [17/Apr/2026:15:04:16 -0400] "GET /?d=55483407651809 HTTP/1.1" 200 1828 "-" "Mozilla/5.0 (Linux; Android 6.0.1; Nexus 5X Build/MMB29P) AppleWebKit/537.36 (KHTML, like Gecko) Chrome/146.0.7680.177 Mobile Safari/537.36 (compatible; Googlebot/2.1; +http://www.google.com/bot.html)"
192.178.6.72 - - [17/Apr/2026:15:04:39 -0400] "GET /?d=79129435894679 HTTP/1.1" 200 1828 "-" "Mozilla/5.0 (Linux; Android 6.0.1; Nexus 5X Build/MMB29P) AppleWebKit/537.36 (KHTML, like Gecko) Chrome/146.0.7680.177 Mobile Safari/537.36 (compatible; Googlebot/2.1; +http://www.google.com/bot.html)"
17.22.245.247 - - [17/Apr/2026:15:04:45 -0400] "GET /_autoindex/assets/js/tablesort.number.js HTTP/1.1" 200 375 "https://davidsteele.com/?d=2010603" "Mozilla/5.0 (Macintosh; Intel Mac OS X 10_15_7) AppleWebKit/605.1.15 (KHTML, like Gecko) Version/17.4 Safari/605.1.15 (Applebot/0.1; +http://www.apple.com/go/applebot)"
17.22.237.53 - - [17/Apr/2026:15:04:58 -0400] "GET /_autoindex/assets/js/tablesort.js HTTP/1.1" 200 2634 "https://davidsteele.com/?d=2010603" "Mozilla/5.0 (Macintosh; Intel Mac OS X 10_15_7) AppleWebKit/605.1.15 (KHTML, like Gecko) Version/17.4 Safari/605.1.15 (Applebot/0.1; +http://www.apple.com/go/applebot)"
66.249.69.132 - - [17/Apr/2026:15:05:22 -0400] "GET /?j=29053385777790 HTTP/1.1" 200 1820 "-" "GoogleOther-Image/1.0"
95.217.195.67 - - [17/Apr/2026:15:06:41 -0400] "GET /live-casino-anbieter/ HTTP/1.1" 404 1251 "https://davidsteele.com/" "Mozilla/5.0 (Macintosh; Intel Mac OS X 10.15; rv:148.0) Gecko/20100101 Firefox/148.0"
95.217.195.67 - - [17/Apr/2026:15:06:41 -0400] "GET / HTTP/1.1" 200 1815 "-" "Mozilla/5.0 (Macintosh; Intel Mac OS X 10.15; rv:148.0) Gecko/20100101 Firefox/148.0"
95.217.195.67 - - [17/Apr/2026:15:06:44 -0400] "GET /googleb9a3f1065d27d168.html HTTP/1.1" 200 53 "https://davidsteele.com" "Mozilla/5.0 (Macintosh; Intel Mac OS X 10.15; rv:148.0) Gecko/20100101 Firefox/148.0"
114.119.156.247 - - [17/Apr/2026:15:07:41 -0400] "GET /info/1170007408.html HTTP/1.1" 404 1251 "https://www.davidsteele.com/sitemap.xml" "Mozilla/5.0 (Linux; Android 7.0;) AppleWebKit/537.36 (KHTML, like Gecko) Mobile Safari/537.36 (compatible; PetalBot;+https://webmaster.petalsearch.com/site/petalbot)"
40.77.167.151 - - [17/Apr/2026:15:08:18 -0400] "GET /shop/invertor/oversaturate5610628428.html HTTP/1.1" 404 1251 "-" "Mozilla/5.0 AppleWebKit/537.36 (KHTML, like Gecko; compatible; bingbot/2.0; +http://www.bing.com/bingbot.htm) Chrome/116.0.1938.76 Safari/537.36"
40.233.92.47 - - [17/Apr/2026:15:08:46 -0400] "GET / HTTP/1.1" 200 2131 "-" "KOCMOHABT (https://kozmonavt.ml/) Mozilla/5.0 (Web Explorer)"
40.233.92.47 - - [17/Apr/2026:15:08:46 -0400] "GET /robots.txt HTTP/1.1" 200 69 "-" "KOCMOHABT (https://kozmonavt.ml/) Mozilla/5.0 (Web Explorer)"
40.233.92.47 - - [17/Apr/2026:15:08:46 -0400] "GET /favicon.ico HTTP/1.1" 404 1251 "-" "KOCMOHABT (https://kozmonavt.ml/) Mozilla/5.0 (Web Explorer)"
40.233.92.47 - - [17/Apr/2026:15:08:47 -0400] "GET /_autoindex/assets/css/autoindex.css HTTP/1.1" 200 1397 "-" "KOCMOHABT (https://kozmonavt.ml/) Mozilla/5.0 (Web Explorer)"
66.249.69.133 - - [17/Apr/2026:15:09:38 -0400] "GET /?j=54651976270210 HTTP/1.1" 200 1820 "-" "GoogleOther-Image/1.0"
66.249.69.133 - - [17/Apr/2026:15:10:42 -0400] "GET /?j=65438833952678 HTTP/1.1" 200 1820 "-" "GoogleOther-Image/1.0"
114.119.128.212 - - [17/Apr/2026:15:10:50 -0400] "GET /?j=88274441548705 HTTP/1.1" 200 2148 "https://www.davidsteele.com/sitemap.xml" "Mozilla/5.0 (Linux; Android 7.0;) AppleWebKit/537.36 (KHTML, like Gecko) Mobile Safari/537.36 (compatible; PetalBot;+https://webmaster.petalsearch.com/site/petalbot)"
66.249.69.132 - - [17/Apr/2026:15:10:51 -0400] "GET /?j=15646032489524 HTTP/1.1" 200 1832 "-" "GoogleOther-Image/1.0"
66.249.69.132 - - [17/Apr/2026:15:11:00 -0400] "GET /?j=76435273140911 HTTP/1.1" 200 1832 "-" "GoogleOther-Image/1.0"
66.249.69.132 - - [17/Apr/2026:15:11:23 -0400] "GET /?j=10300874639060 HTTP/1.1" 200 1832 "-" "GoogleOther-Image/1.0"
66.249.69.131 - - [17/Apr/2026:15:11:30 -0400] "GET /?j=2390019676302 HTTP/1.1" 200 1832 "-" "GoogleOther-Image/1.0"
173.252.87.10 - - [17/Apr/2026:15:11:32 -0400] "GET /robots.txt HTTP/1.1" 206 69 "-" "facebookexternalhit/1.1 (+http://www.facebook.com/externalhit_uatext.php)"
173.252.87.12 - - [17/Apr/2026:15:11:32 -0400] "GET /robots.txt HTTP/1.1" 206 69 "-" "facebookexternalhit/1.1 (+http://www.facebook.com/externalhit_uatext.php)"
66.249.69.132 - - [17/Apr/2026:15:11:43 -0400] "GET /?j=7133198401748 HTTP/1.1" 200 1832 "-" "GoogleOther-Image/1.0"
66.249.69.133 - - [17/Apr/2026:15:12:06 -0400] "GET /?j=20014919933101 HTTP/1.1" 200 1820 "-" "GoogleOther-Image/1.0"
17.246.23.60 - - [17/Apr/2026:15:12:18 -0400] "GET /?d=1714504 HTTP/1.1" 200 2131 "-" "Mozilla/5.0 (Macintosh; Intel Mac OS X 10_15_7) AppleWebKit/605.1.15 (KHTML, like Gecko) Version/17.4 Safari/605.1.15 (Applebot/0.1; +http://www.apple.com/go/applebot)"
173.252.82.8 - - [17/Apr/2026:15:12:39 -0400] "GET /robots.txt HTTP/1.1" 206 69 "-" "facebookexternalhit/1.1 (+http://www.facebook.com/externalhit_uatext.php)"
173.252.70.17 - - [17/Apr/2026:15:12:39 -0400] "GET /robots.txt HTTP/1.1" 206 69 "-" "facebookexternalhit/1.1 (+http://www.facebook.com/externalhit_uatext.php)"
66.249.69.132 - - [17/Apr/2026:15:13:01 -0400] "GET /?j=78394110049657 HTTP/1.1" 200 1820 "-" "GoogleOther-Image/1.0"
66.249.69.132 - - [17/Apr/2026:15:13:08 -0400] "GET /?j=13104915743532 HTTP/1.1" 200 1820 "-" "GoogleOther-Image/1.0"
66.249.69.131 - - [17/Apr/2026:15:13:34 -0400] "GET /?j=78071935362470 HTTP/1.1" 200 1820 "-" "GoogleOther-Image/1.0"
66.249.69.131 - - [17/Apr/2026:15:14:01 -0400] "GET /?j=72943666202104 HTTP/1.1" 200 1820 "-" "GoogleOther-Image/1.0"
66.249.69.132 - - [17/Apr/2026:15:14:23 -0400] "GET /?j=41916709105385 HTTP/1.1" 200 1832 "-" "GoogleOther-Image/1.0"
87.250.224.134 - - [17/Apr/2026:15:14:36 -0400] "GET /robots.txt HTTP/1.1" 200 69 "-" "Mozilla/5.0 (compatible; YandexBot/3.0; +http://yandex.com/bots)"
213.180.203.101 - - [17/Apr/2026:15:14:37 -0400] "GET /?d=98227843930743 HTTP/1.1" 200 2131 "-" "Mozilla/5.0 (compatible; YandexBot/3.0; +http://yandex.com/bots)"
114.119.135.36 - - [17/Apr/2026:15:14:38 -0400] "GET /info/4155146270.html HTTP/1.1" 404 1251 "https://www.davidsteele.com/sitemap.xml" "Mozilla/5.0 (Linux; Android 7.0;) AppleWebKit/537.36 (KHTML, like Gecko) Mobile Safari/537.36 (compatible; PetalBot;+https://webmaster.petalsearch.com/site/petalbot)"
66.249.69.131 - - [17/Apr/2026:15:14:47 -0400] "GET /?j=90434405712461 HTTP/1.1" 200 1832 "-" "GoogleOther-Image/1.0"
66.249.69.132 - - [17/Apr/2026:15:15:00 -0400] "GET /?j=72914422005107 HTTP/1.1" 200 1832 "-" "GoogleOther-Image/1.0"
17.22.237.139 - - [17/Apr/2026:15:15:13 -0400] "GET /shop/ninepennies/contrariantly88440134573.html HTTP/1.1" 404 1251 "-" "Mozilla/5.0 (Macintosh; Intel Mac OS X 10_15_7) AppleWebKit/605.1.15 (KHTML, like Gecko) Version/17.4 Safari/605.1.15 (Applebot/0.1; +http://www.apple.com/go/applebot)"
66.249.69.132 - - [17/Apr/2026:15:15:21 -0400] "GET /?j=40009971846702 HTTP/1.1" 200 1820 "-" "GoogleOther-Image/1.0"
34.198.2.0 - - [17/Apr/2026:15:15:30 -0400] "GET /robots.txt HTTP/1.1" 200 69 "-" "Mozilla/5.0 (Macintosh; Intel Mac OS X 10_10_1) AppleWebKit/600.2.5 (KHTML, like Gecko) Version/8.0.2 Safari/600.2.5 (Gort)"
192.178.6.64 - - [17/Apr/2026:15:15:44 -0400] "GET /products.php?d=65569107278393 HTTP/1.1" 404 1251 "-" "GoogleOther-Image/1.0"
34.204.28.244 - - [17/Apr/2026:15:15:59 -0400] "GET /robots.txt HTTP/1.1" 200 69 "-" "Mozilla/5.0 (Macintosh; Intel Mac OS X 10_10_1) AppleWebKit/600.2.5 (KHTML, like Gecko) Version/8.0.2 Safari/600.2.5 (Gort)"
95.108.213.176 - - [17/Apr/2026:15:16:04 -0400] "GET /?d=72838121691451 HTTP/1.1" 200 2131 "-" "Mozilla/5.0 (compatible; YandexBot/3.0; +http://yandex.com/bots)"
66.249.69.131 - - [17/Apr/2026:15:16:07 -0400] "GET /?j=74747973965218 HTTP/1.1" 200 1832 "-" "GoogleOther-Image/1.0"
114.119.135.36 - - [17/Apr/2026:15:16:27 -0400] "GET /info/314138908.html HTTP/1.1" 404 1251 "https://www.davidsteele.com/sitemap.xml" "Mozilla/5.0 (Linux; Android 7.0;) AppleWebKit/537.36 (KHTML, like Gecko) Mobile Safari/537.36 (compatible; PetalBot;+https://webmaster.petalsearch.com/site/petalbot)"
66.249.69.133 - - [17/Apr/2026:15:16:32 -0400] "GET /?j=87693855532389 HTTP/1.1" 200 1820 "-" "GoogleOther-Image/1.0"
66.249.69.132 - - [17/Apr/2026:15:16:41 -0400] "GET /?j=77860777675971 HTTP/1.1" 200 1820 "-" "GoogleOther-Image/1.0"
213.180.203.237 - - [17/Apr/2026:15:16:51 -0400] "GET /?d=95926850604818 HTTP/1.1" 200 2131 "-" "Mozilla/5.0 (compatible; YandexBot/3.0; +http://yandex.com/bots)"
69.63.184.23 - - [17/Apr/2026:15:17:06 -0400] "GET /robots.txt HTTP/1.1" 206 69 "-" "facebookexternalhit/1.1 (+http://www.facebook.com/externalhit_uatext.php)"
66.249.69.131 - - [17/Apr/2026:15:17:07 -0400] "GET /?j=28981183484504 HTTP/1.1" 200 1832 "-" "GoogleOther-Image/1.0"
66.249.69.132 - - [17/Apr/2026:15:17:32 -0400] "GET /?j=35868768189208 HTTP/1.1" 200 1820 "-" "GoogleOther-Image/1.0"
66.249.69.131 - - [17/Apr/2026:15:17:54 -0400] "GET /?j=18054238888235 HTTP/1.1" 200 1820 "-" "GoogleOther-Image/1.0"
66.249.69.131 - - [17/Apr/2026:15:18:02 -0400] "GET /?j=24769769762523 HTTP/1.1" 200 1820 "-" "GoogleOther-Image/1.0"
66.249.69.131 - - [17/Apr/2026:15:18:25 -0400] "GET /?j=18365385929372 HTTP/1.1" 200 1820 "-" "GoogleOther-Image/1.0"
82.130.119.6 - - [17/Apr/2026:15:18:25 -0400] "GET /wp-content/uploads/2015/05/hd1.jpg HTTP/1.1" 200 226676 "-" "Mozilla/5.0 (X11; Ubuntu; Linux x86_64; rv:72.0) Gecko/20100101 Firefox/72.0"
66.249.69.131 - - [17/Apr/2026:15:19:07 -0400] "GET /?j=21633660596412 HTTP/1.1" 200 1832 "-" "GoogleOther-Image/1.0"
66.249.69.132 - - [17/Apr/2026:15:19:12 -0400] "GET /?j=84006427920146 HTTP/1.1" 200 1832 "-" "GoogleOther-Image/1.0"
15.235.96.192 - - [17/Apr/2026:15:19:17 -0400] "GET /product-tag/camcorder/ HTTP/1.1" 404 1251 "-" "Mozilla/5.0 (compatible; AhrefsBot/7.0; +http://ahrefs.com/robot/)"
17.241.219.4 - - [17/Apr/2026:15:19:32 -0400] "GET /?d=1086201 HTTP/1.1" 200 2131 "-" "Mozilla/5.0 (Macintosh; Intel Mac OS X 10_15_7) AppleWebKit/605.1.15 (KHTML, like Gecko) Version/17.4 Safari/605.1.15 (Applebot/0.1; +http://www.apple.com/go/applebot)"
66.249.69.131 - - [17/Apr/2026:15:19:32 -0400] "GET /?j=21214109558848 HTTP/1.1" 200 1820 "-" "GoogleOther-Image/1.0"
17.241.75.140 - - [17/Apr/2026:15:19:50 -0400] "GET /shop/car-headlight-eyelashes/?link=21531fa6d3 HTTP/1.1" 404 1251 "-" "Mozilla/5.0 (Macintosh; Intel Mac OS X 10_15_7) AppleWebKit/605.1.15 (KHTML, like Gecko) Version/17.4 Safari/605.1.15 (Applebot/0.1; +http://www.apple.com/go/applebot)"
66.249.69.133 - - [17/Apr/2026:15:20:07 -0400] "GET /?j=30914473515083 HTTP/1.1" 200 1820 "-" "GoogleOther-Image/1.0"
66.249.69.132 - - [17/Apr/2026:15:20:13 -0400] "GET /?j=47797178731841 HTTP/1.1" 200 1820 "-" "GoogleOther-Image/1.0"
114.119.135.36 - - [17/Apr/2026:15:20:27 -0400] "GET /info/225920578.html HTTP/1.1" 404 1251 "https://www.davidsteele.com/sitemap.xml" "Mozilla/5.0 (Linux; Android 7.0;) AppleWebKit/537.36 (KHTML, like Gecko) Mobile Safari/537.36 (compatible; PetalBot;+https://webmaster.petalsearch.com/site/petalbot)"
66.249.69.131 - - [17/Apr/2026:15:20:31 -0400] "GET /?j=41193028625693 HTTP/1.1" 200 1820 "-" "GoogleOther-Image/1.0"
66.249.69.131 - - [17/Apr/2026:15:20:53 -0400] "GET /?d=510928 HTTP/1.1" 200 1820 "-" "Mozilla/5.0 (Linux; Android 6.0.1; Nexus 5X Build/MMB29P) AppleWebKit/537.36 (KHTML, like Gecko) Chrome/146.0.7680.177 Mobile Safari/537.36 (compatible; Googlebot/2.1; +http://www.google.com/bot.html)"
66.249.69.133 - - [17/Apr/2026:15:21:07 -0400] "GET /?j=63451989081029 HTTP/1.1" 200 1820 "-" "GoogleOther-Image/1.0"
52.167.144.218 - - [17/Apr/2026:15:21:09 -0400] "GET /shop/standalone-4ch-cctv-dvr-security-kit-600tvl-4-outdoor-waterproof-color-cameras HTTP/1.1" 404 1251 "-" "Mozilla/5.0 AppleWebKit/537.36 (KHTML, like Gecko; compatible; bingbot/2.0; +http://www.bing.com/bingbot.htm) Chrome/116.0.1938.76 Safari/537.36"
95.217.195.67 - - [17/Apr/2026:15:21:22 -0400] "GET /13619-2/ HTTP/1.1" 404 1251 "https://davidsteele.com/" "Mozilla/5.0 (X11; Linux x86_64; rv:147.0) Gecko/20100101 Firefox/147.0"
95.217.195.67 - - [17/Apr/2026:15:21:23 -0400] "GET / HTTP/1.1" 200 1815 "-" "Mozilla/5.0 (X11; Linux x86_64; rv:147.0) Gecko/20100101 Firefox/147.0"
95.217.195.67 - - [17/Apr/2026:15:21:26 -0400] "GET /googleb9a3f1065d27d168.html HTTP/1.1" 200 53 "https://davidsteele.com" "Mozilla/5.0 (X11; Linux x86_64; rv:147.0) Gecko/20100101 Firefox/147.0"
66.249.69.133 - - [17/Apr/2026:15:21:31 -0400] "GET /?j=67776772784637 HTTP/1.1" 200 1832 "-" "GoogleOther-Image/1.0"
66.249.69.131 - - [17/Apr/2026:15:21:51 -0400] "GET /?j=36145924778818 HTTP/1.1" 200 1832 "-" "GoogleOther-Image/1.0"
66.249.69.132 - - [17/Apr/2026:15:21:55 -0400] "GET /?j=87657078481747 HTTP/1.1" 200 1820 "-" "GoogleOther-Image/1.0"
114.119.139.48 - - [17/Apr/2026:15:22:23 -0400] "GET /info/1995224154.html HTTP/1.1" 404 1251 "https://www.davidsteele.com/sitemap.xml" "Mozilla/5.0 (Linux; Android 7.0;) AppleWebKit/537.36 (KHTML, like Gecko) Mobile Safari/537.36 (compatible; PetalBot;+https://webmaster.petalsearch.com/site/petalbot)"
66.249.69.132 - - [17/Apr/2026:15:22:34 -0400] "GET /?j=91813086256422 HTTP/1.1" 200 1832 "-" "GoogleOther-Image/1.0"
66.249.69.131 - - [17/Apr/2026:15:22:40 -0400] "GET /?j=6518388268007 HTTP/1.1" 200 1820 "-" "GoogleOther-Image/1.0"
66.249.69.131 - - [17/Apr/2026:15:22:59 -0400] "GET /?j=29908777855000 HTTP/1.1" 200 1832 "-" "GoogleOther-Image/1.0"
3.210.29.96 - - [17/Apr/2026:15:23:28 -0400] "GET /wp-includes/style-engine/?MD HTTP/1.1" 200 945 "-" "Mozilla/5.0 AppleWebKit/537.36 (KHTML, like Gecko; compatible; Amazonbot/0.1; +https://developer.amazon.com/support/amazonbot) Chrome/119.0.6045.214 Safari/537.36"
34.197.28.78 - - [17/Apr/2026:15:23:32 -0400] "GET /wp-includes/rest-api/endpoints/class-wp-rest-menu-items-controller.php HTTP/1.1" 403 1242 "-" "Mozilla/5.0 AppleWebKit/537.36 (KHTML, like Gecko; compatible; Amazonbot/0.1; +https://developer.amazon.com/support/amazonbot) Chrome/119.0.6045.214 Safari/537.36"
54.225.181.161 - - [17/Apr/2026:15:23:37 -0400] "GET /wp-includes/php-compat/assets/?SA HTTP/1.1" 200 772 "-" "Mozilla/5.0 AppleWebKit/537.36 (KHTML, like Gecko; compatible; Amazonbot/0.1; +https://developer.amazon.com/support/amazonbot) Chrome/119.0.6045.214 Safari/537.36"
66.249.69.133 - - [17/Apr/2026:15:23:39 -0400] "GET /?j=17150551647277 HTTP/1.1" 200 1832 "-" "GoogleOther-Image/1.0"
3.89.170.186 - - [17/Apr/2026:15:23:40 -0400] "GET /wp-includes/Requests/library/?MA HTTP/1.1" 200 843 "-" "Mozilla/5.0 AppleWebKit/537.36 (KHTML, like Gecko; compatible; Amazonbot/0.1; +https://developer.amazon.com/support/amazonbot) Chrome/119.0.6045.214 Safari/537.36"
52.3.26.180 - - [17/Apr/2026:15:23:44 -0400] "GET /wp-includes/assets/?NA HTTP/1.1" 200 1302 "-" "Mozilla/5.0 AppleWebKit/537.36 (KHTML, like Gecko; compatible; Amazonbot/0.1; +https://developer.amazon.com/support/amazonbot) Chrome/119.0.6045.214 Safari/537.36"
3.93.211.16 - - [17/Apr/2026:15:23:48 -0400] "GET /wp-includes/Requests/src/Transport/ HTTP/1.1" 200 904 "-" "Mozilla/5.0 AppleWebKit/537.36 (KHTML, like Gecko; compatible; Amazonbot/0.1; +https://developer.amazon.com/support/amazonbot) Chrome/119.0.6045.214 Safari/537.36"
98.83.177.42 - - [17/Apr/2026:15:23:52 -0400] "GET /wp-includes/css/dist/customize-widgets/ HTTP/1.1" 200 846 "-" "Mozilla/5.0 AppleWebKit/537.36 (KHTML, like Gecko; compatible; Amazonbot/0.1; +https://developer.amazon.com/support/amazonbot) Chrome/119.0.6045.214 Safari/537.36"
66.249.69.131 - - [17/Apr/2026:15:23:57 -0400] "GET /?j=31524102911163 HTTP/1.1" 200 1820 "-" "GoogleOther-Image/1.0"
66.249.69.131 - - [17/Apr/2026:15:24:01 -0400] "GET /?j=96626492049597 HTTP/1.1" 200 1832 "-" "GoogleOther-Image/1.0"
66.249.69.132 - - [17/Apr/2026:15:24:22 -0400] "GET /?j=83690335694363 HTTP/1.1" 200 1820 "-" "GoogleOther-Image/1.0"
66.249.69.131 - - [17/Apr/2026:15:24:54 -0400] "GET /?j=31477880122470 HTTP/1.1" 200 1832 "-" "GoogleOther-Image/1.0"
103.87.56.53 - - [17/Apr/2026:15:24:56 -0400] "GET /2025/10/casino-ohne-registrierung-trustly/ HTTP/1.1" 404 1251 "https://davidsteele.com/" "Mozilla/5.0 (Windows NT 10.0; Win64; x64; rv:147.0) Gecko/20100101 Firefox/147.0"
103.87.56.53 - - [17/Apr/2026:15:24:57 -0400] "GET / HTTP/1.1" 200 1828 "-" "Mozilla/5.0 (Windows NT 10.0; Win64; x64; rv:147.0) Gecko/20100101 Firefox/147.0"
162.0.209.96 - - [17/Apr/2026:15:25:04 -0400] "POST /wp-cron.php?doing_wp_cron=1776453904.7642149925231933593750 HTTP/1.1" 200 0 "-" "WordPress/6.8.5; https://davidsteele.com"
103.87.56.53 - - [17/Apr/2026:15:24:59 -0400] "GET /wp-login.php HTTP/1.1" 200 1974 "https://davidsteele.com" "Mozilla/5.0 (Windows NT 6.3; Win64; x64) AppleWebKit/537.36 (KHTML, like Gecko) Chrome/103.0.0.0 Safari/537.36"
114.119.156.247 - - [17/Apr/2026:15:25:09 -0400] "GET /info/1473271087.html HTTP/1.1" 404 1251 "https://www.davidsteele.com/sitemap.xml" "Mozilla/5.0 (Linux; Android 7.0;) AppleWebKit/537.36 (KHTML, like Gecko) Mobile Safari/537.36 (compatible; PetalBot;+https://webmaster.petalsearch.com/site/petalbot)"
103.87.56.53 - - [17/Apr/2026:15:25:06 -0400] "GET /wp-login.php?action=lostpassword HTTP/1.1" 200 1189 "https://davidsteele.com/wp-login.php" "Mozilla/5.0 (Windows NT 6.3; Win64; x64) AppleWebKit/537.36 (KHTML, like Gecko) Chrome/103.0.0.0 Safari/537.36"
103.87.56.53 - - [17/Apr/2026:15:25:11 -0400] "GET /wp-includes/css/dashicons.min.css?ver=6.8.5 HTTP/1.1" 200 35110 "https://davidsteele.com/wp-login.php?action=lostpassword" "Mozilla/5.0 (Windows NT 10.0; Win64; x64) AppleWebKit/537.36 (KHTML, like Gecko) Chrome/145.0.0.0 Safari/537.36"
103.87.56.53 - - [17/Apr/2026:15:25:12 -0400] "GET /wp-includes/css/buttons.min.css?ver=6.8.5 HTTP/1.1" 200 1275 "https://davidsteele.com/wp-login.php?action=lostpassword" "Mozilla/5.0 (Windows NT 10.0; Win64; x64) AppleWebKit/537.36 (KHTML, like Gecko) Chrome/145.0.0.0 Safari/537.36"
103.87.56.53 - - [17/Apr/2026:15:25:13 -0400] "GET /wp-admin/css/forms.min.css?ver=6.8.5 HTTP/1.1" 200 6387 "https://davidsteele.com/wp-login.php?action=lostpassword" "Mozilla/5.0 (Windows NT 10.0; Win64; x64) AppleWebKit/537.36 (KHTML, like Gecko) Chrome/145.0.0.0 Safari/537.36"
66.249.69.131 - - [17/Apr/2026:15:25:13 -0400] "GET /?j=32984007859359 HTTP/1.1" 200 1813 "-" "GoogleOther-Image/1.0"
103.87.56.53 - - [17/Apr/2026:15:25:14 -0400] "GET /wp-admin/css/l10n.min.css?ver=6.8.5 HTTP/1.1" 200 675 "https://davidsteele.com/wp-login.php?action=lostpassword" "Mozilla/5.0 (Windows NT 10.0; Win64; x64) AppleWebKit/537.36 (KHTML, like Gecko) Chrome/145.0.0.0 Safari/537.36"
103.87.56.53 - - [17/Apr/2026:15:25:15 -0400] "GET /wp-admin/css/login.min.css?ver=6.8.5 HTTP/1.1" 200 1965 "https://davidsteele.com/wp-login.php?action=lostpassword" "Mozilla/5.0 (Windows NT 10.0; Win64; x64) AppleWebKit/537.36 (KHTML, like Gecko) Chrome/145.0.0.0 Safari/537.36"
66.249.69.131 - - [17/Apr/2026:15:25:42 -0400] "GET /?j=24366732199500 HTTP/1.1" 200 1813 "-" "GoogleOther-Image/1.0"
66.249.69.131 - - [17/Apr/2026:15:25:53 -0400] "GET /?j=79927954502574 HTTP/1.1" 200 1813 "-" "GoogleOther-Image/1.0"
66.249.69.133 - - [17/Apr/2026:15:26:23 -0400] "GET /?j=83582529785437 HTTP/1.1" 200 1813 "-" "GoogleOther-Image/1.0"
66.249.69.132 - - [17/Apr/2026:15:26:30 -0400] "GET /?j=96473319306903 HTTP/1.1" 200 1828 "-" "GoogleOther-Image/1.0"
17.241.227.32 - - [17/Apr/2026:15:26:33 -0400] "GET /?d=2255840 HTTP/1.1" 200 2131 "-" "Mozilla/5.0 (Macintosh; Intel Mac OS X 10_15_7) AppleWebKit/605.1.15 (KHTML, like Gecko) Version/17.4 Safari/605.1.15 (Applebot/0.1; +http://www.apple.com/go/applebot)"
66.249.69.131 - - [17/Apr/2026:15:26:52 -0400] "GET /?j=57547024721672 HTTP/1.1" 200 1813 "-" "GoogleOther-Image/1.0"
69.171.249.116 - - [17/Apr/2026:15:27:06 -0400] "GET /robots.txt HTTP/1.1" 206 69 "-" "facebookexternalhit/1.1 (+http://www.facebook.com/externalhit_uatext.php)"
69.171.249.5 - - [17/Apr/2026:15:27:06 -0400] "GET /robots.txt HTTP/1.1" 206 69 "-" "facebookexternalhit/1.1 (+http://www.facebook.com/externalhit_uatext.php)"
66.249.69.132 - - [17/Apr/2026:15:27:10 -0400] "GET /?j=4264062634367 HTTP/1.1" 200 1813 "-" "GoogleOther-Image/1.0"
66.249.69.132 - - [17/Apr/2026:15:27:32 -0400] "GET /?j=57612116475760 HTTP/1.1" 200 1813 "-" "GoogleOther-Image/1.0"
47.128.53.192 - - [17/Apr/2026:15:27:33 -0400] "GET /shop/double-din-7-car-dvd-player-in-dash-radio-gps-head-unit-camera/ HTTP/1.1" 404 1251 "-" "Mozilla/5.0 (Linux; Android 5.0) AppleWebKit/537.36 (KHTML, like Gecko) Mobile Safari/537.36 (compatible; Bytespider; spider-feedback@bytedance.com)"
114.119.156.122 - - [17/Apr/2026:15:27:46 -0400] "GET /?j=89454643190070 HTTP/1.1" 200 2135 "https://www.davidsteele.com/sitemap.xml" "Mozilla/5.0 (Linux; Android 7.0;) AppleWebKit/537.36 (KHTML, like Gecko) Mobile Safari/537.36 (compatible; PetalBot;+https://webmaster.petalsearch.com/site/petalbot)"
66.249.69.131 - - [17/Apr/2026:15:27:58 -0400] "GET /?j=42298026865914 HTTP/1.1" 200 1828 "-" "GoogleOther-Image/1.0"
66.249.69.132 - - [17/Apr/2026:15:28:14 -0400] "GET /?j=56966042023077 HTTP/1.1" 200 1828 "-" "GoogleOther-Image/1.0"
17.241.227.121 - - [17/Apr/2026:15:28:49 -0400] "GET /shop/80mm-photographers-crystal-ball/?link=5d5d1e97a2 HTTP/1.1" 404 1251 "-" "Mozilla/5.0 (Macintosh; Intel Mac OS X 10_15_7) AppleWebKit/605.1.15 (KHTML, like Gecko) Version/17.4 Safari/605.1.15 (Applebot/0.1; +http://www.apple.com/go/applebot)"
66.249.69.132 - - [17/Apr/2026:15:28:59 -0400] "GET /?j=88572412190130 HTTP/1.1" 200 1828 "-" "GoogleOther-Image/1.0"
66.249.69.131 - - [17/Apr/2026:15:29:22 -0400] "GET /?j=46187866381792 HTTP/1.1" 200 1828 "-" "GoogleOther-Image/1.0"
157.55.39.16 - - [17/Apr/2026:15:29:24 -0400] "GET /shop/x-ray-vision-camera-lens-infrared-filter/ HTTP/1.1" 404 1251 "-" "Mozilla/5.0 AppleWebKit/537.36 (KHTML, like Gecko; compatible; bingbot/2.0; +http://www.bing.com/bingbot.htm) Chrome/116.0.1938.76 Safari/537.36"
66.249.69.132 - - [17/Apr/2026:15:29:54 -0400] "GET /?j=38641105127108 HTTP/1.1" 200 1828 "-" "GoogleOther-Image/1.0"
62.164.177.47 - - [17/Apr/2026:15:30:09 -0400] "GET / HTTP/1.1" 200 1807 "-" "Mozilla/5.0 (Macintosh; Intel Mac OS X 10.15; rv:135.0) Gecko/20100101 Firefox/135.0"
62.164.177.47 - - [17/Apr/2026:15:30:09 -0400] "GET / HTTP/1.1" 200 1807 "-" "Mozilla/5.0 (Macintosh; Intel Mac OS X 10_15_7) AppleWebKit/605.1.15 (KHTML, like Gecko) Version/18.4 Safari/605.1.15"
62.164.177.47 - - [17/Apr/2026:15:30:09 -0400] "GET / HTTP/1.1" 200 1807 "-" "Mozilla/5.0 (Macintosh; Intel Mac OS X 10_15_7) AppleWebKit/537.36 (KHTML, like Gecko) Chrome/136.0.0.0 Safari/537.36"
62.164.177.47 - - [17/Apr/2026:15:30:09 -0400] "GET / HTTP/1.1" 200 1807 "-" "Mozilla/5.0 (Macintosh; Intel Mac OS X 10_15_7) AppleWebKit/605.1.15 (KHTML, like Gecko) Version/18.4 Safari/605.1.15"
62.164.177.47 - - [17/Apr/2026:15:30:10 -0400] "GET / HTTP/1.1" 200 1807 "-" "Mozilla/5.0 (Macintosh; Intel Mac OS X 10_15_7) AppleWebKit/537.36 (KHTML, like Gecko) Chrome/136.0.0.0 Safari/537.36"
66.249.69.132 - - [17/Apr/2026:15:30:13 -0400] "GET /?j=79180702946717 HTTP/1.1" 200 1813 "-" "GoogleOther-Image/1.0"
45.92.8.180 - - [17/Apr/2026:15:30:21 -0400] "GET / HTTP/1.1" 200 1807 "-" "Mozilla/5.0 (Macintosh; Intel Mac OS X 10_15_7) AppleWebKit/537.36 (KHTML, like Gecko) Chrome/136.0.0.0 Safari/537.36"
50.171.242.197 - - [17/Apr/2026:15:30:23 -0400] "GET / HTTP/1.1" 200 1807 "-" "Mozilla/5.0 (Macintosh; Intel Mac OS X 10.15; rv:135.0) Gecko/20100101 Firefox/135.0"
66.249.69.131 - - [17/Apr/2026:15:30:27 -0400] "GET /?j=39648949669710 HTTP/1.1" 200 1813 "-" "GoogleOther-Image/1.0"
138.124.99.216 - - [17/Apr/2026:15:30:37 -0400] "GET / HTTP/1.1" 200 1824 "-" "Mozilla/5.0 (Macintosh; Intel Mac OS X 10.15; rv:135.0) Gecko/20100101 Firefox/135.0"
66.249.69.131 - - [17/Apr/2026:15:30:41 -0400] "GET /?j=14674715739203 HTTP/1.1" 200 1813 "-" "GoogleOther-Image/1.0"
74.91.224.220 - - [17/Apr/2026:15:30:43 -0400] "GET / HTTP/1.1" 200 1807 "-" "Mozilla/5.0 (Macintosh; Intel Mac OS X 10_15_7) AppleWebKit/537.36 (KHTML, like Gecko) Chrome/136.0.0.0 Safari/537.36"
174.64.199.79 - - [17/Apr/2026:15:30:46 -0400] "GET / HTTP/1.1" 200 9221 "-" "Mozilla/5.0 (Macintosh; Intel Mac OS X 10.15; rv:135.0) Gecko/20100101 Firefox/135.0"
62.164.177.47 - - [17/Apr/2026:15:30:49 -0400] "GET / HTTP/1.1" 200 1807 "-" "Mozilla/5.0 (Macintosh; Intel Mac OS X 10_15_7) AppleWebKit/537.36 (KHTML, like Gecko) Chrome/136.0.0.0 Safari/537.36"
62.164.177.47 - - [17/Apr/2026:15:30:50 -0400] "GET / HTTP/1.1" 200 1807 "-" "Mozilla/5.0 (Macintosh; Intel Mac OS X 10_15_7) AppleWebKit/605.1.15 (KHTML, like Gecko) Version/18.4 Safari/605.1.15"
62.164.177.47 - - [17/Apr/2026:15:30:50 -0400] "GET / HTTP/1.1" 200 1807 "-" "Mozilla/5.0 (Macintosh; Intel Mac OS X 10_15_7) AppleWebKit/537.36 (KHTML, like Gecko) Chrome/136.0.0.0 Safari/537.36"
95.217.195.67 - - [17/Apr/2026:15:30:53 -0400] "GET /12825-2/ HTTP/1.1" 404 1251 "https://davidsteele.com/" "Mozilla/5.0 (X11; Linux x86_64) AppleWebKit/537.36 (KHTML, like Gecko) Chrome/143.0.0.0 Safari/537.36"
95.217.195.67 - - [17/Apr/2026:15:30:54 -0400] "GET / HTTP/1.1" 200 1807 "-" "Mozilla/5.0 (X11; Linux x86_64) AppleWebKit/537.36 (KHTML, like Gecko) Chrome/143.0.0.0 Safari/537.36"
152.53.111.131 - - [17/Apr/2026:15:30:57 -0400] "GET / HTTP/1.1" 200 1807 "-" "Mozilla/5.0 (Macintosh; Intel Mac OS X 10_15_7) AppleWebKit/605.1.15 (KHTML, like Gecko) Version/18.4 Safari/605.1.15"
95.217.195.67 - - [17/Apr/2026:15:30:57 -0400] "GET /googleb9a3f1065d27d168.html HTTP/1.1" 200 53 "https://davidsteele.com" "Mozilla/5.0 (X11; Linux x86_64) AppleWebKit/537.36 (KHTML, like Gecko) Chrome/143.0.0.0 Safari/537.36"
104.200.135.46 - - [17/Apr/2026:15:31:00 -0400] "GET / HTTP/1.1" 200 9221 "-" "Mozilla/5.0 (Macintosh; Intel Mac OS X 10_15_7) AppleWebKit/537.36 (KHTML, like Gecko) Chrome/136.0.0.0 Safari/537.36"
203.189.158.218 - - [17/Apr/2026:15:31:05 -0400] "GET / HTTP/1.1" 200 1824 "-" "Mozilla/5.0 (Macintosh; Intel Mac OS X 10_15_7) AppleWebKit/605.1.15 (KHTML, like Gecko) Version/18.4 Safari/605.1.15"
50.6.229.148 - - [17/Apr/2026:15:31:07 -0400] "GET / HTTP/1.1" 200 1807 "-" "Mozilla/5.0 (Macintosh; Intel Mac OS X 10_15_7) AppleWebKit/605.1.15 (KHTML, like Gecko) Version/18.4 Safari/605.1.15"
66.249.69.131 - - [17/Apr/2026:15:31:10 -0400] "GET /?j=55468298413811 HTTP/1.1" 200 1813 "-" "GoogleOther-Image/1.0"
47.236.128.30 - - [17/Apr/2026:15:31:45 -0400] "GET / HTTP/1.1" 200 1807 "-" "Mozilla/5.0 (Macintosh; Intel Mac OS X 10_15_7) AppleWebKit/605.1.15 (KHTML, like Gecko) Version/18.4 Safari/605.1.15"
66.249.69.133 - - [17/Apr/2026:15:32:19 -0400] "GET /?j=60692614545952 HTTP/1.1" 200 1828 "-" "GoogleOther-Image/1.0"
66.249.69.131 - - [17/Apr/2026:15:32:23 -0400] "GET /?j=22446179394271 HTTP/1.1" 200 1813 "-" "GoogleOther-Image/1.0"
66.249.69.131 - - [17/Apr/2026:15:32:30 -0400] "GET /?j=44939233860235 HTTP/1.1" 200 1813 "-" "GoogleOther-Image/1.0"
66.249.69.131 - - [17/Apr/2026:15:32:48 -0400] "GET /?j=5691982485788 HTTP/1.1" 200 1828 "-" "GoogleOther-Image/1.0"
66.249.69.133 - - [17/Apr/2026:15:33:15 -0400] "GET /?j=33357923441971 HTTP/1.1" 200 1828 "-" "GoogleOther-Image/1.0"
185.99.255.75 - - [17/Apr/2026:15:33:29 -0400] "GET /12825-2/ HTTP/1.1" 404 1251 "https://davidsteele.com/" "Mozilla/5.0 (X11; Linux x86_64) AppleWebKit/537.36 (KHTML, like Gecko) Chrome/114.0.0.0 Safari/537.36 Vivaldi/5.3.2679.68"
185.99.255.75 - - [17/Apr/2026:15:33:30 -0400] "GET / HTTP/1.1" 200 1824 "-" "Mozilla/5.0 (X11; Linux x86_64) AppleWebKit/537.36 (KHTML, like Gecko) Chrome/114.0.0.0 Safari/537.36 Vivaldi/5.3.2679.68"
185.99.255.75 - - [17/Apr/2026:15:33:31 -0400] "GET /googleb9a3f1065d27d168.html HTTP/1.1" 200 53 "https://davidsteele.com" "Mozilla/5.0 (X11; Linux x86_64) AppleWebKit/537.36 (KHTML, like Gecko) Chrome/114.0.0.0 Safari/537.36 Vivaldi/5.3.2679.68"
66.249.69.131 - - [17/Apr/2026:15:33:37 -0400] "GET /?j=72442992966022 HTTP/1.1" 200 1828 "-" "GoogleOther-Image/1.0"
173.252.69.4 - - [17/Apr/2026:15:33:46 -0400] "GET /robots.txt HTTP/1.1" 206 69 "-" "facebookexternalhit/1.1 (+http://www.facebook.com/externalhit_uatext.php)"
69.171.230.23 - - [17/Apr/2026:15:33:46 -0400] "GET /robots.txt HTTP/1.1" 206 69 "-" "facebookexternalhit/1.1 (+http://www.facebook.com/externalhit_uatext.php)"
114.119.144.212 - - [17/Apr/2026:15:33:57 -0400] "GET /?t=95530703660082 HTTP/1.1" 200 2147 "https://mail.davidsteele.com/sitemap.xml" "Mozilla/5.0 (Linux; Android 7.0;) AppleWebKit/537.36 (KHTML, like Gecko) Mobile Safari/537.36 (compatible; PetalBot;+https://webmaster.petalsearch.com/site/petalbot)"
66.249.69.133 - - [17/Apr/2026:15:34:13 -0400] "GET /?j=1914361136463 HTTP/1.1" 200 1828 "-" "GoogleOther-Image/1.0"
66.249.69.132 - - [17/Apr/2026:15:34:22 -0400] "GET /?j=78428648178742 HTTP/1.1" 200 1813 "-" "GoogleOther-Image/1.0"
17.22.253.232 - - [17/Apr/2026:15:34:38 -0400] "GET /shop/wine-socks/?link=eeaf837431 HTTP/1.1" 404 1251 "-" "Mozilla/5.0 (Macintosh; Intel Mac OS X 10_15_7) AppleWebKit/605.1.15 (KHTML, like Gecko) Version/17.4 Safari/605.1.15 (Applebot/0.1; +http://www.apple.com/go/applebot)"
66.249.69.131 - - [17/Apr/2026:15:34:40 -0400] "GET /?j=72641534252627 HTTP/1.1" 200 1828 "-" "GoogleOther-Image/1.0"
17.22.237.171 - - [17/Apr/2026:15:34:40 -0400] "GET /shop/hungry-dog-coin-bank/?link=5d5d1e97a2 HTTP/1.1" 404 1251 "-" "Mozilla/5.0 (Macintosh; Intel Mac OS X 10_15_7) AppleWebKit/605.1.15 (KHTML, like Gecko) Version/17.4 Safari/605.1.15 (Applebot/0.1; +http://www.apple.com/go/applebot)"
66.249.69.131 - - [17/Apr/2026:15:34:48 -0400] "GET /?j=45075542703323 HTTP/1.1" 200 1813 "-" "Mozilla/5.0 (Linux; Android 6.0.1; Nexus 5X Build/MMB29P) AppleWebKit/537.36 (KHTML, like Gecko) Chrome/146.0.7680.177 Mobile Safari/537.36 (compatible; Googlebot/2.1; +http://www.google.com/bot.html)"
66.249.69.132 - - [17/Apr/2026:15:35:05 -0400] "GET /?j=56495911727523 HTTP/1.1" 200 1813 "-" "GoogleOther-Image/1.0"
5.255.231.30 - - [17/Apr/2026:15:35:26 -0400] "GET /robots.txt HTTP/1.1" 200 69 "-" "Mozilla/5.0 (compatible; YandexBot/3.0; +http://yandex.com/bots)"
95.108.213.159 - - [17/Apr/2026:15:35:27 -0400] "GET /wp-content/plugins/coming-soon-wp/assets/img/logo.png HTTP/1.1" 404 1251 "-" "Mozilla/5.0 (compatible; YandexFavicons/1.0; +http://yandex.com/bots)"
66.249.69.132 - - [17/Apr/2026:15:35:37 -0400] "GET /?j=20184943328304 HTTP/1.1" 200 1828 "-" "GoogleOther-Image/1.0"
66.249.69.131 - - [17/Apr/2026:15:35:43 -0400] "GET /?j=95953464281945 HTTP/1.1" 200 1828 "-" "GoogleOther-Image/1.0"
66.249.69.131 - - [17/Apr/2026:15:35:58 -0400] "GET /?j=41405026799746 HTTP/1.1" 200 1828 "-" "GoogleOther-Image/1.0"
66.249.69.133 - - [17/Apr/2026:15:36:24 -0400] "GET /?j=69733526963373 HTTP/1.1" 200 1828 "-" "GoogleOther-Image/1.0"
66.249.69.131 - - [17/Apr/2026:15:36:41 -0400] "GET /?j=33837712297691 HTTP/1.1" 200 1828 "-" "GoogleOther-Image/1.0"
66.249.69.131 - - [17/Apr/2026:15:37:04 -0400] "GET /?j=20988606167285 HTTP/1.1" 200 1813 "-" "GoogleOther-Image/1.0"
69.171.231.28 - - [17/Apr/2026:15:37:06 -0400] "GET /robots.txt HTTP/1.1" 206 69 "-" "facebookexternalhit/1.1 (+http://www.facebook.com/externalhit_uatext.php)"
66.249.69.131 - - [17/Apr/2026:15:37:27 -0400] "GET /?j=21375187097770 HTTP/1.1" 200 1813 "-" "GoogleOther-Image/1.0"
66.249.69.131 - - [17/Apr/2026:15:37:42 -0400] "GET /?j=73999794536251 HTTP/1.1" 200 1828 "-" "GoogleOther-Image/1.0"
114.119.128.212 - - [17/Apr/2026:15:37:53 -0400] "GET /info/569277680.html HTTP/1.1" 404 1251 "https://www.davidsteele.com/sitemap.xml" "Mozilla/5.0 (Linux; Android 7.0;) AppleWebKit/537.36 (KHTML, like Gecko) Mobile Safari/537.36 (compatible; PetalBot;+https://webmaster.petalsearch.com/site/petalbot)"
62.164.177.47 - - [17/Apr/2026:15:37:55 -0400] "GET / HTTP/1.1" 200 1807 "-" "Mozilla/5.0 (Macintosh; Intel Mac OS X 10_15_7) AppleWebKit/605.1.15 (KHTML, like Gecko) Version/18.4 Safari/605.1.15"
62.164.177.47 - - [17/Apr/2026:15:37:56 -0400] "GET / HTTP/1.1" 200 1807 "-" "Mozilla/5.0 (Macintosh; Intel Mac OS X 10_15_7) AppleWebKit/537.36 (KHTML, like Gecko) Chrome/136.0.0.0 Safari/537.36"
62.164.177.47 - - [17/Apr/2026:15:37:56 -0400] "GET / HTTP/1.1" 200 1807 "-" "Mozilla/5.0 (Macintosh; Intel Mac OS X 10_15_7) AppleWebKit/537.36 (KHTML, like Gecko) Chrome/136.0.0.0 Safari/537.36"
167.172.161.22 - - [17/Apr/2026:15:38:15 -0400] "GET / HTTP/1.1" 200 1807 "-" "Mozilla/5.0 (Macintosh; Intel Mac OS X 10_15_7) AppleWebKit/605.1.15 (KHTML, like Gecko) Version/18.4 Safari/605.1.15"
66.249.69.131 - - [17/Apr/2026:15:38:28 -0400] "GET /?j=70138446240137 HTTP/1.1" 200 1828 "-" "GoogleOther-Image/1.0"
75.119.158.27 - - [17/Apr/2026:15:38:32 -0400] "GET / HTTP/1.1" 200 1807 "-" "Mozilla/5.0 (Macintosh; Intel Mac OS X 10.15; rv:135.0) Gecko/20100101 Firefox/135.0"
192.178.6.73 - - [17/Apr/2026:15:38:35 -0400] "GET /?d=8168800224619 HTTP/1.1" 200 1824 "-" "Mozilla/5.0 (Linux; Android 6.0.1; Nexus 5X Build/MMB29P) AppleWebKit/537.36 (KHTML, like Gecko) Chrome/146.0.7680.177 Mobile Safari/537.36 (compatible; Googlebot/2.1; +http://www.google.com/bot.html)"
192.178.6.72 - - [17/Apr/2026:15:38:40 -0400] "GET /?d=2365238365910 HTTP/1.1" 200 1807 "-" "Mozilla/5.0 (Linux; Android 6.0.1; Nexus 5X Build/MMB29P) AppleWebKit/537.36 (KHTML, like Gecko) Chrome/146.0.7680.177 Mobile Safari/537.36 (compatible; Googlebot/2.1; +http://www.google.com/bot.html)"
185.125.201.149 - - [17/Apr/2026:15:38:42 -0400] "GET / HTTP/1.1" 200 1807 "-" "Mozilla/5.0 (Macintosh; Intel Mac OS X 10.15; rv:135.0) Gecko/20100101 Firefox/135.0"
192.178.6.72 - - [17/Apr/2026:15:38:45 -0400] "GET /?d=85225631178529 HTTP/1.1" 200 1824 "-" "Mozilla/5.0 (Linux; Android 6.0.1; Nexus 5X Build/MMB29P) AppleWebKit/537.36 (KHTML, like Gecko) Chrome/146.0.7680.177 Mobile Safari/537.36 (compatible; Googlebot/2.1; +http://www.google.com/bot.html)"
192.178.6.72 - - [17/Apr/2026:15:38:50 -0400] "GET /?d=41818422885911 HTTP/1.1" 200 1807 "-" "Mozilla/5.0 (Linux; Android 6.0.1; Nexus 5X Build/MMB29P) AppleWebKit/537.36 (KHTML, like Gecko) Chrome/146.0.7680.177 Mobile Safari/537.36 (compatible; Googlebot/2.1; +http://www.google.com/bot.html)"
216.244.66.241 - - [17/Apr/2026:15:38:52 -0400] "GET /robots.txt HTTP/1.1" 200 69 "-" "Mozilla/5.0 (compatible; DotBot/1.2; +https://opensiteexplorer.org/dotbot; help@moz.com)"
66.249.69.132 - - [17/Apr/2026:15:38:57 -0400] "GET /?j=94771105407986 HTTP/1.1" 200 1828 "-" "GoogleOther-Image/1.0"
192.178.6.72 - - [17/Apr/2026:15:39:12 -0400] "GET /?d=12938539430755 HTTP/1.1" 200 1807 "-" "Mozilla/5.0 (Linux; Android 6.0.1; Nexus 5X Build/MMB29P) AppleWebKit/537.36 (KHTML, like Gecko) Chrome/146.0.7680.177 Mobile Safari/537.36 (compatible; Googlebot/2.1; +http://www.google.com/bot.html)"
66.249.69.132 - - [17/Apr/2026:15:39:51 -0400] "GET /?j=26087090759406 HTTP/1.1" 200 1828 "-" "GoogleOther-Image/1.0"
66.249.69.132 - - [17/Apr/2026:15:39:57 -0400] "GET /?j=34951312019816 HTTP/1.1" 200 1828 "-" "GoogleOther-Image/1.0"
17.241.219.245 - - [17/Apr/2026:15:41:04 -0400] "GET /?d=1563052 HTTP/1.1" 200 2131 "-" "Mozilla/5.0 (Macintosh; Intel Mac OS X 10_15_7) AppleWebKit/605.1.15 (KHTML, like Gecko) Version/17.4 Safari/605.1.15 (Applebot/0.1; +http://www.apple.com/go/applebot)"
186.179.24.162 - - [17/Apr/2026:15:41:12 -0400] "GET /contact/ HTTP/1.1" 404 1251 "-" "Mozilla/5.0 (X11; Linux x86_64) AppleWebKit/537.36 (KHTML, like Gecko) Chrome/114.0.0.0 Safari/537.36"
186.179.24.162 - - [17/Apr/2026:15:41:13 -0400] "GET / HTTP/1.1" 200 1807 "-" "Mozilla/5.0 (X11; Linux x86_64) AppleWebKit/537.36 (KHTML, like Gecko) Chrome/114.0.0.0 Safari/537.36"
186.179.24.162 - - [17/Apr/2026:15:41:14 -0400] "GET /?ND HTTP/1.1" 200 1821 "https://davidsteele.com/" "Mozilla/5.0 (X11; Linux x86_64) AppleWebKit/537.36 (KHTML, like Gecko) Chrome/114.0.0.0 Safari/537.36"
66.249.69.131 - - [17/Apr/2026:15:41:19 -0400] "GET /?j=65795385814198 HTTP/1.1" 200 1818 "-" "GoogleOther-Image/1.0"
162.0.209.96 - - [17/Apr/2026:15:41:20 -0400] "POST /wp-cron.php?doing_wp_cron=1776454880.8474841117858886718750 HTTP/1.1" 200 0 "-" "WordPress/6.8.5; https://davidsteele.com"
186.179.24.162 - - [17/Apr/2026:15:41:15 -0400] "GET /xmlrpc.php HTTP/1.1" 405 226 "https://davidsteele.com/" "Mozilla/5.0 (X11; Linux x86_64) AppleWebKit/537.36 (KHTML, like Gecko) Chrome/114.0.0.0 Safari/537.36"
186.179.24.162 - - [17/Apr/2026:15:41:21 -0400] "GET /?MA HTTP/1.1" 200 1813 "https://davidsteele.com/" "Mozilla/5.0 (X11; Linux x86_64) AppleWebKit/537.36 (KHTML, like Gecko) Chrome/114.0.0.0 Safari/537.36"
186.179.24.162 - - [17/Apr/2026:15:41:22 -0400] "GET /wp-trackback.php HTTP/1.1" 404 263 "https://davidsteele.com/" "Mozilla/5.0 (X11; Linux x86_64) AppleWebKit/537.36 (KHTML, like Gecko) Chrome/114.0.0.0 Safari/537.36"
186.179.24.162 - - [17/Apr/2026:15:41:27 -0400] "GET /?SA HTTP/1.1" 200 1816 "https://davidsteele.com/" "Mozilla/5.0 (X11; Linux x86_64) AppleWebKit/537.36 (KHTML, like Gecko) Chrome/114.0.0.0 Safari/537.36"
186.179.24.162 - - [17/Apr/2026:15:41:28 -0400] "GET /wp-sx-generator.php HTTP/1.1" 403 1242 "https://davidsteele.com/" "Mozilla/5.0 (X11; Linux x86_64) AppleWebKit/537.36 (KHTML, like Gecko) Chrome/114.0.0.0 Safari/537.36"
186.179.20.51 - - [17/Apr/2026:15:41:29 -0400] "GET /wp-sx-generator.php HTTP/1.1" 403 1242 "https://davidsteele.com/" "Mozilla/5.0 (X11; Linux x86_64) AppleWebKit/537.36 (KHTML, like Gecko) Chrome/114.0.0.0 Safari/537.36"
186.179.24.14 - - [17/Apr/2026:15:41:30 -0400] "GET /wp-sx-generator.php HTTP/1.1" 403 1242 "https://davidsteele.com/" "Mozilla/5.0 (X11; Linux x86_64) AppleWebKit/537.36 (KHTML, like Gecko) Chrome/114.0.0.0 Safari/537.36"
186.179.20.51 - - [17/Apr/2026:15:41:31 -0400] "GET /wp-sx-generator.php HTTP/1.1" 403 1242 "https://davidsteele.com/" "Mozilla/5.0 (X11; Linux x86_64) AppleWebKit/537.36 (KHTML, like Gecko) Chrome/114.0.0.0 Safari/537.36"
186.179.20.129 - - [17/Apr/2026:15:41:31 -0400] "GET /images/ HTTP/1.1" 200 532 "https://davidsteele.com/" "Mozilla/5.0 (X11; Linux x86_64) AppleWebKit/537.36 (KHTML, like Gecko) Chrome/114.0.0.0 Safari/537.36"
186.179.20.129 - - [17/Apr/2026:15:41:32 -0400] "GET /wp-signup.php HTTP/1.1" 302 189 "https://davidsteele.com/" "Mozilla/5.0 (X11; Linux x86_64) AppleWebKit/537.36 (KHTML, like Gecko) Chrome/114.0.0.0 Safari/537.36"
66.249.69.133 - - [17/Apr/2026:15:41:38 -0400] "GET /?j=66529083679657 HTTP/1.1" 200 1818 "-" "GoogleOther-Image/1.0"
186.179.20.129 - - [17/Apr/2026:15:41:37 -0400] "GET /wp-login.php?action=register HTTP/1.1" 302 189 "https://davidsteele.com/wp-signup.php" "Mozilla/5.0 (X11; Linux x86_64) AppleWebKit/537.36 (KHTML, like Gecko) Chrome/114.0.0.0 Safari/537.36"
186.179.20.129 - - [17/Apr/2026:15:41:42 -0400] "GET /wp-login.php?registration=disabled HTTP/1.1" 200 2041 "https://davidsteele.com/wp-login.php?action=register" "Mozilla/5.0 (X11; Linux x86_64) AppleWebKit/537.36 (KHTML, like Gecko) Chrome/114.0.0.0 Safari/537.36"
186.179.20.129 - - [17/Apr/2026:15:41:47 -0400] "GET /wp-admin/ HTTP/1.1" 302 189 "https://davidsteele.com/" "Mozilla/5.0 (X11; Linux x86_64) AppleWebKit/537.36 (KHTML, like Gecko) Chrome/114.0.0.0 Safari/537.36"
186.179.20.129 - - [17/Apr/2026:15:41:48 -0400] "GET /wp-login.php?redirect_to=https%3A%2F%2Fdavidsteele.com%2Fwp-admin%2F&reauth=1 HTTP/1.1" 200 1974 "https://davidsteele.com/wp-admin/" "Mozilla/5.0 (X11; Linux x86_64) AppleWebKit/537.36 (KHTML, like Gecko) Chrome/114.0.0.0 Safari/537.36"
186.179.20.129 - - [17/Apr/2026:15:41:50 -0400] "GET /wp-settings.php HTTP/1.1" 500 0 "https://davidsteele.com/" "Mozilla/5.0 (X11; Linux x86_64) AppleWebKit/537.36 (KHTML, like Gecko) Chrome/114.0.0.0 Safari/537.36"
186.179.20.129 - - [17/Apr/2026:15:41:50 -0400] "GET /wp-content/ HTTP/1.1" 200 0 "https://davidsteele.com/" "Mozilla/5.0 (X11; Linux x86_64) AppleWebKit/537.36 (KHTML, like Gecko) Chrome/114.0.0.0 Safari/537.36"
186.179.20.129 - - [17/Apr/2026:15:41:51 -0400] "GET /wp-mail.php HTTP/1.1" 403 1118 "https://davidsteele.com/" "Mozilla/5.0 (X11; Linux x86_64) AppleWebKit/537.36 (KHTML, like Gecko) Chrome/114.0.0.0 Safari/537.36"
186.179.20.51 - - [17/Apr/2026:15:41:52 -0400] "GET /wp-mail.php HTTP/1.1" 403 1118 "https://davidsteele.com/" "Mozilla/5.0 (X11; Linux x86_64) AppleWebKit/537.36 (KHTML, like Gecko) Chrome/114.0.0.0 Safari/537.36"
186.179.20.137 - - [17/Apr/2026:15:41:54 -0400] "GET /wp-mail.php HTTP/1.1" 403 1118 "https://davidsteele.com/" "Mozilla/5.0 (X11; Linux x86_64) AppleWebKit/537.36 (KHTML, like Gecko) Chrome/114.0.0.0 Safari/537.36"
186.179.20.137 - - [17/Apr/2026:15:41:56 -0400] "GET /wp-mail.php HTTP/1.1" 403 1118 "https://davidsteele.com/" "Mozilla/5.0 (X11; Linux x86_64) AppleWebKit/537.36 (KHTML, like Gecko) Chrome/114.0.0.0 Safari/537.36"
186.179.20.51 - - [17/Apr/2026:15:41:57 -0400] "GET /wp-includes/ HTTP/1.1" 200 7940 "https://davidsteele.com/" "Mozilla/5.0 (X11; Linux x86_64) AppleWebKit/537.36 (KHTML, like Gecko) Chrome/114.0.0.0 Safari/537.36"
186.179.20.51 - - [17/Apr/2026:15:41:58 -0400] "GET /wp-login.php HTTP/1.1" 200 1974 "https://davidsteele.com/" "Mozilla/5.0 (X11; Linux x86_64) AppleWebKit/537.36 (KHTML, like Gecko) Chrome/114.0.0.0 Safari/537.36"
186.179.20.51 - - [17/Apr/2026:15:41:59 -0400] "GET /234.php HTTP/1.1" 403 1242 "https://davidsteele.com/" "Mozilla/5.0 (X11; Linux x86_64) AppleWebKit/537.36 (KHTML, like Gecko) Chrome/114.0.0.0 Safari/537.36"
186.179.20.131 - - [17/Apr/2026:15:42:00 -0400] "GET /234.php HTTP/1.1" 403 1242 "https://davidsteele.com/" "Mozilla/5.0 (X11; Linux x86_64) AppleWebKit/537.36 (KHTML, like Gecko) Chrome/114.0.0.0 Safari/537.36"
