114.119.135.36 - - [17/Apr/2026:10:33:28 -0400] "GET /?j=27141232442783 HTTP/1.1" 200 2147 "https://www.davidsteele.com/sitemap.xml" "Mozilla/5.0 (Linux; Android 7.0;) AppleWebKit/537.36 (KHTML, like Gecko) Mobile Safari/537.36 (compatible; PetalBot;+https://webmaster.petalsearch.com/site/petalbot)"
192.178.6.72 - - [17/Apr/2026:10:34:23 -0400] "GET /?d=8556139349149 HTTP/1.1" 200 1812 "-" "Mozilla/5.0 (Linux; Android 6.0.1; Nexus 5X Build/MMB29P) AppleWebKit/537.36 (KHTML, like Gecko) Chrome/146.0.7680.177 Mobile Safari/537.36 (compatible; Googlebot/2.1; +http://www.google.com/bot.html)"
114.119.158.125 - - [17/Apr/2026:10:34:52 -0400] "GET /?j=86804663302827 HTTP/1.1" 200 2136 "https://www.davidsteele.com/sitemap.xml" "Mozilla/5.0 (Linux; Android 7.0;) AppleWebKit/537.36 (KHTML, like Gecko) Mobile Safari/537.36 (compatible; PetalBot;+https://webmaster.petalsearch.com/site/petalbot)"
51.68.236.94 - - [17/Apr/2026:10:35:13 -0400] "GET /robots.txt HTTP/1.1" 200 69 "-" "Mozilla/5.0 (compatible; MJ12bot/v2.0.5; http://mj12bot.com/)"
51.68.236.94 - - [17/Apr/2026:10:35:13 -0400] "GET / HTTP/1.1" 200 1812 "-" "Mozilla/5.0 (compatible; MJ12bot/v2.0.5; http://mj12bot.com/)"
192.178.6.72 - - [17/Apr/2026:10:36:19 -0400] "GET /?d=53326219563549 HTTP/1.1" 200 1812 "-" "Mozilla/5.0 (Linux; Android 6.0.1; Nexus 5X Build/MMB29P) AppleWebKit/537.36 (KHTML, like Gecko) Chrome/146.0.7680.177 Mobile Safari/537.36 (compatible; Googlebot/2.1; +http://www.google.com/bot.html)"
114.119.135.36 - - [17/Apr/2026:10:36:30 -0400] "GET /?j=67137680761684 HTTP/1.1" 200 2136 "https://www.davidsteele.com/sitemap.xml" "Mozilla/5.0 (Linux; Android 7.0;) AppleWebKit/537.36 (KHTML, like Gecko) Mobile Safari/537.36 (compatible; PetalBot;+https://webmaster.petalsearch.com/site/petalbot)"
192.178.6.72 - - [17/Apr/2026:10:36:54 -0400] "GET /?d=90765993311337 HTTP/1.1" 200 1812 "-" "Mozilla/5.0 (Linux; Android 6.0.1; Nexus 5X Build/MMB29P) AppleWebKit/537.36 (KHTML, like Gecko) Chrome/146.0.7680.177 Mobile Safari/537.36 (compatible; Googlebot/2.1; +http://www.google.com/bot.html)"
192.178.6.64 - - [17/Apr/2026:10:37:04 -0400] "GET /?d=22707183406544 HTTP/1.1" 200 1812 "-" "Mozilla/5.0 (Linux; Android 6.0.1; Nexus 5X Build/MMB29P) AppleWebKit/537.36 (KHTML, like Gecko) Chrome/146.0.7680.177 Mobile Safari/537.36 (compatible; Googlebot/2.1; +http://www.google.com/bot.html)"
114.119.128.212 - - [17/Apr/2026:10:37:34 -0400] "GET /?j=45018655908249 HTTP/1.1" 200 2136 "https://www.davidsteele.com/sitemap.xml" "Mozilla/5.0 (Linux; Android 7.0;) AppleWebKit/537.36 (KHTML, like Gecko) Mobile Safari/537.36 (compatible; PetalBot;+https://webmaster.petalsearch.com/site/petalbot)"
66.249.69.131 - - [17/Apr/2026:10:38:15 -0400] "GET /?j=98799561001158 HTTP/1.1" 200 1832 "-" "GoogleOther-Image/1.0"
216.244.66.241 - - [17/Apr/2026:10:38:36 -0400] "GET /googleb9a3f1065d27d168.html HTTP/1.1" 200 53 "-" "Mozilla/5.0 (compatible; DotBot/1.2; +https://opensiteexplorer.org/dotbot; help@moz.com)"
216.244.66.241 - - [17/Apr/2026:10:38:43 -0400] "GET /license.txt HTTP/1.1" 200 19903 "-" "Mozilla/5.0 (compatible; DotBot/1.2; +https://opensiteexplorer.org/dotbot; help@moz.com)"
103.118.78.222 - - [17/Apr/2026:10:38:55 -0400] "POST /wp-login.php HTTP/1.1" 200 2115 "-" "Mozilla/5.0 (Windows NT 10.0; Win64; x64) AppleWebKit/537.36 (KHTML, like Gecko) Chrome/124.0.0.0 Safari/537.36"
103.118.78.222 - - [17/Apr/2026:10:39:02 -0400] "GET /wp-admin/ HTTP/1.1" 302 189 "-" "Mozilla/5.0 (Windows NT 10.0; Win64; x64) AppleWebKit/537.36 (KHTML, like Gecko) Chrome/124.0.0.0 Safari/537.36"
103.118.78.222 - - [17/Apr/2026:10:39:03 -0400] "GET /wp-login.php?redirect_to=https%3A%2F%2Fdavidsteele.com%2Fwp-admin%2F&reauth=1 HTTP/1.1" 200 1974 "-" "Mozilla/5.0 (Windows NT 10.0; Win64; x64) AppleWebKit/537.36 (KHTML, like Gecko) Chrome/124.0.0.0 Safari/537.36"
114.119.158.125 - - [17/Apr/2026:10:39:14 -0400] "GET /?j=44909169759583 HTTP/1.1" 200 2137 "https://www.davidsteele.com/sitemap.xml" "Mozilla/5.0 (Linux; Android 7.0;) AppleWebKit/537.36 (KHTML, like Gecko) Mobile Safari/537.36 (compatible; PetalBot;+https://webmaster.petalsearch.com/site/petalbot)"
114.119.139.48 - - [17/Apr/2026:10:40:13 -0400] "GET /?j=41919471454386 HTTP/1.1" 200 2137 "https://www.davidsteele.com/sitemap.xml" "Mozilla/5.0 (Linux; Android 7.0;) AppleWebKit/537.36 (KHTML, like Gecko) Mobile Safari/537.36 (compatible; PetalBot;+https://webmaster.petalsearch.com/site/petalbot)"
192.178.6.73 - - [17/Apr/2026:10:40:40 -0400] "GET /?d=54898275155601 HTTP/1.1" 200 1811 "-" "Mozilla/5.0 (Linux; Android 6.0.1; Nexus 5X Build/MMB29P) AppleWebKit/537.36 (KHTML, like Gecko) Chrome/146.0.7680.177 Mobile Safari/537.36 (compatible; Googlebot/2.1; +http://www.google.com/bot.html)"
192.178.6.72 - - [17/Apr/2026:10:41:01 -0400] "GET /?d=38303519927951 HTTP/1.1" 200 1826 "-" "Mozilla/5.0 (Linux; Android 6.0.1; Nexus 5X Build/MMB29P) AppleWebKit/537.36 (KHTML, like Gecko) Chrome/146.0.7680.177 Mobile Safari/537.36 (compatible; Googlebot/2.1; +http://www.google.com/bot.html)"
192.178.6.64 - - [17/Apr/2026:10:41:21 -0400] "GET /?d=68855067845030 HTTP/1.1" 200 1811 "-" "Mozilla/5.0 (Linux; Android 6.0.1; Nexus 5X Build/MMB29P) AppleWebKit/537.36 (KHTML, like Gecko) Chrome/146.0.7680.177 Mobile Safari/537.36 (compatible; Googlebot/2.1; +http://www.google.com/bot.html)"
213.180.203.2 - - [17/Apr/2026:10:41:21 -0400] "GET /?d=59006532587072 HTTP/1.1" 200 2133 "-" "Mozilla/5.0 (compatible; YandexBot/3.0; +http://yandex.com/bots)"
216.244.66.241 - - [17/Apr/2026:10:41:32 -0400] "GET /?p=6055 HTTP/1.1" 200 9221 "-" "Mozilla/5.0 (compatible; DotBot/1.2; +https://opensiteexplorer.org/dotbot; help@moz.com)"
192.178.6.64 - - [17/Apr/2026:10:42:01 -0400] "GET /?d=47217047880386 HTTP/1.1" 200 1811 "-" "Mozilla/5.0 (Linux; Android 6.0.1; Nexus 5X Build/MMB29P) AppleWebKit/537.36 (KHTML, like Gecko) Chrome/146.0.7680.177 Mobile Safari/537.36 (compatible; Googlebot/2.1; +http://www.google.com/bot.html)"
192.178.6.73 - - [17/Apr/2026:10:42:22 -0400] "GET /?d=1311087772439 HTTP/1.1" 200 1811 "-" "Mozilla/5.0 (Linux; Android 6.0.1; Nexus 5X Build/MMB29P) AppleWebKit/537.36 (KHTML, like Gecko) Chrome/146.0.7680.177 Mobile Safari/537.36 (compatible; Googlebot/2.1; +http://www.google.com/bot.html)"
192.178.6.72 - - [17/Apr/2026:10:42:42 -0400] "GET /?d=71360120444722 HTTP/1.1" 200 1811 "-" "Mozilla/5.0 (Linux; Android 6.0.1; Nexus 5X Build/MMB29P) AppleWebKit/537.36 (KHTML, like Gecko) Chrome/146.0.7680.177 Mobile Safari/537.36 (compatible; Googlebot/2.1; +http://www.google.com/bot.html)"
51.68.236.92 - - [17/Apr/2026:10:42:45 -0400] "GET / HTTP/1.1" 200 1811 "-" "Mozilla/5.0 (compatible; MJ12bot/v2.0.5; http://mj12bot.com/)"
192.178.6.73 - - [17/Apr/2026:10:43:21 -0400] "GET /?d=4687009855040 HTTP/1.1" 200 1811 "-" "Mozilla/5.0 (Linux; Android 6.0.1; Nexus 5X Build/MMB29P) AppleWebKit/537.36 (KHTML, like Gecko) Chrome/146.0.7680.177 Mobile Safari/537.36 (compatible; Googlebot/2.1; +http://www.google.com/bot.html)"
66.249.69.133 - - [17/Apr/2026:10:44:38 -0400] "GET /?j=77789346587920 HTTP/1.1" 200 1817 "-" "GoogleOther-Image/1.0"
103.118.78.222 - - [17/Apr/2026:10:44:35 -0400] "POST /wp-login.php HTTP/1.1" 200 2114 "-" "python-requests/2.32.3"
103.118.78.222 - - [17/Apr/2026:10:44:42 -0400] "GET /wp-admin HTTP/1.1" 301 795 "-" "python-requests/2.32.3"
103.118.78.222 - - [17/Apr/2026:10:44:42 -0400] "GET /wp-admin/ HTTP/1.1" 302 189 "-" "python-requests/2.32.3"
103.118.78.222 - - [17/Apr/2026:10:44:43 -0400] "GET /wp-login.php?redirect_to=https%3A%2F%2Fdavidsteele.com%2Fwp-admin%2F&reauth=1 HTTP/1.1" 200 1974 "-" "python-requests/2.32.3"
114.119.128.212 - - [17/Apr/2026:10:46:38 -0400] "GET /?j=36140483729611 HTTP/1.1" 200 2152 "https://www.davidsteele.com/sitemap.xml" "Mozilla/5.0 (Linux; Android 7.0;) AppleWebKit/537.36 (KHTML, like Gecko) Mobile Safari/537.36 (compatible; PetalBot;+https://webmaster.petalsearch.com/site/petalbot)"
54.39.210.92 - - [17/Apr/2026:10:46:45 -0400] "GET /wp-includes/script-loader.php HTTP/1.1" 403 1242 "-" "Mozilla/5.0 (compatible; AhrefsBot/7.0; +http://ahrefs.com/robot/)"
87.250.224.94 - - [17/Apr/2026:10:47:34 -0400] "GET /?d=12908295072101 HTTP/1.1" 200 2134 "-" "Mozilla/5.0 (compatible; YandexBot/3.0; +http://yandex.com/bots)"
3.217.82.254 - - [17/Apr/2026:10:47:57 -0400] "GET /free-casino-bonus-codes-2025-australia/ HTTP/1.1" 404 1251 "-" "Mozilla/5.0 AppleWebKit/537.36 (KHTML, like Gecko; compatible; Amazonbot/0.1; +https://developer.amazon.com/support/amazonbot) Chrome/119.0.6045.214 Safari/537.36"
34.225.243.131 - - [17/Apr/2026:10:48:01 -0400] "GET /2025/12/do-victorian-pubs-have-pokies/ HTTP/1.1" 404 1251 "-" "Mozilla/5.0 AppleWebKit/537.36 (KHTML, like Gecko; compatible; Amazonbot/0.1; +https://developer.amazon.com/support/amazonbot) Chrome/119.0.6045.214 Safari/537.36"
192.178.6.72 - - [17/Apr/2026:10:48:02 -0400] "GET /?d=77068299883058 HTTP/1.1" 200 1827 "-" "Mozilla/5.0 (Linux; Android 6.0.1; Nexus 5X Build/MMB29P) AppleWebKit/537.36 (KHTML, like Gecko) Chrome/146.0.7680.177 Mobile Safari/537.36 (compatible; Googlebot/2.1; +http://www.google.com/bot.html)"
114.119.158.125 - - [17/Apr/2026:10:48:14 -0400] "GET /?j=34279628084002 HTTP/1.1" 200 2152 "https://www.davidsteele.com/sitemap.xml" "Mozilla/5.0 (Linux; Android 7.0;) AppleWebKit/537.36 (KHTML, like Gecko) Mobile Safari/537.36 (compatible; PetalBot;+https://webmaster.petalsearch.com/site/petalbot)"
66.249.69.133 - - [17/Apr/2026:10:51:15 -0400] "GET /?j=91942187678841 HTTP/1.1" 200 1816 "-" "GoogleOther-Image/1.0"
114.119.156.122 - - [17/Apr/2026:10:52:05 -0400] "GET /?j=29006283037022 HTTP/1.1" 200 2152 "https://www.davidsteele.com/sitemap.xml" "Mozilla/5.0 (Linux; Android 7.0;) AppleWebKit/537.36 (KHTML, like Gecko) Mobile Safari/537.36 (compatible; PetalBot;+https://webmaster.petalsearch.com/site/petalbot)"
142.214.183.68 - - [17/Apr/2026:10:53:30 -0400] "GET /2025/10/casino-ohne-registrierung-trustly/ HTTP/1.1" 404 1251 "https://davidsteele.com/" "Mozilla/5.0 (X11; Linux x86_64; rv:144.0) Gecko/20100101 Firefox/144.0"
142.214.183.68 - - [17/Apr/2026:10:53:30 -0400] "GET / HTTP/1.1" 200 1827 "-" "Mozilla/5.0 (X11; Linux x86_64; rv:144.0) Gecko/20100101 Firefox/144.0"
142.214.183.68 - - [17/Apr/2026:10:53:36 -0400] "GET /wp-login.php HTTP/1.1" 200 1974 "https://davidsteele.com" "Mozilla/5.0 (Windows NT 6.3; Win64; x64) AppleWebKit/537.36 (KHTML, like Gecko) Chrome/103.0.0.0 Safari/537.36"
142.214.183.68 - - [17/Apr/2026:10:53:42 -0400] "GET /wp-login.php HTTP/1.1" 200 1974 "https://davidsteele.com/wp-login.php" "Mozilla/5.0 (Windows NT 6.3; Win64; x64) AppleWebKit/537.36 (KHTML, like Gecko) Chrome/103.0.0.0 Safari/537.36"
142.214.183.68 - - [17/Apr/2026:10:53:47 -0400] "GET /wp-includes/css/dashicons.min.css?ver=6.8.5 HTTP/1.1" 200 35110 "https://davidsteele.com/wp-login.php" "Mozilla/5.0 (Windows NT 10.0; Win64; x64) AppleWebKit/537.36 (KHTML, like Gecko) Chrome/145.0.0.0 Safari/537.36"
142.214.183.68 - - [17/Apr/2026:10:53:48 -0400] "GET /wp-includes/css/buttons.min.css?ver=6.8.5 HTTP/1.1" 200 1275 "https://davidsteele.com/wp-login.php" "Mozilla/5.0 (Windows NT 10.0; Win64; x64) AppleWebKit/537.36 (KHTML, like Gecko) Chrome/145.0.0.0 Safari/537.36"
142.214.183.68 - - [17/Apr/2026:10:53:49 -0400] "GET /wp-admin/css/forms.min.css?ver=6.8.5 HTTP/1.1" 200 6387 "https://davidsteele.com/wp-login.php" "Mozilla/5.0 (Windows NT 10.0; Win64; x64) AppleWebKit/537.36 (KHTML, like Gecko) Chrome/145.0.0.0 Safari/537.36"
142.214.183.68 - - [17/Apr/2026:10:53:49 -0400] "GET /wp-admin/css/l10n.min.css?ver=6.8.5 HTTP/1.1" 200 675 "https://davidsteele.com/wp-login.php" "Mozilla/5.0 (Windows NT 10.0; Win64; x64) AppleWebKit/537.36 (KHTML, like Gecko) Chrome/145.0.0.0 Safari/537.36"
142.214.183.68 - - [17/Apr/2026:10:53:50 -0400] "GET /wp-admin/css/login.min.css?ver=6.8.5 HTTP/1.1" 200 1965 "https://davidsteele.com/wp-login.php" "Mozilla/5.0 (Windows NT 10.0; Win64; x64) AppleWebKit/537.36 (KHTML, like Gecko) Chrome/145.0.0.0 Safari/537.36"
158.101.15.41 - - [17/Apr/2026:10:55:42 -0400] "GET / HTTP/1.1" 200 2131 "-" "Mozilla/5.0 (Android 13; Mobile; rv:117.0) Gecko/117.0 Firefox/117.0"
158.101.15.41 - - [17/Apr/2026:10:55:42 -0400] "GET / HTTP/1.1" 200 2131 "-" "Go-http-client/2.0"
158.101.15.41 - - [17/Apr/2026:10:55:42 -0400] "GET /wp-login.php HTTP/1.1" 200 0 "-" "Mozilla/5.0 (iPhone; CPU iPhone OS 17_4_1 like Mac OS X) AppleWebKit/605.1.15 Mobile/15E148"
162.0.209.96 - - [17/Apr/2026:10:55:48 -0400] "POST /wp-cron.php?doing_wp_cron=1776437748.4196419715881347656250 HTTP/1.1" 200 0 "-" "WordPress/6.8.5; https://davidsteele.com"
158.101.15.41 - - [17/Apr/2026:10:55:47 -0400] "GET /wp-admin/ HTTP/1.1" 302 207 "-" "Mozilla/5.0 (Windows NT 10.0; Win64; x64) AppleWebKit/537.36 Chrome/116.0 Safari/537.36"
158.101.15.41 - - [17/Apr/2026:10:55:48 -0400] "GET /wp-login.php?redirect_to=https%3A%2F%2Fdavidsteele.com%2Fwp-admin%2F&reauth=1 HTTP/1.1" 200 2205 "https://davidsteele.com/wp-admin/" "Mozilla/5.0 (Windows NT 10.0; Win64; x64) AppleWebKit/537.36 Chrome/116.0 Safari/537.36"
158.101.15.41 - - [17/Apr/2026:10:55:49 -0400] "GET /administrator/ HTTP/1.1" 404 1251 "-" "Mozilla/5.0 (Android 13; Mobile; rv:117.0) Gecko/117.0 Firefox/117.0"
158.101.15.41 - - [17/Apr/2026:10:55:49 -0400] "GET /user/login HTTP/1.1" 404 1251 "-" "Mozilla/5.0 (X11; Linux x86_64) Gecko/20100101 Firefox/117.0"
158.101.15.41 - - [17/Apr/2026:10:55:49 -0400] "GET /admin HTTP/1.1" 404 1251 "-" "Mozilla/5.0 (iPad; CPU OS 17_4 like Mac OS X) AppleWebKit/605.1.15 Mobile/15E148"
158.101.15.41 - - [17/Apr/2026:10:55:49 -0400] "GET /login HTTP/1.1" 404 1251 "-" "Mozilla/5.0 (iPhone; CPU iPhone OS 17_4_1 like Mac OS X) AppleWebKit/605.1.15 Mobile/15E148"
158.101.15.41 - - [17/Apr/2026:10:55:49 -0400] "GET /register HTTP/1.1" 404 1251 "-" "Mozilla/5.0 (Macintosh; Intel Mac OS X 13_5_1) AppleWebKit/605.1.15 Safari/605.1.15"
158.101.15.41 - - [17/Apr/2026:10:55:49 -0400] "GET /admin HTTP/1.1" 404 1251 "-" "Mozilla/5.0 (iPhone; CPU iPhone OS 17_4_1 like Mac OS X) AppleWebKit/605.1.15 Mobile/15E148"
158.101.15.41 - - [17/Apr/2026:10:55:49 -0400] "GET /login HTTP/1.1" 404 1251 "-" "Mozilla/5.0 (iPad; CPU OS 17_4 like Mac OS X) AppleWebKit/605.1.15 Mobile/15E148"
87.250.224.94 - - [17/Apr/2026:10:56:06 -0400] "GET /robots.txt HTTP/1.1" 200 69 "-" "Mozilla/5.0 (compatible; YandexBot/3.0; +http://yandex.com/bots)"
91.188.244.33 - - [17/Apr/2026:10:56:25 -0400] "GET /2025/10/casino-ohne-registrierung-trustly/ HTTP/1.1" 404 1251 "https://davidsteele.com/" "Mozilla/5.0 (Windows NT 10.0; WOW64) AppleWebKit/537.36 (KHTML, like Gecko) Chrome/114.0.0.0 Safari/537.36"
91.188.244.33 - - [17/Apr/2026:10:56:27 -0400] "GET / HTTP/1.1" 200 1808 "-" "Mozilla/5.0 (Windows NT 10.0; WOW64) AppleWebKit/537.36 (KHTML, like Gecko) Chrome/114.0.0.0 Safari/537.36"
91.188.244.33 - - [17/Apr/2026:10:56:33 -0400] "GET /wp-login.php HTTP/1.1" 200 1974 "https://davidsteele.com" "Mozilla/5.0 (Windows NT 6.3; Win64; x64) AppleWebKit/537.36 (KHTML, like Gecko) Chrome/103.0.0.0 Safari/537.36"
91.188.244.33 - - [17/Apr/2026:10:56:39 -0400] "GET /wp-login.php?action=lostpassword HTTP/1.1" 200 1189 "https://davidsteele.com/wp-login.php" "Mozilla/5.0 (Windows NT 6.3; Win64; x64) AppleWebKit/537.36 (KHTML, like Gecko) Chrome/103.0.0.0 Safari/537.36"
192.178.6.72 - - [17/Apr/2026:10:56:45 -0400] "GET /?d=25607127087864 HTTP/1.1" 200 1826 "-" "Mozilla/5.0 (Linux; Android 6.0.1; Nexus 5X Build/MMB29P) AppleWebKit/537.36 (KHTML, like Gecko) Chrome/146.0.7680.177 Mobile Safari/537.36 (compatible; Googlebot/2.1; +http://www.google.com/bot.html)"
91.188.244.33 - - [17/Apr/2026:10:56:45 -0400] "GET /wp-includes/css/dashicons.min.css?ver=6.8.5 HTTP/1.1" 200 35110 "https://davidsteele.com/wp-login.php?action=lostpassword" "Mozilla/5.0 (Windows NT 10.0; Win64; x64) AppleWebKit/537.36 (KHTML, like Gecko) Chrome/143.0.0.0 Safari/537.36"
91.188.244.33 - - [17/Apr/2026:10:56:49 -0400] "GET /wp-includes/css/buttons.min.css?ver=6.8.5 HTTP/1.1" 200 1275 "https://davidsteele.com/wp-login.php?action=lostpassword" "Mozilla/5.0 (Windows NT 10.0; Win64; x64) AppleWebKit/537.36 (KHTML, like Gecko) Chrome/143.0.0.0 Safari/537.36"
91.188.244.33 - - [17/Apr/2026:10:56:51 -0400] "GET /wp-admin/css/forms.min.css?ver=6.8.5 HTTP/1.1" 200 6387 "https://davidsteele.com/wp-login.php?action=lostpassword" "Mozilla/5.0 (Windows NT 10.0; Win64; x64) AppleWebKit/537.36 (KHTML, like Gecko) Chrome/143.0.0.0 Safari/537.36"
91.188.244.33 - - [17/Apr/2026:10:56:53 -0400] "GET /wp-admin/css/l10n.min.css?ver=6.8.5 HTTP/1.1" 200 675 "https://davidsteele.com/wp-login.php?action=lostpassword" "Mozilla/5.0 (Windows NT 10.0; Win64; x64) AppleWebKit/537.36 (KHTML, like Gecko) Chrome/143.0.0.0 Safari/537.36"
91.188.244.33 - - [17/Apr/2026:10:56:55 -0400] "GET /wp-admin/css/login.min.css?ver=6.8.5 HTTP/1.1" 200 1965 "https://davidsteele.com/wp-login.php?action=lostpassword" "Mozilla/5.0 (Windows NT 10.0; Win64; x64) AppleWebKit/537.36 (KHTML, like Gecko) Chrome/143.0.0.0 Safari/537.36"
192.178.6.73 - - [17/Apr/2026:10:57:25 -0400] "GET /?d=2479792813707 HTTP/1.1" 200 1810 "-" "Mozilla/5.0 (Linux; Android 6.0.1; Nexus 5X Build/MMB29P) AppleWebKit/537.36 (KHTML, like Gecko) Chrome/146.0.7680.177 Mobile Safari/537.36 (compatible; Googlebot/2.1; +http://www.google.com/bot.html)"
66.249.69.133 - - [17/Apr/2026:10:57:50 -0400] "GET /?j=63816084932058 HTTP/1.1" 200 1830 "-" "GoogleOther-Image/1.0"
192.178.6.73 - - [17/Apr/2026:10:58:19 -0400] "GET /?d=89465312881138 HTTP/1.1" 200 1826 "-" "Mozilla/5.0 (Linux; Android 6.0.1; Nexus 5X Build/MMB29P) AppleWebKit/537.36 (KHTML, like Gecko) Chrome/146.0.7680.177 Mobile Safari/537.36 (compatible; Googlebot/2.1; +http://www.google.com/bot.html)"
192.178.6.72 - - [17/Apr/2026:10:58:37 -0400] "GET /?d=42532975515848 HTTP/1.1" 200 1826 "-" "Mozilla/5.0 (Linux; Android 6.0.1; Nexus 5X Build/MMB29P) AppleWebKit/537.36 (KHTML, like Gecko) Chrome/146.0.7680.177 Mobile Safari/537.36 (compatible; Googlebot/2.1; +http://www.google.com/bot.html)"
51.68.111.199 - - [17/Apr/2026:10:58:53 -0400] "GET /robots.txt HTTP/1.1" 200 69 "-" "Mozilla/5.0 (compatible; MJ12bot/v2.0.5; http://mj12bot.com/)"
51.68.111.199 - - [17/Apr/2026:10:58:54 -0400] "GET / HTTP/1.1" 200 1810 "-" "Mozilla/5.0 (compatible; MJ12bot/v2.0.5; http://mj12bot.com/)"
192.178.6.72 - - [17/Apr/2026:10:59:19 -0400] "GET /?d=93688160979457 HTTP/1.1" 200 1810 "-" "Mozilla/5.0 (Linux; Android 6.0.1; Nexus 5X Build/MMB29P) AppleWebKit/537.36 (KHTML, like Gecko) Chrome/146.0.7680.177 Mobile Safari/537.36 (compatible; Googlebot/2.1; +http://www.google.com/bot.html)"
192.178.6.73 - - [17/Apr/2026:10:59:25 -0400] "GET /?d=44231102477054 HTTP/1.1" 200 1810 "-" "Mozilla/5.0 (Linux; Android 6.0.1; Nexus 5X Build/MMB29P) AppleWebKit/537.36 (KHTML, like Gecko) Chrome/146.0.7680.177 Mobile Safari/537.36 (compatible; Googlebot/2.1; +http://www.google.com/bot.html)"
114.119.128.212 - - [17/Apr/2026:10:59:28 -0400] "GET /?j=39564240616145 HTTP/1.1" 200 2149 "https://www.davidsteele.com/sitemap.xml" "Mozilla/5.0 (Linux; Android 7.0;) AppleWebKit/537.36 (KHTML, like Gecko) Mobile Safari/537.36 (compatible; PetalBot;+https://webmaster.petalsearch.com/site/petalbot)"
192.178.6.73 - - [17/Apr/2026:11:00:10 -0400] "GET /?d=77572954439322 HTTP/1.1" 200 1810 "-" "Mozilla/5.0 (Linux; Android 6.0.1; Nexus 5X Build/MMB29P) AppleWebKit/537.36 (KHTML, like Gecko) Chrome/146.0.7680.177 Mobile Safari/537.36 (compatible; Googlebot/2.1; +http://www.google.com/bot.html)"
66.249.69.132 - - [17/Apr/2026:11:00:51 -0400] "GET /?j=21266020611580 HTTP/1.1" 200 1830 "-" "GoogleOther-Image/1.0"
192.178.6.73 - - [17/Apr/2026:11:00:59 -0400] "GET /?d=36613470593917 HTTP/1.1" 200 1826 "-" "Mozilla/5.0 (Linux; Android 6.0.1; Nexus 5X Build/MMB29P) AppleWebKit/537.36 (KHTML, like Gecko) Chrome/146.0.7680.177 Mobile Safari/537.36 (compatible; Googlebot/2.1; +http://www.google.com/bot.html)"
192.178.6.64 - - [17/Apr/2026:11:01:07 -0400] "GET /?d=46587564458949 HTTP/1.1" 200 1810 "-" "Mozilla/5.0 (Linux; Android 6.0.1; Nexus 5X Build/MMB29P) AppleWebKit/537.36 (KHTML, like Gecko) Chrome/146.0.7680.177 Mobile Safari/537.36 (compatible; Googlebot/2.1; +http://www.google.com/bot.html)"
40.77.167.10 - - [17/Apr/2026:11:01:07 -0400] "GET /?MD HTTP/1.1" 200 1822 "-" "Mozilla/5.0 AppleWebKit/537.36 (KHTML, like Gecko; compatible; bingbot/2.0; +http://www.bing.com/bingbot.htm) Chrome/116.0.1938.76 Safari/537.36"
66.249.69.132 - - [17/Apr/2026:11:01:39 -0400] "GET /?j=73627606667875 HTTP/1.1" 200 1816 "-" "GoogleOther-Image/1.0"
66.249.69.132 - - [17/Apr/2026:11:02:11 -0400] "GET /?j=69660562373110 HTTP/1.1" 200 1816 "-" "GoogleOther-Image/1.0"
66.249.69.131 - - [17/Apr/2026:11:03:11 -0400] "GET /?j=36143685185395 HTTP/1.1" 200 1816 "-" "GoogleOther-Image/1.0"
4.235.105.111 - - [17/Apr/2026:11:04:22 -0400] "GET /wp-content/plugins/hellopress/wp_filemanager.php HTTP/1.1" 404 1251 "-" "-"
4.235.105.111 - - [17/Apr/2026:11:04:23 -0400] "GET /file6.php HTTP/1.1" 404 1251 "-" "-"
4.235.105.111 - - [17/Apr/2026:11:04:23 -0400] "GET /sl.php HTTP/1.1" 404 1251 "-" "-"
4.235.105.111 - - [17/Apr/2026:11:04:23 -0400] "GET /flox.php HTTP/1.1" 404 1251 "-" "-"
4.235.105.111 - - [17/Apr/2026:11:04:24 -0400] "GET /mff.php HTTP/1.1" 404 1251 "-" "-"
4.235.105.111 - - [17/Apr/2026:11:04:24 -0400] "GET /aq.php HTTP/1.1" 404 1251 "-" "-"
4.235.105.111 - - [17/Apr/2026:11:04:24 -0400] "GET /filemanger2.php HTTP/1.1" 404 1251 "-" "-"
4.235.105.111 - - [17/Apr/2026:11:04:25 -0400] "GET /dx.php HTTP/1.1" 404 1251 "-" "-"
4.235.105.111 - - [17/Apr/2026:11:04:25 -0400] "GET /wp-vn1.php HTTP/1.1" 404 1251 "-" "-"
4.235.105.111 - - [17/Apr/2026:11:04:25 -0400] "GET /ewp.php HTTP/1.1" 404 1251 "-" "-"
4.235.105.111 - - [17/Apr/2026:11:04:26 -0400] "GET /kikikoko.php HTTP/1.1" 404 1251 "-" "-"
4.235.105.111 - - [17/Apr/2026:11:04:26 -0400] "GET /nwflm.php HTTP/1.1" 404 1251 "-" "-"
4.235.105.111 - - [17/Apr/2026:11:04:26 -0400] "GET /dx.php HTTP/1.1" 404 1251 "-" "-"
4.235.105.111 - - [17/Apr/2026:11:04:27 -0400] "GET /xff.php HTTP/1.1" 404 1251 "-" "-"
4.235.105.111 - - [17/Apr/2026:11:04:28 -0400] "GET /lupo.php HTTP/1.1" 404 1251 "-" "-"
4.235.105.111 - - [17/Apr/2026:11:04:28 -0400] "GET /awa.php HTTP/1.1" 404 1251 "-" "-"
4.235.105.111 - - [17/Apr/2026:11:04:29 -0400] "GET /sadcut1.php HTTP/1.1" 404 1251 "-" "-"
4.235.105.111 - - [17/Apr/2026:11:04:29 -0400] "GET /popo.php HTTP/1.1" 404 1251 "-" "-"
4.235.105.111 - - [17/Apr/2026:11:04:29 -0400] "GET /water.php HTTP/1.1" 404 1251 "-" "-"
4.235.105.111 - - [17/Apr/2026:11:04:29 -0400] "GET /ggb.php HTTP/1.1" 404 1251 "-" "-"
4.235.105.111 - - [17/Apr/2026:11:04:30 -0400] "GET /13.php HTTP/1.1" 404 1251 "-" "-"
4.235.105.111 - - [17/Apr/2026:11:04:30 -0400] "GET /wert.php HTTP/1.1" 404 1251 "-" "-"
4.235.105.111 - - [17/Apr/2026:11:04:31 -0400] "GET /11.php HTTP/1.1" 404 1251 "-" "-"
4.235.105.111 - - [17/Apr/2026:11:04:31 -0400] "GET /p.php HTTP/1.1" 404 1251 "-" "-"
4.235.105.111 - - [17/Apr/2026:11:04:31 -0400] "GET /oij98gy.php HTTP/1.1" 404 1251 "-" "-"
66.249.69.131 - - [17/Apr/2026:11:04:31 -0400] "GET /?j=80916571862189 HTTP/1.1" 200 1816 "-" "GoogleOther-Image/1.0"
4.235.105.111 - - [17/Apr/2026:11:04:32 -0400] "GET /bthil.php HTTP/1.1" 404 1251 "-" "-"
4.235.105.111 - - [17/Apr/2026:11:04:33 -0400] "GET /turkshell.php HTTP/1.1" 404 1251 "-" "-"
4.235.105.111 - - [17/Apr/2026:11:04:33 -0400] "GET /tea.php HTTP/1.1" 404 1251 "-" "-"
4.235.105.111 - - [17/Apr/2026:11:04:33 -0400] "GET /seo.php HTTP/1.1" 404 1251 "-" "-"
4.235.105.111 - - [17/Apr/2026:11:04:34 -0400] "GET /7.php HTTP/1.1" 404 1251 "-" "-"
4.235.105.111 - - [17/Apr/2026:11:04:34 -0400] "GET /8.php HTTP/1.1" 404 1251 "-" "-"
4.235.105.111 - - [17/Apr/2026:11:04:34 -0400] "GET /1.php HTTP/1.1" 404 1251 "-" "-"
4.235.105.111 - - [17/Apr/2026:11:04:35 -0400] "GET /2.php HTTP/1.1" 404 1251 "-" "-"
4.235.105.111 - - [17/Apr/2026:11:04:36 -0400] "GET /3.php HTTP/1.1" 404 1251 "-" "-"
4.235.105.111 - - [17/Apr/2026:11:04:36 -0400] "GET /4.php HTTP/1.1" 404 1251 "-" "-"
4.235.105.111 - - [17/Apr/2026:11:04:36 -0400] "GET /5.php HTTP/1.1" 404 1251 "-" "-"
4.235.105.111 - - [17/Apr/2026:11:04:37 -0400] "GET /6.php HTTP/1.1" 404 1251 "-" "-"
4.235.105.111 - - [17/Apr/2026:11:04:37 -0400] "GET /9.php HTTP/1.1" 404 1251 "-" "-"
4.235.105.111 - - [17/Apr/2026:11:04:37 -0400] "GET /10.php HTTP/1.1" 404 1251 "-" "-"
4.235.105.111 - - [17/Apr/2026:11:04:38 -0400] "GET /.mopj.php HTTP/1.1" 404 1251 "-" "-"
4.235.105.111 - - [17/Apr/2026:11:04:39 -0400] "GET /100.php HTTP/1.1" 404 1251 "-" "-"
4.235.105.111 - - [17/Apr/2026:11:04:40 -0400] "GET /nano.php HTTP/1.1" 404 1251 "-" "-"
4.235.105.111 - - [17/Apr/2026:11:04:40 -0400] "GET /f35_S.php HTTP/1.1" 404 1251 "-" "-"
4.235.105.111 - - [17/Apr/2026:11:04:41 -0400] "GET /2026w.php HTTP/1.1" 404 1251 "-" "-"
4.235.105.111 - - [17/Apr/2026:11:04:42 -0400] "GET /111.php HTTP/1.1" 404 1251 "-" "-"
4.235.105.111 - - [17/Apr/2026:11:04:42 -0400] "GET /wp1.php HTTP/1.1" 404 1251 "-" "-"
4.235.105.111 - - [17/Apr/2026:11:04:43 -0400] "GET /aligk.php HTTP/1.1" 404 1251 "-" "-"
4.235.105.111 - - [17/Apr/2026:11:04:43 -0400] "GET /byrgo.php HTTP/1.1" 404 1251 "-" "-"
4.235.105.111 - - [17/Apr/2026:11:04:43 -0400] "GET /xwpg.php HTTP/1.1" 404 1251 "-" "-"
4.235.105.111 - - [17/Apr/2026:11:04:44 -0400] "GET /ass.php HTTP/1.1" 404 1251 "-" "-"
4.235.105.111 - - [17/Apr/2026:11:04:44 -0400] "GET /about.php HTTP/1.1" 404 1251 "-" "-"
4.235.105.111 - - [17/Apr/2026:11:04:45 -0400] "GET /no18.php HTTP/1.1" 404 1251 "-" "-"
4.235.105.111 - - [17/Apr/2026:11:04:45 -0400] "GET /fine.php HTTP/1.1" 404 1251 "-" "-"
4.235.105.111 - - [17/Apr/2026:11:04:45 -0400] "GET /zample.php HTTP/1.1" 404 1251 "-" "-"
4.235.105.111 - - [17/Apr/2026:11:04:46 -0400] "GET /hplfuns.php HTTP/1.1" 404 1251 "-" "-"
4.235.105.111 - - [17/Apr/2026:11:04:46 -0400] "GET /xa.php HTTP/1.1" 404 1251 "-" "-"
4.235.105.111 - - [17/Apr/2026:11:04:46 -0400] "GET /admin.php HTTP/1.1" 404 1251 "-" "-"
4.235.105.111 - - [17/Apr/2026:11:04:47 -0400] "GET /inege.php HTTP/1.1" 404 1251 "-" "-"
4.235.105.111 - - [17/Apr/2026:11:04:47 -0400] "GET /fe5.php HTTP/1.1" 404 1251 "-" "-"
4.235.105.111 - - [17/Apr/2026:11:04:47 -0400] "GET /uuu.php HTTP/1.1" 404 1251 "-" "-"
4.235.105.111 - - [17/Apr/2026:11:04:47 -0400] "GET /sf.php HTTP/1.1" 404 1251 "-" "-"
4.235.105.111 - - [17/Apr/2026:11:04:49 -0400] "GET /no1.php HTTP/1.1" 404 1251 "-" "-"
4.235.105.111 - - [17/Apr/2026:11:04:49 -0400] "GET /w2025.php HTTP/1.1" 404 1251 "-" "-"
4.235.105.111 - - [17/Apr/2026:11:04:50 -0400] "GET /fvvff.php HTTP/1.1" 404 1251 "-" "-"
4.235.105.111 - - [17/Apr/2026:11:04:50 -0400] "GET /a2.php HTTP/1.1" 404 1251 "-" "-"
4.235.105.111 - - [17/Apr/2026:11:04:50 -0400] "GET /edit.php HTTP/1.1" 404 1251 "-" "-"
4.235.105.111 - - [17/Apr/2026:11:04:51 -0400] "GET /ioxi-o.php HTTP/1.1" 404 1251 "-" "-"
4.235.105.111 - - [17/Apr/2026:11:04:52 -0400] "GET /wp-content/admin.php HTTP/1.1" 404 1251 "-" "-"
4.235.105.111 - - [17/Apr/2026:11:04:52 -0400] "GET /66.php HTTP/1.1" 404 1251 "-" "-"
4.235.105.111 - - [17/Apr/2026:11:04:52 -0400] "GET /a5.php HTTP/1.1" 404 1251 "-" "-"
4.235.105.111 - - [17/Apr/2026:11:04:53 -0400] "GET /ol.php HTTP/1.1" 404 1251 "-" "-"
4.235.105.111 - - [17/Apr/2026:11:04:53 -0400] "GET /f6.php HTTP/1.1" 404 1251 "-" "-"
4.235.105.111 - - [17/Apr/2026:11:04:53 -0400] "GET /inputs.php HTTP/1.1" 404 1251 "-" "-"
4.235.105.111 - - [17/Apr/2026:11:04:54 -0400] "GET /style.php HTTP/1.1" 404 1251 "-" "-"
4.235.105.111 - - [17/Apr/2026:11:04:54 -0400] "GET /aa.php HTTP/1.1" 404 1251 "-" "-"
4.235.105.111 - - [17/Apr/2026:11:04:54 -0400] "GET /av.php HTTP/1.1" 404 1251 "-" "-"
4.235.105.111 - - [17/Apr/2026:11:04:55 -0400] "GET /wp-admin/css/bolt.php HTTP/1.1" 404 1251 "-" "-"
4.235.105.111 - - [17/Apr/2026:11:04:55 -0400] "GET /bless4.php HTTP/1.1" 404 1251 "-" "-"
4.235.105.111 - - [17/Apr/2026:11:04:55 -0400] "GET /wp-act.php HTTP/1.1" 404 1251 "-" "-"
4.235.105.111 - - [17/Apr/2026:11:04:56 -0400] "GET /xqq.php HTTP/1.1" 404 1251 "-" "-"
4.235.105.111 - - [17/Apr/2026:11:04:56 -0400] "GET /plss3.php HTTP/1.1" 404 1251 "-" "-"
4.235.105.111 - - [17/Apr/2026:11:04:57 -0400] "GET /aaa.php?p= HTTP/1.1" 404 1251 "-" "-"
4.235.105.111 - - [17/Apr/2026:11:04:57 -0400] "GET /classwithtostring.php?p= HTTP/1.1" 404 1251 "-" "-"
4.235.105.111 - - [17/Apr/2026:11:04:58 -0400] "GET /wp-content/themes/index.php HTTP/1.1" 200 0 "-" "-"
4.235.105.111 - - [17/Apr/2026:11:04:58 -0400] "GET /tinyfilemanager.php?p= HTTP/1.1" 404 1251 "-" "-"
4.235.105.111 - - [17/Apr/2026:11:04:58 -0400] "GET /wp-update.php HTTP/1.1" 404 1251 "-" "-"
4.235.105.111 - - [17/Apr/2026:11:04:59 -0400] "GET /sbhu.php HTTP/1.1" 404 1251 "-" "-"
4.235.105.111 - - [17/Apr/2026:11:04:59 -0400] "GET /wp-blog.php HTTP/1.1" 404 1251 "-" "-"
4.235.105.111 - - [17/Apr/2026:11:04:59 -0400] "GET /wp-includes/js/jquery/ HTTP/1.1" 200 7319 "-" "-"
4.235.105.111 - - [17/Apr/2026:11:05:00 -0400] "GET /wp-content/admin.php HTTP/1.1" 404 1251 "-" "-"
4.235.105.111 - - [17/Apr/2026:11:05:00 -0400] "GET /ms-edit.php HTTP/1.1" 404 1251 "-" "-"
4.235.105.111 - - [17/Apr/2026:11:05:01 -0400] "GET /adminfuns.php HTTP/1.1" 404 1251 "-" "-"
4.235.105.111 - - [17/Apr/2026:11:05:01 -0400] "GET /goods.php HTTP/1.1" 404 1251 "-" "-"
4.235.105.111 - - [17/Apr/2026:11:05:02 -0400] "GET /ms-edit.php HTTP/1.1" 404 1251 "-" "-"
4.235.105.111 - - [17/Apr/2026:11:05:03 -0400] "GET /222.php HTTP/1.1" 404 1251 "-" "-"
4.235.105.111 - - [17/Apr/2026:11:05:03 -0400] "GET /cgi-bin/index.php HTTP/1.1" 404 1251 "-" "-"
4.235.105.111 - - [17/Apr/2026:11:05:03 -0400] "GET /fff.php HTTP/1.1" 404 1251 "-" "-"
4.235.105.111 - - [17/Apr/2026:11:05:04 -0400] "GET /wp-content/ HTTP/1.1" 200 0 "-" "-"
4.235.105.111 - - [17/Apr/2026:11:05:04 -0400] "GET /we.php HTTP/1.1" 404 1251 "-" "-"
4.235.105.111 - - [17/Apr/2026:11:05:04 -0400] "GET /alpha.php HTTP/1.1" 404 1251 "-" "-"
4.235.105.111 - - [17/Apr/2026:11:05:05 -0400] "GET /makeasmtp.php?p= HTTP/1.1" 404 1251 "-" "-"
4.235.105.111 - - [17/Apr/2026:11:05:05 -0400] "GET /wp-michan.php HTTP/1.1" 404 1251 "-" "-"
4.235.105.111 - - [17/Apr/2026:11:05:06 -0400] "GET /wp-the.php HTTP/1.1" 404 1251 "-" "-"
4.235.105.111 - - [17/Apr/2026:11:05:06 -0400] "GET /wp-includes/css/dist/ HTTP/1.1" 200 6379 "-" "-"
4.235.105.111 - - [17/Apr/2026:11:05:07 -0400] "GET /BDKR28WP.php HTTP/1.1" 404 1251 "-" "-"
4.235.105.111 - - [17/Apr/2026:11:05:07 -0400] "GET /wp-includes/l10n/ HTTP/1.1" 200 3819 "-" "-"
4.235.105.111 - - [17/Apr/2026:11:05:08 -0400] "GET /wen.php HTTP/1.1" 404 1251 "-" "-"
4.235.105.111 - - [17/Apr/2026:11:05:08 -0400] "GET /wp.php HTTP/1.1" 404 1251 "-" "-"
4.235.105.111 - - [17/Apr/2026:11:05:08 -0400] "GET /wp-admin/js/fi.php HTTP/1.1" 404 1251 "-" "-"
4.235.105.111 - - [17/Apr/2026:11:05:09 -0400] "GET /fe5.php HTTP/1.1" 404 1251 "-" "-"
4.235.105.111 - - [17/Apr/2026:11:05:09 -0400] "GET /wp-content/uploads/2021/02/index.php HTTP/1.1" 404 1251 "-" "-"
4.235.105.111 - - [17/Apr/2026:11:05:09 -0400] "GET /av.php HTTP/1.1" 404 1251 "-" "-"
4.235.105.111 - - [17/Apr/2026:11:05:10 -0400] "GET /abcd.php HTTP/1.1" 404 1251 "-" "-"
4.235.105.111 - - [17/Apr/2026:11:05:10 -0400] "GET /fi.php HTTP/1.1" 404 1251 "-" "-"
4.235.105.111 - - [17/Apr/2026:11:05:11 -0400] "GET /a1.php HTTP/1.1" 404 1251 "-" "-"
4.235.105.111 - - [17/Apr/2026:11:05:11 -0400] "GET /update/f35.php HTTP/1.1" 404 1251 "-" "-"
4.235.105.111 - - [17/Apr/2026:11:05:11 -0400] "GET /wp-includes/Text/Diff/Engine/about.php HTTP/1.1" 404 1251 "-" "-"
4.235.105.111 - - [17/Apr/2026:11:05:32 -0400] "GET /wp-includes/css/index.php?p= HTTP/1.1" 404 1251 "-" "-"
4.235.105.111 - - [17/Apr/2026:11:05:32 -0400] "GET /wp-includes/SimplePie/ HTTP/1.1" 200 2118 "-" "-"
4.235.105.111 - - [17/Apr/2026:11:05:32 -0400] "GET /prv8.php HTTP/1.1" 404 1251 "-" "-"
4.235.105.111 - - [17/Apr/2026:11:05:33 -0400] "GET /k.php HTTP/1.1" 404 1251 "-" "-"
4.235.105.111 - - [17/Apr/2026:11:05:33 -0400] "GET /dev.php HTTP/1.1" 404 1251 "-" "-"
4.235.105.111 - - [17/Apr/2026:11:05:33 -0400] "GET /bal.php HTTP/1.1" 404 1251 "-" "-"
4.235.105.111 - - [17/Apr/2026:11:05:34 -0400] "GET /in.php HTTP/1.1" 404 1251 "-" "-"
4.235.105.111 - - [17/Apr/2026:11:05:34 -0400] "GET /gssdd.php HTTP/1.1" 404 1251 "-" "-"
4.235.105.111 - - [17/Apr/2026:11:05:34 -0400] "GET /motu.php HTTP/1.1" 404 1251 "-" "-"
4.235.105.111 - - [17/Apr/2026:11:05:35 -0400] "GET /bs1.php HTTP/1.1" 404 1251 "-" "-"
4.235.105.111 - - [17/Apr/2026:11:05:35 -0400] "GET /bengi.php HTTP/1.1" 404 1251 "-" "-"
4.235.105.111 - - [17/Apr/2026:11:05:36 -0400] "GET /wp-content/plugins/pwnd/as.php HTTP/1.1" 404 1251 "-" "-"
4.235.105.111 - - [17/Apr/2026:11:05:36 -0400] "GET /axx.php HTTP/1.1" 404 1251 "-" "-"
4.235.105.111 - - [17/Apr/2026:11:05:37 -0400] "GET /alfashell.php HTTP/1.1" 404 1251 "-" "-"
4.235.105.111 - - [17/Apr/2026:11:05:37 -0400] "GET /gettest.php HTTP/1.1" 404 1251 "-" "-"
4.235.105.111 - - [17/Apr/2026:11:05:37 -0400] "GET /acp.php HTTP/1.1" 404 1251 "-" "-"
4.235.105.111 - - [17/Apr/2026:11:05:38 -0400] "GET /file48.php HTTP/1.1" 404 1251 "-" "-"
4.235.105.111 - - [17/Apr/2026:11:05:38 -0400] "GET /g.php HTTP/1.1" 404 1251 "-" "-"
4.235.105.111 - - [17/Apr/2026:11:05:38 -0400] "GET /wp-content/ HTTP/1.1" 200 0 "-" "-"
4.235.105.111 - - [17/Apr/2026:11:05:39 -0400] "GET /simple.php HTTP/1.1" 404 1251 "-" "-"
4.235.105.111 - - [17/Apr/2026:11:05:39 -0400] "GET /ew.php HTTP/1.1" 404 1251 "-" "-"
4.235.105.111 - - [17/Apr/2026:11:05:40 -0400] "GET /file21.php HTTP/1.1" 404 1251 "-" "-"
4.235.105.111 - - [17/Apr/2026:11:05:40 -0400] "GET /class19.php HTTP/1.1" 404 1251 "-" "-"
4.235.105.111 - - [17/Apr/2026:11:05:40 -0400] "GET /class20.php HTTP/1.1" 404 1251 "-" "-"
4.235.105.111 - - [17/Apr/2026:11:05:41 -0400] "GET /file18.php HTTP/1.1" 404 1251 "-" "-"
4.235.105.111 - - [17/Apr/2026:11:05:41 -0400] "GET /vee.php HTTP/1.1" 404 1251 "-" "-"
4.235.105.111 - - [17/Apr/2026:11:05:41 -0400] "GET /cabs.php HTTP/1.1" 404 1251 "-" "-"
4.235.105.111 - - [17/Apr/2026:11:05:42 -0400] "GET /xwx1.php HTTP/1.1" 404 1251 "-" "-"
4.235.105.111 - - [17/Apr/2026:11:05:42 -0400] "GET /x1da.php HTTP/1.1" 404 1251 "-" "-"
4.235.105.111 - - [17/Apr/2026:11:05:42 -0400] "GET /jp.php HTTP/1.1" 404 1251 "-" "-"
4.235.105.111 - - [17/Apr/2026:11:05:43 -0400] "GET /chosen.php HTTP/1.1" 404 1251 "-" "-"
66.249.69.133 - - [17/Apr/2026:11:05:52 -0400] "GET /?j=95777845791024 HTTP/1.1" 200 1816 "-" "GoogleOther-Image/1.0"
114.119.144.212 - - [17/Apr/2026:11:05:55 -0400] "GET /?j=2703467150363 HTTP/1.1" 200 2133 "https://www.davidsteele.com/sitemap.xml" "Mozilla/5.0 (Linux; Android 7.0;) AppleWebKit/537.36 (KHTML, like Gecko) Mobile Safari/537.36 (compatible; PetalBot;+https://webmaster.petalsearch.com/site/petalbot)"
66.249.69.133 - - [17/Apr/2026:11:07:12 -0400] "GET /?j=49891976661125 HTTP/1.1" 200 1816 "-" "GoogleOther-Image/1.0"
183.80.98.40 - - [17/Apr/2026:11:07:31 -0400] "GET /shop/80mm-photographers-crystal-ball/ HTTP/1.1" 404 1251 "-" "Mozilla/5.0 (compatible; MSIE 7.0; Windows NT 10.0; Trident/3.1)"
66.249.69.131 - - [17/Apr/2026:11:08:32 -0400] "GET /?j=53332158650079 HTTP/1.1" 200 1816 "-" "GoogleOther-Image/1.0"
18.214.138.148 - - [17/Apr/2026:11:08:45 -0400] "GET /wp-includes/rest-api/?SD HTTP/1.1" 200 1346 "-" "Mozilla/5.0 AppleWebKit/537.36 (KHTML, like Gecko; compatible; Amazonbot/0.1; +https://developer.amazon.com/support/amazonbot) Chrome/119.0.6045.214 Safari/537.36"
52.44.229.124 - - [17/Apr/2026:11:08:49 -0400] "GET /wp-includes/js/tinymce/license.txt HTTP/1.1" 200 10448 "-" "Mozilla/5.0 AppleWebKit/537.36 (KHTML, like Gecko; compatible; Amazonbot/0.1; +https://developer.amazon.com/support/amazonbot) Chrome/119.0.6045.214 Safari/537.36"
44.196.118.6 - - [17/Apr/2026:11:08:53 -0400] "GET /wp-includes/js/mediaelement/?SA HTTP/1.1" 403 1242 "-" "Mozilla/5.0 AppleWebKit/537.36 (KHTML, like Gecko; compatible; Amazonbot/0.1; +https://developer.amazon.com/support/amazonbot) Chrome/119.0.6045.214 Safari/537.36"
3.218.103.254 - - [17/Apr/2026:11:08:57 -0400] "GET /wp-includes/Requests/src/HookManager.php HTTP/1.1" 403 1242 "-" "Mozilla/5.0 AppleWebKit/537.36 (KHTML, like Gecko; compatible; Amazonbot/0.1; +https://developer.amazon.com/support/amazonbot) Chrome/119.0.6045.214 Safari/537.36"
3.226.34.98 - - [17/Apr/2026:11:09:01 -0400] "GET /wp-includes/interactivity-api/?MD HTTP/1.1" 200 952 "-" "Mozilla/5.0 AppleWebKit/537.36 (KHTML, like Gecko; compatible; Amazonbot/0.1; +https://developer.amazon.com/support/amazonbot) Chrome/119.0.6045.214 Safari/537.36"
54.225.181.161 - - [17/Apr/2026:11:09:05 -0400] "GET /wp-includes/rest-api/fields/class-wp-rest-post-meta-fields.php HTTP/1.1" 403 1242 "-" "Mozilla/5.0 AppleWebKit/537.36 (KHTML, like Gecko; compatible; Amazonbot/0.1; +https://developer.amazon.com/support/amazonbot) Chrome/119.0.6045.214 Safari/537.36"
34.231.118.144 - - [17/Apr/2026:11:09:09 -0400] "GET /wp-includes/SimplePie/library/?SA HTTP/1.1" 200 902 "-" "Mozilla/5.0 AppleWebKit/537.36 (KHTML, like Gecko; compatible; Amazonbot/0.1; +https://developer.amazon.com/support/amazonbot) Chrome/119.0.6045.214 Safari/537.36"
192.178.6.64 - - [17/Apr/2026:11:09:27 -0400] "GET /?d=87665768592318 HTTP/1.1" 200 1810 "-" "Mozilla/5.0 (Linux; Android 6.0.1; Nexus 5X Build/MMB29P) AppleWebKit/537.36 (KHTML, like Gecko) Chrome/146.0.7680.177 Mobile Safari/537.36 (compatible; Googlebot/2.1; +http://www.google.com/bot.html)"
66.249.69.132 - - [17/Apr/2026:11:09:52 -0400] "GET /?j=18731825995193 HTTP/1.1" 200 1830 "-" "GoogleOther-Image/1.0"
66.249.69.131 - - [17/Apr/2026:11:11:12 -0400] "GET /?j=38133115627580 HTTP/1.1" 200 1830 "-" "GoogleOther-Image/1.0"
51.68.236.59 - - [17/Apr/2026:11:12:14 -0400] "GET /robots.txt HTTP/1.1" 200 69 "-" "Mozilla/5.0 (compatible; MJ12bot/v2.0.5; http://mj12bot.com/)"
51.68.236.59 - - [17/Apr/2026:11:12:14 -0400] "GET / HTTP/1.1" 200 1810 "-" "Mozilla/5.0 (compatible; MJ12bot/v2.0.5; http://mj12bot.com/)"
66.249.69.131 - - [17/Apr/2026:11:12:28 -0400] "GET /?j=11418781886377 HTTP/1.1" 200 1816 "-" "Mozilla/5.0 (Linux; Android 6.0.1; Nexus 5X Build/MMB29P) AppleWebKit/537.36 (KHTML, like Gecko) Chrome/146.0.7680.177 Mobile Safari/537.36 (compatible; Googlebot/2.1; +http://www.google.com/bot.html)"
66.249.69.131 - - [17/Apr/2026:11:12:35 -0400] "GET /?j=98477410627649 HTTP/1.1" 200 1830 "-" "GoogleOther-Image/1.0"
192.178.6.73 - - [17/Apr/2026:11:13:06 -0400] "GET /?d=64040436809657 HTTP/1.1" 200 1826 "-" "Mozilla/5.0 (Linux; Android 6.0.1; Nexus 5X Build/MMB29P) AppleWebKit/537.36 (KHTML, like Gecko) Chrome/146.0.7680.177 Mobile Safari/537.36 (compatible; Googlebot/2.1; +http://www.google.com/bot.html)"
114.119.128.212 - - [17/Apr/2026:11:13:08 -0400] "GET /?j=18504456157523 HTTP/1.1" 200 2133 "https://www.davidsteele.com/sitemap.xml" "Mozilla/5.0 (Linux; Android 7.0;) AppleWebKit/537.36 (KHTML, like Gecko) Mobile Safari/537.36 (compatible; PetalBot;+https://webmaster.petalsearch.com/site/petalbot)"
66.249.69.132 - - [17/Apr/2026:11:13:56 -0400] "GET /?j=59734527464997 HTTP/1.1" 200 1830 "-" "GoogleOther-Image/1.0"
207.46.13.170 - - [17/Apr/2026:11:14:33 -0400] "GET /?t=19211175374487 HTTP/1.1" 200 1830 "-" "Mozilla/5.0 AppleWebKit/537.36 (KHTML, like Gecko; compatible; bingbot/2.0; +http://www.bing.com/bingbot.htm) Chrome/116.0.1938.76 Safari/537.36"
157.55.39.63 - - [17/Apr/2026:11:14:43 -0400] "GET /shop/servility/granters3273095036.html HTTP/1.1" 404 1251 "-" "Mozilla/5.0 AppleWebKit/537.36 (KHTML, like Gecko; compatible; bingbot/2.0; +http://www.bing.com/bingbot.htm) Chrome/116.0.1938.76 Safari/537.36"
114.119.156.122 - - [17/Apr/2026:11:14:46 -0400] "GET /?j=17214628341258 HTTP/1.1" 200 2133 "https://www.davidsteele.com/sitemap.xml" "Mozilla/5.0 (Linux; Android 7.0;) AppleWebKit/537.36 (KHTML, like Gecko) Mobile Safari/537.36 (compatible; PetalBot;+https://webmaster.petalsearch.com/site/petalbot)"
62.164.177.47 - - [17/Apr/2026:11:14:48 -0400] "GET / HTTP/1.1" 200 1810 "-" "Mozilla/5.0 (Macintosh; Intel Mac OS X 10_15_7) AppleWebKit/605.1.15 (KHTML, like Gecko) Version/18.4 Safari/605.1.15"
62.164.177.47 - - [17/Apr/2026:11:14:49 -0400] "GET / HTTP/1.1" 200 1810 "-" "Mozilla/5.0 (Macintosh; Intel Mac OS X 10.15; rv:135.0) Gecko/20100101 Firefox/135.0"
62.164.177.47 - - [17/Apr/2026:11:14:49 -0400] "GET / HTTP/1.1" 200 1826 "-" "Mozilla/5.0 (Macintosh; Intel Mac OS X 10_15_7) AppleWebKit/605.1.15 (KHTML, like Gecko) Version/18.4 Safari/605.1.15"
20.127.128.70 - - [17/Apr/2026:11:14:50 -0400] "GET / HTTP/1.1" 200 1810 "-" "Mozilla/5.0 (Macintosh; Intel Mac OS X 10_15_7) AppleWebKit/537.36 (KHTML, like Gecko) Chrome/136.0.0.0 Safari/537.36"
66.249.69.131 - - [17/Apr/2026:11:15:13 -0400] "GET /?j=86889628182861 HTTP/1.1" 200 1816 "-" "GoogleOther-Image/1.0"
185.125.171.171 - - [17/Apr/2026:11:15:29 -0400] "GET / HTTP/1.1" 200 1810 "-" "Mozilla/5.0 (Macintosh; Intel Mac OS X 10.15; rv:135.0) Gecko/20100101 Firefox/135.0"
208.102.51.6 - - [17/Apr/2026:11:15:45 -0400] "GET / HTTP/1.1" 200 9221 "-" "Mozilla/5.0 (Macintosh; Intel Mac OS X 10.15; rv:135.0) Gecko/20100101 Firefox/135.0"
114.119.156.247 - - [17/Apr/2026:11:16:24 -0400] "GET /?j=16765059845226 HTTP/1.1" 200 2133 "https://www.davidsteele.com/sitemap.xml" "Mozilla/5.0 (Linux; Android 7.0;) AppleWebKit/537.36 (KHTML, like Gecko) Mobile Safari/537.36 (compatible; PetalBot;+https://webmaster.petalsearch.com/site/petalbot)"
66.249.69.133 - - [17/Apr/2026:11:17:23 -0400] "GET /?j=39847052654229 HTTP/1.1" 200 1816 "-" "Mozilla/5.0 (Linux; Android 6.0.1; Nexus 5X Build/MMB29P) AppleWebKit/537.36 (KHTML, like Gecko) Chrome/146.0.7680.177 Mobile Safari/537.36 (compatible; Googlebot/2.1; +http://www.google.com/bot.html)"
192.178.6.73 - - [17/Apr/2026:11:17:29 -0400] "GET /?d=79369394763269 HTTP/1.1" 200 1810 "-" "Mozilla/5.0 (Linux; Android 6.0.1; Nexus 5X Build/MMB29P) AppleWebKit/537.36 (KHTML, like Gecko) Chrome/146.0.7680.177 Mobile Safari/537.36 (compatible; Googlebot/2.1; +http://www.google.com/bot.html)"
114.119.135.36 - - [17/Apr/2026:11:18:00 -0400] "GET /?j=1554347191932 HTTP/1.1" 200 2149 "https://www.davidsteele.com/sitemap.xml" "Mozilla/5.0 (Linux; Android 7.0;) AppleWebKit/537.36 (KHTML, like Gecko) Mobile Safari/537.36 (compatible; PetalBot;+https://webmaster.petalsearch.com/site/petalbot)"
66.249.69.132 - - [17/Apr/2026:11:18:52 -0400] "GET /?j=55271745742303 HTTP/1.1" 200 1816 "-" "GoogleOther-Image/1.0"
66.249.69.131 - - [17/Apr/2026:11:19:25 -0400] "GET /?j=19858060911470 HTTP/1.1" 200 1816 "-" "Mozilla/5.0 (Linux; Android 6.0.1; Nexus 5X Build/MMB29P) AppleWebKit/537.36 (KHTML, like Gecko) Chrome/146.0.7680.177 Mobile Safari/537.36 (compatible; Googlebot/2.1; +http://www.google.com/bot.html)"
114.119.135.36 - - [17/Apr/2026:11:19:25 -0400] "GET /?j=13394423582611 HTTP/1.1" 200 2133 "https://www.davidsteele.com/sitemap.xml" "Mozilla/5.0 (Linux; Android 7.0;) AppleWebKit/537.36 (KHTML, like Gecko) Mobile Safari/537.36 (compatible; PetalBot;+https://webmaster.petalsearch.com/site/petalbot)"
66.249.69.132 - - [17/Apr/2026:11:19:29 -0400] "GET /?j=15989456533900 HTTP/1.1" 200 1816 "-" "GoogleOther-Image/1.0"
118.70.234.120 - - [17/Apr/2026:11:19:47 -0400] "POST /xmlrpc.php HTTP/1.1" 200 0 "-" "WordPress.com; https://wordpress.com"
162.0.209.96 - - [17/Apr/2026:11:19:53 -0400] "POST /wp-cron.php?doing_wp_cron=1776439193.2057158946990966796875 HTTP/1.1" 200 0 "-" "WordPress/6.8.5; https://davidsteele.com"
66.249.69.133 - - [17/Apr/2026:11:20:10 -0400] "GET /?j=93739398684815 HTTP/1.1" 200 1815 "-" "GoogleOther-Image/1.0"
192.178.6.72 - - [17/Apr/2026:11:20:38 -0400] "GET /?d=3863 HTTP/1.1" 200 1811 "-" "Mozilla/5.0 (Linux; Android 6.0.1; Nexus 5X Build/MMB29P) AppleWebKit/537.36 (KHTML, like Gecko) Chrome/146.0.7680.177 Mobile Safari/537.36 (compatible; Googlebot/2.1; +http://www.google.com/bot.html)"
66.249.69.131 - - [17/Apr/2026:11:20:50 -0400] "GET /?j=95809170145040 HTTP/1.1" 200 1829 "-" "GoogleOther-Image/1.0"
114.119.156.247 - - [17/Apr/2026:11:21:00 -0400] "GET /?j=39783265606330 HTTP/1.1" 200 2136 "https://www.davidsteele.com/sitemap.xml" "Mozilla/5.0 (Linux; Android 7.0;) AppleWebKit/537.36 (KHTML, like Gecko) Mobile Safari/537.36 (compatible; PetalBot;+https://webmaster.petalsearch.com/site/petalbot)"
114.119.128.212 - - [17/Apr/2026:11:21:30 -0400] "GET /?j=37056014869233 HTTP/1.1" 200 2149 "https://www.davidsteele.com/sitemap.xml" "Mozilla/5.0 (Linux; Android 7.0;) AppleWebKit/537.36 (KHTML, like Gecko) Mobile Safari/537.36 (compatible; PetalBot;+https://webmaster.petalsearch.com/site/petalbot)"
43.166.251.233 - - [17/Apr/2026:11:21:31 -0400] "GET / HTTP/1.1" 200 2146 "http://davidsteele.com" "Mozilla/5.0 (iPhone; CPU iPhone OS 13_2_3 like Mac OS X) AppleWebKit/605.1.15 (KHTML, like Gecko) Version/13.0.3 Mobile/15E148 Safari/604.1"
66.249.69.131 - - [17/Apr/2026:11:21:54 -0400] "GET /?j=52190743441269 HTTP/1.1" 200 1829 "-" "GoogleOther-Image/1.0"
23.21.227.240 - - [17/Apr/2026:11:23:05 -0400] "GET /wp-includes/Requests/src/Capability.php HTTP/1.1" 403 1242 "-" "Mozilla/5.0 AppleWebKit/537.36 (KHTML, like Gecko; compatible; Amazonbot/0.1; +https://developer.amazon.com/support/amazonbot) Chrome/119.0.6045.214 Safari/537.36"
66.249.69.133 - - [17/Apr/2026:11:23:14 -0400] "GET /?j=13109763049804 HTTP/1.1" 200 1815 "-" "GoogleOther-Image/1.0"
95.217.195.67 - - [17/Apr/2026:11:23:21 -0400] "GET /13619-2/ HTTP/1.1" 404 1251 "https://davidsteele.com/" "Mozilla/5.0 (Macintosh; Intel Mac OS X 10.15; rv:147.0) Gecko/20100101 Firefox/147.0"
95.217.195.67 - - [17/Apr/2026:11:23:22 -0400] "GET / HTTP/1.1" 200 1811 "-" "Mozilla/5.0 (Macintosh; Intel Mac OS X 10.15; rv:147.0) Gecko/20100101 Firefox/147.0"
95.217.195.67 - - [17/Apr/2026:11:23:28 -0400] "GET /googleb9a3f1065d27d168.html HTTP/1.1" 200 53 "https://davidsteele.com" "Mozilla/5.0 (Macintosh; Intel Mac OS X 10.15; rv:147.0) Gecko/20100101 Firefox/147.0"
95.217.195.67 - - [17/Apr/2026:11:23:39 -0400] "GET /13619-2/ HTTP/1.1" 404 1251 "https://davidsteele.com/" "Mozilla/5.0 (X11; Linux aarch64) AppleWebKit/537.36 (KHTML, like Gecko) Chrome/139.0.0.0 Safari/537.36"
95.217.195.67 - - [17/Apr/2026:11:23:40 -0400] "GET / HTTP/1.1" 200 1825 "-" "Mozilla/5.0 (X11; Linux aarch64) AppleWebKit/537.36 (KHTML, like Gecko) Chrome/139.0.0.0 Safari/537.36"
95.217.195.67 - - [17/Apr/2026:11:23:43 -0400] "GET /googleb9a3f1065d27d168.html HTTP/1.1" 200 53 "https://davidsteele.com" "Mozilla/5.0 (X11; Linux aarch64) AppleWebKit/537.36 (KHTML, like Gecko) Chrome/139.0.0.0 Safari/537.36"
114.119.144.212 - - [17/Apr/2026:11:24:23 -0400] "GET /?j=30687316679251 HTTP/1.1" 200 2136 "https://www.davidsteele.com/sitemap.xml" "Mozilla/5.0 (Linux; Android 7.0;) AppleWebKit/537.36 (KHTML, like Gecko) Mobile Safari/537.36 (compatible; PetalBot;+https://webmaster.petalsearch.com/site/petalbot)"
192.178.6.64 - - [17/Apr/2026:11:24:24 -0400] "GET /?d=27012025525930 HTTP/1.1" 200 1825 "-" "Mozilla/5.0 (Linux; Android 6.0.1; Nexus 5X Build/MMB29P) AppleWebKit/537.36 (KHTML, like Gecko) Chrome/146.0.7680.177 Mobile Safari/537.36 (compatible; Googlebot/2.1; +http://www.google.com/bot.html)"
66.249.69.131 - - [17/Apr/2026:11:24:34 -0400] "GET /?j=93899638647225 HTTP/1.1" 200 1829 "-" "GoogleOther-Image/1.0"
192.178.6.73 - - [17/Apr/2026:11:25:54 -0400] "GET /?d=58933442456436 HTTP/1.1" 200 1811 "-" "Mozilla/5.0 (Linux; Android 6.0.1; Nexus 5X Build/MMB29P) AppleWebKit/537.36 (KHTML, like Gecko) Chrome/146.0.7680.177 Mobile Safari/537.36 (compatible; Googlebot/2.1; +http://www.google.com/bot.html)"
66.249.69.132 - - [17/Apr/2026:11:25:55 -0400] "GET /?j=87320395916047 HTTP/1.1" 200 1815 "-" "GoogleOther-Image/1.0"
17.241.75.117 - - [17/Apr/2026:11:26:14 -0400] "GET /wp-includes/sodium_compat/src/Core32/Int64.php HTTP/1.1" 403 1242 "-" "Mozilla/5.0 (Macintosh; Intel Mac OS X 10_15_7) AppleWebKit/605.1.15 (KHTML, like Gecko) Version/17.4 Safari/605.1.15 (Applebot/0.1; +http://www.apple.com/go/applebot)"
207.46.13.116 - - [17/Apr/2026:11:26:26 -0400] "GET /?t=61657557139727 HTTP/1.1" 200 1815 "-" "Mozilla/5.0 AppleWebKit/537.36 (KHTML, like Gecko; compatible; bingbot/2.0; +http://www.bing.com/bingbot.htm) Chrome/116.0.1938.76 Safari/537.36"
110.249.201.162 - - [17/Apr/2026:11:26:28 -0400] "GET /robots.txt HTTP/1.1" 200 69 "-" "Mozilla/5.0 (Linux; Android 5.0) AppleWebKit/537.36 (KHTML, like Gecko) Mobile Safari/537.36 (compatible; Bytespider; https://zhanzhang.toutiao.com/)"
66.249.69.133 - - [17/Apr/2026:11:27:07 -0400] "GET /?j=46206289395419 HTTP/1.1" 200 1815 "-" "Mozilla/5.0 (Linux; Android 6.0.1; Nexus 5X Build/MMB29P) AppleWebKit/537.36 (KHTML, like Gecko) Chrome/146.0.7680.177 Mobile Safari/537.36 (compatible; Googlebot/2.1; +http://www.google.com/bot.html)"
66.249.69.131 - - [17/Apr/2026:11:27:15 -0400] "GET /?j=87359539306010 HTTP/1.1" 200 1815 "-" "GoogleOther-Image/1.0"
192.178.6.73 - - [17/Apr/2026:11:27:21 -0400] "GET /?d=94905334393399 HTTP/1.1" 200 1811 "-" "Mozilla/5.0 (Linux; Android 6.0.1; Nexus 5X Build/MMB29P) AppleWebKit/537.36 (KHTML, like Gecko) Chrome/146.0.7680.177 Mobile Safari/537.36 (compatible; Googlebot/2.1; +http://www.google.com/bot.html)"
216.244.66.241 - - [17/Apr/2026:11:27:30 -0400] "GET /robots.txt HTTP/1.1" 200 69 "-" "Mozilla/5.0 (compatible; DotBot/1.2; +https://opensiteexplorer.org/dotbot; help@moz.com)"
114.119.152.71 - - [17/Apr/2026:11:27:41 -0400] "GET /?j=2431277503069 HTTP/1.1" 200 2136 "https://www.davidsteele.com/sitemap.xml" "Mozilla/5.0 (Linux; Android 7.0;) AppleWebKit/537.36 (KHTML, like Gecko) Mobile Safari/537.36 (compatible; PetalBot;+https://webmaster.petalsearch.com/site/petalbot)"
15.235.145.59 - - [17/Apr/2026:11:28:03 -0400] "GET /2025/10/casino-ohne-registrierung-trustly/ HTTP/1.1" 404 1251 "https://davidsteele.com/" "Mozilla/5.0 (Windows NT 10.0; WOW64) AppleWebKit/537.36 (KHTML, like Gecko) Chrome/114.0.0.0 YaBrowser/22.7.0 Yowser/2.5 Safari/537.36"
