164.68.111.175 - - [18/Apr/2026:02:51:24 -0400] "GET /wp-includes/class-wp-token-map.php HTTP/1.1" 403 1242 "binance.com" "Mozilla/5.0 (Windows NT 10.0; Win64; x64) AppleWebKit/537.36 (KHTML, like Gecko) Chrome/90.0.4430.85 Safari/537.36"
164.68.111.175 - - [18/Apr/2026:02:51:46 -0400] "GET /wp-includes/class-wp-url-pattern-prefixer.php HTTP/1.1" 403 1242 "binance.com" "Mozilla/5.0 (Windows NT 10.0; Win64; x64) AppleWebKit/537.36 (KHTML, like Gecko) Chrome/90.0.4430.85 Safari/537.36"
164.68.111.175 - - [18/Apr/2026:02:52:08 -0400] "GET /wp-includes/class-wpdb.php HTTP/1.1" 403 1242 "binance.com" "Mozilla/5.0 (Windows NT 10.0; Win64; x64) AppleWebKit/537.36 (KHTML, like Gecko) Chrome/90.0.4430.85 Safari/537.36"
164.68.111.175 - - [18/Apr/2026:02:52:27 -0400] "GET /wp-includes/fonts.php HTTP/1.1" 403 1242 "binance.com" "Mozilla/5.0 (Windows NT 10.0; Win64; x64) AppleWebKit/537.36 (KHTML, like Gecko) Chrome/90.0.4430.85 Safari/537.36"
164.68.111.175 - - [18/Apr/2026:02:52:49 -0400] "GET /wp-includes/global-styles-and-settings.php HTTP/1.1" 403 1242 "binance.com" "Mozilla/5.0 (Windows NT 10.0; Win64; x64) AppleWebKit/537.36 (KHTML, like Gecko) Chrome/90.0.4430.85 Safari/537.36"
62.164.177.47 - - [18/Apr/2026:02:52:58 -0400] "GET / HTTP/1.1" 200 1828 "-" "Mozilla/5.0 (Macintosh; Intel Mac OS X 10_15_7) AppleWebKit/537.36 (KHTML, like Gecko) Chrome/136.0.0.0 Safari/537.36"
62.164.177.47 - - [18/Apr/2026:02:52:59 -0400] "GET / HTTP/1.1" 200 1828 "-" "Mozilla/5.0 (Macintosh; Intel Mac OS X 10_15_7) AppleWebKit/605.1.15 (KHTML, like Gecko) Version/18.4 Safari/605.1.15"
62.164.177.47 - - [18/Apr/2026:02:52:59 -0400] "GET / HTTP/1.1" 200 1812 "-" "Mozilla/5.0 (Macintosh; Intel Mac OS X 10.15; rv:135.0) Gecko/20100101 Firefox/135.0"
136.243.92.189 - - [18/Apr/2026:02:53:07 -0400] "GET / HTTP/1.1" 200 1828 "-" "Mozilla/5.0 (Macintosh; Intel Mac OS X 10.15; rv:135.0) Gecko/20100101 Firefox/135.0"
164.68.111.175 - - [18/Apr/2026:02:53:11 -0400] "GET /wp-includes/https-detection.php HTTP/1.1" 403 1242 "binance.com" "Mozilla/5.0 (Windows NT 10.0; Win64; x64) AppleWebKit/537.36 (KHTML, like Gecko) Chrome/90.0.4430.85 Safari/537.36"
154.63.170.26 - - [18/Apr/2026:02:53:14 -0400] "GET / HTTP/1.1" 200 1812 "-" "Mozilla/5.0 (Macintosh; Intel Mac OS X 10_15_7) AppleWebKit/605.1.15 (KHTML, like Gecko) Version/18.4 Safari/605.1.15"
65.2.7.160 - - [18/Apr/2026:02:53:25 -0400] "GET / HTTP/1.1" 200 1828 "-" "Mozilla/5.0 (Macintosh; Intel Mac OS X 10.15; rv:135.0) Gecko/20100101 Firefox/135.0"
65.21.34.173 - - [18/Apr/2026:02:53:30 -0400] "GET / HTTP/1.1" 200 1828 "-" "Mozilla/5.0 (Macintosh; Intel Mac OS X 10_15_7) AppleWebKit/537.36 (KHTML, like Gecko) Chrome/136.0.0.0 Safari/537.36"
164.68.111.175 - - [18/Apr/2026:02:53:37 -0400] "GET /wp-includes/https-migration.php HTTP/1.1" 403 1242 "binance.com" "Mozilla/5.0 (Windows NT 10.0; Win64; x64) AppleWebKit/537.36 (KHTML, like Gecko) Chrome/90.0.4430.85 Safari/537.36"
66.102.135.126 - - [18/Apr/2026:02:53:43 -0400] "GET / HTTP/1.1" 200 1828 "-" "Mozilla/5.0 (Macintosh; Intel Mac OS X 10.15; rv:135.0) Gecko/20100101 Firefox/135.0"
139.180.143.81 - - [18/Apr/2026:02:53:48 -0400] "GET / HTTP/1.1" 200 1812 "-" "Mozilla/5.0 (Macintosh; Intel Mac OS X 10_15_7) AppleWebKit/605.1.15 (KHTML, like Gecko) Version/18.4 Safari/605.1.15"
164.68.111.175 - - [18/Apr/2026:02:53:57 -0400] "GET /wp-includes/robots-template.php HTTP/1.1" 403 1242 "binance.com" "Mozilla/5.0 (Windows NT 10.0; Win64; x64) AppleWebKit/537.36 (KHTML, like Gecko) Chrome/90.0.4430.85 Safari/537.36"
164.68.111.175 - - [18/Apr/2026:02:54:18 -0400] "GET /wp-includes/script-modules.php HTTP/1.1" 403 1242 "binance.com" "Mozilla/5.0 (Windows NT 10.0; Win64; x64) AppleWebKit/537.36 (KHTML, like Gecko) Chrome/90.0.4430.85 Safari/537.36"
87.250.224.7 - - [18/Apr/2026:02:54:21 -0400] "GET /?d=80074317033348 HTTP/1.1" 200 2152 "-" "Mozilla/5.0 (compatible; YandexBot/3.0; +http://yandex.com/bots)"
164.68.111.175 - - [18/Apr/2026:02:54:42 -0400] "GET /wp-includes/speculative-loading.php HTTP/1.1" 403 1242 "binance.com" "Mozilla/5.0 (Windows NT 10.0; Win64; x64) AppleWebKit/537.36 (KHTML, like Gecko) Chrome/90.0.4430.85 Safari/537.36"
164.68.111.175 - - [18/Apr/2026:02:55:07 -0400] "GET /wp-includes/style-engine.php HTTP/1.1" 403 1242 "binance.com" "Mozilla/5.0 (Windows NT 10.0; Win64; x64) AppleWebKit/537.36 (KHTML, like Gecko) Chrome/90.0.4430.85 Safari/537.36"
164.68.111.175 - - [18/Apr/2026:02:55:29 -0400] "GET /wp-includes/template-canvas.php HTTP/1.1" 403 1242 "binance.com" "Mozilla/5.0 (Windows NT 10.0; Win64; x64) AppleWebKit/537.36 (KHTML, like Gecko) Chrome/90.0.4430.85 Safari/537.36"
164.68.111.175 - - [18/Apr/2026:02:55:52 -0400] "GET /wp-includes/theme-previews.php HTTP/1.1" 403 1242 "binance.com" "Mozilla/5.0 (Windows NT 10.0; Win64; x64) AppleWebKit/537.36 (KHTML, like Gecko) Chrome/90.0.4430.85 Safari/537.36"
164.68.111.175 - - [18/Apr/2026:02:56:13 -0400] "GET /wp-includes/theme-templates.php HTTP/1.1" 403 1242 "binance.com" "Mozilla/5.0 (Windows NT 10.0; Win64; x64) AppleWebKit/537.36 (KHTML, like Gecko) Chrome/90.0.4430.85 Safari/537.36"
164.68.111.175 - - [18/Apr/2026:02:56:35 -0400] "GET /wp-includes/ID3/ HTTP/1.1" 200 1638 "binance.com" "Mozilla/5.0 (Windows NT 10.0; Win64; x64) AppleWebKit/537.36 (KHTML, like Gecko) Chrome/90.0.4430.85 Safari/537.36"
87.250.224.15 - - [18/Apr/2026:02:56:44 -0400] "GET /?d=67687810718429 HTTP/1.1" 200 2136 "-" "Mozilla/5.0 (compatible; YandexBot/3.0; +http://yandex.com/bots)"
164.68.111.175 - - [18/Apr/2026:02:57:00 -0400] "GET /wp-includes/ID3/ HTTP/1.1" 200 1638 "binance.com" "Mozilla/5.0 (Windows NT 10.0; Win64; x64) AppleWebKit/537.36 (KHTML, like Gecko) Chrome/90.0.4430.85 Safari/537.36"
138.246.253.24 - - [18/Apr/2026:02:57:15 -0400] "GET /robots.txt HTTP/1.1" 200 69 "-" "Mozilla/5.0 (Windows NT 10.0; Win64; x64) AppleWebKit/537.36 (KHTML, like Gecko) Chrome/103.0.5060.134 Safari/537.36"
164.68.111.175 - - [18/Apr/2026:02:57:31 -0400] "GET /wp-includes/IXR/ HTTP/1.1" 200 1479 "binance.com" "Mozilla/5.0 (Windows NT 10.0; Win64; x64) AppleWebKit/537.36 (KHTML, like Gecko) Chrome/90.0.4430.85 Safari/537.36"
66.249.69.132 - - [18/Apr/2026:02:57:45 -0400] "GET /?j=39861458629624 HTTP/1.1" 200 1832 "-" "GoogleOther-Image/1.0"
164.68.111.175 - - [18/Apr/2026:02:57:53 -0400] "GET /wp-includes/IXR/ HTTP/1.1" 200 1479 "binance.com" "Mozilla/5.0 (Windows NT 10.0; Win64; x64) AppleWebKit/537.36 (KHTML, like Gecko) Chrome/90.0.4430.85 Safari/537.36"
164.68.111.175 - - [18/Apr/2026:02:58:21 -0400] "GET /wp-includes/PHPMailer/ HTTP/1.1" 200 867 "binance.com" "Mozilla/5.0 (Windows NT 10.0; Win64; x64) AppleWebKit/537.36 (KHTML, like Gecko) Chrome/90.0.4430.85 Safari/537.36"
54.166.104.83 - - [18/Apr/2026:02:58:34 -0400] "GET /2025/12/instant-withdrawal-online-casino/ HTTP/1.1" 404 1251 "-" "Mozilla/5.0 AppleWebKit/537.36 (KHTML, like Gecko; compatible; Amazonbot/0.1; +https://developer.amazon.com/support/amazonbot) Chrome/119.0.6045.214 Safari/537.36"
18.235.158.19 - - [18/Apr/2026:02:58:37 -0400] "GET /aztec-gold-slots/ HTTP/1.1" 404 1251 "-" "Mozilla/5.0 AppleWebKit/537.36 (KHTML, like Gecko; compatible; Amazonbot/0.1; +https://developer.amazon.com/support/amazonbot) Chrome/119.0.6045.214 Safari/537.36"
175.6.217.4 - - [18/Apr/2026:02:58:38 -0400] "GET / HTTP/1.1" 200 2152 "http://davidsteele.com" "Mozilla/5.0 (iPhone; CPU iPhone OS 13_2_3 like Mac OS X) AppleWebKit/605.1.15 (KHTML, like Gecko) Version/13.0.3 Mobile/15E148 Safari/604.1"
184.72.95.195 - - [18/Apr/2026:02:58:41 -0400] "GET /latest-no-deposit-bonus-play-and-free-spins-in-australia/ HTTP/1.1" 404 1251 "-" "Mozilla/5.0 AppleWebKit/537.36 (KHTML, like Gecko; compatible; Amazonbot/0.1; +https://developer.amazon.com/support/amazonbot) Chrome/119.0.6045.214 Safari/537.36"
164.68.111.175 - - [18/Apr/2026:02:58:44 -0400] "GET /wp-includes/PHPMailer/ HTTP/1.1" 200 867 "binance.com" "Mozilla/5.0 (Windows NT 10.0; Win64; x64) AppleWebKit/537.36 (KHTML, like Gecko) Chrome/90.0.4430.85 Safari/537.36"
18.205.91.101 - - [18/Apr/2026:02:58:45 -0400] "GET /casinoin-casino-login-app-sign-up/ HTTP/1.1" 404 1251 "-" "Mozilla/5.0 AppleWebKit/537.36 (KHTML, like Gecko; compatible; Amazonbot/0.1; +https://developer.amazon.com/support/amazonbot) Chrome/119.0.6045.214 Safari/537.36"
52.5.242.243 - - [18/Apr/2026:02:58:49 -0400] "GET /casino-free-bonus-no-deposit-mobile/ HTTP/1.1" 404 1251 "-" "Mozilla/5.0 AppleWebKit/537.36 (KHTML, like Gecko; compatible; Amazonbot/0.1; +https://developer.amazon.com/support/amazonbot) Chrome/119.0.6045.214 Safari/537.36"
23.21.227.240 - - [18/Apr/2026:02:58:54 -0400] "GET /2025/12/joker-coins-slot/ HTTP/1.1" 404 1251 "-" "Mozilla/5.0 AppleWebKit/537.36 (KHTML, like Gecko; compatible; Amazonbot/0.1; +https://developer.amazon.com/support/amazonbot) Chrome/119.0.6045.214 Safari/537.36"
164.68.111.175 - - [18/Apr/2026:02:59:10 -0400] "GET /wp-includes/Text/ HTTP/1.1" 200 860 "binance.com" "Mozilla/5.0 (Windows NT 10.0; Win64; x64) AppleWebKit/537.36 (KHTML, like Gecko) Chrome/90.0.4430.85 Safari/537.36"
164.68.111.175 - - [18/Apr/2026:02:59:33 -0400] "GET /wp-includes/Text/ HTTP/1.1" 200 860 "binance.com" "Mozilla/5.0 (Windows NT 10.0; Win64; x64) AppleWebKit/537.36 (KHTML, like Gecko) Chrome/90.0.4430.85 Safari/537.36"
164.68.111.175 - - [18/Apr/2026:02:59:58 -0400] "GET /wp-includes/Text/Diff/ HTTP/1.1" 200 863 "binance.com" "Mozilla/5.0 (Windows NT 10.0; Win64; x64) AppleWebKit/537.36 (KHTML, like Gecko) Chrome/90.0.4430.85 Safari/537.36"
89.163.146.197 - - [18/Apr/2026:03:00:06 -0400] "GET /txets.php HTTP/1.1" 404 1251 "www.google.com" "Mozlila/5.0 (Linux; Android 7.0; SM-G892A Bulid/NRD90M; wv) AppleWebKit/537.36 (KHTML, like Gecko) Version/4.0 Chrome/60.0.3112.107 Moblie Safari/537.36"
89.163.146.197 - - [18/Apr/2026:03:00:09 -0400] "GET /wp-content/txets.php HTTP/1.1" 404 1251 "www.google.com" "Mozlila/5.0 (Linux; Android 7.0; SM-G892A Bulid/NRD90M; wv) AppleWebKit/537.36 (KHTML, like Gecko) Version/4.0 Chrome/60.0.3112.107 Moblie Safari/537.36"
89.163.146.197 - - [18/Apr/2026:03:00:12 -0400] "GET /wp-content/txets.php HTTP/1.1" 404 1251 "www.google.com" "Mozlila/5.0 (Linux; Android 7.0; SM-G892A Bulid/NRD90M; wv) AppleWebKit/537.36 (KHTML, like Gecko) Version/4.0 Chrome/60.0.3112.107 Moblie Safari/537.36"
164.68.111.175 - - [18/Apr/2026:03:00:24 -0400] "GET /wp-includes/Text/Diff/ HTTP/1.1" 200 863 "binance.com" "Mozilla/5.0 (Windows NT 10.0; Win64; x64) AppleWebKit/537.36 (KHTML, like Gecko) Chrome/90.0.4430.85 Safari/537.36"
164.68.111.175 - - [18/Apr/2026:03:00:49 -0400] "GET /wp-includes/Text/Diff/Engine/ HTTP/1.1" 200 860 "binance.com" "Mozilla/5.0 (Windows NT 10.0; Win64; x64) AppleWebKit/537.36 (KHTML, like Gecko) Chrome/90.0.4430.85 Safari/537.36"
164.68.111.175 - - [18/Apr/2026:03:01:14 -0400] "GET /wp-includes/Text/Diff/Engine/ HTTP/1.1" 200 860 "binance.com" "Mozilla/5.0 (Windows NT 10.0; Win64; x64) AppleWebKit/537.36 (KHTML, like Gecko) Chrome/90.0.4430.85 Safari/537.36"
114.119.128.212 - - [18/Apr/2026:03:01:20 -0400] "GET /special/898490113.shtml HTTP/1.1" 404 1251 "https://mail.davidsteele.com/sitemap.xml" "Mozilla/5.0 (Linux; Android 7.0;) AppleWebKit/537.36 (KHTML, like Gecko) Mobile Safari/537.36 (compatible; PetalBot;+https://webmaster.petalsearch.com/site/petalbot)"
164.68.111.175 - - [18/Apr/2026:03:01:37 -0400] "GET /wp-includes/Text/Diff/Renderer/ HTTP/1.1" 200 783 "binance.com" "Mozilla/5.0 (Windows NT 10.0; Win64; x64) AppleWebKit/537.36 (KHTML, like Gecko) Chrome/90.0.4430.85 Safari/537.36"
164.68.111.175 - - [18/Apr/2026:03:02:03 -0400] "GET /wp-includes/Text/Diff/Renderer/ HTTP/1.1" 200 783 "binance.com" "Mozilla/5.0 (Windows NT 10.0; Win64; x64) AppleWebKit/537.36 (KHTML, like Gecko) Chrome/90.0.4430.85 Safari/537.36"
17.241.75.49 - - [18/Apr/2026:03:02:07 -0400] "GET /shop/sourdeline/gutterblood3273083146.html HTTP/1.1" 404 1251 "-" "Mozilla/5.0 (Macintosh; Intel Mac OS X 10_15_7) AppleWebKit/605.1.15 (KHTML, like Gecko) Version/17.4 Safari/605.1.15 (Applebot/0.1; +http://www.apple.com/go/applebot)"
164.68.111.175 - - [18/Apr/2026:03:02:29 -0400] "GET /wp-includes/blocks/ HTTP/1.1" 200 22 "binance.com" "Mozilla/5.0 (Windows NT 10.0; Win64; x64) AppleWebKit/537.36 (KHTML, like Gecko) Chrome/90.0.4430.85 Safari/537.36"
87.250.224.18 - - [18/Apr/2026:03:02:34 -0400] "GET /?d=73743373191664 HTTP/1.1" 200 2136 "-" "Mozilla/5.0 (compatible; YandexBot/3.0; +http://yandex.com/bots)"
164.68.111.175 - - [18/Apr/2026:03:02:51 -0400] "GET /wp-includes/pomo/ HTTP/1.1" 200 1261 "binance.com" "Mozilla/5.0 (Windows NT 10.0; Win64; x64) AppleWebKit/537.36 (KHTML, like Gecko) Chrome/90.0.4430.85 Safari/537.36"
164.68.111.175 - - [18/Apr/2026:03:03:15 -0400] "GET /wp-includes/pomo/ HTTP/1.1" 200 1261 "binance.com" "Mozilla/5.0 (Windows NT 10.0; Win64; x64) AppleWebKit/537.36 (KHTML, like Gecko) Chrome/90.0.4430.85 Safari/537.36"
192.178.6.72 - - [18/Apr/2026:03:03:30 -0400] "GET /robots.txt HTTP/1.1" 200 69 "-" "Mozilla/5.0 (compatible; Googlebot/2.1; +http://www.google.com/bot.html)"
164.68.111.175 - - [18/Apr/2026:03:03:41 -0400] "GET /wp-includes/sitemaps/ HTTP/1.1" 200 1321 "binance.com" "Mozilla/5.0 (Windows NT 10.0; Win64; x64) AppleWebKit/537.36 (KHTML, like Gecko) Chrome/90.0.4430.85 Safari/537.36"
164.68.111.175 - - [18/Apr/2026:03:04:07 -0400] "GET /wp-includes/sitemaps/ HTTP/1.1" 200 1321 "binance.com" "Mozilla/5.0 (Windows NT 10.0; Win64; x64) AppleWebKit/537.36 (KHTML, like Gecko) Chrome/90.0.4430.85 Safari/537.36"
17.22.237.253 - - [18/Apr/2026:03:04:44 -0400] "GET /shop/pseudoembryo/tragicose2676627050.html HTTP/1.1" 404 1251 "-" "Mozilla/5.0 (Macintosh; Intel Mac OS X 10_15_7) AppleWebKit/605.1.15 (KHTML, like Gecko) Version/17.4 Safari/605.1.15 (Applebot/0.1; +http://www.apple.com/go/applebot)"
17.22.245.237 - - [18/Apr/2026:03:06:19 -0400] "GET /shop/genuses/helvellic26766278891.html HTTP/1.1" 404 1251 "-" "Mozilla/5.0 (Macintosh; Intel Mac OS X 10_15_7) AppleWebKit/605.1.15 (KHTML, like Gecko) Version/17.4 Safari/605.1.15 (Applebot/0.1; +http://www.apple.com/go/applebot)"
44.207.69.106 - - [18/Apr/2026:03:06:30 -0400] "GET /free-online-slots-for-fun/ HTTP/1.1" 404 1251 "-" "Mozilla/5.0 AppleWebKit/537.36 (KHTML, like Gecko; compatible; Amazonbot/0.1; +https://developer.amazon.com/support/amazonbot) Chrome/119.0.6045.214 Safari/537.36"
34.231.118.144 - - [18/Apr/2026:03:06:34 -0400] "GET /wp-includes/css/dist/?NA HTTP/1.1" 200 1498 "-" "Mozilla/5.0 AppleWebKit/537.36 (KHTML, like Gecko; compatible; Amazonbot/0.1; +https://developer.amazon.com/support/amazonbot) Chrome/119.0.6045.214 Safari/537.36"
52.71.203.206 - - [18/Apr/2026:03:06:37 -0400] "GET /wp-includes/js/dist/vendor/?MA HTTP/1.1" 403 1242 "-" "Mozilla/5.0 AppleWebKit/537.36 (KHTML, like Gecko; compatible; Amazonbot/0.1; +https://developer.amazon.com/support/amazonbot) Chrome/119.0.6045.214 Safari/537.36"
52.0.105.244 - - [18/Apr/2026:03:06:42 -0400] "GET /wp-includes/Requests/library/?SD HTTP/1.1" 200 840 "-" "Mozilla/5.0 AppleWebKit/537.36 (KHTML, like Gecko; compatible; Amazonbot/0.1; +https://developer.amazon.com/support/amazonbot) Chrome/119.0.6045.214 Safari/537.36"
35.168.238.50 - - [18/Apr/2026:03:06:45 -0400] "GET /wp-includes/rest-api/endpoints/?MD HTTP/1.1" 200 2416 "-" "Mozilla/5.0 AppleWebKit/537.36 (KHTML, like Gecko; compatible; Amazonbot/0.1; +https://developer.amazon.com/support/amazonbot) Chrome/119.0.6045.214 Safari/537.36"
34.196.114.170 - - [18/Apr/2026:03:06:49 -0400] "GET /wp-includes/css/dist/block-directory/?MA HTTP/1.1" 200 848 "-" "Mozilla/5.0 AppleWebKit/537.36 (KHTML, like Gecko; compatible; Amazonbot/0.1; +https://developer.amazon.com/support/amazonbot) Chrome/119.0.6045.214 Safari/537.36"
52.3.127.170 - - [18/Apr/2026:03:06:53 -0400] "GET /wp-includes/SimplePie/src/?SD HTTP/1.1" 200 1885 "-" "Mozilla/5.0 AppleWebKit/537.36 (KHTML, like Gecko; compatible; Amazonbot/0.1; +https://developer.amazon.com/support/amazonbot) Chrome/119.0.6045.214 Safari/537.36"
34.231.156.59 - - [18/Apr/2026:03:06:57 -0400] "GET /wp-includes/Requests/src/Auth/Basic.php HTTP/1.1" 403 1242 "-" "Mozilla/5.0 AppleWebKit/537.36 (KHTML, like Gecko; compatible; Amazonbot/0.1; +https://developer.amazon.com/support/amazonbot) Chrome/119.0.6045.214 Safari/537.36"
18.232.12.157 - - [18/Apr/2026:03:07:01 -0400] "GET /wp-includes/css/dist/preferences/?MA HTTP/1.1" 200 851 "-" "Mozilla/5.0 AppleWebKit/537.36 (KHTML, like Gecko; compatible; Amazonbot/0.1; +https://developer.amazon.com/support/amazonbot) Chrome/119.0.6045.214 Safari/537.36"
107.20.25.33 - - [18/Apr/2026:03:07:05 -0400] "GET /wp-includes/sodium_compat/src/Core/Util.php HTTP/1.1" 403 1242 "-" "Mozilla/5.0 AppleWebKit/537.36 (KHTML, like Gecko; compatible; Amazonbot/0.1; +https://developer.amazon.com/support/amazonbot) Chrome/119.0.6045.214 Safari/537.36"
34.226.89.140 - - [18/Apr/2026:03:07:09 -0400] "GET /wp-includes/css/dist/widgets/?MA HTTP/1.1" 200 848 "-" "Mozilla/5.0 AppleWebKit/537.36 (KHTML, like Gecko; compatible; Amazonbot/0.1; +https://developer.amazon.com/support/amazonbot) Chrome/119.0.6045.214 Safari/537.36"
34.225.243.131 - - [18/Apr/2026:03:07:14 -0400] "GET /wp-includes/sodium_compat/src/Core/BLAKE2b.php HTTP/1.1" 403 1242 "-" "Mozilla/5.0 AppleWebKit/537.36 (KHTML, like Gecko; compatible; Amazonbot/0.1; +https://developer.amazon.com/support/amazonbot) Chrome/119.0.6045.214 Safari/537.36"
18.213.27.222 - - [18/Apr/2026:03:07:18 -0400] "GET /wp-includes/sodium_compat/src/Core/Curve25519.php HTTP/1.1" 403 1242 "-" "Mozilla/5.0 AppleWebKit/537.36 (KHTML, like Gecko; compatible; Amazonbot/0.1; +https://developer.amazon.com/support/amazonbot) Chrome/119.0.6045.214 Safari/537.36"
192.178.6.72 - - [18/Apr/2026:03:08:35 -0400] "GET /?d=96970861059349 HTTP/1.1" 200 1828 "-" "Mozilla/5.0 (Linux; Android 6.0.1; Nexus 5X Build/MMB29P) AppleWebKit/537.36 (KHTML, like Gecko) Chrome/146.0.7680.177 Mobile Safari/537.36 (compatible; Googlebot/2.1; +http://www.google.com/bot.html)"
216.244.66.241 - - [18/Apr/2026:03:09:02 -0400] "GET /robots.txt HTTP/1.1" 200 69 "-" "Mozilla/5.0 (compatible; DotBot/1.2; +https://opensiteexplorer.org/dotbot; help@moz.com)"
216.73.217.147 - - [18/Apr/2026:03:09:19 -0400] "GET /robots.txt HTTP/1.1" 200 69 "-" "Mozilla/5.0 AppleWebKit/537.36 (KHTML, like Gecko; compatible; ClaudeBot/1.0; +claudebot@anthropic.com)"
216.73.217.147 - - [18/Apr/2026:03:09:19 -0400] "GET /sitemap.xml HTTP/1.1" 404 1251 "-" "Mozilla/5.0 AppleWebKit/537.36 (KHTML, like Gecko; compatible; ClaudeBot/1.0; +claudebot@anthropic.com)"
88.198.25.144 - - [18/Apr/2026:03:09:21 -0400] "GET /jeux-de-casino-argent/ HTTP/1.1" 404 1251 "https://davidsteele.com/" "Mozilla/5.0 (Windows NT 10.0; WOW64) AppleWebKit/537.36 (KHTML, like Gecko) Chrome/114.0.0.0 Safari/537.36"
88.198.25.144 - - [18/Apr/2026:03:09:22 -0400] "GET / HTTP/1.1" 200 1828 "-" "Mozilla/5.0 (Windows NT 10.0; WOW64) AppleWebKit/537.36 (KHTML, like Gecko) Chrome/114.0.0.0 Safari/537.36"
88.198.25.144 - - [18/Apr/2026:03:09:23 -0400] "GET /googleb9a3f1065d27d168.html HTTP/1.1" 200 53 "https://davidsteele.com" "Mozilla/5.0 (Windows NT 10.0; WOW64) AppleWebKit/537.36 (KHTML, like Gecko) Chrome/114.0.0.0 Safari/537.36"
66.249.69.131 - - [18/Apr/2026:03:12:09 -0400] "GET /?j=60569436798796 HTTP/1.1" 200 1817 "-" "GoogleOther-Image/1.0"
192.178.6.73 - - [18/Apr/2026:03:14:47 -0400] "GET /?d=50795533612675 HTTP/1.1" 200 1828 "-" "Mozilla/5.0 (Linux; Android 6.0.1; Nexus 5X Build/MMB29P) AppleWebKit/537.36 (KHTML, like Gecko) Chrome/146.0.7680.177 Mobile Safari/537.36 (compatible; Googlebot/2.1; +http://www.google.com/bot.html)"
216.244.66.241 - - [18/Apr/2026:03:16:01 -0400] "GET /wp-includes/class-simplepie.php HTTP/1.1" 403 1242 "-" "Mozilla/5.0 (compatible; DotBot/1.2; +https://opensiteexplorer.org/dotbot; help@moz.com)"
51.68.236.70 - - [18/Apr/2026:03:16:03 -0400] "GET /robots.txt HTTP/1.1" 200 69 "-" "Mozilla/5.0 (compatible; MJ12bot/v2.0.5; http://mj12bot.com/)"
51.68.236.70 - - [18/Apr/2026:03:16:03 -0400] "GET / HTTP/1.1" 200 1812 "-" "Mozilla/5.0 (compatible; MJ12bot/v2.0.5; http://mj12bot.com/)"
216.244.66.241 - - [18/Apr/2026:03:16:12 -0400] "GET /wp-includes/class-wp-http-curl.php HTTP/1.1" 403 1242 "-" "Mozilla/5.0 (compatible; DotBot/1.2; +https://opensiteexplorer.org/dotbot; help@moz.com)"
216.244.66.241 - - [18/Apr/2026:03:16:34 -0400] "GET /wp-includes/class-wp-term-query.php HTTP/1.1" 403 1242 "-" "Mozilla/5.0 (compatible; DotBot/1.2; +https://opensiteexplorer.org/dotbot; help@moz.com)"
66.249.69.133 - - [18/Apr/2026:03:16:43 -0400] "GET /?j=86631919330702 HTTP/1.1" 200 1817 "-" "GoogleOther-Image/1.0"
87.250.224.15 - - [18/Apr/2026:03:16:44 -0400] "GET /?d=32392871019709 HTTP/1.1" 200 2136 "-" "Mozilla/5.0 (compatible; YandexBot/3.0; +http://yandex.com/bots)"
216.244.66.241 - - [18/Apr/2026:03:17:04 -0400] "GET /wp-includes/https-detection.php HTTP/1.1" 403 1242 "-" "Mozilla/5.0 (compatible; DotBot/1.2; +https://opensiteexplorer.org/dotbot; help@moz.com)"
216.244.66.241 - - [18/Apr/2026:03:17:34 -0400] "GET /wp-includes/class-wp-customize-manager.php HTTP/1.1" 403 1242 "-" "Mozilla/5.0 (compatible; DotBot/1.2; +https://opensiteexplorer.org/dotbot; help@moz.com)"
216.244.66.241 - - [18/Apr/2026:03:18:05 -0400] "GET /wp-includes/class-wp-fatal-error-handler.php HTTP/1.1" 403 1242 "-" "Mozilla/5.0 (compatible; DotBot/1.2; +https://opensiteexplorer.org/dotbot; help@moz.com)"
103.13.42.22 - - [18/Apr/2026:03:18:47 -0400] "POST /xmlrpc.php HTTP/1.1" 200 0 "-" "Jetpack by WordPress.com (Jetpack 12.0; WordPress 6.2)"
162.0.209.96 - - [18/Apr/2026:03:18:54 -0400] "POST /wp-cron.php?doing_wp_cron=1776496734.0138609409332275390625 HTTP/1.1" 200 0 "-" "WordPress/6.8.5; https://davidsteele.com"
103.13.42.22 - - [18/Apr/2026:03:18:58 -0400] "POST /xmlrpc.php HTTP/1.1" 200 714 "-" "Jetpack by WordPress.com"
103.13.42.22 - - [18/Apr/2026:03:19:09 -0400] "POST /xmlrpc.php HTTP/1.1" 200 714 "-" "Jetpack/12.5; WordPress/6.1; http://site26245894.com"
103.13.42.22 - - [18/Apr/2026:03:19:18 -0400] "POST /xmlrpc.php HTTP/1.1" 200 714 "-" "Jetpack/13.0; WordPress/6.1; http://site54309209.com"
103.13.42.22 - - [18/Apr/2026:03:19:29 -0400] "POST /xmlrpc.php HTTP/1.1" 200 714 "-" "Jetpack/12.0; WordPress/6.2; http://site86753666.com"
103.13.42.22 - - [18/Apr/2026:03:19:39 -0400] "POST /xmlrpc.php HTTP/1.1" 200 714 "-" "WordPress.com; https://wordpress.com"
103.13.42.22 - - [18/Apr/2026:03:19:50 -0400] "POST /xmlrpc.php HTTP/1.1" 200 714 "-" "Jetpack by WordPress.com"
66.249.69.131 - - [18/Apr/2026:03:19:58 -0400] "GET /?j=27472847138188 HTTP/1.1" 200 1831 "-" "GoogleOther-Image/1.0"
103.13.42.22 - - [18/Apr/2026:03:20:00 -0400] "POST /xmlrpc.php HTTP/1.1" 200 714 "-" "Jetpack/13.0; WordPress/6.2; http://site54568787.com"
103.13.42.22 - - [18/Apr/2026:03:20:11 -0400] "POST /xmlrpc.php HTTP/1.1" 200 0 "-" "Jetpack/12.0; WordPress/6.4; http://site21645347.com"
162.0.209.96 - - [18/Apr/2026:03:20:15 -0400] "POST /wp-cron.php?doing_wp_cron=1776496815.6757090091705322265625 HTTP/1.1" 200 0 "-" "WordPress/6.8.5; https://davidsteele.com"
103.13.42.22 - - [18/Apr/2026:03:20:22 -0400] "POST /xmlrpc.php HTTP/1.1" 200 714 "-" "Jetpack by WordPress.com"
103.13.42.22 - - [18/Apr/2026:03:20:33 -0400] "POST /xmlrpc.php HTTP/1.1" 200 714 "-" "WordPress.com; https://wordpress.com"
103.13.42.22 - - [18/Apr/2026:03:20:42 -0400] "POST /xmlrpc.php HTTP/1.1" 200 714 "-" "Jetpack by WordPress.com"
103.13.42.22 - - [18/Apr/2026:03:20:52 -0400] "POST /xmlrpc.php HTTP/1.1" 200 714 "-" "Jetpack by WordPress.com (Jetpack 12.5; WordPress 6.2)"
103.13.42.22 - - [18/Apr/2026:03:21:03 -0400] "POST /xmlrpc.php HTTP/1.1" 200 714 "-" "Jetpack/12.5; WordPress/6.3; http://site42036540.com"
3.217.82.254 - - [18/Apr/2026:03:21:09 -0400] "GET /?p=6938 HTTP/1.1" 200 2135 "-" "Mozilla/5.0 AppleWebKit/537.36 (KHTML, like Gecko; compatible; Amazonbot/0.1; +https://developer.amazon.com/support/amazonbot) Chrome/119.0.6045.214 Safari/537.36"
162.0.209.96 - - [18/Apr/2026:03:21:19 -0400] "POST /wp-cron.php?doing_wp_cron=1776496879.0820970535278320312500 HTTP/1.1" 200 0 "-" "WordPress/6.8.5; https://davidsteele.com"
103.13.42.22 - - [18/Apr/2026:03:21:13 -0400] "POST /xmlrpc.php HTTP/1.1" 200 714 "-" "Jetpack by WordPress.com"
103.13.42.22 - - [18/Apr/2026:03:21:25 -0400] "POST /xmlrpc.php HTTP/1.1" 200 714 "-" "WordPress.com; https://wordpress.com"
103.13.42.22 - - [18/Apr/2026:03:21:34 -0400] "POST /xmlrpc.php HTTP/1.1" 200 0 "-" "Jetpack by WordPress.com (Jetpack 12.1; WordPress 6.3)"
66.249.69.131 - - [18/Apr/2026:03:21:46 -0400] "GET /?j=29386234085491 HTTP/1.1" 200 1817 "-" "GoogleOther-Image/1.0"
103.13.42.22 - - [18/Apr/2026:03:21:46 -0400] "POST /xmlrpc.php HTTP/1.1" 200 714 "-" "WordPress.com; https://wordpress.com"
103.13.42.22 - - [18/Apr/2026:03:21:56 -0400] "POST /xmlrpc.php HTTP/1.1" 200 0 "-" "Jetpack/13.0; WordPress/6.2; http://site30592599.com"
103.13.42.22 - - [18/Apr/2026:03:22:07 -0400] "POST /xmlrpc.php HTTP/1.1" 200 714 "-" "Jetpack/12.5; WordPress/6.4; http://site52782458.com"
103.13.42.22 - - [18/Apr/2026:03:22:17 -0400] "POST /xmlrpc.php HTTP/1.1" 200 0 "-" "WordPress.com; https://wordpress.com"
17.22.245.193 - - [18/Apr/2026:03:22:24 -0400] "GET /shop/butylenes/metallish56106119654.html HTTP/1.1" 404 1251 "-" "Mozilla/5.0 (Macintosh; Intel Mac OS X 10_15_7) AppleWebKit/605.1.15 (KHTML, like Gecko) Version/17.4 Safari/605.1.15 (Applebot/0.1; +http://www.apple.com/go/applebot)"
103.13.42.22 - - [18/Apr/2026:03:22:28 -0400] "POST /xmlrpc.php HTTP/1.1" 200 714 "-" "Jetpack by WordPress.com"
103.13.42.22 - - [18/Apr/2026:03:22:38 -0400] "POST /xmlrpc.php HTTP/1.1" 200 0 "-" "WordPress.com; https://wordpress.com"
103.13.42.22 - - [18/Apr/2026:03:22:49 -0400] "POST /xmlrpc.php HTTP/1.1" 200 0 "-" "Jetpack/13.0; WordPress/6.4; http://site40818764.com"
103.13.42.22 - - [18/Apr/2026:03:22:59 -0400] "POST /xmlrpc.php HTTP/1.1" 200 0 "-" "Jetpack by WordPress.com (Jetpack 13.0; WordPress 6.3)"
103.13.42.22 - - [18/Apr/2026:03:23:10 -0400] "POST /xmlrpc.php HTTP/1.1" 200 0 "-" "Jetpack/12.1; WordPress/6.4; http://site80119537.com"
66.249.69.131 - - [18/Apr/2026:03:23:17 -0400] "GET /?j=50182232140142 HTTP/1.1" 200 1817 "-" "GoogleOther-Image/1.0"
103.13.42.22 - - [18/Apr/2026:03:23:21 -0400] "POST /xmlrpc.php HTTP/1.1" 200 0 "-" "Jetpack/13.0; WordPress/6.1; http://site78760549.com"
103.13.42.22 - - [18/Apr/2026:03:23:31 -0400] "POST /xmlrpc.php HTTP/1.1" 200 0 "-" "Jetpack/12.5; WordPress/6.1; http://site12406072.com"
103.13.42.22 - - [18/Apr/2026:03:23:42 -0400] "POST /xmlrpc.php HTTP/1.1" 200 0 "-" "WordPress.com; https://wordpress.com"
103.13.42.22 - - [18/Apr/2026:03:23:52 -0400] "POST /xmlrpc.php HTTP/1.1" 200 0 "-" "Jetpack by WordPress.com"
51.68.111.238 - - [18/Apr/2026:03:24:01 -0400] "GET /robots.txt HTTP/1.1" 200 69 "-" "Mozilla/5.0 (compatible; MJ12bot/v2.0.5; http://mj12bot.com/)"
51.68.111.238 - - [18/Apr/2026:03:24:02 -0400] "GET / HTTP/1.1" 200 1827 "-" "Mozilla/5.0 (compatible; MJ12bot/v2.0.5; http://mj12bot.com/)"
45.133.39.96 - - [18/Apr/2026:03:24:03 -0400] "GET /13619-2/ HTTP/1.1" 404 1251 "https://davidsteele.com/" "Mozilla/5.0 (Linux x86_64; rv:114.0) Gecko/20100101 Firefox/114.0"
45.133.39.96 - - [18/Apr/2026:03:24:04 -0400] "GET / HTTP/1.1" 200 1812 "-" "Mozilla/5.0 (Linux x86_64; rv:114.0) Gecko/20100101 Firefox/114.0"
45.133.39.96 - - [18/Apr/2026:03:24:05 -0400] "GET /googleb9a3f1065d27d168.html HTTP/1.1" 200 53 "https://davidsteele.com" "Mozilla/5.0 (Linux x86_64; rv:114.0) Gecko/20100101 Firefox/114.0"
103.13.42.22 - - [18/Apr/2026:03:24:03 -0400] "POST /xmlrpc.php HTTP/1.1" 200 0 "-" "WordPress.com; https://wordpress.com"
103.13.42.22 - - [18/Apr/2026:03:24:13 -0400] "POST /xmlrpc.php HTTP/1.1" 200 0 "-" "WordPress.com; https://wordpress.com"
103.13.42.22 - - [18/Apr/2026:03:24:24 -0400] "POST /xmlrpc.php HTTP/1.1" 200 0 "-" "WordPress.com; https://wordpress.com"
103.13.42.22 - - [18/Apr/2026:03:24:34 -0400] "POST /xmlrpc.php HTTP/1.1" 200 0 "-" "Jetpack by WordPress.com (Jetpack 12.0; WordPress 6.1)"
103.13.42.22 - - [18/Apr/2026:03:24:45 -0400] "POST /xmlrpc.php HTTP/1.1" 200 0 "-" "Jetpack by WordPress.com (Jetpack 13.0; WordPress 6.3)"
66.249.69.131 - - [18/Apr/2026:03:24:56 -0400] "GET /?j=57375890807626 HTTP/1.1" 200 1831 "-" "GoogleOther-Image/1.0"
103.13.42.22 - - [18/Apr/2026:03:24:55 -0400] "POST /xmlrpc.php HTTP/1.1" 200 0 "-" "Jetpack/12.5; WordPress/6.4; http://site79815282.com"
103.13.42.22 - - [18/Apr/2026:03:25:06 -0400] "POST /xmlrpc.php HTTP/1.1" 200 0 "-" "WordPress.com; https://wordpress.com"
103.13.42.22 - - [18/Apr/2026:03:25:16 -0400] "POST /xmlrpc.php HTTP/1.1" 200 0 "-" "WordPress.com; https://wordpress.com"
103.13.42.22 - - [18/Apr/2026:03:25:27 -0400] "POST /xmlrpc.php HTTP/1.1" 200 0 "-" "Jetpack by WordPress.com"
103.13.42.22 - - [18/Apr/2026:03:25:37 -0400] "POST /xmlrpc.php HTTP/1.1" 200 0 "-" "Jetpack/12.0; WordPress/6.1; http://site49682531.com"
103.13.42.22 - - [18/Apr/2026:03:25:48 -0400] "POST /xmlrpc.php HTTP/1.1" 200 0 "-" "Jetpack by WordPress.com (Jetpack 13.0; WordPress 6.1)"
40.77.167.136 - - [18/Apr/2026:03:25:56 -0400] "GET /?t=96018597678471 HTTP/1.1" 200 1831 "-" "Mozilla/5.0 AppleWebKit/537.36 (KHTML, like Gecko; compatible; bingbot/2.0; +http://www.bing.com/bingbot.htm) Chrome/116.0.1938.76 Safari/537.36"
103.13.42.22 - - [18/Apr/2026:03:25:58 -0400] "POST /xmlrpc.php HTTP/1.1" 200 0 "-" "Jetpack by WordPress.com"
103.13.42.22 - - [18/Apr/2026:03:26:09 -0400] "POST /xmlrpc.php HTTP/1.1" 200 0 "-" "WordPress.com; https://wordpress.com"
103.13.42.22 - - [18/Apr/2026:03:26:19 -0400] "POST /xmlrpc.php HTTP/1.1" 200 0 "-" "WordPress.com; https://wordpress.com"
103.13.42.22 - - [18/Apr/2026:03:26:30 -0400] "POST /xmlrpc.php HTTP/1.1" 200 0 "-" "Jetpack by WordPress.com (Jetpack 13.0; WordPress 6.1)"
66.249.69.133 - - [18/Apr/2026:03:26:41 -0400] "GET /?j=7681631391477 HTTP/1.1" 200 1829 "-" "GoogleOther-Image/1.0"
140.245.56.190 - - [18/Apr/2026:03:26:38 -0400] "GET /wp-login.php HTTP/1.1" 200 2205 "-" "Mozilla/5.0 (Windows NT 6.1; Win64; x64; rv:93.0) Gecko/20100101 Firefox/93.0"
103.13.42.22 - - [18/Apr/2026:03:26:41 -0400] "POST /xmlrpc.php HTTP/1.1" 200 0 "-" "WordPress.com; https://wordpress.com"
140.245.56.190 - - [18/Apr/2026:03:26:43 -0400] "POST /wp-login.php HTTP/1.1" 302 207 "https://davidsteele.com/wp-login.php" "Mozilla/5.0 (Windows NT 10.0; Win64; x64) AppleWebKit/605.1.15 (KHTML, like Gecko) Version/14.1.1 Safari/605.1.15"
140.245.56.190 - - [18/Apr/2026:03:26:48 -0400] "GET /wp-admin/index.php HTTP/1.1" 403 1287 "https://davidsteele.com/wp-login.php" "Mozilla/5.0 (Windows NT 10.0; Win64; x64) AppleWebKit/605.1.15 (KHTML, like Gecko) Version/14.1 Safari/605.1.15"
54.39.203.37 - - [18/Apr/2026:03:26:49 -0400] "GET /wp-includes/class-walker-comment.php HTTP/1.1" 403 1242 "-" "Mozilla/5.0 (compatible; AhrefsBot/7.0; +http://ahrefs.com/robot/)"
140.245.56.190 - - [18/Apr/2026:03:26:49 -0400] "GET /wp-admin/index.php HTTP/1.1" 403 1287 "https://davidsteele.com/wp-login.php" "Mozilla/5.0 (Windows NT 10.0; Win64; x64) AppleWebKit/605.1.15 (KHTML, like Gecko) Version/14.1 Safari/605.1.15"
140.245.56.190 - - [18/Apr/2026:03:26:49 -0400] "POST /wp-login.php HTTP/1.1" 200 2346 "https://davidsteele.com/wp-login.php" "Mozilla/5.0 (Macintosh; Intel Mac OS X 10_15_7) AppleWebKit/605.1.15 (KHTML, like Gecko) Version/14.0.3 Safari/605.1.15"
140.245.56.190 - - [18/Apr/2026:03:26:50 -0400] "GET /wp-admin/index.php HTTP/1.1" 403 1287 "https://davidsteele.com/wp-login.php" "Mozilla/5.0 (Windows NT 10.0; Win64; x64) AppleWebKit/605.1.15 (KHTML, like Gecko) Version/15.0 Safari/605.1.15"
140.245.56.190 - - [18/Apr/2026:03:26:51 -0400] "GET /wp-admin/index.php HTTP/1.1" 403 1287 "https://davidsteele.com/wp-login.php" "Mozilla/5.0 (Windows NT 10.0; Win64; x64) AppleWebKit/605.1.15 (KHTML, like Gecko) Version/15.0 Safari/605.1.15"
140.245.56.190 - - [18/Apr/2026:03:26:52 -0400] "POST /wp-login.php HTTP/1.1" 200 2363 "https://davidsteele.com/wp-login.php" "Mozilla/5.0 (X11; Linux x86_64) AppleWebKit/537.36 (KHTML, like Gecko) Chrome/92.0.4515.131 Safari/537.36"
140.245.56.190 - - [18/Apr/2026:03:26:52 -0400] "GET /wp-admin/index.php HTTP/1.1" 403 1287 "https://davidsteele.com/wp-login.php" "Mozilla/5.0 (Windows NT 10.0; Win64; x64) AppleWebKit/605.1.15 (KHTML, like Gecko) Version/14.1.2 Safari/605.1.15"
140.245.56.190 - - [18/Apr/2026:03:26:53 -0400] "GET /wp-admin/index.php HTTP/1.1" 403 1287 "https://davidsteele.com/wp-login.php" "Mozilla/5.0 (Windows NT 10.0; Win64; x64) AppleWebKit/605.1.15 (KHTML, like Gecko) Version/14.1.2 Safari/605.1.15"
140.245.56.190 - - [18/Apr/2026:03:26:54 -0400] "POST /wp-login.php HTTP/1.1" 200 2363 "https://davidsteele.com/wp-login.php" "Mozilla/5.0 (Macintosh; Intel Mac OS X 10_15_7) AppleWebKit/605.1.15 (KHTML, like Gecko) Version/14.1 Safari/605.1.15"
140.245.56.190 - - [18/Apr/2026:03:26:54 -0400] "GET /wp-admin/index.php HTTP/1.1" 403 1287 "https://davidsteele.com/wp-login.php" "Mozilla/5.0 (X11; Linux x86_64) AppleWebKit/537.36 (KHTML, like Gecko) Chrome/92.0.4515.131 Safari/537.36"
140.245.56.190 - - [18/Apr/2026:03:26:55 -0400] "GET /wp-admin/index.php HTTP/1.1" 403 1287 "https://davidsteele.com/wp-login.php" "Mozilla/5.0 (X11; Linux x86_64) AppleWebKit/537.36 (KHTML, like Gecko) Chrome/92.0.4515.131 Safari/537.36"
140.245.56.190 - - [18/Apr/2026:03:26:55 -0400] "POST /wp-login.php HTTP/1.1" 200 2371 "https://davidsteele.com/wp-login.php" "Mozilla/5.0 (Windows NT 10.0; Win64; x64) AppleWebKit/537.36 (KHTML, like Gecko) Chrome/94.0.4606.71 Safari/537.36"
140.245.56.190 - - [18/Apr/2026:03:26:56 -0400] "GET /wp-admin/index.php HTTP/1.1" 403 1287 "https://davidsteele.com/wp-login.php" "Mozilla/5.0 (Windows NT 10.0; Win64; x64) AppleWebKit/605.1.15 (KHTML, like Gecko) Version/14.1.1 Safari/605.1.15"
103.13.42.22 - - [18/Apr/2026:03:26:51 -0400] "POST /xmlrpc.php HTTP/1.1" 200 0 "-" "Jetpack by WordPress.com (Jetpack 12.5; WordPress 6.1)"
140.245.56.190 - - [18/Apr/2026:03:26:57 -0400] "GET /wp-admin/index.php HTTP/1.1" 403 1287 "https://davidsteele.com/wp-login.php" "Mozilla/5.0 (Windows NT 10.0; Win64; x64) AppleWebKit/605.1.15 (KHTML, like Gecko) Version/14.1.1 Safari/605.1.15"
140.245.56.190 - - [18/Apr/2026:03:26:57 -0400] "POST /wp-login.php HTTP/1.1" 200 2371 "https://davidsteele.com/wp-login.php" "Mozilla/5.0 (Macintosh; Intel Mac OS X 10_15_7) AppleWebKit/605.1.15 (KHTML, like Gecko) Version/14.0.3 Safari/605.1.15"
140.245.56.190 - - [18/Apr/2026:03:26:58 -0400] "GET /wp-admin/index.php HTTP/1.1" 403 1287 "https://davidsteele.com/wp-login.php" "Mozilla/5.0 (Windows NT 10.0; Win64; x64; rv:93.0) Gecko/20100101 Firefox/93.0"
140.245.56.190 - - [18/Apr/2026:03:26:59 -0400] "GET /wp-admin/index.php HTTP/1.1" 403 1287 "https://davidsteele.com/wp-login.php" "Mozilla/5.0 (Windows NT 10.0; Win64; x64; rv:93.0) Gecko/20100101 Firefox/93.0"
140.245.56.190 - - [18/Apr/2026:03:26:59 -0400] "GET /wp-admin/index.php HTTP/1.1" 403 1287 "https://davidsteele.com/wp-login.php" "Mozilla/5.0 (Macintosh; Intel Mac OS X 10_15_7) AppleWebKit/605.1.15 (KHTML, like Gecko) Version/14.1.1 Safari/605.1.15"
140.245.56.190 - - [18/Apr/2026:03:27:00 -0400] "GET /wp-admin/index.php HTTP/1.1" 403 1287 "https://davidsteele.com/wp-login.php" "Mozilla/5.0 (Macintosh; Intel Mac OS X 10_15_7) AppleWebKit/605.1.15 (KHTML, like Gecko) Version/14.1.1 Safari/605.1.15"
140.245.56.190 - - [18/Apr/2026:03:27:01 -0400] "GET /wp-admin/index.php HTTP/1.1" 403 1287 "https://davidsteele.com/wp-login.php" "Mozilla/5.0 (Macintosh; Intel Mac OS X 10_15_7; rv:92.0) Gecko/20100101 Firefox/92.0"
140.245.56.190 - - [18/Apr/2026:03:27:02 -0400] "GET /wp-admin/index.php HTTP/1.1" 403 1287 "https://davidsteele.com/wp-login.php" "Mozilla/5.0 (Macintosh; Intel Mac OS X 10_15_7; rv:92.0) Gecko/20100101 Firefox/92.0"
140.245.56.190 - - [18/Apr/2026:03:27:03 -0400] "GET /wp-admin/index.php HTTP/1.1" 403 1287 "https://davidsteele.com/wp-login.php" "Mozilla/5.0 (X11; Linux x86_64) AppleWebKit/537.36 (KHTML, like Gecko) Chrome/92.0.4515.131 Safari/537.36"
140.245.56.190 - - [18/Apr/2026:03:27:03 -0400] "GET /wp-admin/index.php HTTP/1.1" 403 1287 "https://davidsteele.com/wp-login.php" "Mozilla/5.0 (X11; Linux x86_64) AppleWebKit/537.36 (KHTML, like Gecko) Chrome/92.0.4515.131 Safari/537.36"
140.245.56.190 - - [18/Apr/2026:03:27:04 -0400] "GET /wp-admin/index.php HTTP/1.1" 403 1287 "https://davidsteele.com/wp-login.php" "Mozilla/5.0 (Windows NT 6.1; Win64; x64) AppleWebKit/537.36 (KHTML, like Gecko) Chrome/94.0.4606.71 Safari/537.36"
140.245.56.190 - - [18/Apr/2026:03:27:05 -0400] "GET /wp-admin/index.php HTTP/1.1" 403 1287 "https://davidsteele.com/wp-login.php" "Mozilla/5.0 (Windows NT 6.1; Win64; x64) AppleWebKit/537.36 (KHTML, like Gecko) Chrome/94.0.4606.71 Safari/537.36"
140.245.56.190 - - [18/Apr/2026:03:27:06 -0400] "GET /wp-admin/index.php HTTP/1.1" 403 1287 "https://davidsteele.com/wp-login.php" "Mozilla/5.0 (Windows NT 10.0; Win64; x64) AppleWebKit/605.1.15 (KHTML, like Gecko) Version/14.1 Safari/605.1.15"
140.245.56.190 - - [18/Apr/2026:03:27:06 -0400] "GET /wp-admin/index.php HTTP/1.1" 403 1287 "https://davidsteele.com/wp-login.php" "Mozilla/5.0 (Windows NT 10.0; Win64; x64) AppleWebKit/605.1.15 (KHTML, like Gecko) Version/14.1 Safari/605.1.15"
103.13.42.22 - - [18/Apr/2026:03:27:02 -0400] "POST /xmlrpc.php HTTP/1.1" 200 0 "-" "WordPress.com; https://wordpress.com"
140.245.56.190 - - [18/Apr/2026:03:27:07 -0400] "GET /wp-admin/index.php HTTP/1.1" 403 1287 "https://davidsteele.com/wp-login.php" "Mozilla/5.0 (Macintosh; Intel Mac OS X 10_15_7) AppleWebKit/605.1.15 (KHTML, like Gecko) Version/14.1 Safari/605.1.15"
140.245.56.190 - - [18/Apr/2026:03:27:08 -0400] "GET /wp-admin/index.php HTTP/1.1" 403 1287 "https://davidsteele.com/wp-login.php" "Mozilla/5.0 (Macintosh; Intel Mac OS X 10_15_7) AppleWebKit/605.1.15 (KHTML, like Gecko) Version/14.1 Safari/605.1.15"
140.245.56.190 - - [18/Apr/2026:03:27:08 -0400] "GET /wp-admin/index.php HTTP/1.1" 403 1287 "https://davidsteele.com/wp-login.php" "Mozilla/5.0 (Windows NT 6.1; Win64; x64) AppleWebKit/537.36 (KHTML, like Gecko) Chrome/92.0.4515.131 Safari/537.36"
140.245.56.190 - - [18/Apr/2026:03:27:09 -0400] "GET /wp-admin/index.php HTTP/1.1" 403 1287 "https://davidsteele.com/wp-login.php" "Mozilla/5.0 (Windows NT 6.1; Win64; x64) AppleWebKit/537.36 (KHTML, like Gecko) Chrome/92.0.4515.131 Safari/537.36"
140.245.56.190 - - [18/Apr/2026:03:27:10 -0400] "GET /wp-admin/index.php HTTP/1.1" 403 1287 "https://davidsteele.com/wp-login.php" "Mozilla/5.0 (Windows NT 10.0; Win64; x64) AppleWebKit/537.36 (KHTML, like Gecko) Chrome/92.0.4515.131 Safari/537.36"
140.245.56.190 - - [18/Apr/2026:03:27:11 -0400] "GET /wp-admin/index.php HTTP/1.1" 403 1287 "https://davidsteele.com/wp-login.php" "Mozilla/5.0 (Windows NT 10.0; Win64; x64) AppleWebKit/537.36 (KHTML, like Gecko) Chrome/92.0.4515.131 Safari/537.36"
140.245.56.190 - - [18/Apr/2026:03:27:11 -0400] "GET /wp-admin/index.php HTTP/1.1" 403 1287 "https://davidsteele.com/wp-login.php" "Mozilla/5.0 (X11; Linux x86_64; rv:92.0) Gecko/20100101 Firefox/92.0"
140.245.56.190 - - [18/Apr/2026:03:27:12 -0400] "GET /wp-admin/index.php HTTP/1.1" 403 1287 "https://davidsteele.com/wp-login.php" "Mozilla/5.0 (X11; Linux x86_64; rv:92.0) Gecko/20100101 Firefox/92.0"
140.245.56.190 - - [18/Apr/2026:03:27:13 -0400] "GET /wp-admin/index.php HTTP/1.1" 403 1287 "https://davidsteele.com/wp-login.php" "Mozilla/5.0 (X11; Linux x86_64; rv:90.0) Gecko/20100101 Firefox/90.0.1"
140.245.56.190 - - [18/Apr/2026:03:27:14 -0400] "GET /wp-admin/index.php HTTP/1.1" 403 1287 "https://davidsteele.com/wp-login.php" "Mozilla/5.0 (X11; Linux x86_64; rv:90.0) Gecko/20100101 Firefox/90.0.1"
140.245.56.190 - - [18/Apr/2026:03:27:15 -0400] "GET /wp-admin/index.php HTTP/1.1" 403 1287 "https://davidsteele.com/wp-login.php" "Mozilla/5.0 (Windows NT 6.1; Win64; x64) AppleWebKit/537.36 (KHTML, like Gecko) Chrome/94.0.4606.71 Safari/537.36"
140.245.56.190 - - [18/Apr/2026:03:27:15 -0400] "GET /wp-admin/index.php HTTP/1.1" 403 1287 "https://davidsteele.com/wp-login.php" "Mozilla/5.0 (Windows NT 6.1; Win64; x64) AppleWebKit/537.36 (KHTML, like Gecko) Chrome/94.0.4606.71 Safari/537.36"
140.245.56.190 - - [18/Apr/2026:03:27:16 -0400] "GET /wp-admin/index.php HTTP/1.1" 403 1287 "https://davidsteele.com/wp-login.php" "Mozilla/5.0 (Macintosh; Intel Mac OS X 10_15_7; rv:92.0) Gecko/20100101 Firefox/92.0"
140.245.56.190 - - [18/Apr/2026:03:27:17 -0400] "GET /wp-admin/index.php HTTP/1.1" 403 1287 "https://davidsteele.com/wp-login.php" "Mozilla/5.0 (Macintosh; Intel Mac OS X 10_15_7; rv:92.0) Gecko/20100101 Firefox/92.0"
140.245.56.190 - - [18/Apr/2026:03:27:18 -0400] "GET /wp-admin/index.php HTTP/1.1" 403 1287 "https://davidsteele.com/wp-login.php" "Mozilla/5.0 (Macintosh; Intel Mac OS X 10_15_7) AppleWebKit/537.36 (KHTML, like Gecko) Chrome/91.0.4472.124 Safari/537.36"
103.13.42.22 - - [18/Apr/2026:03:27:12 -0400] "POST /xmlrpc.php HTTP/1.1" 200 0 "-" "Jetpack by WordPress.com (Jetpack 13.0; WordPress 6.2)"
140.245.56.190 - - [18/Apr/2026:03:27:18 -0400] "GET /wp-admin/index.php HTTP/1.1" 403 1287 "https://davidsteele.com/wp-login.php" "Mozilla/5.0 (Macintosh; Intel Mac OS X 10_15_7) AppleWebKit/537.36 (KHTML, like Gecko) Chrome/91.0.4472.124 Safari/537.36"
140.245.56.190 - - [18/Apr/2026:03:27:19 -0400] "GET /wp-admin/index.php HTTP/1.1" 403 1287 "https://davidsteele.com/wp-login.php" "Mozilla/5.0 (Windows NT 6.1; Win64; x64; rv:92.0) Gecko/20100101 Firefox/92.0"
140.245.56.190 - - [18/Apr/2026:03:27:20 -0400] "GET /wp-admin/index.php HTTP/1.1" 403 1287 "https://davidsteele.com/wp-login.php" "Mozilla/5.0 (Windows NT 6.1; Win64; x64; rv:92.0) Gecko/20100101 Firefox/92.0"
140.245.56.190 - - [18/Apr/2026:03:27:20 -0400] "GET /wp-admin/index.php HTTP/1.1" 403 1287 "https://davidsteele.com/wp-login.php" "Mozilla/5.0 (Macintosh; Intel Mac OS X 10_15_7) AppleWebKit/605.1.15 (KHTML, like Gecko) Version/14.1 Safari/605.1.15"
140.245.56.190 - - [18/Apr/2026:03:27:21 -0400] "GET /wp-admin/index.php HTTP/1.1" 403 1287 "https://davidsteele.com/wp-login.php" "Mozilla/5.0 (Macintosh; Intel Mac OS X 10_15_7) AppleWebKit/605.1.15 (KHTML, like Gecko) Version/14.1 Safari/605.1.15"
140.245.56.190 - - [18/Apr/2026:03:27:22 -0400] "GET /wp-admin/index.php HTTP/1.1" 403 1287 "https://davidsteele.com/wp-login.php" "Mozilla/5.0 (Macintosh; Intel Mac OS X 10_15_7) AppleWebKit/605.1.15 (KHTML, like Gecko) Version/14.0.3 Safari/605.1.15"
140.245.56.190 - - [18/Apr/2026:03:27:23 -0400] "GET /wp-admin/index.php HTTP/1.1" 403 1287 "https://davidsteele.com/wp-login.php" "Mozilla/5.0 (Macintosh; Intel Mac OS X 10_15_7) AppleWebKit/605.1.15 (KHTML, like Gecko) Version/14.0.3 Safari/605.1.15"
140.245.56.190 - - [18/Apr/2026:03:27:23 -0400] "GET /wp-admin/index.php HTTP/1.1" 403 1287 "https://davidsteele.com/wp-login.php" "Mozilla/5.0 (Macintosh; Intel Mac OS X 10_15_7) AppleWebKit/605.1.15 (KHTML, like Gecko) Version/14.1.2 Safari/605.1.15"
140.245.56.190 - - [18/Apr/2026:03:27:24 -0400] "GET /wp-admin/index.php HTTP/1.1" 403 1287 "https://davidsteele.com/wp-login.php" "Mozilla/5.0 (Macintosh; Intel Mac OS X 10_15_7) AppleWebKit/605.1.15 (KHTML, like Gecko) Version/14.1.2 Safari/605.1.15"
140.245.56.190 - - [18/Apr/2026:03:27:25 -0400] "GET /wp-admin/index.php HTTP/1.1" 403 1287 "https://davidsteele.com/wp-login.php" "Mozilla/5.0 (Windows NT 10.0; Win64; x64) AppleWebKit/605.1.15 (KHTML, like Gecko) Version/14.1.2 Safari/605.1.15"
140.245.56.190 - - [18/Apr/2026:03:27:25 -0400] "GET /wp-admin/index.php HTTP/1.1" 403 1287 "https://davidsteele.com/wp-login.php" "Mozilla/5.0 (Windows NT 10.0; Win64; x64) AppleWebKit/605.1.15 (KHTML, like Gecko) Version/14.1.2 Safari/605.1.15"
140.245.56.190 - - [18/Apr/2026:03:27:26 -0400] "GET /wp-admin/index.php HTTP/1.1" 403 1287 "https://davidsteele.com/wp-login.php" "Mozilla/5.0 (Macintosh; Intel Mac OS X 10_15_7) AppleWebKit/537.36 (KHTML, like Gecko) Chrome/92.0.4515.131 Safari/537.36"
103.13.42.22 - - [18/Apr/2026:03:27:23 -0400] "POST /xmlrpc.php HTTP/1.1" 200 0 "-" "Jetpack/12.0; WordPress/6.4; http://site23510578.com"
140.245.56.190 - - [18/Apr/2026:03:27:27 -0400] "GET /wp-admin/index.php HTTP/1.1" 403 1287 "https://davidsteele.com/wp-login.php" "Mozilla/5.0 (Macintosh; Intel Mac OS X 10_15_7) AppleWebKit/537.36 (KHTML, like Gecko) Chrome/92.0.4515.131 Safari/537.36"
140.245.56.190 - - [18/Apr/2026:03:27:28 -0400] "GET /wp-admin/index.php HTTP/1.1" 403 1287 "https://davidsteele.com/wp-login.php" "Mozilla/5.0 (Windows NT 10.0; Win64; x64) AppleWebKit/605.1.15 (KHTML, like Gecko) Version/14.1 Safari/605.1.15"
140.245.56.190 - - [18/Apr/2026:03:27:28 -0400] "GET /wp-admin/index.php HTTP/1.1" 403 1287 "https://davidsteele.com/wp-login.php" "Mozilla/5.0 (Windows NT 10.0; Win64; x64) AppleWebKit/605.1.15 (KHTML, like Gecko) Version/14.1 Safari/605.1.15"
140.245.56.190 - - [18/Apr/2026:03:27:29 -0400] "GET /wp-admin/index.php HTTP/1.1" 403 1287 "https://davidsteele.com/wp-login.php" "Mozilla/5.0 (Macintosh; Intel Mac OS X 10_15_7) AppleWebKit/537.36 (KHTML, like Gecko) Chrome/92.0.4515.131 Safari/537.36"
140.245.56.190 - - [18/Apr/2026:03:27:31 -0400] "GET /wp-admin/index.php HTTP/1.1" 403 1287 "https://davidsteele.com/wp-login.php" "Mozilla/5.0 (Macintosh; Intel Mac OS X 10_15_7) AppleWebKit/537.36 (KHTML, like Gecko) Chrome/92.0.4515.131 Safari/537.36"
140.245.56.190 - - [18/Apr/2026:03:27:32 -0400] "GET /wp-admin/index.php HTTP/1.1" 403 1287 "https://davidsteele.com/wp-login.php" "Mozilla/5.0 (Windows NT 10.0; Win64; x64) AppleWebKit/537.36 (KHTML, like Gecko) Chrome/94.0.4606.71 Safari/537.36"
140.245.56.190 - - [18/Apr/2026:03:27:34 -0400] "GET /wp-admin/index.php HTTP/1.1" 403 1287 "https://davidsteele.com/wp-login.php" "Mozilla/5.0 (Windows NT 10.0; Win64; x64) AppleWebKit/537.36 (KHTML, like Gecko) Chrome/94.0.4606.71 Safari/537.36"
140.245.56.190 - - [18/Apr/2026:03:27:35 -0400] "GET /wp-admin/index.php HTTP/1.1" 403 1287 "https://davidsteele.com/wp-login.php" "Mozilla/5.0 (Windows NT 10.0; Win64; x64) AppleWebKit/605.1.15 (KHTML, like Gecko) Version/14.1.2 Safari/605.1.15"
140.245.56.190 - - [18/Apr/2026:03:27:36 -0400] "GET /wp-admin/index.php HTTP/1.1" 403 1287 "https://davidsteele.com/wp-login.php" "Mozilla/5.0 (Windows NT 10.0; Win64; x64) AppleWebKit/605.1.15 (KHTML, like Gecko) Version/14.1.2 Safari/605.1.15"
140.245.56.190 - - [18/Apr/2026:03:27:37 -0400] "GET /wp-admin/index.php HTTP/1.1" 403 1287 "https://davidsteele.com/wp-login.php" "Mozilla/5.0 (Windows NT 10.0; Win64; x64) AppleWebKit/537.36 (KHTML, like Gecko) Chrome/94.0.4606.71 Safari/537.36"
140.245.56.190 - - [18/Apr/2026:03:27:37 -0400] "GET /wp-admin/index.php HTTP/1.1" 403 1287 "https://davidsteele.com/wp-login.php" "Mozilla/5.0 (Windows NT 10.0; Win64; x64) AppleWebKit/537.36 (KHTML, like Gecko) Chrome/94.0.4606.71 Safari/537.36"
140.245.56.190 - - [18/Apr/2026:03:27:38 -0400] "GET /wp-admin/index.php HTTP/1.1" 403 1287 "https://davidsteele.com/wp-login.php" "Mozilla/5.0 (Macintosh; Intel Mac OS X 10_15_7; rv:89.0) Gecko/20100101 Firefox/89.0.2"
103.13.42.22 - - [18/Apr/2026:03:27:33 -0400] "POST /xmlrpc.php HTTP/1.1" 200 0 "-" "WordPress.com; https://wordpress.com"
140.245.56.190 - - [18/Apr/2026:03:27:39 -0400] "GET /wp-admin/index.php HTTP/1.1" 403 1287 "https://davidsteele.com/wp-login.php" "Mozilla/5.0 (Macintosh; Intel Mac OS X 10_15_7; rv:89.0) Gecko/20100101 Firefox/89.0.2"
140.245.56.190 - - [18/Apr/2026:03:27:39 -0400] "GET /wp-admin/index.php HTTP/1.1" 403 1287 "https://davidsteele.com/wp-login.php" "Mozilla/5.0 (Windows NT 10.0; Win64; x64) AppleWebKit/605.1.15 (KHTML, like Gecko) Version/14.0.3 Safari/605.1.15"
140.245.56.190 - - [18/Apr/2026:03:27:40 -0400] "GET /wp-admin/index.php HTTP/1.1" 403 1287 "https://davidsteele.com/wp-login.php" "Mozilla/5.0 (Windows NT 10.0; Win64; x64) AppleWebKit/605.1.15 (KHTML, like Gecko) Version/14.0.3 Safari/605.1.15"
140.245.56.190 - - [18/Apr/2026:03:27:41 -0400] "GET /wp-admin/index.php HTTP/1.1" 403 1287 "https://davidsteele.com/wp-login.php" "Mozilla/5.0 (Windows NT 6.1; Win64; x64) AppleWebKit/537.36 (KHTML, like Gecko) Chrome/91.0.4472.124 Safari/537.36"
140.245.56.190 - - [18/Apr/2026:03:27:42 -0400] "GET /wp-admin/index.php HTTP/1.1" 403 1287 "https://davidsteele.com/wp-login.php" "Mozilla/5.0 (Windows NT 6.1; Win64; x64) AppleWebKit/537.36 (KHTML, like Gecko) Chrome/91.0.4472.124 Safari/537.36"
140.245.56.190 - - [18/Apr/2026:03:27:42 -0400] "GET /wp-admin/index.php HTTP/1.1" 403 1287 "https://davidsteele.com/wp-login.php" "Mozilla/5.0 (X11; Linux x86_64) AppleWebKit/537.36 (KHTML, like Gecko) Chrome/93.0.4577.63 Safari/537.36"
140.245.56.190 - - [18/Apr/2026:03:27:43 -0400] "GET /wp-admin/index.php HTTP/1.1" 403 1287 "https://davidsteele.com/wp-login.php" "Mozilla/5.0 (X11; Linux x86_64) AppleWebKit/537.36 (KHTML, like Gecko) Chrome/93.0.4577.63 Safari/537.36"
140.245.56.190 - - [18/Apr/2026:03:27:44 -0400] "GET /wp-admin/index.php HTTP/1.1" 403 1287 "https://davidsteele.com/wp-login.php" "Mozilla/5.0 (Macintosh; Intel Mac OS X 10_15_7) AppleWebKit/537.36 (KHTML, like Gecko) Chrome/94.0.4606.71 Safari/537.36"
140.245.56.190 - - [18/Apr/2026:03:27:44 -0400] "GET /wp-admin/index.php HTTP/1.1" 403 1287 "https://davidsteele.com/wp-login.php" "Mozilla/5.0 (Macintosh; Intel Mac OS X 10_15_7) AppleWebKit/537.36 (KHTML, like Gecko) Chrome/94.0.4606.71 Safari/537.36"
140.245.56.190 - - [18/Apr/2026:03:27:45 -0400] "GET /wp-admin/index.php HTTP/1.1" 403 1287 "https://davidsteele.com/wp-login.php" "Mozilla/5.0 (Windows NT 6.1; Win64; x64; rv:92.0) Gecko/20100101 Firefox/92.0"
140.245.56.190 - - [18/Apr/2026:03:27:46 -0400] "GET /wp-admin/index.php HTTP/1.1" 403 1287 "https://davidsteele.com/wp-login.php" "Mozilla/5.0 (Windows NT 6.1; Win64; x64; rv:92.0) Gecko/20100101 Firefox/92.0"
