66.249.69.131 - - [20/Apr/2026:08:48:31 -0400] "GET /?j=69420641619039 HTTP/1.1" 200 1834 "-" "GoogleOther-Image/1.0"
66.249.69.132 - - [20/Apr/2026:08:49:00 -0400] "GET /?j=28492773231218 HTTP/1.1" 200 1834 "-" "GoogleOther-Image/1.0"
69.233.142.255 - - [20/Apr/2026:08:49:13 -0400] "GET /?d=73884652132984 HTTP/1.1" 200 1830 "-" "Mozilla/5.0 (Linux; Android 10; K) AppleWebKit/537.36 (KHTML, like Gecko) Chrome/122.0.0.0 Mobile Safari/537.36"
66.249.69.131 - - [20/Apr/2026:08:49:56 -0400] "GET /?j=9643276556080 HTTP/1.1" 200 1834 "-" "GoogleOther-Image/1.0"
89.222.103.40 - - [20/Apr/2026:08:49:58 -0400] "GET /?d=28082145262848 HTTP/1.1" 200 1830 "-" "Mozilla/5.0 (Windows NT 10.0; Win64; x64; rv:123.0) Gecko/20100101 Firefox/123.0"
70.188.115.124 - - [20/Apr/2026:08:50:09 -0400] "GET /?d=74553087562646 HTTP/1.1" 200 1814 "-" "Mozilla/5.0 (Windows NT 10.0; Win64; x64; rv:123.0) Gecko/20100101 Firefox/123.0"
40.77.167.151 - - [20/Apr/2026:08:50:11 -0400] "GET /shop/opinionatedly/appearing88440298663.html HTTP/1.1" 404 1251 "-" "Mozilla/5.0 AppleWebKit/537.36 (KHTML, like Gecko; compatible; bingbot/2.0; +http://www.bing.com/bingbot.htm) Chrome/116.0.1938.76 Safari/537.36"
114.119.135.36 - - [20/Apr/2026:08:50:17 -0400] "GET /shop/toadyisms/agrised2676688182.html HTTP/1.1" 404 1251 "https://davidsteele.com/sitemap547.xml" "Mozilla/5.0 (Linux; Android 7.0;) AppleWebKit/537.36 (KHTML, like Gecko) Mobile Safari/537.36 (compatible; PetalBot;+https://webmaster.petalsearch.com/site/petalbot)"
66.249.69.132 - - [20/Apr/2026:08:50:32 -0400] "GET /?j=71939242283447 HTTP/1.1" 200 1819 "-" "GoogleOther-Image/1.0"
34.196.6.199 - - [20/Apr/2026:08:50:49 -0400] "GET /wp-includes/SimplePie/library/SimplePie/Net/?SD HTTP/1.1" 200 791 "-" "Mozilla/5.0 AppleWebKit/537.36 (KHTML, like Gecko; compatible; Amazonbot/0.1; +https://developer.amazon.com/support/amazonbot) Chrome/119.0.6045.214 Safari/537.36"
35.171.117.160 - - [20/Apr/2026:08:50:54 -0400] "GET /wp-includes/sodium_compat/namespaced/Core/Curve25519/?NA HTTP/1.1" 200 926 "-" "Mozilla/5.0 AppleWebKit/537.36 (KHTML, like Gecko; compatible; Amazonbot/0.1; +https://developer.amazon.com/support/amazonbot) Chrome/119.0.6045.214 Safari/537.36"
3.213.85.234 - - [20/Apr/2026:08:50:57 -0400] "GET /wp-includes/sodium_compat/src/Core/Curve25519/Ge/P3.php HTTP/1.1" 403 1242 "-" "Mozilla/5.0 AppleWebKit/537.36 (KHTML, like Gecko; compatible; Amazonbot/0.1; +https://developer.amazon.com/support/amazonbot) Chrome/119.0.6045.214 Safari/537.36"
100.24.149.244 - - [20/Apr/2026:08:51:02 -0400] "GET /wp-includes/SimplePie/library/SimplePie/XML/Declaration/?MA HTTP/1.1" 200 802 "-" "Mozilla/5.0 AppleWebKit/537.36 (KHTML, like Gecko; compatible; Amazonbot/0.1; +https://developer.amazon.com/support/amazonbot) Chrome/119.0.6045.214 Safari/537.36"
54.163.169.168 - - [20/Apr/2026:08:51:04 -0400] "GET /wp-includes/js/tinymce/plugins/compat3x/css/?MA HTTP/1.1" 403 1242 "-" "Mozilla/5.0 AppleWebKit/537.36 (KHTML, like Gecko; compatible; Amazonbot/0.1; +https://developer.amazon.com/support/amazonbot) Chrome/119.0.6045.214 Safari/537.36"
44.207.252.58 - - [20/Apr/2026:08:51:09 -0400] "GET /wp-includes/sodium_compat/src/Core32/Poly1305/?MD HTTP/1.1" 200 859 "-" "Mozilla/5.0 AppleWebKit/537.36 (KHTML, like Gecko; compatible; Amazonbot/0.1; +https://developer.amazon.com/support/amazonbot) Chrome/119.0.6045.214 Safari/537.36"
79.116.233.120 - - [20/Apr/2026:08:51:13 -0400] "GET /?d=69741203426943 HTTP/1.1" 200 1814 "-" "Mozilla/5.0 (iPad; CPU OS 17_0_3 like Mac OS X) AppleWebKit/605.1.15 (KHTML, like Gecko) Version/17.0.1 Mobile/15E148 Safari/604.1"
216.244.66.241 - - [20/Apr/2026:08:51:13 -0400] "GET /robots.txt HTTP/1.1" 200 69 "-" "Mozilla/5.0 (compatible; DotBot/1.2; +https://opensiteexplorer.org/dotbot; help@moz.com)"
40.77.167.73 - - [20/Apr/2026:08:52:04 -0400] "GET /error_log HTTP/1.1" 403 1242 "-" "Mozilla/5.0 AppleWebKit/537.36 (KHTML, like Gecko; compatible; bingbot/2.0; +http://www.bing.com/bingbot.htm) Chrome/116.0.1938.76 Safari/537.36"
108.228.91.13 - - [20/Apr/2026:08:52:25 -0400] "GET /?d=48644227573518 HTTP/1.1" 200 1814 "-" "Mozilla/5.0 (Macintosh; Intel Mac OS X 10_15_7) AppleWebKit/537.36 (KHTML, like Gecko) Chrome/122.0.0.0 Safari/537.36"
172.59.49.49 - - [20/Apr/2026:08:52:27 -0400] "GET /?d=82797112193137 HTTP/1.1" 200 1814 "-" "Mozilla/5.0 (Windows NT 10.0; Win64; x64) AppleWebKit/537.36 (KHTML, like Gecko) Chrome/121.0.0.0 Safari/537.36 Edg/121.0.0.0"
78.147.201.149 - - [20/Apr/2026:08:53:20 -0400] "GET /?d=38899351887119 HTTP/1.1" 200 1814 "-" "Mozilla/5.0 (Linux; Android 10; K) AppleWebKit/537.36 (KHTML, like Gecko) Chrome/122.0.0.0 Mobile Safari/537.36"
66.249.69.133 - - [20/Apr/2026:08:53:22 -0400] "GET /?j=28401875347614 HTTP/1.1" 200 1819 "-" "GoogleOther-Image/1.0"
84.115.214.253 - - [20/Apr/2026:08:53:49 -0400] "GET /?d=32016156650449 HTTP/1.1" 200 1814 "-" "Mozilla/5.0 (Windows NT 10.0; Win64; x64; rv:123.0) Gecko/20100101 Firefox/123.0"
109.156.75.214 - - [20/Apr/2026:08:54:06 -0400] "GET /?d=4383979984611 HTTP/1.1" 200 1830 "-" "Mozilla/5.0 (Windows NT 10.0; Win64; x64) AppleWebKit/537.36 (KHTML, like Gecko) Chrome/121.0.0.0 Safari/537.36 Edg/121.0.0.0 Trailer/92.3.3357.27"
114.119.152.71 - - [20/Apr/2026:08:54:21 -0400] "GET /shop/tittered/rightisms81030242390.html HTTP/1.1" 404 1251 "https://davidsteele.com/sitemap667.xml" "Mozilla/5.0 (Linux; Android 7.0;) AppleWebKit/537.36 (KHTML, like Gecko) Mobile Safari/537.36 (compatible; PetalBot;+https://webmaster.petalsearch.com/site/petalbot)"
66.249.69.131 - - [20/Apr/2026:08:54:31 -0400] "GET /?j=72427803364946 HTTP/1.1" 200 1834 "-" "GoogleOther-Image/1.0"
193.160.245.97 - - [20/Apr/2026:08:54:38 -0400] "GET /?d=95345102107583 HTTP/1.1" 200 1830 "-" "Mozilla/5.0 (iPhone; CPU iPhone OS 17_2 like Mac OS X) AppleWebKit/605.1.15 (KHTML, like Gecko) EdgiOS/120.0.2210.141 Version/17.0 Mobile/15E148 Safari/604.1"
65.111.0.105 - - [20/Apr/2026:08:54:45 -0400] "GET /mysql.sql HTTP/1.1" 404 1251 "-" "Mozilla/5.0 (Windows NT 10.0; Win64; x64) AppleWebKit/537.36"
66.249.69.132 - - [20/Apr/2026:08:54:59 -0400] "GET /?j=70698609144149 HTTP/1.1" 200 1819 "-" "GoogleOther-Image/1.0"
52.167.144.159 - - [20/Apr/2026:08:55:06 -0400] "GET /shop/pentaphyllous/satinette2676680879.html HTTP/1.1" 404 1251 "-" "Mozilla/5.0 AppleWebKit/537.36 (KHTML, like Gecko; compatible; bingbot/2.0; +http://www.bing.com/bingbot.htm) Chrome/116.0.1938.76 Safari/537.36"
66.249.69.133 - - [20/Apr/2026:08:55:43 -0400] "GET /?j=9772723982264 HTTP/1.1" 200 1834 "-" "GoogleOther-Image/1.0"
52.167.144.159 - - [20/Apr/2026:08:55:58 -0400] "GET /shop/porpitoid/fuzzines8844010225.html HTTP/1.1" 404 1251 "-" "Mozilla/5.0 AppleWebKit/537.36 (KHTML, like Gecko; compatible; bingbot/2.0; +http://www.bing.com/bingbot.htm) Chrome/116.0.1938.76 Safari/537.36"
52.167.144.159 - - [20/Apr/2026:08:55:58 -0400] "GET /shop/nondivorce/anisognathous39095185372.html HTTP/1.1" 404 1251 "-" "Mozilla/5.0 AppleWebKit/537.36 (KHTML, like Gecko; compatible; bingbot/2.0; +http://www.bing.com/bingbot.htm) Chrome/116.0.1938.76 Safari/537.36"
52.167.144.159 - - [20/Apr/2026:08:55:59 -0400] "GET /shop/whittrets/forerigging38121152890.html HTTP/1.1" 404 1251 "-" "Mozilla/5.0 AppleWebKit/537.36 (KHTML, like Gecko; compatible; bingbot/2.0; +http://www.bing.com/bingbot.htm) Chrome/116.0.1938.76 Safari/537.36"
52.167.144.159 - - [20/Apr/2026:08:55:59 -0400] "GET /shop/redisplay/supranormal56106129528.html HTTP/1.1" 404 1251 "-" "Mozilla/5.0 AppleWebKit/537.36 (KHTML, like Gecko; compatible; bingbot/2.0; +http://www.bing.com/bingbot.htm) Chrome/116.0.1938.76 Safari/537.36"
52.167.144.159 - - [20/Apr/2026:08:55:59 -0400] "GET /shop/corkwood/quarterstaves3909563102.html HTTP/1.1" 404 1251 "-" "Mozilla/5.0 AppleWebKit/537.36 (KHTML, like Gecko; compatible; bingbot/2.0; +http://www.bing.com/bingbot.htm) Chrome/116.0.1938.76 Safari/537.36"
40.77.167.16 - - [20/Apr/2026:08:56:04 -0400] "GET /shop/cathine/besplatter71654125728.html HTTP/1.1" 404 1251 "-" "Mozilla/5.0 AppleWebKit/537.36 (KHTML, like Gecko; compatible; bingbot/2.0; +http://www.bing.com/bingbot.htm) Chrome/116.0.1938.76 Safari/537.36"
52.167.144.159 - - [20/Apr/2026:08:56:09 -0400] "GET /shop/subplant/devesting26766269260.html HTTP/1.1" 404 1251 "-" "Mozilla/5.0 AppleWebKit/537.36 (KHTML, like Gecko; compatible; bingbot/2.0; +http://www.bing.com/bingbot.htm) Chrome/116.0.1938.76 Safari/537.36"
52.167.144.159 - - [20/Apr/2026:08:56:09 -0400] "GET /shop/chalybes/think6351434419.html HTTP/1.1" 404 1251 "-" "Mozilla/5.0 AppleWebKit/537.36 (KHTML, like Gecko; compatible; bingbot/2.0; +http://www.bing.com/bingbot.htm) Chrome/116.0.1938.76 Safari/537.36"
66.249.69.132 - - [20/Apr/2026:08:56:15 -0400] "GET /?j=93495412465778 HTTP/1.1" 200 1834 "-" "GoogleOther-Image/1.0"
62.164.177.47 - - [20/Apr/2026:08:56:40 -0400] "GET / HTTP/1.1" 200 1830 "-" "Mozilla/5.0 (Macintosh; Intel Mac OS X 10_15_7) AppleWebKit/605.1.15 (KHTML, like Gecko) Version/18.4 Safari/605.1.15"
62.164.177.47 - - [20/Apr/2026:08:56:40 -0400] "GET / HTTP/1.1" 200 1830 "-" "Mozilla/5.0 (Macintosh; Intel Mac OS X 10_15_7) AppleWebKit/537.36 (KHTML, like Gecko) Chrome/136.0.0.0 Safari/537.36"
62.164.177.47 - - [20/Apr/2026:08:56:41 -0400] "GET / HTTP/1.1" 200 1830 "-" "Mozilla/5.0 (Macintosh; Intel Mac OS X 10_15_7) AppleWebKit/537.36 (KHTML, like Gecko) Chrome/136.0.0.0 Safari/537.36"
46.226.160.239 - - [20/Apr/2026:08:56:49 -0400] "GET / HTTP/1.1" 200 1814 "-" "Mozilla/5.0 (Macintosh; Intel Mac OS X 10_15_7) AppleWebKit/537.36 (KHTML, like Gecko) Chrome/136.0.0.0 Safari/537.36"
66.249.69.131 - - [20/Apr/2026:08:56:51 -0400] "GET /?j=60087353448917 HTTP/1.1" 200 1834 "-" "GoogleOther-Image/1.0"
185.125.171.171 - - [20/Apr/2026:08:57:00 -0400] "GET / HTTP/1.1" 200 1830 "-" "Mozilla/5.0 (Macintosh; Intel Mac OS X 10.15; rv:135.0) Gecko/20100101 Firefox/135.0"
39.72.232.105 - - [20/Apr/2026:08:57:02 -0400] "GET / HTTP/1.1" 200 1814 "-" "Mozilla/5.0 (Macintosh; Intel Mac OS X 10_15_7) AppleWebKit/605.1.15 (KHTML, like Gecko) Version/18.4 Safari/605.1.15"
118.107.29.235 - - [20/Apr/2026:08:57:04 -0400] "GET / HTTP/1.1" 200 1814 "-" "Mozilla/5.0 (Macintosh; Intel Mac OS X 10_15_7) AppleWebKit/605.1.15 (KHTML, like Gecko) Version/18.4 Safari/605.1.15"
120.227.66.50 - - [20/Apr/2026:08:57:13 -0400] "GET / HTTP/1.1" 200 1814 "-" "Mozilla/5.0 (Macintosh; Intel Mac OS X 10_15_7) AppleWebKit/537.36 (KHTML, like Gecko) Chrome/136.0.0.0 Safari/537.36"
119.4.217.47 - - [20/Apr/2026:08:57:21 -0400] "GET / HTTP/1.1" 200 1814 "-" "Mozilla/5.0 (Macintosh; Intel Mac OS X 10_15_7) AppleWebKit/537.36 (KHTML, like Gecko) Chrome/136.0.0.0 Safari/537.36"
66.249.69.132 - - [20/Apr/2026:08:57:21 -0400] "GET /?j=41314284220042 HTTP/1.1" 200 1819 "-" "GoogleOther-Image/1.0"
176.100.39.55 - - [20/Apr/2026:08:57:28 -0400] "GET / HTTP/1.1" 200 1830 "-" "Mozilla/5.0 (Macintosh; Intel Mac OS X 10.15; rv:135.0) Gecko/20100101 Firefox/135.0"
93.177.116.84 - - [20/Apr/2026:08:57:34 -0400] "GET / HTTP/1.1" 200 1814 "-" "Mozilla/5.0 (Macintosh; Intel Mac OS X 10_15_7) AppleWebKit/605.1.15 (KHTML, like Gecko) Version/18.4 Safari/605.1.15"
66.249.69.131 - - [20/Apr/2026:08:57:52 -0400] "GET /?j=45450068102743 HTTP/1.1" 200 1819 "-" "GoogleOther-Image/1.0"
216.244.66.241 - - [20/Apr/2026:08:58:07 -0400] "GET /wp-includes/class-wp-image-editor.php HTTP/1.1" 403 1242 "-" "Mozilla/5.0 (compatible; DotBot/1.2; +https://opensiteexplorer.org/dotbot; help@moz.com)"
216.244.66.241 - - [20/Apr/2026:08:58:18 -0400] "GET /wp-includes/class-wp-user-request.php HTTP/1.1" 403 1242 "-" "Mozilla/5.0 (compatible; DotBot/1.2; +https://opensiteexplorer.org/dotbot; help@moz.com)"
66.249.69.132 - - [20/Apr/2026:08:58:22 -0400] "GET /?j=97755343910443 HTTP/1.1" 200 1819 "-" "GoogleOther-Image/1.0"
216.244.66.241 - - [20/Apr/2026:08:58:39 -0400] "GET /wp-includes/robots-template.php HTTP/1.1" 403 1242 "-" "Mozilla/5.0 (compatible; DotBot/1.2; +https://opensiteexplorer.org/dotbot; help@moz.com)"
114.119.144.212 - - [20/Apr/2026:08:58:42 -0400] "GET /shop/tintamar/bubonocele32730207183.html HTTP/1.1" 404 1251 "https://davidsteele.com/sitemap532.xml" "Mozilla/5.0 (Linux; Android 7.0;) AppleWebKit/537.36 (KHTML, like Gecko) Mobile Safari/537.36 (compatible; PetalBot;+https://webmaster.petalsearch.com/site/petalbot)"
66.249.69.131 - - [20/Apr/2026:08:58:51 -0400] "GET /?j=47532866240014 HTTP/1.1" 200 1834 "-" "GoogleOther-Image/1.0"
40.77.167.16 - - [20/Apr/2026:08:58:52 -0400] "GET /shop/tailwards/humorers39095233012.html HTTP/1.1" 404 1251 "-" "Mozilla/5.0 AppleWebKit/537.36 (KHTML, like Gecko; compatible; bingbot/2.0; +http://www.bing.com/bingbot.htm) Chrome/116.0.1938.76 Safari/537.36"
216.244.66.241 - - [20/Apr/2026:08:59:10 -0400] "GET /wp-includes/block-patterns/ HTTP/1.1" 200 4425 "-" "Mozilla/5.0 (compatible; DotBot/1.2; +https://opensiteexplorer.org/dotbot; help@moz.com)"
40.77.167.18 - - [20/Apr/2026:08:59:11 -0400] "GET /shop/millruns/cliv2676643074.html HTTP/1.1" 404 1251 "-" "Mozilla/5.0 AppleWebKit/537.36 (KHTML, like Gecko; compatible; bingbot/2.0; +http://www.bing.com/bingbot.htm) Chrome/116.0.1938.76 Safari/537.36"
66.249.69.133 - - [20/Apr/2026:08:59:20 -0400] "GET /?j=28904573673474 HTTP/1.1" 200 1834 "-" "GoogleOther-Image/1.0"
162.0.209.96 - - [20/Apr/2026:08:59:36 -0400] "POST /wp-cron.php?doing_wp_cron=1776689976.1848459243774414062500 HTTP/1.1" 200 0 "-" "WordPress/6.8.5; https://davidsteele.com"
103.127.108.57 - - [20/Apr/2026:08:59:30 -0400] "POST /xmlrpc.php HTTP/1.1" 200 714 "-" "Jetpack/12.5; WordPress/6.2; http://site73016608.com"
103.127.108.57 - - [20/Apr/2026:08:59:40 -0400] "POST /xmlrpc.php HTTP/1.1" 200 714 "-" "Jetpack/12.5; WordPress/6.1; http://site78380762.com"
192.178.6.73 - - [20/Apr/2026:08:59:48 -0400] "GET /products.php?d=82819129039192 HTTP/1.1" 404 1251 "-" "GoogleOther-Image/1.0"
103.127.108.57 - - [20/Apr/2026:08:59:51 -0400] "POST /xmlrpc.php HTTP/1.1" 200 714 "-" "Jetpack by WordPress.com (Jetpack 13.0; WordPress 6.2)"
103.127.108.57 - - [20/Apr/2026:09:00:01 -0400] "POST /xmlrpc.php HTTP/1.1" 200 714 "-" "Jetpack by WordPress.com"
103.127.108.57 - - [20/Apr/2026:09:00:12 -0400] "POST /xmlrpc.php HTTP/1.1" 200 714 "-" "Jetpack/12.1; WordPress/6.3; http://site25506596.com"
103.127.108.57 - - [20/Apr/2026:09:00:22 -0400] "POST /xmlrpc.php HTTP/1.1" 200 714 "-" "Jetpack by WordPress.com (Jetpack 12.0; WordPress 6.1)"
103.127.108.57 - - [20/Apr/2026:09:00:33 -0400] "POST /xmlrpc.php HTTP/1.1" 200 714 "-" "Jetpack/12.1; WordPress/6.1; http://site18023196.com"
114.119.135.36 - - [20/Apr/2026:09:00:44 -0400] "GET /shop/tinnitus/schoolbutter7165424917.html HTTP/1.1" 404 1251 "https://davidsteele.com/sitemap112.xml" "Mozilla/5.0 (Linux; Android 7.0;) AppleWebKit/537.36 (KHTML, like Gecko) Mobile Safari/537.36 (compatible; PetalBot;+https://webmaster.petalsearch.com/site/petalbot)"
103.127.108.57 - - [20/Apr/2026:09:00:44 -0400] "POST /xmlrpc.php HTTP/1.1" 200 714 "-" "Jetpack/12.5; WordPress/6.4; http://site45827165.com"
66.249.69.132 - - [20/Apr/2026:09:00:50 -0400] "GET /?j=77363546415213 HTTP/1.1" 200 1833 "-" "GoogleOther-Image/1.0"
103.127.108.57 - - [20/Apr/2026:09:00:54 -0400] "POST /xmlrpc.php HTTP/1.1" 200 714 "-" "WordPress.com; https://wordpress.com"
103.127.108.57 - - [20/Apr/2026:09:01:05 -0400] "POST /xmlrpc.php HTTP/1.1" 200 714 "-" "Jetpack by WordPress.com (Jetpack 12.5; WordPress 6.1)"
103.127.108.57 - - [20/Apr/2026:09:01:16 -0400] "POST /xmlrpc.php HTTP/1.1" 200 0 "-" "Jetpack by WordPress.com"
66.249.69.131 - - [20/Apr/2026:09:01:33 -0400] "GET /?j=30903770637892 HTTP/1.1" 200 1818 "-" "GoogleOther-Image/1.0"
103.127.108.57 - - [20/Apr/2026:09:01:29 -0400] "POST /xmlrpc.php HTTP/1.1" 200 714 "-" "Jetpack by WordPress.com (Jetpack 13.0; WordPress 6.4)"
52.167.144.159 - - [20/Apr/2026:09:01:37 -0400] "GET /shop/outlaying/crushable3812132624.html HTTP/1.1" 404 1251 "-" "Mozilla/5.0 AppleWebKit/537.36 (KHTML, like Gecko; compatible; bingbot/2.0; +http://www.bing.com/bingbot.htm) Chrome/116.0.1938.76 Safari/537.36"
52.167.144.159 - - [20/Apr/2026:09:01:38 -0400] "GET /shop/corambis/intercartilaginous56106239537.html HTTP/1.1" 404 1251 "-" "Mozilla/5.0 AppleWebKit/537.36 (KHTML, like Gecko; compatible; bingbot/2.0; +http://www.bing.com/bingbot.htm) Chrome/116.0.1938.76 Safari/537.36"
52.167.144.159 - - [20/Apr/2026:09:01:38 -0400] "GET /shop/buzzwigs/dressoirs2676610473.html HTTP/1.1" 404 1251 "-" "Mozilla/5.0 AppleWebKit/537.36 (KHTML, like Gecko; compatible; bingbot/2.0; +http://www.bing.com/bingbot.htm) Chrome/116.0.1938.76 Safari/537.36"
52.167.144.159 - - [20/Apr/2026:09:01:38 -0400] "GET /shop/anemic/pseudorepublican56106265297.html HTTP/1.1" 404 1251 "-" "Mozilla/5.0 AppleWebKit/537.36 (KHTML, like Gecko; compatible; bingbot/2.0; +http://www.bing.com/bingbot.htm) Chrome/116.0.1938.76 Safari/537.36"
103.127.108.57 - - [20/Apr/2026:09:01:37 -0400] "POST /xmlrpc.php HTTP/1.1" 200 714 "-" "WordPress.com; https://wordpress.com"
40.77.167.18 - - [20/Apr/2026:09:01:47 -0400] "GET /shop/haulse/antianarchist8844058839.html HTTP/1.1" 404 1251 "-" "Mozilla/5.0 AppleWebKit/537.36 (KHTML, like Gecko; compatible; bingbot/2.0; +http://www.bing.com/bingbot.htm) Chrome/116.0.1938.76 Safari/537.36"
200.25.47.132 - - [20/Apr/2026:09:01:43 -0400] "POST /xmlrpc.php HTTP/1.1" 200 714 "-" "Mozilla/5.0 (Windows NT 10.0; Win64; x64) AppleWebKit/537.36 (KHTML, like Gecko) Chrome/114.0.0.0 Safari/537.36"
40.77.167.16 - - [20/Apr/2026:09:01:51 -0400] "GET /shop/overexpressiveness/quagmiry39095210537.html HTTP/1.1" 404 1251 "-" "Mozilla/5.0 AppleWebKit/537.36 (KHTML, like Gecko; compatible; bingbot/2.0; +http://www.bing.com/bingbot.htm) Chrome/116.0.1938.76 Safari/537.36"
103.127.108.57 - - [20/Apr/2026:09:01:48 -0400] "POST /xmlrpc.php HTTP/1.1" 200 714 "-" "Jetpack/12.1; WordPress/6.1; http://site89217215.com"
40.77.167.16 - - [20/Apr/2026:09:01:52 -0400] "GET /shop/carlo/unfervently8844029534.html HTTP/1.1" 404 1251 "-" "Mozilla/5.0 AppleWebKit/537.36 (KHTML, like Gecko; compatible; bingbot/2.0; +http://www.bing.com/bingbot.htm) Chrome/116.0.1938.76 Safari/537.36"
40.77.167.16 - - [20/Apr/2026:09:01:52 -0400] "GET /?d=44126731516549 HTTP/1.1" 200 1827 "-" "Mozilla/5.0 AppleWebKit/537.36 (KHTML, like Gecko; compatible; bingbot/2.0; +http://www.bing.com/bingbot.htm) Chrome/116.0.1938.76 Safari/537.36"
40.77.167.16 - - [20/Apr/2026:09:01:52 -0400] "GET /shop/nonsequaciousness/choromania3273057666.html HTTP/1.1" 404 1251 "-" "Mozilla/5.0 AppleWebKit/537.36 (KHTML, like Gecko; compatible; bingbot/2.0; +http://www.bing.com/bingbot.htm) Chrome/116.0.1938.76 Safari/537.36"
200.25.47.132 - - [20/Apr/2026:09:01:51 -0400] "POST /xmlrpc.php HTTP/1.1" 200 714 "-" "Mozilla/5.0 (Windows NT 10.0; Win64; x64) AppleWebKit/537.36 (KHTML, like Gecko) Chrome/114.0.0.0 Safari/537.36"
103.127.108.57 - - [20/Apr/2026:09:01:58 -0400] "POST /xmlrpc.php HTTP/1.1" 200 714 "-" "Jetpack by WordPress.com"
103.127.108.57 - - [20/Apr/2026:09:02:09 -0400] "POST /xmlrpc.php HTTP/1.1" 200 714 "-" "Jetpack by WordPress.com (Jetpack 13.0; WordPress 6.4)"
103.127.108.57 - - [20/Apr/2026:09:02:20 -0400] "POST /xmlrpc.php HTTP/1.1" 200 0 "-" "Jetpack by WordPress.com"
103.127.108.57 - - [20/Apr/2026:09:02:31 -0400] "POST /xmlrpc.php HTTP/1.1" 200 714 "-" "WordPress.com; https://wordpress.com"
66.249.69.131 - - [20/Apr/2026:09:02:45 -0400] "GET /?j=87894865686725 HTTP/1.1" 200 1833 "-" "GoogleOther-Image/1.0"
103.127.108.57 - - [20/Apr/2026:09:02:41 -0400] "POST /xmlrpc.php HTTP/1.1" 200 714 "-" "Jetpack by WordPress.com"
103.127.108.57 - - [20/Apr/2026:09:02:52 -0400] "POST /xmlrpc.php HTTP/1.1" 200 0 "-" "WordPress.com; https://wordpress.com"
114.119.135.36 - - [20/Apr/2026:09:02:57 -0400] "GET /shop/timberlike/crutter2676651160.html HTTP/1.1" 404 1251 "https://davidsteele.com/sitemap724.xml" "Mozilla/5.0 (Linux; Android 7.0;) AppleWebKit/537.36 (KHTML, like Gecko) Mobile Safari/537.36 (compatible; PetalBot;+https://webmaster.petalsearch.com/site/petalbot)"
103.127.108.57 - - [20/Apr/2026:09:03:03 -0400] "POST /xmlrpc.php HTTP/1.1" 200 0 "-" "Jetpack by WordPress.com (Jetpack 12.0; WordPress 6.3)"
31.56.177.209 - - [20/Apr/2026:09:03:11 -0400] "GET /12825-2/ HTTP/1.1" 404 1251 "https://davidsteele.com/" "Mozilla/5.0 (Windows NT 10.0; WOW64) AppleWebKit/537.36 (KHTML, like Gecko) Chrome/114.0.0.0 Safari/537.36 Vivaldi/5.3.2679.68"
31.56.177.209 - - [20/Apr/2026:09:03:11 -0400] "GET / HTTP/1.1" 200 1816 "-" "Mozilla/5.0 (Windows NT 10.0; WOW64) AppleWebKit/537.36 (KHTML, like Gecko) Chrome/114.0.0.0 Safari/537.36 Vivaldi/5.3.2679.68"
31.56.177.209 - - [20/Apr/2026:09:03:14 -0400] "GET /googleb9a3f1065d27d168.html HTTP/1.1" 200 53 "https://davidsteele.com" "Mozilla/5.0 (Windows NT 10.0; WOW64) AppleWebKit/537.36 (KHTML, like Gecko) Chrome/114.0.0.0 Safari/537.36 Vivaldi/5.3.2679.68"
103.127.108.57 - - [20/Apr/2026:09:03:14 -0400] "POST /xmlrpc.php HTTP/1.1" 200 714 "-" "Jetpack/13.0; WordPress/6.4; http://site96562766.com"
66.249.69.131 - - [20/Apr/2026:09:03:20 -0400] "GET /?j=41689386853767 HTTP/1.1" 200 1820 "-" "GoogleOther-Image/1.0"
103.127.108.57 - - [20/Apr/2026:09:03:23 -0400] "POST /xmlrpc.php HTTP/1.1" 200 0 "-" "WordPress.com; https://wordpress.com"
103.127.108.57 - - [20/Apr/2026:09:03:35 -0400] "POST /xmlrpc.php HTTP/1.1" 200 0 "-" "Jetpack/12.1; WordPress/6.4; http://site59540772.com"
103.127.108.57 - - [20/Apr/2026:09:03:45 -0400] "POST /xmlrpc.php HTTP/1.1" 200 0 "-" "WordPress.com; https://wordpress.com"
40.77.167.18 - - [20/Apr/2026:09:03:54 -0400] "GET /shop/areotectonics/adience39095276575.html HTTP/1.1" 404 1251 "-" "Mozilla/5.0 AppleWebKit/537.36 (KHTML, like Gecko; compatible; bingbot/2.0; +http://www.bing.com/bingbot.htm) Chrome/116.0.1938.76 Safari/537.36"
40.77.167.18 - - [20/Apr/2026:09:03:54 -0400] "GET /shop/offbeat/conditionality63514111394.html HTTP/1.1" 404 1251 "-" "Mozilla/5.0 AppleWebKit/537.36 (KHTML, like Gecko; compatible; bingbot/2.0; +http://www.bing.com/bingbot.htm) Chrome/116.0.1938.76 Safari/537.36"
40.77.167.18 - - [20/Apr/2026:09:03:55 -0400] "GET /shop/nonbank/unsly2676623027.html HTTP/1.1" 404 1251 "-" "Mozilla/5.0 AppleWebKit/537.36 (KHTML, like Gecko; compatible; bingbot/2.0; +http://www.bing.com/bingbot.htm) Chrome/116.0.1938.76 Safari/537.36"
66.249.69.131 - - [20/Apr/2026:09:03:57 -0400] "GET /?j=69464476107106 HTTP/1.1" 200 1835 "-" "GoogleOther-Image/1.0"
40.77.167.16 - - [20/Apr/2026:09:03:58 -0400] "GET /shop/planlessness/subdual26766200783.html HTTP/1.1" 404 1251 "-" "Mozilla/5.0 AppleWebKit/537.36 (KHTML, like Gecko; compatible; bingbot/2.0; +http://www.bing.com/bingbot.htm) Chrome/116.0.1938.76 Safari/537.36"
40.77.167.16 - - [20/Apr/2026:09:03:59 -0400] "GET /shop/hylopathism/cougars3812153260.html HTTP/1.1" 404 1251 "-" "Mozilla/5.0 AppleWebKit/537.36 (KHTML, like Gecko; compatible; bingbot/2.0; +http://www.bing.com/bingbot.htm) Chrome/116.0.1938.76 Safari/537.36"
40.77.167.16 - - [20/Apr/2026:09:03:59 -0400] "GET /shop/partnerships/balductum8103032785.html HTTP/1.1" 404 1251 "-" "Mozilla/5.0 AppleWebKit/537.36 (KHTML, like Gecko; compatible; bingbot/2.0; +http://www.bing.com/bingbot.htm) Chrome/116.0.1938.76 Safari/537.36"
52.167.144.159 - - [20/Apr/2026:09:04:04 -0400] "GET /shop/legislatresses/unnaturalness56106244577.html HTTP/1.1" 404 1251 "-" "Mozilla/5.0 AppleWebKit/537.36 (KHTML, like Gecko; compatible; bingbot/2.0; +http://www.bing.com/bingbot.htm) Chrome/116.0.1938.76 Safari/537.36"
52.167.144.159 - - [20/Apr/2026:09:04:04 -0400] "GET /shop/inconquerable/caviller38121110768.html HTTP/1.1" 404 1251 "-" "Mozilla/5.0 AppleWebKit/537.36 (KHTML, like Gecko; compatible; bingbot/2.0; +http://www.bing.com/bingbot.htm) Chrome/116.0.1938.76 Safari/537.36"
103.127.108.57 - - [20/Apr/2026:09:03:56 -0400] "POST /xmlrpc.php HTTP/1.1" 200 714 "-" "WordPress.com; https://wordpress.com"
103.127.108.57 - - [20/Apr/2026:09:04:06 -0400] "POST /xmlrpc.php HTTP/1.1" 200 0 "-" "Jetpack by WordPress.com"
103.127.108.57 - - [20/Apr/2026:09:04:18 -0400] "POST /xmlrpc.php HTTP/1.1" 200 0 "-" "Jetpack by WordPress.com (Jetpack 13.0; WordPress 6.4)"
103.127.108.57 - - [20/Apr/2026:09:04:29 -0400] "POST /xmlrpc.php HTTP/1.1" 200 0 "-" "Jetpack by WordPress.com (Jetpack 12.5; WordPress 6.2)"
103.127.108.57 - - [20/Apr/2026:09:04:39 -0400] "POST /xmlrpc.php HTTP/1.1" 200 0 "-" "WordPress.com; https://wordpress.com"
103.127.108.57 - - [20/Apr/2026:09:04:49 -0400] "POST /xmlrpc.php HTTP/1.1" 200 0 "-" "Jetpack by WordPress.com"
103.127.108.57 - - [20/Apr/2026:09:05:02 -0400] "POST /xmlrpc.php HTTP/1.1" 200 0 "-" "Jetpack/12.5; WordPress/6.2; http://site56622910.com"
103.127.108.57 - - [20/Apr/2026:09:05:11 -0400] "POST /xmlrpc.php HTTP/1.1" 200 0 "-" "Jetpack/12.5; WordPress/6.1; http://site42529163.com"
103.127.108.57 - - [20/Apr/2026:09:05:22 -0400] "POST /xmlrpc.php HTTP/1.1" 200 0 "-" "WordPress.com; https://wordpress.com"
103.127.108.57 - - [20/Apr/2026:09:05:32 -0400] "POST /xmlrpc.php HTTP/1.1" 200 0 "-" "Jetpack/13.0; WordPress/6.4; http://site16377758.com"
103.127.108.57 - - [20/Apr/2026:09:05:42 -0400] "POST /xmlrpc.php HTTP/1.1" 200 0 "-" "Jetpack by WordPress.com (Jetpack 12.5; WordPress 6.2)"
95.108.213.109 - - [20/Apr/2026:09:05:50 -0400] "GET /?d=23532706916780 HTTP/1.1" 200 2145 "-" "Mozilla/5.0 (compatible; YandexBot/3.0; +http://yandex.com/bots)"
103.127.108.57 - - [20/Apr/2026:09:05:53 -0400] "POST /xmlrpc.php HTTP/1.1" 200 0 "-" "Jetpack by WordPress.com (Jetpack 12.5; WordPress 6.4)"
103.127.108.57 - - [20/Apr/2026:09:06:03 -0400] "POST /xmlrpc.php HTTP/1.1" 200 0 "-" "Jetpack by WordPress.com (Jetpack 12.5; WordPress 6.2)"
114.119.158.125 - - [20/Apr/2026:09:06:13 -0400] "GET /shop/thermodiffusion/normalities39095160228.html HTTP/1.1" 404 1251 "https://davidsteele.com/sitemap940.xml" "Mozilla/5.0 (Linux; Android 7.0;) AppleWebKit/537.36 (KHTML, like Gecko) Mobile Safari/537.36 (compatible; PetalBot;+https://webmaster.petalsearch.com/site/petalbot)"
66.249.69.132 - - [20/Apr/2026:09:06:13 -0400] "GET /?j=81798311235284 HTTP/1.1" 200 1819 "-" "GoogleOther-Image/1.0"
103.127.108.57 - - [20/Apr/2026:09:06:14 -0400] "POST /xmlrpc.php HTTP/1.1" 200 0 "-" "Jetpack/12.0; WordPress/6.4; http://site21528914.com"
52.167.144.209 - - [20/Apr/2026:09:06:28 -0400] "GET /shop/murgavi/snowbird56106171080.html HTTP/1.1" 404 1251 "-" "Mozilla/5.0 AppleWebKit/537.36 (KHTML, like Gecko; compatible; bingbot/2.0; +http://www.bing.com/bingbot.htm) Chrome/116.0.1938.76 Safari/537.36"
103.127.108.57 - - [20/Apr/2026:09:06:25 -0400] "POST /xmlrpc.php HTTP/1.1" 200 0 "-" "Jetpack by WordPress.com"
103.127.108.57 - - [20/Apr/2026:09:06:35 -0400] "POST /xmlrpc.php HTTP/1.1" 200 0 "-" "Jetpack/12.5; WordPress/6.3; http://site13950437.com"
216.73.216.15 - - [20/Apr/2026:09:06:41 -0400] "GET /sitemap.xml HTTP/1.1" 404 1251 "-" "Mozilla/5.0 AppleWebKit/537.36 (KHTML, like Gecko; compatible; ClaudeBot/1.0; +claudebot@anthropic.com)"
66.249.69.132 - - [20/Apr/2026:09:06:49 -0400] "GET /?j=27697682204303 HTTP/1.1" 200 1834 "-" "GoogleOther-Image/1.0"
91.235.225.50 - - [20/Apr/2026:09:06:50 -0400] "GET /?d=55508552670378 HTTP/1.1" 200 1830 "-" "Mozilla/5.0 (iPad; CPU OS 17_0_3 like Mac OS X) AppleWebKit/605.1.15 (KHTML, like Gecko) Version/17.0.1 Mobile/15E148 Safari/604.1"
103.127.108.57 - - [20/Apr/2026:09:06:46 -0400] "POST /xmlrpc.php HTTP/1.1" 200 0 "-" "WordPress.com; https://wordpress.com"
86.142.32.238 - - [20/Apr/2026:09:07:04 -0400] "GET /?d=79359730554876 HTTP/1.1" 200 1815 "-" "Mozilla/5.0 (Windows NT 10.0; Win64; x64) AppleWebKit/537.36 (KHTML, like Gecko) Chrome/121.0.0.0 Safari/537.36 Edg/121.0.0.0"
103.127.108.57 - - [20/Apr/2026:09:06:57 -0400] "POST /xmlrpc.php HTTP/1.1" 200 0 "-" "WordPress.com; https://wordpress.com"
103.127.108.57 - - [20/Apr/2026:09:07:07 -0400] "POST /xmlrpc.php HTTP/1.1" 200 0 "-" "Jetpack/12.0; WordPress/6.4; http://site17970716.com"
2.220.214.54 - - [20/Apr/2026:09:07:14 -0400] "GET /?d=23958813599228 HTTP/1.1" 200 1815 "-" "Mozilla/5.0 (iPhone; CPU iPhone OS 17_2 like Mac OS X) AppleWebKit/605.1.15 (KHTML, like Gecko) EdgiOS/120.0.2210.105 Version/17.0 Mobile/15E148 Safari/604.1"
103.127.108.57 - - [20/Apr/2026:09:07:18 -0400] "POST /xmlrpc.php HTTP/1.1" 200 0 "-" "Jetpack by WordPress.com"
66.249.69.132 - - [20/Apr/2026:09:07:27 -0400] "GET /?j=79303388804326 HTTP/1.1" 200 1834 "-" "GoogleOther-Image/1.0"
103.127.108.57 - - [20/Apr/2026:09:07:29 -0400] "POST /xmlrpc.php HTTP/1.1" 200 0 "-" "Jetpack/12.1; WordPress/6.1; http://site26703045.com"
103.127.108.57 - - [20/Apr/2026:09:07:39 -0400] "POST /xmlrpc.php HTTP/1.1" 200 0 "-" "Jetpack by WordPress.com"
66.249.69.131 - - [20/Apr/2026:09:07:56 -0400] "GET /?j=16661688887867 HTTP/1.1" 200 1819 "-" "GoogleOther-Image/1.0"
103.127.108.57 - - [20/Apr/2026:09:07:50 -0400] "POST /xmlrpc.php HTTP/1.1" 200 0 "-" "WordPress.com; https://wordpress.com"
114.119.135.36 - - [20/Apr/2026:09:08:06 -0400] "GET /shop/terranean/nasioinial26766116329.html HTTP/1.1" 404 1251 "https://davidsteele.com/sitemap445.xml" "Mozilla/5.0 (Linux; Android 7.0;) AppleWebKit/537.36 (KHTML, like Gecko) Mobile Safari/537.36 (compatible; PetalBot;+https://webmaster.petalsearch.com/site/petalbot)"
103.127.108.57 - - [20/Apr/2026:09:08:01 -0400] "POST /xmlrpc.php HTTP/1.1" 200 0 "-" "Jetpack by WordPress.com"
103.127.108.57 - - [20/Apr/2026:09:08:23 -0400] "POST /xmlrpc.php HTTP/1.1" 200 0 "-" "Jetpack/12.1; WordPress/6.4; http://site28976911.com"
66.249.69.131 - - [20/Apr/2026:09:08:34 -0400] "GET /?j=71388764919339 HTTP/1.1" 200 1819 "-" "GoogleOther-Image/1.0"
103.127.108.57 - - [20/Apr/2026:09:08:34 -0400] "POST /xmlrpc.php HTTP/1.1" 200 0 "-" "Jetpack/12.5; WordPress/6.4; http://site72713688.com"
103.127.108.57 - - [20/Apr/2026:09:08:44 -0400] "POST /xmlrpc.php HTTP/1.1" 200 0 "-" "Jetpack/12.5; WordPress/6.4; http://site96213479.com"
103.127.108.57 - - [20/Apr/2026:09:08:56 -0400] "POST /xmlrpc.php HTTP/1.1" 200 0 "-" "Jetpack/12.5; WordPress/6.1; http://site90450663.com"
66.249.69.133 - - [20/Apr/2026:09:09:03 -0400] "GET /?j=24948685424162 HTTP/1.1" 200 1834 "-" "GoogleOther-Image/1.0"
103.127.108.57 - - [20/Apr/2026:09:09:04 -0400] "POST /xmlrpc.php HTTP/1.1" 200 0 "-" "Jetpack by WordPress.com"
103.127.108.57 - - [20/Apr/2026:09:09:15 -0400] "POST /xmlrpc.php HTTP/1.1" 200 0 "-" "Jetpack by WordPress.com (Jetpack 13.0; WordPress 6.4)"
160.250.186.93 - - [20/Apr/2026:09:09:27 -0400] "GET /live-casino-anbieter/ HTTP/1.1" 404 1251 "https://davidsteele.com/" "Mozilla/5.0 (X11; Linux x86_64) AppleWebKit/537.36 (KHTML, like Gecko) Chrome/144.0.0.0 Safari/537.36"
160.250.186.93 - - [20/Apr/2026:09:09:28 -0400] "GET / HTTP/1.1" 200 1815 "-" "Mozilla/5.0 (X11; Linux x86_64) AppleWebKit/537.36 (KHTML, like Gecko) Chrome/144.0.0.0 Safari/537.36"
160.250.186.93 - - [20/Apr/2026:09:09:29 -0400] "GET /googleb9a3f1065d27d168.html HTTP/1.1" 200 53 "https://davidsteele.com" "Mozilla/5.0 (X11; Linux x86_64) AppleWebKit/537.36 (KHTML, like Gecko) Chrome/144.0.0.0 Safari/537.36"
66.249.69.132 - - [20/Apr/2026:09:09:32 -0400] "GET /?j=78345155587716 HTTP/1.1" 200 1834 "-" "GoogleOther-Image/1.0"
103.127.108.57 - - [20/Apr/2026:09:09:26 -0400] "POST /xmlrpc.php HTTP/1.1" 200 0 "-" "Jetpack by WordPress.com (Jetpack 12.0; WordPress 6.2)"
145.223.131.35 - - [20/Apr/2026:09:09:33 -0400] "GET /cgi-bin/sc/order.cgi?storeid=%2A1a0f9e13b0156abf08876deac24f55&dbname=products&itemnum=34&function=add HTTP/1.1" 404 1251 "-" "Mozilla/5.0 (Macintosh; Intel Mac OS X 13_5) AppleWebKit/605.1.15 (KHTML, like Gecko) Version/17.0 Safari/184.1"
103.127.108.57 - - [20/Apr/2026:09:09:36 -0400] "POST /xmlrpc.php HTTP/1.1" 200 0 "-" "Jetpack by WordPress.com"
103.127.108.57 - - [20/Apr/2026:09:09:47 -0400] "POST /xmlrpc.php HTTP/1.1" 200 0 "-" "Jetpack by WordPress.com (Jetpack 12.0; WordPress 6.1)"
103.127.108.57 - - [20/Apr/2026:09:09:58 -0400] "POST /xmlrpc.php HTTP/1.1" 200 0 "-" "Jetpack by WordPress.com (Jetpack 12.0; WordPress 6.2)"
103.127.108.57 - - [20/Apr/2026:09:10:08 -0400] "POST /xmlrpc.php HTTP/1.1" 200 0 "-" "Jetpack by WordPress.com (Jetpack 12.0; WordPress 6.2)"
103.127.108.57 - - [20/Apr/2026:09:10:19 -0400] "POST /xmlrpc.php HTTP/1.1" 200 0 "-" "Jetpack by WordPress.com (Jetpack 13.0; WordPress 6.4)"
114.119.152.71 - - [20/Apr/2026:09:10:28 -0400] "GET /shop/tenancy/unbuying63514154953.html HTTP/1.1" 404 1251 "https://davidsteele.com/sitemap651.xml" "Mozilla/5.0 (Linux; Android 7.0;) AppleWebKit/537.36 (KHTML, like Gecko) Mobile Safari/537.36 (compatible; PetalBot;+https://webmaster.petalsearch.com/site/petalbot)"
103.127.108.57 - - [20/Apr/2026:09:10:30 -0400] "POST /xmlrpc.php HTTP/1.1" 200 0 "-" "WordPress.com; https://wordpress.com"
103.127.108.57 - - [20/Apr/2026:09:10:40 -0400] "POST /xmlrpc.php HTTP/1.1" 200 0 "-" "WordPress.com; https://wordpress.com"
103.127.108.57 - - [20/Apr/2026:09:10:51 -0400] "POST /xmlrpc.php HTTP/1.1" 200 0 "-" "Jetpack/12.5; WordPress/6.3; http://site30765563.com"
103.127.108.57 - - [20/Apr/2026:09:11:01 -0400] "POST /xmlrpc.php HTTP/1.1" 200 0 "-" "Jetpack by WordPress.com (Jetpack 12.0; WordPress 6.3)"
103.127.108.57 - - [20/Apr/2026:09:11:13 -0400] "POST /xmlrpc.php HTTP/1.1" 200 0 "-" "Jetpack by WordPress.com"
66.249.69.133 - - [20/Apr/2026:09:11:24 -0400] "GET /?j=3599732092362 HTTP/1.1" 200 1834 "-" "GoogleOther-Image/1.0"
103.127.108.57 - - [20/Apr/2026:09:11:23 -0400] "POST /xmlrpc.php HTTP/1.1" 200 0 "-" "Jetpack by WordPress.com"
52.167.144.209 - - [20/Apr/2026:09:11:32 -0400] "GET /shop/angiomyosarcoma/diagnostics32730288009.html HTTP/1.1" 404 1251 "-" "Mozilla/5.0 AppleWebKit/537.36 (KHTML, like Gecko; compatible; bingbot/2.0; +http://www.bing.com/bingbot.htm) Chrome/116.0.1938.76 Safari/537.36"
52.167.144.209 - - [20/Apr/2026:09:11:32 -0400] "GET /shop/hypothesise/bierstuben71654261296.html HTTP/1.1" 404 1251 "-" "Mozilla/5.0 AppleWebKit/537.36 (KHTML, like Gecko; compatible; bingbot/2.0; +http://www.bing.com/bingbot.htm) Chrome/116.0.1938.76 Safari/537.36"
52.167.144.209 - - [20/Apr/2026:09:11:33 -0400] "GET /shop/noncannibalistic/supererogantly3812145400.html HTTP/1.1" 404 1251 "-" "Mozilla/5.0 AppleWebKit/537.36 (KHTML, like Gecko; compatible; bingbot/2.0; +http://www.bing.com/bingbot.htm) Chrome/116.0.1938.76 Safari/537.36"
52.167.144.209 - - [20/Apr/2026:09:11:33 -0400] "GET /shop/unimpurpled/midwise32730254656.html HTTP/1.1" 404 1251 "-" "Mozilla/5.0 AppleWebKit/537.36 (KHTML, like Gecko; compatible; bingbot/2.0; +http://www.bing.com/bingbot.htm) Chrome/116.0.1938.76 Safari/537.36"
40.77.167.63 - - [20/Apr/2026:09:11:35 -0400] "GET /shop/holist/esophagotome6351434656.html HTTP/1.1" 404 1251 "-" "Mozilla/5.0 AppleWebKit/537.36 (KHTML, like Gecko; compatible; bingbot/2.0; +http://www.bing.com/bingbot.htm) Chrome/116.0.1938.76 Safari/537.36"
40.77.167.143 - - [20/Apr/2026:09:11:36 -0400] "GET /shop/athwartwise/unstoried6480567618.html HTTP/1.1" 404 1251 "-" "Mozilla/5.0 AppleWebKit/537.36 (KHTML, like Gecko; compatible; bingbot/2.0; +http://www.bing.com/bingbot.htm) Chrome/116.0.1938.76 Safari/537.36"
40.77.167.143 - - [20/Apr/2026:09:11:37 -0400] "GET /shop/mawsie/hackliest6351449949.html HTTP/1.1" 404 1251 "-" "Mozilla/5.0 AppleWebKit/537.36 (KHTML, like Gecko; compatible; bingbot/2.0; +http://www.bing.com/bingbot.htm) Chrome/116.0.1938.76 Safari/537.36"
40.77.167.143 - - [20/Apr/2026:09:11:37 -0400] "GET /shop/hydrolyzing/emphraxis26766202191.html HTTP/1.1" 404 1251 "-" "Mozilla/5.0 AppleWebKit/537.36 (KHTML, like Gecko; compatible; bingbot/2.0; +http://www.bing.com/bingbot.htm) Chrome/116.0.1938.76 Safari/537.36"
62.164.177.47 - - [20/Apr/2026:09:11:40 -0400] "GET / HTTP/1.1" 200 1830 "-" "Mozilla/5.0 (Macintosh; Intel Mac OS X 10_15_7) AppleWebKit/605.1.15 (KHTML, like Gecko) Version/18.4 Safari/605.1.15"
103.127.108.57 - - [20/Apr/2026:09:11:34 -0400] "POST /xmlrpc.php HTTP/1.1" 200 0 "-" "Jetpack by WordPress.com (Jetpack 12.0; WordPress 6.1)"
62.164.177.47 - - [20/Apr/2026:09:11:41 -0400] "GET / HTTP/1.1" 200 1830 "-" "Mozilla/5.0 (Macintosh; Intel Mac OS X 10_15_7) AppleWebKit/537.36 (KHTML, like Gecko) Chrome/136.0.0.0 Safari/537.36"
62.164.177.47 - - [20/Apr/2026:09:11:41 -0400] "GET / HTTP/1.1" 200 1815 "-" "Mozilla/5.0 (Macintosh; Intel Mac OS X 10_15_7) AppleWebKit/537.36 (KHTML, like Gecko) Chrome/136.0.0.0 Safari/537.36"
106.226.70.58 - - [20/Apr/2026:09:11:43 -0400] "GET / HTTP/1.1" 200 1830 "-" "Mozilla/5.0 (Macintosh; Intel Mac OS X 10_15_7) AppleWebKit/605.1.15 (KHTML, like Gecko) Version/18.4 Safari/605.1.15"
103.127.108.57 - - [20/Apr/2026:09:11:44 -0400] "POST /xmlrpc.php HTTP/1.1" 200 0 "-" "Jetpack by WordPress.com (Jetpack 12.5; WordPress 6.4)"
106.5.241.166 - - [20/Apr/2026:09:12:00 -0400] "GET / HTTP/1.1" 200 1830 "-" "Mozilla/5.0 (Macintosh; Intel Mac OS X 10_15_7) AppleWebKit/605.1.15 (KHTML, like Gecko) Version/18.4 Safari/605.1.15"
103.127.108.57 - - [20/Apr/2026:09:11:55 -0400] "POST /xmlrpc.php HTTP/1.1" 200 0 "-" "Jetpack by WordPress.com (Jetpack 13.0; WordPress 6.2)"
114.119.156.247 - - [20/Apr/2026:09:12:03 -0400] "GET /shop/telepathy/advisory38121207449.html HTTP/1.1" 404 1251 "https://davidsteele.com/sitemap202.xml" "Mozilla/5.0 (Linux; Android 7.0;) AppleWebKit/537.36 (KHTML, like Gecko) Mobile Safari/537.36 (compatible; PetalBot;+https://webmaster.petalsearch.com/site/petalbot)"
40.77.167.63 - - [20/Apr/2026:09:12:04 -0400] "GET /shop/periaxillary/nonpermissively5610649586.html HTTP/1.1" 404 1251 "-" "Mozilla/5.0 AppleWebKit/537.36 (KHTML, like Gecko; compatible; bingbot/2.0; +http://www.bing.com/bingbot.htm) Chrome/116.0.1938.76 Safari/537.36"
66.249.69.131 - - [20/Apr/2026:09:12:09 -0400] "GET /?j=7463230929017 HTTP/1.1" 200 1819 "-" "GoogleOther-Image/1.0"
103.127.108.57 - - [20/Apr/2026:09:12:05 -0400] "POST /xmlrpc.php HTTP/1.1" 200 0 "-" "Jetpack by WordPress.com"
103.127.108.57 - - [20/Apr/2026:09:12:16 -0400] "POST /xmlrpc.php HTTP/1.1" 200 0 "-" "Jetpack by WordPress.com (Jetpack 12.1; WordPress 6.1)"
183.95.182.6 - - [20/Apr/2026:09:12:28 -0400] "GET / HTTP/1.1" 200 1830 "-" "Mozilla/5.0 (Macintosh; Intel Mac OS X 10_15_7) AppleWebKit/537.36 (KHTML, like Gecko) Chrome/136.0.0.0 Safari/537.36"
103.127.108.57 - - [20/Apr/2026:09:12:27 -0400] "POST /xmlrpc.php HTTP/1.1" 200 0 "-" "Jetpack by WordPress.com (Jetpack 12.1; WordPress 6.1)"
192.42.116.43 - - [20/Apr/2026:09:12:34 -0400] "GET / HTTP/1.1" 200 1830 "-" "Mozilla/5.0 (Macintosh; Intel Mac OS X 10.15; rv:135.0) Gecko/20100101 Firefox/135.0"
84.47.150.125 - - [20/Apr/2026:09:12:35 -0400] "GET / HTTP/1.1" 200 1830 "-" "Mozilla/5.0 (Macintosh; Intel Mac OS X 10_15_7) AppleWebKit/605.1.15 (KHTML, like Gecko) Version/18.4 Safari/605.1.15"
110.181.192.247 - - [20/Apr/2026:09:12:37 -0400] "GET / HTTP/1.1" 200 1815 "-" "Mozilla/5.0 (Macintosh; Intel Mac OS X 10_15_7) AppleWebKit/605.1.15 (KHTML, like Gecko) Version/18.4 Safari/605.1.15"
117.150.147.207 - - [20/Apr/2026:09:12:39 -0400] "GET / HTTP/1.1" 200 1815 "-" "Mozilla/5.0 (Macintosh; Intel Mac OS X 10_15_7) AppleWebKit/537.36 (KHTML, like Gecko) Chrome/136.0.0.0 Safari/537.36"
103.127.108.57 - - [20/Apr/2026:09:12:37 -0400] "POST /xmlrpc.php HTTP/1.1" 200 0 "-" "Jetpack by WordPress.com"
103.127.108.57 - - [20/Apr/2026:09:12:48 -0400] "POST /xmlrpc.php HTTP/1.1" 200 0 "-" "Jetpack by WordPress.com (Jetpack 13.0; WordPress 6.1)"
103.127.108.57 - - [20/Apr/2026:09:12:59 -0400] "POST /xmlrpc.php HTTP/1.1" 200 0 "-" "WordPress.com; https://wordpress.com"
193.24.211.73 - - [20/Apr/2026:09:13:07 -0400] "GET / HTTP/1.1" 200 1830 "-" "Mozilla/5.0 (Macintosh; Intel Mac OS X 10_15_7) AppleWebKit/605.1.15 (KHTML, like Gecko) Version/26.0.1 Safari/605.1.15"
193.24.211.73 - - [20/Apr/2026:09:13:07 -0400] "GET / HTTP/1.1" 200 1815 "-" "Mozilla/5.0 (Macintosh; Intel Mac OS X 10_15_7) AppleWebKit/605.1.15 (KHTML, like Gecko) Version/26.0.1 Safari/605.1.15"
193.24.211.73 - - [20/Apr/2026:09:13:08 -0400] "GET / HTTP/1.1" 200 1830 "-" "Mozilla/5.0 (Macintosh; Intel Mac OS X 10_15_7) AppleWebKit/605.1.15 (KHTML, like Gecko) Version/26.0.1 Safari/605.1.15"
5.255.231.35 - - [20/Apr/2026:09:13:09 -0400] "GET /shop/shockproof-iphone-case-with-4-card-pockets/ HTTP/1.1" 404 1251 "-" "Mozilla/5.0 (compatible; YandexBot/3.0; +http://yandex.com/bots)"
8.209.255.13 - - [20/Apr/2026:09:13:10 -0400] "GET / HTTP/1.1" 200 1830 "-" "Mozilla/5.0 (Macintosh; Intel Mac OS X 10_15_7) AppleWebKit/537.36 (KHTML, like Gecko) Chrome/142.0.0.0 Safari/537.36"
103.127.108.57 - - [20/Apr/2026:09:13:09 -0400] "POST /xmlrpc.php HTTP/1.1" 200 0 "-" "Jetpack by WordPress.com"
168.144.75.9 - - [20/Apr/2026:09:13:21 -0400] "GET / HTTP/1.1" 200 1815 "-" "Mozilla/5.0 (Macintosh; Intel Mac OS X 10.15; rv:135.0) Gecko/20100101 Firefox/144.0"
66.249.69.131 - - [20/Apr/2026:09:13:22 -0400] "GET /?j=31024840780745 HTTP/1.1" 200 1819 "-" "GoogleOther-Image/1.0"
103.127.108.57 - - [20/Apr/2026:09:13:20 -0400] "POST /xmlrpc.php HTTP/1.1" 200 0 "-" "Jetpack by WordPress.com (Jetpack 12.0; WordPress 6.4)"
103.127.108.57 - - [20/Apr/2026:09:13:31 -0400] "POST /xmlrpc.php HTTP/1.1" 200 0 "-" "Jetpack by WordPress.com (Jetpack 12.0; WordPress 6.2)"
188.246.224.49 - - [20/Apr/2026:09:13:43 -0400] "GET / HTTP/1.1" 200 1815 "-" "Mozilla/5.0 (Macintosh; Intel Mac OS X 10.15; rv:135.0) Gecko/20100101 Firefox/144.0"
194.104.9.38 - - [20/Apr/2026:09:13:44 -0400] "GET / HTTP/1.1" 200 1830 "-" "Mozilla/5.0 (Macintosh; Intel Mac OS X 10_15_7) AppleWebKit/537.36 (KHTML, like Gecko) Chrome/142.0.0.0 Safari/537.36"
103.127.108.57 - - [20/Apr/2026:09:13:41 -0400] "POST /xmlrpc.php HTTP/1.1" 200 0 "-" "Jetpack/12.1; WordPress/6.4; http://site72713916.com"
200.174.198.102 - - [20/Apr/2026:09:13:53 -0400] "GET / HTTP/1.1" 200 1815 "-" "Mozilla/5.0 (Macintosh; Intel Mac OS X 10_15_7) AppleWebKit/605.1.15 (KHTML, like Gecko) Version/26.0.1 Safari/605.1.15"
103.127.108.57 - - [20/Apr/2026:09:13:52 -0400] "POST /xmlrpc.php HTTP/1.1" 200 0 "-" "WordPress.com; https://wordpress.com"
52.167.144.209 - - [20/Apr/2026:09:14:03 -0400] "GET /shop/nonreflecting/habitatio88440167297.html HTTP/1.1" 404 1251 "-" "Mozilla/5.0 AppleWebKit/537.36 (KHTML, like Gecko; compatible; bingbot/2.0; +http://www.bing.com/bingbot.htm) Chrome/116.0.1938.76 Safari/537.36"
66.249.69.131 - - [20/Apr/2026:09:14:04 -0400] "GET /?j=3712900545257 HTTP/1.1" 200 1819 "-" "GoogleOther-Image/1.0"
113.160.132.26 - - [20/Apr/2026:09:14:05 -0400] "GET / HTTP/1.1" 200 1830 "-" "Mozilla/5.0 (Macintosh; Intel Mac OS X 10_15_7) AppleWebKit/537.36 (KHTML, like Gecko) Chrome/142.0.0.0 Safari/537.36"
40.77.167.63 - - [20/Apr/2026:09:14:07 -0400] "GET /shop/chesapeake/donga6351434141.html HTTP/1.1" 404 1251 "-" "Mozilla/5.0 AppleWebKit/537.36 (KHTML, like Gecko; compatible; bingbot/2.0; +http://www.bing.com/bingbot.htm) Chrome/116.0.1938.76 Safari/537.36"
40.77.167.63 - - [20/Apr/2026:09:14:08 -0400] "GET /shop/panoplist/kosotoxin6351445199.html HTTP/1.1" 404 1251 "-" "Mozilla/5.0 AppleWebKit/537.36 (KHTML, like Gecko; compatible; bingbot/2.0; +http://www.bing.com/bingbot.htm) Chrome/116.0.1938.76 Safari/537.36"
40.77.167.63 - - [20/Apr/2026:09:14:08 -0400] "GET /shop/solfge/areography71654205638.html HTTP/1.1" 404 1251 "-" "Mozilla/5.0 AppleWebKit/537.36 (KHTML, like Gecko; compatible; bingbot/2.0; +http://www.bing.com/bingbot.htm) Chrome/116.0.1938.76 Safari/537.36"
40.77.167.63 - - [20/Apr/2026:09:14:08 -0400] "GET /shop/oldnesses/anticrochet63514163878.html HTTP/1.1" 404 1251 "-" "Mozilla/5.0 AppleWebKit/537.36 (KHTML, like Gecko; compatible; bingbot/2.0; +http://www.bing.com/bingbot.htm) Chrome/116.0.1938.76 Safari/537.36"
103.127.108.57 - - [20/Apr/2026:09:14:03 -0400] "POST /xmlrpc.php HTTP/1.1" 200 0 "-" "WordPress.com; https://wordpress.com"
40.77.167.63 - - [20/Apr/2026:09:14:09 -0400] "GET /shop/squirms/defenceless32730190246.html HTTP/1.1" 404 1251 "-" "Mozilla/5.0 AppleWebKit/537.36 (KHTML, like Gecko; compatible; bingbot/2.0; +http://www.bing.com/bingbot.htm) Chrome/116.0.1938.76 Safari/537.36"
20.46.189.76 - - [20/Apr/2026:09:14:12 -0400] "GET / HTTP/1.1" 200 1830 "-" "Mozilla/5.0 (Macintosh; Intel Mac OS X 10.15; rv:135.0) Gecko/20100101 Firefox/144.0"
94.131.118.129 - - [20/Apr/2026:09:14:14 -0400] "GET / HTTP/1.1" 200 1830 "-" "Mozilla/5.0 (Macintosh; Intel Mac OS X 10_15_7) AppleWebKit/605.1.15 (KHTML, like Gecko) Version/26.0.1 Safari/605.1.15"
52.167.144.209 - - [20/Apr/2026:09:14:15 -0400] "GET /shop/competitions/rocketers71654100803.html HTTP/1.1" 404 1251 "-" "Mozilla/5.0 AppleWebKit/537.36 (KHTML, like Gecko; compatible; bingbot/2.0; +http://www.bing.com/bingbot.htm) Chrome/116.0.1938.76 Safari/537.36"
52.167.144.209 - - [20/Apr/2026:09:14:15 -0400] "GET /shop/sulphamidic/stauromedusae56106220444.html HTTP/1.1" 404 1251 "-" "Mozilla/5.0 AppleWebKit/537.36 (KHTML, like Gecko; compatible; bingbot/2.0; +http://www.bing.com/bingbot.htm) Chrome/116.0.1938.76 Safari/537.36"
52.167.144.209 - - [20/Apr/2026:09:14:15 -0400] "GET /shop/numdah/rheophile71654232987.html HTTP/1.1" 404 1251 "-" "Mozilla/5.0 AppleWebKit/537.36 (KHTML, like Gecko; compatible; bingbot/2.0; +http://www.bing.com/bingbot.htm) Chrome/116.0.1938.76 Safari/537.36"
20.78.26.206 - - [20/Apr/2026:09:14:16 -0400] "GET / HTTP/1.1" 200 1815 "-" "Mozilla/5.0 (Macintosh; Intel Mac OS X 10_15_7) AppleWebKit/605.1.15 (KHTML, like Gecko) Version/26.0.1 Safari/605.1.15"
40.77.167.143 - - [20/Apr/2026:09:14:17 -0400] "GET /shop/distintion/regranted63514217839.html HTTP/1.1" 404 1251 "-" "Mozilla/5.0 AppleWebKit/537.36 (KHTML, like Gecko; compatible; bingbot/2.0; +http://www.bing.com/bingbot.htm) Chrome/116.0.1938.76 Safari/537.36"
40.77.167.63 - - [20/Apr/2026:09:14:20 -0400] "GET /category/6476-6480500035.html HTTP/1.1" 404 1251 "-" "Mozilla/5.0 AppleWebKit/537.36 (KHTML, like Gecko; compatible; bingbot/2.0; +http://www.bing.com/bingbot.htm) Chrome/116.0.1938.76 Safari/537.36"
40.77.167.63 - - [20/Apr/2026:09:14:20 -0400] "GET /shop/monmouthite/diagenesis71654234441.html HTTP/1.1" 404 1251 "-" "Mozilla/5.0 AppleWebKit/537.36 (KHTML, like Gecko; compatible; bingbot/2.0; +http://www.bing.com/bingbot.htm) Chrome/116.0.1938.76 Safari/537.36"
40.77.167.63 - - [20/Apr/2026:09:14:20 -0400] "GET /shop/danceability/noncombinative648058670.html HTTP/1.1" 404 1251 "-" "Mozilla/5.0 AppleWebKit/537.36 (KHTML, like Gecko; compatible; bingbot/2.0; +http://www.bing.com/bingbot.htm) Chrome/116.0.1938.76 Safari/537.36"
103.127.108.57 - - [20/Apr/2026:09:14:13 -0400] "POST /xmlrpc.php HTTP/1.1" 200 0 "-" "Jetpack by WordPress.com (Jetpack 12.0; WordPress 6.2)"
40.77.167.143 - - [20/Apr/2026:09:14:26 -0400] "GET /shop/deflationary/eegrass8844067246.html HTTP/1.1" 404 1251 "-" "Mozilla/5.0 AppleWebKit/537.36 (KHTML, like Gecko; compatible; bingbot/2.0; +http://www.bing.com/bingbot.htm) Chrome/116.0.1938.76 Safari/537.36"
51.79.135.131 - - [20/Apr/2026:09:14:28 -0400] "GET / HTTP/1.1" 200 1830 "-" "Mozilla/5.0 (Macintosh; Intel Mac OS X 10.15; rv:135.0) Gecko/20100101 Firefox/144.0"
103.127.108.57 - - [20/Apr/2026:09:14:24 -0400] "POST /xmlrpc.php HTTP/1.1" 200 0 "-" "Jetpack by WordPress.com (Jetpack 12.5; WordPress 6.4)"
43.132.188.134 - - [20/Apr/2026:09:14:35 -0400] "GET / HTTP/1.1" 200 1830 "-" "Mozilla/5.0 (Macintosh; Intel Mac OS X 10.15; rv:135.0) Gecko/20100101 Firefox/144.0"
66.249.69.131 - - [20/Apr/2026:09:14:36 -0400] "GET /?j=96630092823703 HTTP/1.1" 200 1834 "-" "GoogleOther-Image/1.0"
20.27.13.35 - - [20/Apr/2026:09:14:36 -0400] "GET / HTTP/1.1" 200 1830 "-" "Mozilla/5.0 (Macintosh; Intel Mac OS X 10.15; rv:135.0) Gecko/20100101 Firefox/144.0"
84.47.150.125 - - [20/Apr/2026:09:14:39 -0400] "GET / HTTP/1.1" 200 1815 "-" "Mozilla/5.0 (Macintosh; Intel Mac OS X 10_15_7) AppleWebKit/537.36 (KHTML, like Gecko) Chrome/142.0.0.0 Safari/537.36"
103.127.108.57 - - [20/Apr/2026:09:14:35 -0400] "POST /xmlrpc.php HTTP/1.1" 200 0 "-" "WordPress.com; https://wordpress.com"
20.204.228.118 - - [20/Apr/2026:09:14:41 -0400] "GET / HTTP/1.1" 200 1830 "-" "Mozilla/5.0 (Macintosh; Intel Mac OS X 10.15; rv:135.0) Gecko/20100101 Firefox/144.0"
47.89.184.18 - - [20/Apr/2026:09:14:47 -0400] "GET / HTTP/1.1" 200 1830 "-" "Mozilla/5.0 (Macintosh; Intel Mac OS X 10.15; rv:135.0) Gecko/20100101 Firefox/144.0"
46.101.95.183 - - [20/Apr/2026:09:14:48 -0400] "GET / HTTP/1.1" 200 1830 "-" "Mozilla/5.0 (Macintosh; Intel Mac OS X 10.15; rv:135.0) Gecko/20100101 Firefox/144.0"
36.141.21.200 - - [20/Apr/2026:09:14:49 -0400] "GET / HTTP/1.1" 200 1815 "-" "Mozilla/5.0 (Macintosh; Intel Mac OS X 10.15; rv:135.0) Gecko/20100101 Firefox/144.0"
185.138.116.150 - - [20/Apr/2026:09:14:50 -0400] "GET / HTTP/1.1" 200 1815 "-" "Mozilla/5.0 (Macintosh; Intel Mac OS X 10_15_7) AppleWebKit/605.1.15 (KHTML, like Gecko) Version/26.0.1 Safari/605.1.15"
103.127.108.57 - - [20/Apr/2026:09:14:45 -0400] "POST /xmlrpc.php HTTP/1.1" 200 0 "-" "Jetpack/12.5; WordPress/6.3; http://site23744626.com"
83.219.250.8 - - [20/Apr/2026:09:14:56 -0400] "GET / HTTP/1.1" 200 1815 "-" "Mozilla/5.0 (Macintosh; Intel Mac OS X 10.15; rv:135.0) Gecko/20100101 Firefox/144.0"
20.164.59.20 - - [20/Apr/2026:09:15:03 -0400] "GET / HTTP/1.1" 200 1815 "-" "Mozilla/5.0 (Macintosh; Intel Mac OS X 10_15_7) AppleWebKit/537.36 (KHTML, like Gecko) Chrome/142.0.0.0 Safari/537.36"
103.127.108.57 - - [20/Apr/2026:09:14:56 -0400] "POST /xmlrpc.php HTTP/1.1" 200 0 "-" "Jetpack/13.0; WordPress/6.3; http://site78954285.com"
20.127.128.70 - - [20/Apr/2026:09:15:06 -0400] "GET / HTTP/1.1" 200 1815 "-" "Mozilla/5.0 (Macintosh; Intel Mac OS X 10_15_7) AppleWebKit/537.36 (KHTML, like Gecko) Chrome/142.0.0.0 Safari/537.36"
66.249.69.133 - - [20/Apr/2026:09:15:09 -0400] "GET /?j=93789432759824 HTTP/1.1" 200 1819 "-" "GoogleOther-Image/1.0"
103.127.108.57 - - [20/Apr/2026:09:15:07 -0400] "POST /xmlrpc.php HTTP/1.1" 200 0 "-" "Jetpack by WordPress.com"
201.23.21.229 - - [20/Apr/2026:09:15:13 -0400] "GET / HTTP/1.1" 200 1815 "-" "Mozilla/5.0 (Macintosh; Intel Mac OS X 10_15_7) AppleWebKit/605.1.15 (KHTML, like Gecko) Version/26.0.1 Safari/605.1.15"
