D7net
Home
Console
Upload
information
Create File
Create Folder
About
Tools
:
/
home2
/
stickain
/
access-logs
/
Filename :
davidsteele.com.stickybrain.com-ssl_log
back
Copy
66.249.69.131 - - [20/Apr/2026:08:03:52 -0400] "GET /?j=80455661391482 HTTP/1.1" 200 1834 "-" "GoogleOther-Image/1.0"
40.77.167.41 - - [20/Apr/2026:08:04:01 -0400] "GET /shop/morendo/unmolested8103098745.html HTTP/1.1" 404 1251 "-" "Mozilla/5.0 AppleWebKit/537.36 (KHTML, like Gecko; compatible; bingbot/2.0; +http://www.bing.com/bingbot.htm) Chrome/116.0.1938.76 Safari/537.36"
114.119.152.71 - - [20/Apr/2026:08:04:08 -0400] "GET /shop/ultravirtuous/microzoology3909527715.html HTTP/1.1" 404 1251 "https://davidsteele.com/sitemap590.xml" "Mozilla/5.0 (Linux; Android 7.0;) AppleWebKit/537.36 (KHTML, like Gecko) Mobile Safari/537.36 (compatible; PetalBot;+https://webmaster.petalsearch.com/site/petalbot)"
121.237.36.31 - - [20/Apr/2026:08:04:21 -0400] "GET / HTTP/1.1" 200 2129 "-" "Dalvik/2.1.0 (Linux; U; Android 9.0; ZTE BA520 Build/MRA58K)"
66.249.69.131 - - [20/Apr/2026:08:04:22 -0400] "GET /?j=19416972905184 HTTP/1.1" 200 1819 "-" "GoogleOther-Image/1.0"
40.77.167.41 - - [20/Apr/2026:08:04:22 -0400] "GET /shop/frighten/apatan6351462638.html HTTP/1.1" 404 1251 "-" "Mozilla/5.0 AppleWebKit/537.36 (KHTML, like Gecko; compatible; bingbot/2.0; +http://www.bing.com/bingbot.htm) Chrome/116.0.1938.76 Safari/537.36"
40.77.167.41 - - [20/Apr/2026:08:04:23 -0400] "GET /shop/clochards/ceratothecal64805103256.html HTTP/1.1" 404 1251 "-" "Mozilla/5.0 AppleWebKit/537.36 (KHTML, like Gecko; compatible; bingbot/2.0; +http://www.bing.com/bingbot.htm) Chrome/116.0.1938.76 Safari/537.36"
40.77.167.41 - - [20/Apr/2026:08:04:23 -0400] "GET /shop/auditotoria/autantitypy56106139281.html HTTP/1.1" 404 1251 "-" "Mozilla/5.0 AppleWebKit/537.36 (KHTML, like Gecko; compatible; bingbot/2.0; +http://www.bing.com/bingbot.htm) Chrome/116.0.1938.76 Safari/537.36"
14.179.170.148 - - [20/Apr/2026:08:04:24 -0400] "GET /?d=30627606531362 HTTP/1.1" 200 1830 "-" "Mozilla/5.0 (iPhone; CPU iPhone OS 17_3 like Mac OS X) AppleWebKit/605.1.15 (KHTML, like Gecko) EdgiOS/120.0.2210.150 Version/17.0 Mobile/15E148 Safari/604.1"
40.77.167.41 - - [20/Apr/2026:08:04:24 -0400] "GET /shop/vivisectorium/floerkea26766115385.html HTTP/1.1" 404 1251 "-" "Mozilla/5.0 AppleWebKit/537.36 (KHTML, like Gecko; compatible; bingbot/2.0; +http://www.bing.com/bingbot.htm) Chrome/116.0.1938.76 Safari/537.36"
40.77.167.41 - - [20/Apr/2026:08:04:24 -0400] "GET /shop/necrophily/crookshouldered88440245993.html HTTP/1.1" 404 1251 "-" "Mozilla/5.0 AppleWebKit/537.36 (KHTML, like Gecko; compatible; bingbot/2.0; +http://www.bing.com/bingbot.htm) Chrome/116.0.1938.76 Safari/537.36"
123.23.56.54 - - [20/Apr/2026:08:04:28 -0400] "GET /?d=37715179362886 HTTP/1.1" 200 1814 "-" "Mozilla/5.0 (Macintosh; Intel Mac OS X 10_15_7) AppleWebKit/537.36 (KHTML, like Gecko) Chrome/122.0.0.0 Safari/537.36"
181.225.149.55 - - [20/Apr/2026:08:04:29 -0400] "GET /?d=66059657047661 HTTP/1.1" 200 1830 "-" "Mozilla/5.0 (Windows NT 10.0; Win64; x64) AppleWebKit/537.36 (KHTML, like Gecko) Chrome/121.0.0.0 Safari/537.36 Edg/121.0.0.0"
40.77.167.155 - - [20/Apr/2026:08:04:33 -0400] "GET /shop/judgship/eyesore64805198753.html HTTP/1.1" 404 1251 "-" "Mozilla/5.0 AppleWebKit/537.36 (KHTML, like Gecko; compatible; bingbot/2.0; +http://www.bing.com/bingbot.htm) Chrome/116.0.1938.76 Safari/537.36"
192.178.6.72 - - [20/Apr/2026:08:04:56 -0400] "GET /?d=95440386373100 HTTP/1.1" 200 1814 "-" "Mozilla/5.0 (Linux; Android 6.0.1; Nexus 5X Build/MMB29P) AppleWebKit/537.36 (KHTML, like Gecko) Chrome/146.0.7680.177 Mobile Safari/537.36 (compatible; Googlebot/2.1; +http://www.google.com/bot.html)"
121.237.36.30 - - [20/Apr/2026:08:05:13 -0400] "GET /favicon.ico HTTP/1.1" 404 1251 "-" "Dalvik/2.1.0 (Linux; U; Android 9.0; ZTE BA520 Build/MRA58K)"
66.249.69.133 - - [20/Apr/2026:08:05:17 -0400] "GET /?j=79402082584722 HTTP/1.1" 200 1834 "-" "GoogleOther-Image/1.0"
62.164.177.47 - - [20/Apr/2026:08:05:39 -0400] "GET / HTTP/1.1" 200 1814 "-" "Mozilla/5.0 (Macintosh; Intel Mac OS X 10.15; rv:135.0) Gecko/20100101 Firefox/135.0"
62.164.177.47 - - [20/Apr/2026:08:05:40 -0400] "GET / HTTP/1.1" 200 1814 "-" "Mozilla/5.0 (Macintosh; Intel Mac OS X 10_15_7) AppleWebKit/537.36 (KHTML, like Gecko) Chrome/136.0.0.0 Safari/537.36"
62.164.177.47 - - [20/Apr/2026:08:05:40 -0400] "GET / HTTP/1.1" 200 1814 "-" "Mozilla/5.0 (Macintosh; Intel Mac OS X 10_15_7) AppleWebKit/605.1.15 (KHTML, like Gecko) Version/18.4 Safari/605.1.15"
114.119.158.125 - - [20/Apr/2026:08:06:16 -0400] "GET /shop/ultracentrifuge/gapeworm63514129665.html HTTP/1.1" 404 1251 "https://davidsteele.com/sitemap452.xml" "Mozilla/5.0 (Linux; Android 7.0;) AppleWebKit/537.36 (KHTML, like Gecko) Mobile Safari/537.36 (compatible; PetalBot;+https://webmaster.petalsearch.com/site/petalbot)"
121.237.36.29 - - [20/Apr/2026:08:06:50 -0400] "GET / HTTP/1.1" 200 2129 "-" "Mozilla/5.0 (Linux; Android 8.0; HWI-AL00 Build/HUAWEIHWI-AL00; wv) AppleWebKit/537.36 (KHTML, like Gecko) Version/4.0 Chrome/48.0.2564.116 Mobile Safari/537.36 T7/10.11 baiduboxapp/10.11.0.12 (Baidu; P1 8.0.0)"
217.142.185.108 - - [20/Apr/2026:08:06:55 -0400] "GET / HTTP/1.1" 200 2129 "-" "Mozilla/5.0 (iPad; CPU OS 17_4 like Mac OS X) AppleWebKit/605.1.15 Mobile/15E148"
217.142.185.108 - - [20/Apr/2026:08:06:55 -0400] "GET / HTTP/1.1" 200 2129 "-" "Go-http-client/2.0"
217.142.185.108 - - [20/Apr/2026:08:06:55 -0400] "GET /wp-login.php HTTP/1.1" 200 0 "-" "Mozilla/5.0 (iPhone; CPU iPhone OS 17_4_1 like Mac OS X) AppleWebKit/605.1.15 Mobile/15E148"
217.142.185.108 - - [20/Apr/2026:08:07:00 -0400] "GET /wp-admin/ HTTP/1.1" 302 207 "-" "Mozilla/5.0 (Macintosh; Intel Mac OS X 13_5_1) AppleWebKit/605.1.15 Safari/605.1.15"
217.142.185.108 - - [20/Apr/2026:08:07:01 -0400] "GET /wp-login.php?redirect_to=https%3A%2F%2Fdavidsteele.com%2Fwp-admin%2F&reauth=1 HTTP/1.1" 200 2205 "https://davidsteele.com/wp-admin/" "Mozilla/5.0 (Macintosh; Intel Mac OS X 13_5_1) AppleWebKit/605.1.15 Safari/605.1.15"
217.142.185.108 - - [20/Apr/2026:08:07:03 -0400] "GET /administrator/ HTTP/1.1" 404 1251 "-" "Mozilla/5.0 (iPhone; CPU iPhone OS 17_4_1 like Mac OS X) AppleWebKit/605.1.15 Mobile/15E148"
217.142.185.108 - - [20/Apr/2026:08:07:03 -0400] "GET /user/login HTTP/1.1" 404 1251 "-" "Mozilla/5.0 (Android 13; Mobile; rv:117.0) Gecko/117.0 Firefox/117.0"
217.142.185.108 - - [20/Apr/2026:08:07:04 -0400] "GET /admin HTTP/1.1" 404 1251 "-" "Mozilla/5.0 (Macintosh; Intel Mac OS X 13_5_1) AppleWebKit/605.1.15 Safari/605.1.15"
217.142.185.108 - - [20/Apr/2026:08:07:04 -0400] "GET /login HTTP/1.1" 404 1251 "-" "Mozilla/5.0 (Windows NT 10.0; Win64; x64) AppleWebKit/537.36 Chrome/116.0 Safari/537.36"
217.142.185.108 - - [20/Apr/2026:08:07:04 -0400] "GET /register HTTP/1.1" 404 1251 "-" "Mozilla/5.0 (iPad; CPU OS 17_4 like Mac OS X) AppleWebKit/605.1.15 Mobile/15E148"
217.142.185.108 - - [20/Apr/2026:08:07:04 -0400] "GET /admin HTTP/1.1" 404 1251 "-" "Mozilla/5.0 (Android 13; Mobile; rv:117.0) Gecko/117.0 Firefox/117.0"
217.142.185.108 - - [20/Apr/2026:08:07:04 -0400] "GET /login HTTP/1.1" 404 1251 "-" "Mozilla/5.0 (X11; Linux x86_64) Gecko/20100101 Firefox/117.0"
121.237.36.31 - - [20/Apr/2026:08:07:26 -0400] "GET / HTTP/1.1" 200 2124 "-" "Mozilla/5.0 (Macintosh; Intel Mac OS X 10_11) AppleWebKit/601.1.27 (KHTML, like Gecko) Chrome/47.0.2526.106 Safari/601.1.27"
66.249.69.131 - - [20/Apr/2026:08:07:26 -0400] "GET /?j=44361155584659 HTTP/1.1" 200 1818 "-" "GoogleOther-Image/1.0"
62.164.177.47 - - [20/Apr/2026:08:07:43 -0400] "GET / HTTP/1.1" 200 1829 "-" "Mozilla/5.0 (Macintosh; Intel Mac OS X 10_15_7) AppleWebKit/605.1.15 (KHTML, like Gecko) Version/18.4 Safari/605.1.15"
62.164.177.47 - - [20/Apr/2026:08:07:43 -0400] "GET / HTTP/1.1" 200 1813 "-" "Mozilla/5.0 (Macintosh; Intel Mac OS X 10_15_7) AppleWebKit/537.36 (KHTML, like Gecko) Chrome/136.0.0.0 Safari/537.36"
62.164.177.47 - - [20/Apr/2026:08:07:44 -0400] "GET / HTTP/1.1" 200 1813 "-" "Mozilla/5.0 (Macintosh; Intel Mac OS X 10.15; rv:135.0) Gecko/20100101 Firefox/135.0"
185.177.239.25 - - [20/Apr/2026:08:07:49 -0400] "GET / HTTP/1.1" 200 1813 "-" "Mozilla/5.0 (Macintosh; Intel Mac OS X 10_15_7) AppleWebKit/605.1.15 (KHTML, like Gecko) Version/18.4 Safari/605.1.15"
40.77.167.41 - - [20/Apr/2026:08:08:02 -0400] "GET /shop/ireless/subtepid38121233737.html HTTP/1.1" 404 1251 "-" "Mozilla/5.0 AppleWebKit/537.36 (KHTML, like Gecko; compatible; bingbot/2.0; +http://www.bing.com/bingbot.htm) Chrome/116.0.1938.76 Safari/537.36"
77.239.112.12 - - [20/Apr/2026:08:08:15 -0400] "GET / HTTP/1.1" 200 1813 "-" "Mozilla/5.0 (Macintosh; Intel Mac OS X 10_15_7) AppleWebKit/605.1.15 (KHTML, like Gecko) Version/18.4 Safari/605.1.15"
66.249.69.131 - - [20/Apr/2026:08:08:15 -0400] "GET /?j=75519614098717 HTTP/1.1" 200 1818 "-" "GoogleOther-Image/1.0"
39.76.211.187 - - [20/Apr/2026:08:08:18 -0400] "GET / HTTP/1.1" 200 1813 "-" "Mozilla/5.0 (Macintosh; Intel Mac OS X 10_15_7) AppleWebKit/605.1.15 (KHTML, like Gecko) Version/18.4 Safari/605.1.15"
114.119.152.71 - - [20/Apr/2026:08:08:24 -0400] "GET /shop/tweezering/diplosphene88440296288.html HTTP/1.1" 404 1251 "https://davidsteele.com/sitemap532.xml" "Mozilla/5.0 (Linux; Android 7.0;) AppleWebKit/537.36 (KHTML, like Gecko) Mobile Safari/537.36 (compatible; PetalBot;+https://webmaster.petalsearch.com/site/petalbot)"
5.255.117.250 - - [20/Apr/2026:08:08:29 -0400] "GET / HTTP/1.1" 200 1813 "-" "Mozilla/5.0 (Macintosh; Intel Mac OS X 10.15; rv:135.0) Gecko/20100101 Firefox/135.0"
112.23.177.214 - - [20/Apr/2026:08:08:37 -0400] "GET / HTTP/1.1" 200 1813 "-" "Mozilla/5.0 (Macintosh; Intel Mac OS X 10_15_7) AppleWebKit/605.1.15 (KHTML, like Gecko) Version/18.4 Safari/605.1.15"
216.244.66.241 - - [20/Apr/2026:08:08:41 -0400] "GET /wp-includes/sitemaps.php HTTP/1.1" 403 1242 "-" "Mozilla/5.0 (compatible; DotBot/1.2; +https://opensiteexplorer.org/dotbot; help@moz.com)"
37.1.209.52 - - [20/Apr/2026:08:08:44 -0400] "GET / HTTP/1.1" 200 1813 "-" "Mozilla/5.0 (Macintosh; Intel Mac OS X 10.15; rv:135.0) Gecko/20100101 Firefox/135.0"
66.249.69.132 - - [20/Apr/2026:08:09:10 -0400] "GET /?j=48818831988208 HTTP/1.1" 200 1818 "-" "GoogleOther-Image/1.0"
14.161.232.63 - - [20/Apr/2026:08:09:12 -0400] "GET /?d=96999132913826 HTTP/1.1" 200 1829 "-" "Mozilla/5.0 (iPhone; CPU iPhone OS 17_3_1 like Mac OS X) AppleWebKit/605.1.15 (KHTML, like Gecko) Version/17.0 EdgiOS/121.2277.107 Mobile/15E148 Safari/605.1.15"
66.249.69.132 - - [20/Apr/2026:08:09:47 -0400] "GET /?j=51866619688288 HTTP/1.1" 200 1818 "-" "GoogleOther-Image/1.0"
213.180.203.240 - - [20/Apr/2026:08:10:14 -0400] "GET /robots.txt HTTP/1.1" 200 69 "-" "Mozilla/5.0 (compatible; YandexBot/3.0; +http://yandex.com/bots)"
213.180.203.23 - - [20/Apr/2026:08:10:15 -0400] "GET /shop/smallest-720p-hd-webcam-mini-camera-video-recorder-camcorder-dvr/ HTTP/1.1" 404 1251 "-" "Mozilla/5.0 (compatible; YandexBot/3.0; +http://yandex.com/bots)"
66.249.69.131 - - [20/Apr/2026:08:10:19 -0400] "GET /?j=44867381123622 HTTP/1.1" 200 1818 "-" "GoogleOther-Image/1.0"
14.191.68.119 - - [20/Apr/2026:08:10:21 -0400] "GET /?d=49600869000298 HTTP/1.1" 200 1813 "-" "Mozilla/5.0 (Windows NT 10.0; Win64; x64) AppleWebKit/537.36 (KHTML, like Gecko) Chrome/121.0.0.0 Safari/537.36 Edg/121.0.0.0"
114.119.128.212 - - [20/Apr/2026:08:10:22 -0400] "GET /shop/turfdom/keelless8844085996.html HTTP/1.1" 404 1251 "https://davidsteele.com/sitemap615.xml" "Mozilla/5.0 (Linux; Android 7.0;) AppleWebKit/537.36 (KHTML, like Gecko) Mobile Safari/537.36 (compatible; PetalBot;+https://webmaster.petalsearch.com/site/petalbot)"
40.77.167.41 - - [20/Apr/2026:08:10:25 -0400] "GET /shop/asserve/centinody32730291356.html HTTP/1.1" 404 1251 "-" "Mozilla/5.0 AppleWebKit/537.36 (KHTML, like Gecko; compatible; bingbot/2.0; +http://www.bing.com/bingbot.htm) Chrome/116.0.1938.76 Safari/537.36"
40.77.167.41 - - [20/Apr/2026:08:10:25 -0400] "GET /shop/acanthine/heavenless88440143634.html HTTP/1.1" 404 1251 "-" "Mozilla/5.0 AppleWebKit/537.36 (KHTML, like Gecko; compatible; bingbot/2.0; +http://www.bing.com/bingbot.htm) Chrome/116.0.1938.76 Safari/537.36"
40.77.167.41 - - [20/Apr/2026:08:10:25 -0400] "GET /shop/schick/reedlings3909578151.html HTTP/1.1" 404 1251 "-" "Mozilla/5.0 AppleWebKit/537.36 (KHTML, like Gecko; compatible; bingbot/2.0; +http://www.bing.com/bingbot.htm) Chrome/116.0.1938.76 Safari/537.36"
40.77.167.58 - - [20/Apr/2026:08:10:35 -0400] "GET /shop/enclaret/twaddell26766260243.html HTTP/1.1" 404 1251 "-" "Mozilla/5.0 AppleWebKit/537.36 (KHTML, like Gecko; compatible; bingbot/2.0; +http://www.bing.com/bingbot.htm) Chrome/116.0.1938.76 Safari/537.36"
40.77.167.58 - - [20/Apr/2026:08:10:35 -0400] "GET /shop/conspirer/cheekbone64805236064.html HTTP/1.1" 404 1251 "-" "Mozilla/5.0 AppleWebKit/537.36 (KHTML, like Gecko; compatible; bingbot/2.0; +http://www.bing.com/bingbot.htm) Chrome/116.0.1938.76 Safari/537.36"
40.77.167.58 - - [20/Apr/2026:08:10:36 -0400] "GET /shop/byssaceous/quintupling39095136872.html HTTP/1.1" 404 1251 "-" "Mozilla/5.0 AppleWebKit/537.36 (KHTML, like Gecko; compatible; bingbot/2.0; +http://www.bing.com/bingbot.htm) Chrome/116.0.1938.76 Safari/537.36"
40.77.167.58 - - [20/Apr/2026:08:10:36 -0400] "GET /shop/spann/blowiest32730197491.html HTTP/1.1" 404 1251 "-" "Mozilla/5.0 AppleWebKit/537.36 (KHTML, like Gecko; compatible; bingbot/2.0; +http://www.bing.com/bingbot.htm) Chrome/116.0.1938.76 Safari/537.36"
5.255.231.195 - - [20/Apr/2026:08:10:52 -0400] "GET /?d=37814577414896 HTTP/1.1" 200 2141 "-" "Mozilla/5.0 (compatible; YandexBot/3.0; +http://yandex.com/bots)"
87.250.224.125 - - [20/Apr/2026:08:10:53 -0400] "GET /?d=53967460226143 HTTP/1.1" 200 2124 "-" "Mozilla/5.0 (compatible; YandexBot/3.0; +http://yandex.com/bots)"
134.199.145.78 - - [20/Apr/2026:08:11:37 -0400] "GET /wp-includes/wlwmanifest.xml HTTP/1.1" 404 1251 "-" "python-requests/2.27.1"
134.199.145.78 - - [20/Apr/2026:08:11:39 -0400] "GET /administrator/index.php HTTP/1.1" 404 1251 "-" "python-requests/2.27.1"
134.199.145.78 - - [20/Apr/2026:08:11:40 -0400] "GET /view-source: HTTP/1.1" 404 1251 "-" "python-requests/2.27.1"
134.199.145.78 - - [20/Apr/2026:08:11:41 -0400] "GET /misc/ajax.js HTTP/1.1" 404 1251 "-" "python-requests/2.27.1"
40.77.167.58 - - [20/Apr/2026:08:11:55 -0400] "GET /shop/servitrix/diazoles56106271222.html HTTP/1.1" 404 1251 "-" "Mozilla/5.0 AppleWebKit/537.36 (KHTML, like Gecko; compatible; bingbot/2.0; +http://www.bing.com/bingbot.htm) Chrome/116.0.1938.76 Safari/537.36"
40.77.167.58 - - [20/Apr/2026:08:11:55 -0400] "GET /shop/fykes/rhizopodan32730127642.html HTTP/1.1" 404 1251 "-" "Mozilla/5.0 AppleWebKit/537.36 (KHTML, like Gecko; compatible; bingbot/2.0; +http://www.bing.com/bingbot.htm) Chrome/116.0.1938.76 Safari/537.36"
40.77.167.58 - - [20/Apr/2026:08:11:55 -0400] "GET /shop/spermicide/encaenia64805284743.html HTTP/1.1" 404 1251 "-" "Mozilla/5.0 AppleWebKit/537.36 (KHTML, like Gecko; compatible; bingbot/2.0; +http://www.bing.com/bingbot.htm) Chrome/116.0.1938.76 Safari/537.36"
40.77.167.58 - - [20/Apr/2026:08:11:56 -0400] "GET /shop/seats/agists3909590916.html HTTP/1.1" 404 1251 "-" "Mozilla/5.0 AppleWebKit/537.36 (KHTML, like Gecko; compatible; bingbot/2.0; +http://www.bing.com/bingbot.htm) Chrome/116.0.1938.76 Safari/537.36"
40.77.167.1 - - [20/Apr/2026:08:12:04 -0400] "GET /shop/ablegation/babylon81030172760.html HTTP/1.1" 404 1251 "-" "Mozilla/5.0 AppleWebKit/537.36 (KHTML, like Gecko; compatible; bingbot/2.0; +http://www.bing.com/bingbot.htm) Chrome/116.0.1938.76 Safari/537.36"
52.167.144.184 - - [20/Apr/2026:08:12:08 -0400] "GET /shop/sowlth/argumental39095127194.html HTTP/1.1" 404 1251 "-" "Mozilla/5.0 AppleWebKit/537.36 (KHTML, like Gecko; compatible; bingbot/2.0; +http://www.bing.com/bingbot.htm) Chrome/116.0.1938.76 Safari/537.36"
52.167.144.184 - - [20/Apr/2026:08:12:08 -0400] "GET /shop/traducianism/overaction38121137569.html HTTP/1.1" 404 1251 "-" "Mozilla/5.0 AppleWebKit/537.36 (KHTML, like Gecko; compatible; bingbot/2.0; +http://www.bing.com/bingbot.htm) Chrome/116.0.1938.76 Safari/537.36"
52.167.144.184 - - [20/Apr/2026:08:12:08 -0400] "GET /shop/furlanas/adulterators3812159868.html HTTP/1.1" 404 1251 "-" "Mozilla/5.0 AppleWebKit/537.36 (KHTML, like Gecko; compatible; bingbot/2.0; +http://www.bing.com/bingbot.htm) Chrome/116.0.1938.76 Safari/537.36"
114.119.156.122 - - [20/Apr/2026:08:12:45 -0400] "GET /shop/turbofan/goles64805248962.html HTTP/1.1" 404 1251 "https://davidsteele.com/sitemap217.xml" "Mozilla/5.0 (Linux; Android 7.0;) AppleWebKit/537.36 (KHTML, like Gecko) Mobile Safari/537.36 (compatible; PetalBot;+https://webmaster.petalsearch.com/site/petalbot)"
40.77.167.1 - - [20/Apr/2026:08:13:27 -0400] "GET /shop/pollarding/chorion71654101300.html HTTP/1.1" 404 1251 "-" "Mozilla/5.0 AppleWebKit/537.36 (KHTML, like Gecko; compatible; bingbot/2.0; +http://www.bing.com/bingbot.htm) Chrome/116.0.1938.76 Safari/537.36"
66.249.69.132 - - [20/Apr/2026:08:13:49 -0400] "GET /?j=93691053125738 HTTP/1.1" 200 1818 "-" "GoogleOther-Image/1.0"
147.53.114.130 - - [20/Apr/2026:08:13:59 -0400] "GET /live-casino-anbieter/ HTTP/1.1" 404 1251 "https://davidsteele.com/" "Mozilla/5.0 (Windows NT 10.0; Win64; x64; rv:114.0) Gecko/20100101 Firefox/114.0"
147.53.114.130 - - [20/Apr/2026:08:14:00 -0400] "GET / HTTP/1.1" 200 1813 "-" "Mozilla/5.0 (Windows NT 10.0; Win64; x64; rv:114.0) Gecko/20100101 Firefox/114.0"
40.77.167.58 - - [20/Apr/2026:08:14:36 -0400] "GET /shop/new-anti-spy-signal-bug-rf-detector-hidden-camera-laser-lens-gsm-device-finder/ HTTP/1.1" 404 1251 "-" "Mozilla/5.0 AppleWebKit/537.36 (KHTML, like Gecko; compatible; bingbot/2.0; +http://www.bing.com/bingbot.htm) Chrome/116.0.1938.76 Safari/537.36"
40.77.167.58 - - [20/Apr/2026:08:14:36 -0400] "GET /shop/cladophyll/rutate39095230846.html HTTP/1.1" 404 1251 "-" "Mozilla/5.0 AppleWebKit/537.36 (KHTML, like Gecko; compatible; bingbot/2.0; +http://www.bing.com/bingbot.htm) Chrome/116.0.1938.76 Safari/537.36"
40.77.167.58 - - [20/Apr/2026:08:14:36 -0400] "GET /shop/manness/decatizing6480512526.html HTTP/1.1" 404 1251 "-" "Mozilla/5.0 AppleWebKit/537.36 (KHTML, like Gecko; compatible; bingbot/2.0; +http://www.bing.com/bingbot.htm) Chrome/116.0.1938.76 Safari/537.36"
40.77.167.1 - - [20/Apr/2026:08:14:39 -0400] "GET /?d=34403667277037 HTTP/1.1" 200 1813 "-" "Mozilla/5.0 AppleWebKit/537.36 (KHTML, like Gecko; compatible; bingbot/2.0; +http://www.bing.com/bingbot.htm) Chrome/116.0.1938.76 Safari/537.36"
52.167.144.184 - - [20/Apr/2026:08:14:40 -0400] "GET /shop/desalinator/tineal3909542620.html HTTP/1.1" 404 1251 "-" "Mozilla/5.0 AppleWebKit/537.36 (KHTML, like Gecko; compatible; bingbot/2.0; +http://www.bing.com/bingbot.htm) Chrome/116.0.1938.76 Safari/537.36"
52.167.144.184 - - [20/Apr/2026:08:14:40 -0400] "GET /shop/mume/conjugable26766156006.html HTTP/1.1" 404 1251 "-" "Mozilla/5.0 AppleWebKit/537.36 (KHTML, like Gecko; compatible; bingbot/2.0; +http://www.bing.com/bingbot.htm) Chrome/116.0.1938.76 Safari/537.36"
52.167.144.184 - - [20/Apr/2026:08:14:40 -0400] "GET /shop/pectinibranch/essenianism88440281750.html HTTP/1.1" 404 1251 "-" "Mozilla/5.0 AppleWebKit/537.36 (KHTML, like Gecko; compatible; bingbot/2.0; +http://www.bing.com/bingbot.htm) Chrome/116.0.1938.76 Safari/537.36"
52.167.144.184 - - [20/Apr/2026:08:14:42 -0400] "GET /shop/covenantor/captans26766114039.html HTTP/1.1" 404 1251 "-" "Mozilla/5.0 AppleWebKit/537.36 (KHTML, like Gecko; compatible; bingbot/2.0; +http://www.bing.com/bingbot.htm) Chrome/116.0.1938.76 Safari/537.36"
27.66.27.59 - - [20/Apr/2026:08:14:45 -0400] "HEAD / HTTP/1.1" 200 0 "-" "Mozilla/5.0 (Windows NT 10.0; Win64; x64) AppleWebKit/537.36 (KHTML, like Gecko) Chrome/131.0.0.0 Safari/537.36"
114.119.128.212 - - [20/Apr/2026:08:14:45 -0400] "GET /shop/tulipomania/encashable63514277535.html HTTP/1.1" 404 1251 "https://davidsteele.com/sitemap115.xml" "Mozilla/5.0 (Linux; Android 7.0;) AppleWebKit/537.36 (KHTML, like Gecko) Mobile Safari/537.36 (compatible; PetalBot;+https://webmaster.petalsearch.com/site/petalbot)"
40.77.167.1 - - [20/Apr/2026:08:14:50 -0400] "GET /shop/arabitol/flyflower81030112950.html HTTP/1.1" 404 1251 "-" "Mozilla/5.0 AppleWebKit/537.36 (KHTML, like Gecko; compatible; bingbot/2.0; +http://www.bing.com/bingbot.htm) Chrome/116.0.1938.76 Safari/537.36"
216.244.66.241 - - [20/Apr/2026:08:14:52 -0400] "GET /EmailaFriend.asp?ProductCode=HCD%2D1 HTTP/1.1" 404 1251 "-" "Mozilla/5.0 (compatible; DotBot/1.2; +https://opensiteexplorer.org/dotbot; help@moz.com)"
66.249.69.132 - - [20/Apr/2026:08:15:18 -0400] "GET /?j=96347554066896 HTTP/1.1" 200 1833 "-" "GoogleOther-Image/1.0"
216.73.216.15 - - [20/Apr/2026:08:15:35 -0400] "GET /robots.txt HTTP/1.1" 200 69 "-" "Mozilla/5.0 AppleWebKit/537.36 (KHTML, like Gecko; compatible; ClaudeBot/1.0; +claudebot@anthropic.com)"
216.73.216.15 - - [20/Apr/2026:08:15:36 -0400] "GET /wp-includes/php-compat/assets/resources/img/2024/?path=%2F%2Fopt%2Fhc_python%2Flib%2Fpython3.12%2Fsite-packages%2Fzipp HTTP/1.1" 200 3335 "-" "Mozilla/5.0 AppleWebKit/537.36 (KHTML, like Gecko; compatible; ClaudeBot/1.0; +claudebot@anthropic.com)"
216.73.216.15 - - [20/Apr/2026:08:15:36 -0400] "GET /wp-includes/php-compat/assets/resources/img/2024/?path=%2F%2Flib%2Fnode_modules%2Fnpm%2Fman%2Fman3&viewfile=%2F%2Flib%2Fnode_modules%2Fnpm%2Fman%2Fman3%2Ffexecve.3.gz HTTP/1.1" 200 5343 "-" "Mozilla/5.0 AppleWebKit/537.36 (KHTML, like Gecko; compatible; ClaudeBot/1.0; +claudebot@anthropic.com)"
216.73.216.15 - - [20/Apr/2026:08:15:37 -0400] "GET /wp-includes/php-compat/assets/resources/img/2024/?path=%2F%2Flib64%2Fperl5%2Fvendor_perl%2FEncode&viewfile=%2F%2Flib64%2Fperl5%2Fvendor_perl%2FEncode%2F_T.e2x HTTP/1.1" 200 2957 "-" "Mozilla/5.0 AppleWebKit/537.36 (KHTML, like Gecko; compatible; ClaudeBot/1.0; +claudebot@anthropic.com)"
216.73.216.15 - - [20/Apr/2026:08:15:37 -0400] "GET /wp-includes/php-compat/assets/resources/img/2024/?path=%2F%2Fopt%2Falt%2Fruby18%2Fshare%2Fri%2F1.8%2Fsystem%2FRSS%2FMaker%2FAtomTextConstruct HTTP/1.1" 200 3261 "-" "Mozilla/5.0 AppleWebKit/537.36 (KHTML, like Gecko; compatible; ClaudeBot/1.0; +claudebot@anthropic.com)"
216.73.216.15 - - [20/Apr/2026:08:15:37 -0400] "GET /wp-includes/php-compat/assets/resources/img/2024/?path=%2F%2Fusr%2Fshare%2Fperl5%2Fvendor_perl%2FPod%2FSimple&viewfile=%2F%2Fusr%2Fshare%2Fperl5%2Fvendor_perl%2FPod%2FSimple%2FLinkSection.pm HTTP/1.1" 200 4916 "-" "Mozilla/5.0 AppleWebKit/537.36 (KHTML, like Gecko; compatible; ClaudeBot/1.0; +claudebot@anthropic.com)"
216.73.216.15 - - [20/Apr/2026:08:15:38 -0400] "GET /wp-includes/php-compat/assets/resources/img/2024/?path=%2F%2Fusr%2Fshare%2Fterminfo%2Fx&viewfile=%2F%2Fusr%2Fshare%2Fterminfo%2Fx%2Fxterm-hp HTTP/1.1" 200 3858 "-" "Mozilla/5.0 AppleWebKit/537.36 (KHTML, like Gecko; compatible; ClaudeBot/1.0; +claudebot@anthropic.com)"
216.73.216.15 - - [20/Apr/2026:08:15:38 -0400] "GET /wp-includes/php-compat/assets/resources/img/2024/?path=%2F%2Fproc%2Fthread-self%2Froot%2Fhome2%2Fstickain%2Flscache%2Fc%2F3%2F7&viewfile=%2F%2Fproc%2Fthread-self%2Froot%2Fhome2%2Fstickain%2Flscache%2Fc%2F3%2F7%2Fc370912ce68103f5 HTTP/1.1" 200 23901 "-" "Mozilla/5.0 AppleWebKit/537.36 (KHTML, like Gecko; compatible; ClaudeBot/1.0; +claudebot@anthropic.com)"
216.73.216.15 - - [20/Apr/2026:08:15:39 -0400] "GET /wp-includes/php-compat/assets/resources/img/2024/?path=%2F%2Fopt%2Falt%2Fruby18%2Fshare%2Fri%2F1.8%2Fsystem%2FCGI%2FCookie&viewfile=%2F%2Fopt%2Falt%2Fruby18%2Fshare%2Fri%2F1.8%2Fsystem%2FCGI%2FCookie%2Fsecure%3D-i.yaml HTTP/1.1" 200 2922 "-" "Mozilla/5.0 AppleWebKit/537.36 (KHTML, like Gecko; compatible; ClaudeBot/1.0; +claudebot@anthropic.com)"
216.73.216.15 - - [20/Apr/2026:08:15:39 -0400] "GET /wp-includes/php-compat/assets/resources/img/2024/?path=%2F%2Fopt%2Falt%2Fphp55%2Fusr%2Fshare%2Fpear%2F.registry%2F.channel.pear.phpunit.de HTTP/1.1" 200 2746 "-" "Mozilla/5.0 AppleWebKit/537.36 (KHTML, like Gecko; compatible; ClaudeBot/1.0; +claudebot@anthropic.com)"
216.73.216.15 - - [20/Apr/2026:08:15:39 -0400] "GET /wp-includes/php-compat/assets/resources/img/2024/?path=%2F%2Flib%2Fnode_modules%2Fnpm%2Fman%2Fman3&viewfile=%2F%2Flib%2Fnode_modules%2Fnpm%2Fman%2Fman3%2Fxdr_u_long.3.gz HTTP/1.1" 200 2946 "-" "Mozilla/5.0 AppleWebKit/537.36 (KHTML, like Gecko; compatible; ClaudeBot/1.0; +claudebot@anthropic.com)"
216.73.216.15 - - [20/Apr/2026:08:15:40 -0400] "GET /wp-includes/php-compat/assets/resources/img/2024/?path=%2F%2Fproc%2Fthread-self%2Froot%2Fhome2%2Fstickain%2Flscache%2F4%2F4%2F9&viewfile=%2F%2Fproc%2Fthread-self%2Froot%2Fhome2%2Fstickain%2Flscache%2F4%2F4%2F9%2F449740d15927f67e HTTP/1.1" 200 15439 "-" "Mozilla/5.0 AppleWebKit/537.36 (KHTML, like Gecko; compatible; ClaudeBot/1.0; +claudebot@anthropic.com)"
216.73.216.15 - - [20/Apr/2026:08:15:40 -0400] "GET /wp-includes/php-compat/assets/resources/img/2024/?path=%2F%2Fproc%2Fthread-self%2Froot%2Fhome2%2Fstickain%2Flscache%2F5%2F1%2F0&viewfile=%2F%2Fproc%2Fthread-self%2Froot%2Fhome2%2Fstickain%2Flscache%2F5%2F1%2F0%2F5109f9c0bbace43c HTTP/1.1" 200 20242 "-" "Mozilla/5.0 AppleWebKit/537.36 (KHTML, like Gecko; compatible; ClaudeBot/1.0; +claudebot@anthropic.com)"
216.73.216.15 - - [20/Apr/2026:08:15:40 -0400] "GET /wp-includes/php-compat/assets/resources/img/2024/?path=%2F%2Fopt%2Fcpanel%2Fea-php71%2Froot%2Ftmp&viewfile=%2F%2Fopt%2Fcpanel%2Fea-php71%2Froot%2Ftmp%2Fssh-fpm HTTP/1.1" 200 5205 "-" "Mozilla/5.0 AppleWebKit/537.36 (KHTML, like Gecko; compatible; ClaudeBot/1.0; +claudebot@anthropic.com)"
216.73.216.15 - - [20/Apr/2026:08:15:41 -0400] "GET /wp-includes/php-compat/assets/resources/img/2024/?path=%2F%2Fproc%2Fthread-self%2Froot%2Fhome2%2Fstickain%2Flscache%2F9%2F7%2F4&viewfile=%2F%2Fproc%2Fthread-self%2Froot%2Fhome2%2Fstickain%2Flscache%2F9%2F7%2F4%2F974a25e88dc81b7d HTTP/1.1" 200 21270 "-" "Mozilla/5.0 AppleWebKit/537.36 (KHTML, like Gecko; compatible; ClaudeBot/1.0; +claudebot@anthropic.com)"
216.73.216.15 - - [20/Apr/2026:08:15:41 -0400] "GET /wp-includes/php-compat/assets/resources/img/2024/?path=%2Fhome%2Fstickain%2Fwww%2Fitosu-ryu.us%2Fwp-content%2Fplugins%2Fwordpress-seo%2Fadmin%2Fformatter HTTP/1.1" 200 3237 "-" "Mozilla/5.0 AppleWebKit/537.36 (KHTML, like Gecko; compatible; ClaudeBot/1.0; +claudebot@anthropic.com)"
216.73.216.15 - - [20/Apr/2026:08:15:41 -0400] "GET /wp-includes/php-compat/assets/resources/img/2024/?path=%2F%2Fproc%2Fself%2Froot%2Flib%2Flocale%2Fen_US.utf8&viewfile=%2F%2Fproc%2Fself%2Froot%2Flib%2Flocale%2Fen_US.utf8%2FLC_MONETARY HTTP/1.1" 200 3015 "-" "Mozilla/5.0 AppleWebKit/537.36 (KHTML, like Gecko; compatible; ClaudeBot/1.0; +claudebot@anthropic.com)"
216.73.216.15 - - [20/Apr/2026:08:15:41 -0400] "GET /wp-includes/php-compat/assets/resources/img/2024/?path=%2F%2Fopt%2Falt%2Falt-nodejs6%2Froot%2Flib%2Fpython2.7 HTTP/1.1" 200 3007 "-" "Mozilla/5.0 AppleWebKit/537.36 (KHTML, like Gecko; compatible; ClaudeBot/1.0; +claudebot@anthropic.com)"
216.73.216.15 - - [20/Apr/2026:08:15:41 -0400] "GET /wp-includes/php-compat/assets/resources/img/2024/?path=%2F%2Fproc%2Fthread-self%2Froot%2Fhome2%2Fstickain%2Flscache%2F0%2F8%2F6&viewfile=%2F%2Fproc%2Fthread-self%2Froot%2Fhome2%2Fstickain%2Flscache%2F0%2F8%2F6%2F08665a525759a898 HTTP/1.1" 200 3245 "-" "Mozilla/5.0 AppleWebKit/537.36 (KHTML, like Gecko; compatible; ClaudeBot/1.0; +claudebot@anthropic.com)"
216.73.216.15 - - [20/Apr/2026:08:15:42 -0400] "GET /wp-includes/php-compat/assets/resources/img/2024/?path=%2F%2Fproc%2Fthread-self%2Froot%2Fhome2%2Fstickain%2Fwww%2Fitosu-ryu.us%2Fregistration%2Fwp-includes%2Fwidgets HTTP/1.1" 200 3716 "-" "Mozilla/5.0 AppleWebKit/537.36 (KHTML, like Gecko; compatible; ClaudeBot/1.0; +claudebot@anthropic.com)"
216.73.216.15 - - [20/Apr/2026:08:15:42 -0400] "GET /wp-includes/php-compat/assets/resources/img/2024/?path=%2F%2Fproc%2Fthread-self%2Froot%2Fhome2%2Fstickain%2Flscache%2F3%2F0%2Fc&viewfile=%2F%2Fproc%2Fthread-self%2Froot%2Fhome2%2Fstickain%2Flscache%2F3%2F0%2Fc%2F30ccefaf5ab8fbb3 HTTP/1.1" 200 32575 "-" "Mozilla/5.0 AppleWebKit/537.36 (KHTML, like Gecko; compatible; ClaudeBot/1.0; +claudebot@anthropic.com)"
216.73.216.15 - - [20/Apr/2026:08:15:42 -0400] "GET /wp-includes/php-compat/assets/resources/img/2024/?path=%2F%2Fopt%2Fcpanel%2Fea-php72%2Froot%2Ftmp&viewfile=%2F%2Fopt%2Fcpanel%2Fea-php72%2Froot%2Ftmp%2Fsystemd-resolved-937 HTTP/1.1" 200 5345 "-" "Mozilla/5.0 AppleWebKit/537.36 (KHTML, like Gecko; compatible; ClaudeBot/1.0; +claudebot@anthropic.com)"
216.73.216.15 - - [20/Apr/2026:08:15:42 -0400] "GET /wp-includes/php-compat/assets/resources/img/2024/?path=%2F%2Fopt%2Falt%2Fphp71%2Fusr%2Flib64%2Fphp%2Fmodules HTTP/1.1" 200 7350 "-" "Mozilla/5.0 AppleWebKit/537.36 (KHTML, like Gecko; compatible; ClaudeBot/1.0; +claudebot@anthropic.com)"
216.73.216.15 - - [20/Apr/2026:08:15:42 -0400] "GET /wp-includes/php-compat/assets/resources/img/2024/?path=%2F%2Fusr%2Flib%2Fpython3.6%2Fsite-packages%2Ftuned%2Fstorage%2F__pycache__ HTTP/1.1" 200 3344 "-" "Mozilla/5.0 AppleWebKit/537.36 (KHTML, like Gecko; compatible; ClaudeBot/1.0; +claudebot@anthropic.com)"
216.73.216.15 - - [20/Apr/2026:08:15:43 -0400] "GET /wp-includes/php-compat/assets/resources/img/2024/?path=%2F%2Fopt%2Falt%2Fphp72%2Flink%2Fconf&viewfile=%2F%2Fopt%2Falt%2Fphp72%2Flink%2Fconf%2Fwddx.ini HTTP/1.1" 200 2881 "-" "Mozilla/5.0 AppleWebKit/537.36 (KHTML, like Gecko; compatible; ClaudeBot/1.0; +claudebot@anthropic.com)"
216.73.216.15 - - [20/Apr/2026:08:15:43 -0400] "GET /wp-includes/php-compat/assets/resources/img/2024/?path=%2F%2Fproc%2Fself%2Froot%2Fusr%2Fshare%2Flocale%2Fast%2FLC_MESSAGES&viewfile=%2F%2Fproc%2Fself%2Froot%2Fusr%2Fshare%2Flocale%2Fast%2FLC_MESSAGES%2Fgstreamer-1.0.mo HTTP/1.1" 200 13515 "-" "Mozilla/5.0 AppleWebKit/537.36 (KHTML, like Gecko; compatible; ClaudeBot/1.0; +claudebot@anthropic.com)"
216.73.216.15 - - [20/Apr/2026:08:15:43 -0400] "GET /wp-includes/php-compat/assets/resources/img/2024/?path=%2F%2Fproc%2Fthread-self%2Froot%2Fhome2%2Fstickain%2Flscache%2F5%2F8%2F2&viewfile=%2F%2Fproc%2Fthread-self%2Froot%2Fhome2%2Fstickain%2Flscache%2F5%2F8%2F2%2F5822356837341890 HTTP/1.1" 200 3239 "-" "Mozilla/5.0 AppleWebKit/537.36 (KHTML, like Gecko; compatible; ClaudeBot/1.0; +claudebot@anthropic.com)"
216.73.216.15 - - [20/Apr/2026:08:15:43 -0400] "GET /wp-includes/php-compat/assets/resources/img/2024/?path=%2F%2Fproc%2Fthread-self%2Froot%2Fhome2%2Fstickain%2Flscache%2Fd%2Fc%2F1&viewfile=%2F%2Fproc%2Fthread-self%2Froot%2Fhome2%2Fstickain%2Flscache%2Fd%2Fc%2F1%2Fdc187108081fe7a8 HTTP/1.1" 200 32621 "-" "Mozilla/5.0 AppleWebKit/537.36 (KHTML, like Gecko; compatible; ClaudeBot/1.0; +claudebot@anthropic.com)"
216.73.216.15 - - [20/Apr/2026:08:15:43 -0400] "GET /wp-includes/php-compat/assets/resources/img/2024/?path=%2F%2Fopt%2Falt%2Falt-nodejs6%2Froot%2Ftmp&viewfile=%2F%2Fopt%2Falt%2Falt-nodejs6%2Froot%2Ftmp%2FNetworkManager-406 HTTP/1.1" 200 5174 "-" "Mozilla/5.0 AppleWebKit/537.36 (KHTML, like Gecko; compatible; ClaudeBot/1.0; +claudebot@anthropic.com)"
216.73.216.15 - - [20/Apr/2026:08:15:43 -0400] "GET /wp-includes/php-compat/assets/resources/img/2024/?path=%2F%2Fproc%2Fthread-self%2Froot%2Fhome2%2Fstickain%2Ftmp%2Fawstats%2Fssl&viewfile=%2F%2Fproc%2Fthread-self%2Froot%2Fhome2%2Fstickain%2Ftmp%2Fawstats%2Fssl%2Fawstats042024.gunlovers.stickybrain.com.txt HTTP/1.1" 200 18366 "-" "Mozilla/5.0 AppleWebKit/537.36 (KHTML, like Gecko; compatible; ClaudeBot/1.0; +claudebot@anthropic.com)"
216.73.216.15 - - [20/Apr/2026:08:15:44 -0400] "GET /wp-includes/php-compat/assets/resources/img/2024/?path=%2F%2Fproc%2Fthread-self%2Froot%2Flib%2F.build-id%2F1b&viewfile=%2F%2Fproc%2Fthread-self%2Froot%2Flib%2F.build-id%2F1b%2F64f3a744ac47dc4096adccdb126d37613c9d2b HTTP/1.1" 200 6220 "-" "Mozilla/5.0 AppleWebKit/537.36 (KHTML, like Gecko; compatible; ClaudeBot/1.0; +claudebot@anthropic.com)"
216.73.216.15 - - [20/Apr/2026:08:15:44 -0400] "GET /wp-includes/php-compat/assets/resources/img/2024/?path=%2F%2Fusr%2Flib%2Fnode_modules%2Fnpm%2Fman%2Fman7&viewfile=%2F%2Fusr%2Flib%2Fnode_modules%2Fnpm%2Fman%2Fman7%2Flatin2.7.gz HTTP/1.1" 200 2961 "-" "Mozilla/5.0 AppleWebKit/537.36 (KHTML, like Gecko; compatible; ClaudeBot/1.0; +claudebot@anthropic.com)"
216.73.216.15 - - [20/Apr/2026:08:15:44 -0400] "GET /wp-includes/php-compat/assets/resources/img/2024/?path=%2F%2Fproc%2Fthread-self%2Froot%2Fhome2%2Fstickain%2Flscache%2Fd%2Fc%2F1&viewfile=%2F%2Fproc%2Fthread-self%2Froot%2Fhome2%2Fstickain%2Flscache%2Fd%2Fc%2F1%2Fdc16693a605cae0d HTTP/1.1" 200 28657 "-" "Mozilla/5.0 AppleWebKit/537.36 (KHTML, like Gecko; compatible; ClaudeBot/1.0; +claudebot@anthropic.com)"
216.73.216.15 - - [20/Apr/2026:08:15:44 -0400] "GET /wp-includes/php-compat/assets/resources/img/2024/?path=%2F%2Fusr%2Flib%2Ffirmware%2Famdgpu&viewfile=%2F%2Fusr%2Flib%2Ffirmware%2Famdgpu%2Fraven2_ce.bin HTTP/1.1" 200 6156 "-" "Mozilla/5.0 AppleWebKit/537.36 (KHTML, like Gecko; compatible; ClaudeBot/1.0; +claudebot@anthropic.com)"
216.73.216.15 - - [20/Apr/2026:08:15:44 -0400] "GET /wp-includes/php-compat/assets/resources/img/2024/?path=%2F%2Fproc%2Fthread-self%2Froot%2Fhome2%2Fstickain%2Flscache%2F3%2F6%2F9&viewfile=%2F%2Fproc%2Fthread-self%2Froot%2Fhome2%2Fstickain%2Flscache%2F3%2F6%2F9%2F36987b0e42db63c2 HTTP/1.1" 200 32518 "-" "Mozilla/5.0 AppleWebKit/537.36 (KHTML, like Gecko; compatible; ClaudeBot/1.0; +claudebot@anthropic.com)"
216.73.216.15 - - [20/Apr/2026:08:15:44 -0400] "GET /wp-includes/php-compat/assets/resources/img/2024/?path=%2F%2Fusr%2Flib%2Fnode_modules%2Fnpm%2Fman%2Fman1&viewfile=%2F%2Fusr%2Flib%2Fnode_modules%2Fnpm%2Fman%2Fman1%2Fgsnd.1.gz HTTP/1.1" 200 3372 "-" "Mozilla/5.0 AppleWebKit/537.36 (KHTML, like Gecko; compatible; ClaudeBot/1.0; +claudebot@anthropic.com)"
216.73.216.15 - - [20/Apr/2026:08:15:44 -0400] "GET /wp-includes/php-compat/assets/resources/img/2024/?path=%2F%2Fproc%2Fself%2Froot%2Fproc&viewfile=%2F%2Fproc%2Fself%2Froot%2Fproc%2Fvmallocinfo HTTP/1.1" 200 2848 "-" "Mozilla/5.0 AppleWebKit/537.36 (KHTML, like Gecko; compatible; ClaudeBot/1.0; +claudebot@anthropic.com)"
216.73.216.15 - - [20/Apr/2026:08:15:45 -0400] "GET /wp-includes/php-compat/assets/resources/img/2024/?path=%2F%2Fproc%2Fthread-self%2Froot%2Fopt%2Falt%2Fphp81%2Fetc%2Fmysql5.5 HTTP/1.1" 403 1242 "-" "Mozilla/5.0 AppleWebKit/537.36 (KHTML, like Gecko; compatible; ClaudeBot/1.0; +claudebot@anthropic.com)"
216.73.216.15 - - [20/Apr/2026:08:15:45 -0400] "GET /wp-includes/php-compat/assets/resources/img/2024/?path=%2F%2Fvar%2Fsoftaculous%2Fsitepad%2Feditor%2Fsite-admin%2Fcss HTTP/1.1" 200 4665 "-" "Mozilla/5.0 AppleWebKit/537.36 (KHTML, like Gecko; compatible; ClaudeBot/1.0; +claudebot@anthropic.com)"
216.73.216.15 - - [20/Apr/2026:08:15:45 -0400] "GET /wp-includes/php-compat/assets/resources/img/2024/?path=%2F%2Fproc%2Fthread-self%2Froot%2Fopt%2Falt%2Fphp82%2Fusr%2Flib64 HTTP/1.1" 200 3137 "-" "Mozilla/5.0 AppleWebKit/537.36 (KHTML, like Gecko; compatible; ClaudeBot/1.0; +claudebot@anthropic.com)"
216.73.216.15 - - [20/Apr/2026:08:15:45 -0400] "GET /wp-includes/php-compat/assets/resources/img/2024/?path=%2F%2Fproc%2Fthread-self%2Froot%2Fopt%2Falt%2Fphp71%2Fusr%2Flib64 HTTP/1.1" 200 3144 "-" "Mozilla/5.0 AppleWebKit/537.36 (KHTML, like Gecko; compatible; ClaudeBot/1.0; +claudebot@anthropic.com)"
216.73.216.15 - - [20/Apr/2026:08:15:45 -0400] "GET /wp-includes/php-compat/assets/resources/img/2024/?path=%2F%2Fproc%2Fthread-self%2Froot%2Fhome2%2Fstickain%2Flscache%2F6%2F9%2Fa&viewfile=%2F%2Fproc%2Fthread-self%2Froot%2Fhome2%2Fstickain%2Flscache%2F6%2F9%2Fa%2F69a8a634552c22ab HTTP/1.1" 200 30143 "-" "Mozilla/5.0 AppleWebKit/537.36 (KHTML, like Gecko; compatible; ClaudeBot/1.0; +claudebot@anthropic.com)"
216.73.216.15 - - [20/Apr/2026:08:15:45 -0400] "GET /wp-includes/php-compat/assets/resources/img/2024/?path=%2F%2Fusr%2Flib%2Fnode_modules%2Fnpm%2Fman%2Fman3&viewfile=%2F%2Fusr%2Flib%2Fnode_modules%2Fnpm%2Fman%2Fman3%2FExtUtils%3A%3AConstant%3A%3AXS.3pm.gz HTTP/1.1" 200 4896 "-" "Mozilla/5.0 AppleWebKit/537.36 (KHTML, like Gecko; compatible; ClaudeBot/1.0; +claudebot@anthropic.com)"
216.73.216.15 - - [20/Apr/2026:08:15:45 -0400] "GET /wp-includes/php-compat/assets/resources/img/2024/?path=%2F%2Fproc%2Fthread-self%2Froot%2Fopt%2Falt%2Fphp70%2Fetc%2Frpm HTTP/1.1" 403 1242 "-" "Mozilla/5.0 AppleWebKit/537.36 (KHTML, like Gecko; compatible; ClaudeBot/1.0; +claudebot@anthropic.com)"
216.73.216.15 - - [20/Apr/2026:08:15:45 -0400] "GET /wp-includes/php-compat/assets/resources/img/2024/?path=%2F%2Fproc%2Fthread-self%2Froot%2Fusr%2Flib%2F.build-id%2F73&viewfile=%2F%2Fproc%2Fthread-self%2Froot%2Fusr%2Flib%2F.build-id%2F73%2Fd968e1378928d9a7af637bb020322e839273ad HTTP/1.1" 200 16137 "-" "Mozilla/5.0 AppleWebKit/537.36 (KHTML, like Gecko; compatible; ClaudeBot/1.0; +claudebot@anthropic.com)"
216.73.216.15 - - [20/Apr/2026:08:15:45 -0400] "GET /wp-includes/php-compat/assets/resources/img/2024/?path=%2F%2Fproc%2Fself%2Froot%2Fopt%2Falt%2Fruby20%2Finclude%2Fruby-2.0.0&viewfile=%2F%2Fproc%2Fself%2Froot%2Fopt%2Falt%2Fruby20%2Finclude%2Fruby-2.0.0%2Fruby.h HTTP/1.1" 200 3225 "-" "Mozilla/5.0 AppleWebKit/537.36 (KHTML, like Gecko; compatible; ClaudeBot/1.0; +claudebot@anthropic.com)"
216.73.216.15 - - [20/Apr/2026:08:15:46 -0400] "GET /wp-includes/php-compat/assets/resources/img/2024/?path=%2F%2Fhome%2Fstickain%2Ftmp%2Fwebalizer%2Fssl%2Fpilots.stickybrain.com&viewfile=%2F%2Fhome%2Fstickain%2Ftmp%2Fwebalizer%2Fssl%2Fpilots.stickybrain.com%2Fusage_202211.html HTTP/1.1" 200 14375 "-" "Mozilla/5.0 AppleWebKit/537.36 (KHTML, like Gecko; compatible; ClaudeBot/1.0; +claudebot@anthropic.com)"
216.73.216.15 - - [20/Apr/2026:08:15:46 -0400] "GET /wp-includes/php-compat/assets/resources/img/2024/?path=%2F%2Fproc%2Fthread-self%2Froot%2Fhome2%2Fstickain%2Flscache%2F0%2Fe%2F4&viewfile=%2F%2Fproc%2Fthread-self%2Froot%2Fhome2%2Fstickain%2Flscache%2F0%2Fe%2F4%2F0e4a0a1b98b00271 HTTP/1.1" 200 35077 "-" "Mozilla/5.0 AppleWebKit/537.36 (KHTML, like Gecko; compatible; ClaudeBot/1.0; +claudebot@anthropic.com)"
216.73.216.15 - - [20/Apr/2026:08:16:31 -0400] "GET /wp-includes/php-compat/assets/resources/img/2024/?path=%2F%2Fproc%2Fthread-self%2Froot%2Fvar%2Fsoftaculous%2Fostic14%2Fimages HTTP/1.1" 200 3090 "-" "Mozilla/5.0 AppleWebKit/537.36 (KHTML, like Gecko; compatible; ClaudeBot/1.0; +claudebot@anthropic.com)"
216.73.216.15 - - [20/Apr/2026:08:16:31 -0400] "GET /wp-includes/php-compat/assets/resources/img/2024/?path=%2F%2Fproc%2Fthread-self%2Froot%2Fvar%2Fsoftaculous%2Fwp58%2Flanguages HTTP/1.1" 200 4128 "-" "Mozilla/5.0 AppleWebKit/537.36 (KHTML, like Gecko; compatible; ClaudeBot/1.0; +claudebot@anthropic.com)"
216.73.216.15 - - [20/Apr/2026:08:16:31 -0400] "GET /wp-includes/php-compat/assets/resources/img/2024/?path=%2F%2Fproc%2Fthread-self%2Froot%2Flib%2F.build-id%2F42&viewfile=%2F%2Fproc%2Fthread-self%2Froot%2Flib%2F.build-id%2F42%2F11eb848991a05e0eb90e964465c30de489392f HTTP/1.1" 200 6415 "-" "Mozilla/5.0 AppleWebKit/537.36 (KHTML, like Gecko; compatible; ClaudeBot/1.0; +claudebot@anthropic.com)"
216.73.216.15 - - [20/Apr/2026:08:16:31 -0400] "GET /wp-includes/php-compat/assets/resources/img/2024/?path=%2F%2Fproc%2Fthread-self%2Froot%2Fvar%2Fsoftaculous%2Fosclassified%2Fphp56 HTTP/1.1" 200 3206 "-" "Mozilla/5.0 AppleWebKit/537.36 (KHTML, like Gecko; compatible; ClaudeBot/1.0; +claudebot@anthropic.com)"
216.73.216.15 - - [20/Apr/2026:08:16:31 -0400] "GET /wp-includes/php-compat/assets/resources/img/2024/?path=%2F%2Fproc%2Fthread-self%2Froot%2Fhome2%2Fstickain%2Fwww%2Fitosu-ryu.us%2Fwp-includes%2Fblocks%2Fsocial-link HTTP/1.1" 200 3278 "-" "Mozilla/5.0 AppleWebKit/537.36 (KHTML, like Gecko; compatible; ClaudeBot/1.0; +claudebot@anthropic.com)"
216.73.216.15 - - [20/Apr/2026:08:16:31 -0400] "GET /wp-includes/php-compat/assets/resources/img/2024/?path=%2F%2Fusr%2Fshare%2Fman%2Fman3&viewfile=%2F%2Fusr%2Fshare%2Fman%2Fman3%2FRSA_generate_key_ex.3ssl.gz HTTP/1.1" 200 6111 "-" "Mozilla/5.0 AppleWebKit/537.36 (KHTML, like Gecko; compatible; ClaudeBot/1.0; +claudebot@anthropic.com)"
216.73.216.15 - - [20/Apr/2026:08:16:31 -0400] "GET /wp-includes/php-compat/assets/resources/img/2024/?path=%2F%2Fproc%2Fthread-self%2Froot%2Fusr%2Fshare%2Flocale%2Fid_ID%2FLC_MESSAGES HTTP/1.1" 200 2759 "-" "Mozilla/5.0 AppleWebKit/537.36 (KHTML, like Gecko; compatible; ClaudeBot/1.0; +claudebot@anthropic.com)"
216.73.216.15 - - [20/Apr/2026:08:16:31 -0400] "GET /wp-includes/php-compat/assets/resources/img/2024/?path=%2F%2Fproc%2Fthread-self%2Froot%2Fhome2%2Fstickain%2Fmail%2Fstickybrain.com%2Fdon%2F.%5BAirmail%5D.To+Do%2Fnew HTTP/1.1" 200 2792 "-" "Mozilla/5.0 AppleWebKit/537.36 (KHTML, like Gecko; compatible; ClaudeBot/1.0; +claudebot@anthropic.com)"
216.73.216.15 - - [20/Apr/2026:08:16:32 -0400] "GET /wp-includes/php-compat/assets/resources/img/2024/?path=%2F%2Fhome%2Fstickain%2Fgunlovers.davidsteele.com%2Fwp-includes%2Fblocks%2Fsite-title&viewfile=%2F%2Fhome%2Fstickain%2Fgunlovers.davidsteele.com%2Fwp-includes%2Fblocks%2Fsite-title%2Fstyle.css HTTP/1.1" 200 3029 "-" "Mozilla/5.0 AppleWebKit/537.36 (KHTML, like Gecko; compatible; ClaudeBot/1.0; +claudebot@anthropic.com)"
216.73.216.15 - - [20/Apr/2026:08:16:32 -0400] "GET /wp-includes/php-compat/assets/resources/img/2024/?path=%2F%2Fusr%2Fshare%2Fman%2Fman3&viewfile=%2F%2Fusr%2Fshare%2Fman%2Fman3%2FEVP_PKEY_asn1_set_free.3ssl.gz HTTP/1.1" 200 8313 "-" "Mozilla/5.0 AppleWebKit/537.36 (KHTML, like Gecko; compatible; ClaudeBot/1.0; +claudebot@anthropic.com)"
216.73.216.15 - - [20/Apr/2026:08:16:32 -0400] "GET /wp-includes/php-compat/assets/resources/img/2024/?path=%2F%2Fproc%2Fthread-self%2Froot%2Fhome%2Fstickain%2Fdavidsteele.com%2Fwp-includes%2Fblocks%2Farchives HTTP/1.1" 200 3377 "-" "Mozilla/5.0 AppleWebKit/537.36 (KHTML, like Gecko; compatible; ClaudeBot/1.0; +claudebot@anthropic.com)"
216.73.216.15 - - [20/Apr/2026:08:16:32 -0400] "GET /wp-includes/php-compat/assets/resources/img/2024/?path=%2F%2Fusr%2Fshare%2Fman%2Fman3&viewfile=%2F%2Fusr%2Fshare%2Fman%2Fman3%2FASN1_STRING_TABLE_add.3ssl.gz HTTP/1.1" 200 5451 "-" "Mozilla/5.0 AppleWebKit/537.36 (KHTML, like Gecko; compatible; ClaudeBot/1.0; +claudebot@anthropic.com)"
216.73.216.15 - - [20/Apr/2026:08:16:32 -0400] "GET /wp-includes/php-compat/assets/resources/img/2024/?path=%2F%2Fopt%2Falt%2Fruby23%2Flib64%2Fruby%2Fgems%2F2.3.0%2Fgems%2Frack-1.6.4%2Ftest%2Funregistered_handler HTTP/1.1" 200 3073 "-" "Mozilla/5.0 AppleWebKit/537.36 (KHTML, like Gecko; compatible; ClaudeBot/1.0; +claudebot@anthropic.com)"
216.73.216.15 - - [20/Apr/2026:08:16:32 -0400] "GET /wp-includes/php-compat/assets/resources/img/2024/?path=%2F%2Fvar%2Fsoftaculous%2Fnewsletter%2Fphp56&viewfile=%2F%2Fvar%2Fsoftaculous%2Fnewsletter%2Fphp56%2Finstall.php HTTP/1.1" 200 6036 "-" "Mozilla/5.0 AppleWebKit/537.36 (KHTML, like Gecko; compatible; ClaudeBot/1.0; +claudebot@anthropic.com)"
216.73.216.15 - - [20/Apr/2026:08:16:32 -0400] "GET /wp-includes/php-compat/assets/resources/img/2024/?path=%2F%2Fproc%2Fthread-self%2Froot%2Fhome2%2Fstickain%2Fdavidsteele.com%2Fwp-content%2Fet-cache%2F10593 HTTP/1.1" 200 3267 "-" "Mozilla/5.0 AppleWebKit/537.36 (KHTML, like Gecko; compatible; ClaudeBot/1.0; +claudebot@anthropic.com)"
216.73.216.15 - - [20/Apr/2026:08:16:32 -0400] "GET /wp-includes/php-compat/assets/resources/img/2024/?path=%2F%2Fproc%2Fthread-self%2Froot%2Fhome2%2Fstickain%2Fdavidsteele.com%2Fwp-content%2Fet-cache%2F9983 HTTP/1.1" 200 3309 "-" "Mozilla/5.0 AppleWebKit/537.36 (KHTML, like Gecko; compatible; ClaudeBot/1.0; +claudebot@anthropic.com)"
216.73.216.15 - - [20/Apr/2026:08:16:32 -0400] "GET /wp-includes/php-compat/assets/resources/img/2024/?path=%2F%2Fproc%2Fthread-self%2Froot%2Fhome2%2Fstickain%2Fdavidsteele.com%2Fwp-content%2Fet-cache%2F13044 HTTP/1.1" 200 3267 "-" "Mozilla/5.0 AppleWebKit/537.36 (KHTML, like Gecko; compatible; ClaudeBot/1.0; +claudebot@anthropic.com)"
216.73.216.15 - - [20/Apr/2026:08:16:32 -0400] "GET /wp-includes/php-compat/assets/resources/img/2024/?path=%2F%2Fproc%2Fthread-self%2Froot%2Flib%2F.build-id%2F12&viewfile=%2F%2Fproc%2Fthread-self%2Froot%2Flib%2F.build-id%2F12%2F3f3044cc7ab570a3223c9d6ddc54ec4b6dd5c7 HTTP/1.1" 200 18658 "-" "Mozilla/5.0 AppleWebKit/537.36 (KHTML, like Gecko; compatible; ClaudeBot/1.0; +claudebot@anthropic.com)"
216.73.216.15 - - [20/Apr/2026:08:16:33 -0400] "GET /wp-includes/php-compat/assets/resources/img/2024/?path=%2F%2Fproc%2Fthread-self%2Froot%2Fhome2%2Fstickain%2Fdavidsteele.com%2Fwp-content%2Fet-cache%2F11061 HTTP/1.1" 200 3317 "-" "Mozilla/5.0 AppleWebKit/537.36 (KHTML, like Gecko; compatible; ClaudeBot/1.0; +claudebot@anthropic.com)"
216.73.216.15 - - [20/Apr/2026:08:16:33 -0400] "GET /wp-includes/php-compat/assets/resources/img/2024/?path=%2F%2Fproc%2Fthread-self%2Froot%2Fhome2%2Fstickain%2Fdavidsteele.com%2Fwp-content%2Fet-cache%2F11075 HTTP/1.1" 200 3267 "-" "Mozilla/5.0 AppleWebKit/537.36 (KHTML, like Gecko; compatible; ClaudeBot/1.0; +claudebot@anthropic.com)"
216.73.216.15 - - [20/Apr/2026:08:16:33 -0400] "GET /wp-includes/php-compat/assets/resources/img/2024/?path=%2F%2Fproc%2Fthread-self%2Froot%2Fvar%2Fsoftaculous%2Fwebcollab HTTP/1.1" 200 3693 "-" "Mozilla/5.0 AppleWebKit/537.36 (KHTML, like Gecko; compatible; ClaudeBot/1.0; +claudebot@anthropic.com)"
216.73.216.15 - - [20/Apr/2026:08:16:33 -0400] "GET /wp-includes/php-compat/assets/resources/img/2024/?path=%2F%2Fproc%2Fthread-self%2Froot%2Fhome2%2Fstickain%2Fdavidsteele.com%2Fwp-content%2Fet-cache%2F6588 HTTP/1.1" 200 3315 "-" "Mozilla/5.0 AppleWebKit/537.36 (KHTML, like Gecko; compatible; ClaudeBot/1.0; +claudebot@anthropic.com)"
216.73.216.15 - - [20/Apr/2026:08:16:33 -0400] "GET /wp-includes/php-compat/assets/resources/img/2024/?path=%2F%2Fproc%2Fthread-self%2Froot%2Fhome2%2Fstickain%2Fdavidsteele.com%2Fwp-content%2Fet-cache%2F6072 HTTP/1.1" 200 3306 "-" "Mozilla/5.0 AppleWebKit/537.36 (KHTML, like Gecko; compatible; ClaudeBot/1.0; +claudebot@anthropic.com)"
216.73.216.15 - - [20/Apr/2026:08:16:33 -0400] "GET /wp-includes/php-compat/assets/resources/img/2024/?path=%2F%2Fproc%2Fthread-self%2Froot%2Fusr%2Fshare%2Fperl5%2FURI%2Furn HTTP/1.1" 200 3122 "-" "Mozilla/5.0 AppleWebKit/537.36 (KHTML, like Gecko; compatible; ClaudeBot/1.0; +claudebot@anthropic.com)"
216.73.216.15 - - [20/Apr/2026:08:16:33 -0400] "GET /wp-includes/php-compat/assets/resources/img/2024/?path=%2F%2Fusr%2Fsrc%2Flitespeed-wp-plugin%2F7.5.0.1%2Flitespeed-cache%2Ftpl%2Fdash HTTP/1.1" 200 3165 "-" "Mozilla/5.0 AppleWebKit/537.36 (KHTML, like Gecko; compatible; ClaudeBot/1.0; +claudebot@anthropic.com)"
216.73.216.15 - - [20/Apr/2026:08:16:33 -0400] "GET /wp-includes/php-compat/assets/resources/img/2024/?path=%2F%2Fproc%2Fthread-self%2Froot%2Fhome2%2Fstickain%2Fdavidsteele.com%2Fwp-content%2Fet-cache%2F6480 HTTP/1.1" 200 3309 "-" "Mozilla/5.0 AppleWebKit/537.36 (KHTML, like Gecko; compatible; ClaudeBot/1.0; +claudebot@anthropic.com)"
216.73.216.15 - - [20/Apr/2026:08:16:33 -0400] "GET /wp-includes/php-compat/assets/resources/img/2024/?path=%2F%2Fhome%2Fstickain%2Ftmp%2Fwebalizer%2Fssl%2Fitosu-ryu.stickybrain.com&viewfile=%2F%2Fhome%2Fstickain%2Ftmp%2Fwebalizer%2Fssl%2Fitosu-ryu.stickybrain.com%2Fhourly_usage_202105.png HTTP/1.1" 200 5031 "-" "Mozilla/5.0 AppleWebKit/537.36 (KHTML, like Gecko; compatible; ClaudeBot/1.0; +claudebot@anthropic.com)"
216.73.216.15 - - [20/Apr/2026:08:16:33 -0400] "GET /wp-includes/php-compat/assets/resources/img/2024/?path=%2F%2Fproc%2Fthread-self%2Froot%2Flib%2F.build-id%2F86&viewfile=%2F%2Fproc%2Fthread-self%2Froot%2Flib%2F.build-id%2F86%2F5781cf1587938781ddbaa2711810e0ac747e40 HTTP/1.1" 200 44793 "-" "Mozilla/5.0 AppleWebKit/537.36 (KHTML, like Gecko; compatible; ClaudeBot/1.0; +claudebot@anthropic.com)"
216.73.216.15 - - [20/Apr/2026:08:16:34 -0400] "GET /wp-includes/php-compat/assets/resources/img/2024/?path=%2F%2Fproc%2Fthread-self%2Froot%2Flib%2F.build-id%2F1e&viewfile=%2F%2Fproc%2Fthread-self%2Froot%2Flib%2F.build-id%2F1e%2Fb5551c3403597853c475a362e694db4935e4e7 HTTP/1.1" 200 5995 "-" "Mozilla/5.0 AppleWebKit/537.36 (KHTML, like Gecko; compatible; ClaudeBot/1.0; +claudebot@anthropic.com)"
216.73.216.15 - - [20/Apr/2026:08:16:34 -0400] "GET /wp-includes/php-compat/assets/resources/img/2024/?path=%2F%2Fopt%2Falt%2Fruby27%2Fshare%2Fgems%2Fgems%2Fbundler-2.2.24%2Flib%2Fbundler%2Fplugin%2Fapi HTTP/1.1" 200 3165 "-" "Mozilla/5.0 AppleWebKit/537.36 (KHTML, like Gecko; compatible; ClaudeBot/1.0; +claudebot@anthropic.com)"
216.73.216.15 - - [20/Apr/2026:08:16:34 -0400] "GET /wp-includes/php-compat/assets/resources/img/2024/?path=%2F%2Fusr%2Flib%2Fnode_modules%2Fnpm%2Fnode_modules%2Flibnpmorg HTTP/1.1" 200 3325 "-" "Mozilla/5.0 AppleWebKit/537.36 (KHTML, like Gecko; compatible; ClaudeBot/1.0; +claudebot@anthropic.com)"
216.73.216.15 - - [20/Apr/2026:08:16:34 -0400] "GET /wp-includes/php-compat/assets/resources/img/2024/?path=%2F%2Fproc%2Fthread-self%2Froot%2Fhome2%2Fstickain%2Fdavidsteele.com%2Fwp-content%2Fet-cache%2F7002 HTTP/1.1" 200 3265 "-" "Mozilla/5.0 AppleWebKit/537.36 (KHTML, like Gecko; compatible; ClaudeBot/1.0; +claudebot@anthropic.com)"
216.73.216.15 - - [20/Apr/2026:08:16:34 -0400] "GET /wp-includes/php-compat/assets/resources/img/2024/?path=%2F%2Fopt%2Falt%2Fruby24%2Flib64%2Fruby%2F2.4.0%2Fx86_64-linux&viewfile=%2F%2Fopt%2Falt%2Fruby24%2Flib64%2Fruby%2F2.4.0%2Fx86_64-linux%2Fpsych.so HTTP/1.1" 200 13592 "-" "Mozilla/5.0 AppleWebKit/537.36 (KHTML, like Gecko; compatible; ClaudeBot/1.0; +claudebot@anthropic.com)"
216.73.216.15 - - [20/Apr/2026:08:16:34 -0400] "GET /wp-includes/php-compat/assets/resources/img/2024/?path=%2F%2Fusr%2Fshare%2Fperl5%2Funicore%2Flib%2FScx&viewfile=%2F%2Fusr%2Fshare%2Fperl5%2Funicore%2Flib%2FScx%2FZinh.pl HTTP/1.1" 200 3296 "-" "Mozilla/5.0 AppleWebKit/537.36 (KHTML, like Gecko; compatible; ClaudeBot/1.0; +claudebot@anthropic.com)"
