52.167.144.183 - - [20/Apr/2026:11:17:05 -0400] "GET /shop/ergastoplasmic/dicynodontia63514247407.html HTTP/1.1" 404 1251 "-" "Mozilla/5.0 AppleWebKit/537.36 (KHTML, like Gecko; compatible; bingbot/2.0; +http://www.bing.com/bingbot.htm) Chrome/116.0.1938.76 Safari/537.36"
52.167.144.183 - - [20/Apr/2026:11:17:05 -0400] "GET /shop/bourreau/filagreing3909573862.html HTTP/1.1" 404 1251 "-" "Mozilla/5.0 AppleWebKit/537.36 (KHTML, like Gecko; compatible; bingbot/2.0; +http://www.bing.com/bingbot.htm) Chrome/116.0.1938.76 Safari/537.36"
40.77.167.40 - - [20/Apr/2026:11:17:09 -0400] "GET /shop/preconsumer/bridesman71654292631.html HTTP/1.1" 404 1251 "-" "Mozilla/5.0 AppleWebKit/537.36 (KHTML, like Gecko; compatible; bingbot/2.0; +http://www.bing.com/bingbot.htm) Chrome/116.0.1938.76 Safari/537.36"
114.10.39.4 - - [20/Apr/2026:11:17:12 -0400] "POST /xmlrpc.php HTTP/1.1" 200 0 "-" "Jetpack by WordPress.com"
114.119.144.212 - - [20/Apr/2026:11:17:27 -0400] "GET /shop/suggested/gader56106125605.html HTTP/1.1" 404 1251 "https://davidsteele.com/sitemap664.xml" "Mozilla/5.0 (Linux; Android 7.0;) AppleWebKit/537.36 (KHTML, like Gecko) Mobile Safari/537.36 (compatible; PetalBot;+https://webmaster.petalsearch.com/site/petalbot)"
114.10.39.4 - - [20/Apr/2026:11:17:22 -0400] "POST /xmlrpc.php HTTP/1.1" 200 0 "-" "Jetpack by WordPress.com (Jetpack 12.1; WordPress 6.2)"
176.27.249.167 - - [20/Apr/2026:11:17:32 -0400] "GET /?d=7319698067908 HTTP/1.1" 200 1813 "-" "Mozilla/5.0 (iPhone; CPU iPhone OS 17_2 like Mac OS X) AppleWebKit/605.1.15 (KHTML, like Gecko) EdgiOS/120.0.2210.105 Version/17.0 Mobile/15E148 Safari/604.1"
173.239.240.217 - - [20/Apr/2026:11:17:28 -0400] "GET /wp-login.php HTTP/1.1" 200 2205 "-" "Mozilla/5.0"
173.239.240.217 - - [20/Apr/2026:11:17:34 -0400] "GET /?author=1 HTTP/1.1" 200 2132 "-" "Mozilla/5.0"
173.239.240.217 - - [20/Apr/2026:11:17:34 -0400] "GET /?rest_route=/wp/v2/users HTTP/1.1" 200 2132 "-" "Mozilla/5.0"
173.239.240.217 - - [20/Apr/2026:11:17:35 -0400] "GET /feed HTTP/1.1" 404 1251 "-" "Mozilla/5.0"
66.249.69.131 - - [20/Apr/2026:11:17:35 -0400] "GET /?j=28957145256519 HTTP/1.1" 200 1819 "-" "GoogleOther-Image/1.0"
114.10.39.4 - - [20/Apr/2026:11:17:33 -0400] "POST /xmlrpc.php HTTP/1.1" 200 0 "-" "Jetpack by WordPress.com (Jetpack 12.5; WordPress 6.2)"
114.10.39.4 - - [20/Apr/2026:11:17:43 -0400] "POST /xmlrpc.php HTTP/1.1" 200 0 "-" "Jetpack/13.0; WordPress/6.1; http://site80418375.com"
114.10.39.4 - - [20/Apr/2026:11:17:53 -0400] "POST /xmlrpc.php HTTP/1.1" 200 0 "-" "WordPress.com; https://wordpress.com"
66.249.69.133 - - [20/Apr/2026:11:18:08 -0400] "GET /?j=78233587661118 HTTP/1.1" 200 1836 "-" "GoogleOther-Image/1.0"
114.10.39.4 - - [20/Apr/2026:11:18:03 -0400] "POST /xmlrpc.php HTTP/1.1" 200 0 "-" "Jetpack by WordPress.com (Jetpack 12.5; WordPress 6.2)"
114.10.39.4 - - [20/Apr/2026:11:18:14 -0400] "POST /xmlrpc.php HTTP/1.1" 200 714 "-" "Jetpack by WordPress.com (Jetpack 13.0; WordPress 6.1)"
114.10.39.4 - - [20/Apr/2026:11:18:25 -0400] "POST /xmlrpc.php HTTP/1.1" 200 0 "-" "WordPress.com; https://wordpress.com"
151.202.101.97 - - [20/Apr/2026:11:18:31 -0400] "GET /?d=63525927376987 HTTP/1.1" 200 1832 "-" "Mozilla/5.0 (iPhone; CPU iPhone OS 17_3 like Mac OS X) AppleWebKit/605.1.15 (KHTML, like Gecko) CriOS/122.0.6261.62 Mobile/15E148 Safari/604.1"
162.0.209.96 - - [20/Apr/2026:11:18:36 -0400] "POST /wp-cron.php?doing_wp_cron=1776698316.0013480186462402343750 HTTP/1.1" 200 0 "-" "WordPress/6.8.5; https://davidsteele.com"
114.10.39.4 - - [20/Apr/2026:11:18:36 -0400] "POST /xmlrpc.php HTTP/1.1" 200 0 "-" "Jetpack/13.0; WordPress/6.2; http://site13307444.com"
66.249.69.131 - - [20/Apr/2026:11:18:45 -0400] "GET /?j=80184891972467 HTTP/1.1" 200 1835 "-" "GoogleOther-Image/1.0"
188.163.15.24 - - [20/Apr/2026:11:18:51 -0400] "GET /?d=72905034466618 HTTP/1.1" 200 1831 "-" "Mozilla/5.0 (iPhone; CPU iPhone OS 17_3_1 like Mac OS X) AppleWebKit/605.1.15 (KHTML, like Gecko) Version/17.0 EdgiOS/121.2277.107 Mobile/15E148 Safari/605.1.15"
114.10.39.4 - - [20/Apr/2026:11:18:49 -0400] "POST /xmlrpc.php HTTP/1.1" 200 0 "-" "Jetpack by WordPress.com (Jetpack 12.5; WordPress 6.4)"
66.249.69.131 - - [20/Apr/2026:11:18:58 -0400] "GET /?j=19416972905184 HTTP/1.1" 200 1835 "-" "Mozilla/5.0 (Linux; Android 6.0.1; Nexus 5X Build/MMB29P) AppleWebKit/537.36 (KHTML, like Gecko) Chrome/146.0.7680.177 Mobile Safari/537.36 (compatible; Googlebot/2.1; +http://www.google.com/bot.html)"
114.10.39.4 - - [20/Apr/2026:11:18:56 -0400] "POST /xmlrpc.php HTTP/1.1" 200 0 "-" "Jetpack by WordPress.com"
114.10.39.4 - - [20/Apr/2026:11:19:07 -0400] "POST /xmlrpc.php HTTP/1.1" 200 0 "-" "Jetpack by WordPress.com"
66.249.69.131 - - [20/Apr/2026:11:19:29 -0400] "GET /?j=82673285014056 HTTP/1.1" 200 1835 "-" "GoogleOther-Image/1.0"
52.167.144.183 - - [20/Apr/2026:11:19:33 -0400] "GET /shop/intercontradiction/babis7165479349.html HTTP/1.1" 404 1251 "-" "Mozilla/5.0 AppleWebKit/537.36 (KHTML, like Gecko; compatible; bingbot/2.0; +http://www.bing.com/bingbot.htm) Chrome/116.0.1938.76 Safari/537.36"
71.147.0.158 - - [20/Apr/2026:11:19:44 -0400] "GET /?d=33685594434882 HTTP/1.1" 200 1831 "-" "Mozilla/5.0 (Windows NT 10.0; Win64; x64) AppleWebKit/537.36 (KHTML, like Gecko) Chrome/121.0.0.0 Safari/537.36 Edg/121.0.0.0"
114.119.135.36 - - [20/Apr/2026:11:19:56 -0400] "GET /shop/suddenness/glycohemia26766314089.html HTTP/1.1" 404 1251 "https://davidsteele.com/sitemap470.xml" "Mozilla/5.0 (Linux; Android 7.0;) AppleWebKit/537.36 (KHTML, like Gecko) Mobile Safari/537.36 (compatible; PetalBot;+https://webmaster.petalsearch.com/site/petalbot)"
114.10.39.4 - - [20/Apr/2026:11:19:52 -0400] "POST /xmlrpc.php HTTP/1.1" 200 0 "-" "Jetpack by WordPress.com (Jetpack 12.5; WordPress 6.2)"
66.249.69.131 - - [20/Apr/2026:11:20:11 -0400] "GET /?j=24486973361915 HTTP/1.1" 200 1821 "-" "GoogleOther-Image/1.0"
162.0.209.96 - - [20/Apr/2026:11:20:12 -0400] "POST /wp-cron.php?doing_wp_cron=1776698412.4280169010162353515625 HTTP/1.1" 200 0 "-" "WordPress/6.8.5; https://davidsteele.com"
114.10.39.4 - - [20/Apr/2026:11:20:11 -0400] "POST /xmlrpc.php HTTP/1.1" 200 0 "-" "Jetpack by WordPress.com (Jetpack 12.1; WordPress 6.3)"
114.10.39.4 - - [20/Apr/2026:11:20:20 -0400] "POST /xmlrpc.php HTTP/1.1" 200 0 "-" "WordPress.com; https://wordpress.com"
114.10.39.4 - - [20/Apr/2026:11:20:34 -0400] "POST /xmlrpc.php HTTP/1.1" 200 0 "-" "WordPress.com; https://wordpress.com"
66.249.69.132 - - [20/Apr/2026:11:20:45 -0400] "GET /?j=25250604421484 HTTP/1.1" 200 1834 "-" "GoogleOther-Image/1.0"
114.10.39.4 - - [20/Apr/2026:11:20:42 -0400] "POST /xmlrpc.php HTTP/1.1" 200 714 "-" "Jetpack by WordPress.com (Jetpack 12.5; WordPress 6.2)"
114.10.39.4 - - [20/Apr/2026:11:20:52 -0400] "POST /xmlrpc.php HTTP/1.1" 200 0 "-" "Jetpack/13.0; WordPress/6.4; http://site95624994.com"
114.10.39.4 - - [20/Apr/2026:11:21:06 -0400] "POST /xmlrpc.php HTTP/1.1" 200 0 "-" "Jetpack by WordPress.com (Jetpack 12.1; WordPress 6.4)"
93.193.85.180 - - [20/Apr/2026:11:21:08 -0400] "POST /xmlrpc.php HTTP/1.1" 200 714 "-" "Jetpack by WordPress.com (Jetpack 12.1; WordPress 6.3)"
114.119.144.212 - - [20/Apr/2026:11:21:17 -0400] "GET /shop/subside/mendicancy56106173727.html HTTP/1.1" 404 1251 "https://davidsteele.com/sitemap202.xml" "Mozilla/5.0 (Linux; Android 7.0;) AppleWebKit/537.36 (KHTML, like Gecko) Mobile Safari/537.36 (compatible; PetalBot;+https://webmaster.petalsearch.com/site/petalbot)"
114.10.39.4 - - [20/Apr/2026:11:21:14 -0400] "POST /xmlrpc.php HTTP/1.1" 200 0 "-" "Jetpack by WordPress.com (Jetpack 12.0; WordPress 6.2)"
162.0.209.96 - - [20/Apr/2026:11:21:23 -0400] "POST /wp-cron.php?doing_wp_cron=1776698483.3410880565643310546875 HTTP/1.1" 200 0 "-" "WordPress/6.8.5; https://davidsteele.com"
93.193.85.180 - - [20/Apr/2026:11:21:19 -0400] "POST /xmlrpc.php HTTP/1.1" 200 714 "-" "WordPress.com; https://wordpress.com"
114.10.39.4 - - [20/Apr/2026:11:21:25 -0400] "POST /xmlrpc.php HTTP/1.1" 200 0 "-" "Jetpack/12.0; WordPress/6.2; http://site34144819.com"
93.193.85.180 - - [20/Apr/2026:11:21:29 -0400] "POST /xmlrpc.php HTTP/1.1" 200 714 "-" "Jetpack by WordPress.com (Jetpack 12.0; WordPress 6.3)"
174.166.26.50 - - [20/Apr/2026:11:21:40 -0400] "GET /?d=87114993584187 HTTP/1.1" 200 1831 "-" "Mozilla/5.0 (Windows NT 10.0; Win64; x64) AppleWebKit/537.36 (KHTML, like Gecko) Chrome/121.0.0.0 Safari/537.36 Edg/121.0.0.0"
114.10.39.4 - - [20/Apr/2026:11:21:34 -0400] "POST /xmlrpc.php HTTP/1.1" 200 0 "-" "Jetpack by WordPress.com"
93.193.85.180 - - [20/Apr/2026:11:21:40 -0400] "POST /xmlrpc.php HTTP/1.1" 200 714 "-" "Jetpack by WordPress.com"
216.73.216.15 - - [20/Apr/2026:11:21:48 -0400] "GET /robots.txt HTTP/1.1" 200 69 "-" "Mozilla/5.0 AppleWebKit/537.36 (KHTML, like Gecko; compatible; ClaudeBot/1.0; +claudebot@anthropic.com)"
216.73.216.15 - - [20/Apr/2026:11:21:48 -0400] "GET /sitemap.xml HTTP/1.1" 404 1251 "-" "Mozilla/5.0 AppleWebKit/537.36 (KHTML, like Gecko; compatible; ClaudeBot/1.0; +claudebot@anthropic.com)"
114.10.39.4 - - [20/Apr/2026:11:21:46 -0400] "POST /xmlrpc.php HTTP/1.1" 200 0 "-" "WordPress.com; https://wordpress.com"
93.193.85.180 - - [20/Apr/2026:11:21:50 -0400] "POST /xmlrpc.php HTTP/1.1" 200 714 "-" "Jetpack by WordPress.com"
93.193.85.180 - - [20/Apr/2026:11:22:01 -0400] "POST /xmlrpc.php HTTP/1.1" 200 714 "-" "Jetpack by WordPress.com (Jetpack 12.5; WordPress 6.2)"
114.10.39.4 - - [20/Apr/2026:11:22:06 -0400] "POST /xmlrpc.php HTTP/1.1" 200 0 "-" "Jetpack by WordPress.com (Jetpack 12.0; WordPress 6.4)"
93.193.85.180 - - [20/Apr/2026:11:22:12 -0400] "POST /xmlrpc.php HTTP/1.1" 200 714 "-" "Jetpack by WordPress.com (Jetpack 12.0; WordPress 6.4)"
114.10.39.4 - - [20/Apr/2026:11:22:19 -0400] "POST /xmlrpc.php HTTP/1.1" 200 0 "-" "Jetpack by WordPress.com (Jetpack 12.0; WordPress 6.1)"
93.193.85.180 - - [20/Apr/2026:11:22:22 -0400] "POST /xmlrpc.php HTTP/1.1" 200 714 "-" "WordPress.com; https://wordpress.com"
114.10.39.4 - - [20/Apr/2026:11:22:28 -0400] "POST /xmlrpc.php HTTP/1.1" 200 0 "-" "Jetpack/12.5; WordPress/6.2; http://site24036804.com"
93.193.85.180 - - [20/Apr/2026:11:22:33 -0400] "POST /xmlrpc.php HTTP/1.1" 200 714 "-" "Jetpack by WordPress.com (Jetpack 12.1; WordPress 6.2)"
216.244.66.241 - - [20/Apr/2026:11:22:38 -0400] "GET /wp-includes/class-wp-locale-switcher.php HTTP/1.1" 403 1242 "-" "Mozilla/5.0 (compatible; DotBot/1.2; +https://opensiteexplorer.org/dotbot; help@moz.com)"
114.10.39.4 - - [20/Apr/2026:11:22:37 -0400] "POST /xmlrpc.php HTTP/1.1" 200 0 "-" "WordPress.com; https://wordpress.com"
93.193.85.180 - - [20/Apr/2026:11:22:44 -0400] "POST /xmlrpc.php HTTP/1.1" 200 714 "-" "Jetpack by WordPress.com"
66.249.69.133 - - [20/Apr/2026:11:22:49 -0400] "GET /?j=24015746504535 HTTP/1.1" 200 1818 "-" "GoogleOther-Image/1.0"
114.10.39.4 - - [20/Apr/2026:11:22:48 -0400] "POST /xmlrpc.php HTTP/1.1" 200 0 "-" "Jetpack by WordPress.com (Jetpack 12.1; WordPress 6.4)"
93.193.85.180 - - [20/Apr/2026:11:22:55 -0400] "POST /xmlrpc.php HTTP/1.1" 200 714 "-" "Jetpack by WordPress.com"
114.10.39.4 - - [20/Apr/2026:11:22:59 -0400] "POST /xmlrpc.php HTTP/1.1" 200 0 "-" "WordPress.com; https://wordpress.com"
93.193.85.180 - - [20/Apr/2026:11:23:05 -0400] "POST /xmlrpc.php HTTP/1.1" 200 714 "-" "Jetpack by WordPress.com"
66.249.69.131 - - [20/Apr/2026:11:23:19 -0400] "GET /?j=97885337998507 HTTP/1.1" 200 1822 "-" "GoogleOther-Image/1.0"
93.193.85.180 - - [20/Apr/2026:11:23:16 -0400] "POST /xmlrpc.php HTTP/1.1" 200 714 "-" "Jetpack/12.0; WordPress/6.4; http://site25765320.com"
114.10.39.4 - - [20/Apr/2026:11:23:20 -0400] "POST /xmlrpc.php HTTP/1.1" 200 0 "-" "WordPress.com; https://wordpress.com"
93.193.85.180 - - [20/Apr/2026:11:23:27 -0400] "POST /xmlrpc.php HTTP/1.1" 200 714 "-" "Jetpack by WordPress.com"
188.28.174.191 - - [20/Apr/2026:11:23:34 -0400] "GET /?d=77467757666895 HTTP/1.1" 200 1832 "-" "Mozilla/5.0 (iPhone; CPU iPhone OS 17_1 like Mac OS X) AppleWebKit/605.1.15 (KHTML, like Gecko) EdgiOS/119.0.2151.65 Version/17.0 Mobile/15E148 Safari/604.1"
114.10.39.4 - - [20/Apr/2026:11:23:31 -0400] "POST /xmlrpc.php HTTP/1.1" 200 0 "-" "WordPress.com; https://wordpress.com"
108.171.103.242 - - [20/Apr/2026:11:23:38 -0400] "GET /?d=32527820479284 HTTP/1.1" 200 1817 "-" "Mozilla/5.0 (iPad; CPU OS 17_0_2 like Mac OS X) AppleWebKit/605.1.15 (KHTML, like Gecko) Version/17.0 Mobile/15E148 Safari/604.1"
114.119.156.122 - - [20/Apr/2026:11:23:38 -0400] "GET /shop/subscriptions/unwelded56106151099.html HTTP/1.1" 404 1251 "https://davidsteele.com/sitemap115.xml" "Mozilla/5.0 (Linux; Android 7.0;) AppleWebKit/537.36 (KHTML, like Gecko) Mobile Safari/537.36 (compatible; PetalBot;+https://webmaster.petalsearch.com/site/petalbot)"
93.193.85.180 - - [20/Apr/2026:11:23:37 -0400] "POST /xmlrpc.php HTTP/1.1" 200 714 "-" "Jetpack by WordPress.com (Jetpack 12.0; WordPress 6.2)"
114.10.39.4 - - [20/Apr/2026:11:23:41 -0400] "POST /xmlrpc.php HTTP/1.1" 200 0 "-" "Jetpack by WordPress.com"
93.193.85.180 - - [20/Apr/2026:11:23:48 -0400] "POST /xmlrpc.php HTTP/1.1" 200 714 "-" "Jetpack/12.5; WordPress/6.3; http://site64454027.com"
66.249.69.131 - - [20/Apr/2026:11:23:59 -0400] "GET /?j=20772444345252 HTTP/1.1" 200 1822 "-" "GoogleOther-Image/1.0"
93.193.85.180 - - [20/Apr/2026:11:23:59 -0400] "POST /xmlrpc.php HTTP/1.1" 200 714 "-" "Jetpack by WordPress.com (Jetpack 12.5; WordPress 6.1)"
114.10.39.4 - - [20/Apr/2026:11:24:02 -0400] "POST /xmlrpc.php HTTP/1.1" 200 0 "-" "WordPress.com; https://wordpress.com"
93.193.85.180 - - [20/Apr/2026:11:24:10 -0400] "POST /xmlrpc.php HTTP/1.1" 200 714 "-" "Jetpack by WordPress.com (Jetpack 12.1; WordPress 6.1)"
114.10.39.4 - - [20/Apr/2026:11:24:12 -0400] "POST /xmlrpc.php HTTP/1.1" 200 0 "-" "Jetpack by WordPress.com (Jetpack 12.5; WordPress 6.3)"
93.193.85.180 - - [20/Apr/2026:11:24:20 -0400] "POST /xmlrpc.php HTTP/1.1" 200 714 "-" "WordPress.com; https://wordpress.com"
93.193.85.180 - - [20/Apr/2026:11:24:31 -0400] "POST /xmlrpc.php HTTP/1.1" 200 714 "-" "Jetpack by WordPress.com (Jetpack 12.5; WordPress 6.4)"
114.10.39.4 - - [20/Apr/2026:11:24:33 -0400] "POST /xmlrpc.php HTTP/1.1" 200 0 "-" "Jetpack by WordPress.com (Jetpack 12.5; WordPress 6.1)"
93.193.85.180 - - [20/Apr/2026:11:24:42 -0400] "POST /xmlrpc.php HTTP/1.1" 200 714 "-" "Jetpack/12.0; WordPress/6.4; http://site50141355.com"
114.10.39.4 - - [20/Apr/2026:11:24:44 -0400] "POST /xmlrpc.php HTTP/1.1" 200 0 "-" "Jetpack/12.0; WordPress/6.3; http://site25845143.com"
93.193.85.180 - - [20/Apr/2026:11:24:52 -0400] "POST /xmlrpc.php HTTP/1.1" 200 0 "-" "Jetpack by WordPress.com"
66.249.69.132 - - [20/Apr/2026:11:25:00 -0400] "GET /?j=23507544135699 HTTP/1.1" 200 1819 "-" "GoogleOther-Image/1.0"
114.10.39.4 - - [20/Apr/2026:11:24:54 -0400] "POST /xmlrpc.php HTTP/1.1" 200 0 "-" "Jetpack by WordPress.com"
114.119.156.122 - - [20/Apr/2026:11:25:07 -0400] "GET /shop/submissit/preoverthrew39095286430.html HTTP/1.1" 404 1251 "https://davidsteele.com/sitemap906.xml" "Mozilla/5.0 (Linux; Android 7.0;) AppleWebKit/537.36 (KHTML, like Gecko) Mobile Safari/537.36 (compatible; PetalBot;+https://webmaster.petalsearch.com/site/petalbot)"
93.193.85.180 - - [20/Apr/2026:11:25:03 -0400] "POST /xmlrpc.php HTTP/1.1" 200 0 "-" "Jetpack/12.1; WordPress/6.2; http://site27560500.com"
114.10.39.4 - - [20/Apr/2026:11:25:05 -0400] "POST /xmlrpc.php HTTP/1.1" 200 0 "-" "Jetpack/12.5; WordPress/6.1; http://site59686460.com"
93.193.85.180 - - [20/Apr/2026:11:25:14 -0400] "POST /xmlrpc.php HTTP/1.1" 200 0 "-" "Jetpack/12.1; WordPress/6.4; http://site63020458.com"
114.10.39.4 - - [20/Apr/2026:11:25:16 -0400] "POST /xmlrpc.php HTTP/1.1" 200 0 "-" "Jetpack by WordPress.com (Jetpack 12.0; WordPress 6.4)"
93.193.85.180 - - [20/Apr/2026:11:25:25 -0400] "POST /xmlrpc.php HTTP/1.1" 200 0 "-" "WordPress.com; https://wordpress.com"
114.10.39.4 - - [20/Apr/2026:11:25:26 -0400] "POST /xmlrpc.php HTTP/1.1" 200 0 "-" "Jetpack/13.0; WordPress/6.3; http://site38020987.com"
93.193.85.180 - - [20/Apr/2026:11:25:36 -0400] "POST /xmlrpc.php HTTP/1.1" 200 0 "-" "Jetpack by WordPress.com (Jetpack 12.0; WordPress 6.3)"
93.193.85.180 - - [20/Apr/2026:11:25:46 -0400] "POST /xmlrpc.php HTTP/1.1" 200 0 "-" "Jetpack by WordPress.com"
93.193.85.180 - - [20/Apr/2026:11:25:57 -0400] "POST /xmlrpc.php HTTP/1.1" 200 0 "-" "WordPress.com; https://wordpress.com"
93.193.85.180 - - [20/Apr/2026:11:26:08 -0400] "POST /xmlrpc.php HTTP/1.1" 200 0 "-" "Jetpack/12.5; WordPress/6.4; http://site40856096.com"
93.193.85.180 - - [20/Apr/2026:11:26:19 -0400] "POST /xmlrpc.php HTTP/1.1" 200 0 "-" "Jetpack by WordPress.com"
93.193.85.180 - - [20/Apr/2026:11:26:29 -0400] "POST /xmlrpc.php HTTP/1.1" 200 0 "-" "Jetpack/13.0; WordPress/6.4; http://site52320186.com"
157.22.74.211 - - [20/Apr/2026:11:26:41 -0400] "GET /wp-login.php HTTP/1.1" 200 1975 "-" "Mozilla/5.0 (Macintosh; Intel Mac OS X 13_5) AppleWebKit/605.1.15 (KHTML, like Gecko) Version/17.5 Safari/605.1.15"
93.193.85.180 - - [20/Apr/2026:11:26:40 -0400] "POST /xmlrpc.php HTTP/1.1" 200 0 "-" "WordPress.com; https://wordpress.com"
93.193.85.180 - - [20/Apr/2026:11:26:51 -0400] "POST /xmlrpc.php HTTP/1.1" 200 0 "-" "WordPress.com; https://wordpress.com"
66.249.69.132 - - [20/Apr/2026:11:27:06 -0400] "GET /?j=62953878466288 HTTP/1.1" 200 1821 "-" "GoogleOther-Image/1.0"
93.193.85.180 - - [20/Apr/2026:11:27:02 -0400] "POST /xmlrpc.php HTTP/1.1" 200 0 "-" "Jetpack by WordPress.com"
93.193.85.180 - - [20/Apr/2026:11:27:12 -0400] "POST /xmlrpc.php HTTP/1.1" 200 0 "-" "Jetpack by WordPress.com"
40.77.167.77 - - [20/Apr/2026:11:27:28 -0400] "GET /shop/ungranular/redivide56106237784.html HTTP/1.1" 404 1251 "-" "Mozilla/5.0 AppleWebKit/537.36 (KHTML, like Gecko; compatible; bingbot/2.0; +http://www.bing.com/bingbot.htm) Chrome/116.0.1938.76 Safari/537.36"
40.77.167.77 - - [20/Apr/2026:11:27:28 -0400] "GET /shop/sconcheon/megalocephalic38121205448.html HTTP/1.1" 404 1251 "-" "Mozilla/5.0 AppleWebKit/537.36 (KHTML, like Gecko; compatible; bingbot/2.0; +http://www.bing.com/bingbot.htm) Chrome/116.0.1938.76 Safari/537.36"
40.77.167.77 - - [20/Apr/2026:11:27:29 -0400] "GET /shop/ile/sabino81030287423.html HTTP/1.1" 404 1251 "-" "Mozilla/5.0 AppleWebKit/537.36 (KHTML, like Gecko; compatible; bingbot/2.0; +http://www.bing.com/bingbot.htm) Chrome/116.0.1938.76 Safari/537.36"
40.77.167.77 - - [20/Apr/2026:11:27:29 -0400] "GET /shop/confutations/heptahydric71654160049.html HTTP/1.1" 404 1251 "-" "Mozilla/5.0 AppleWebKit/537.36 (KHTML, like Gecko; compatible; bingbot/2.0; +http://www.bing.com/bingbot.htm) Chrome/116.0.1938.76 Safari/537.36"
52.167.144.183 - - [20/Apr/2026:11:27:29 -0400] "GET /shop/shibboleths/parahormone56106130865.html HTTP/1.1" 404 1251 "-" "Mozilla/5.0 AppleWebKit/537.36 (KHTML, like Gecko; compatible; bingbot/2.0; +http://www.bing.com/bingbot.htm) Chrome/116.0.1938.76 Safari/537.36"
157.55.39.225 - - [20/Apr/2026:11:27:29 -0400] "GET /robots.txt HTTP/1.1" 200 69 "-" "Mozilla/5.0 AppleWebKit/537.36 (KHTML, like Gecko; compatible; bingbot/2.0; +http://www.bing.com/bingbot.htm) Chrome/116.0.1938.76 Safari/537.36"
93.193.85.180 - - [20/Apr/2026:11:27:23 -0400] "POST /xmlrpc.php HTTP/1.1" 200 0 "-" "WordPress.com; https://wordpress.com"
52.167.144.176 - - [20/Apr/2026:11:27:32 -0400] "GET /shop/dictyoceratine/pittances3273065914.html HTTP/1.1" 404 1251 "-" "Mozilla/5.0 AppleWebKit/537.36 (KHTML, like Gecko; compatible; bingbot/2.0; +http://www.bing.com/bingbot.htm) Chrome/116.0.1938.76 Safari/537.36"
52.167.144.176 - - [20/Apr/2026:11:27:32 -0400] "GET /shop/dermohemia/asialia6480521275.html HTTP/1.1" 404 1251 "-" "Mozilla/5.0 AppleWebKit/537.36 (KHTML, like Gecko; compatible; bingbot/2.0; +http://www.bing.com/bingbot.htm) Chrome/116.0.1938.76 Safari/537.36"
114.119.144.212 - - [20/Apr/2026:11:27:37 -0400] "GET /shop/subgenuses/contrived6480546323.html HTTP/1.1" 404 1251 "https://davidsteele.com/sitemap741.xml" "Mozilla/5.0 (Linux; Android 7.0;) AppleWebKit/537.36 (KHTML, like Gecko) Mobile Safari/537.36 (compatible; PetalBot;+https://webmaster.petalsearch.com/site/petalbot)"
93.193.85.180 - - [20/Apr/2026:11:27:34 -0400] "POST /xmlrpc.php HTTP/1.1" 200 0 "-" "Jetpack by WordPress.com"
93.193.85.180 - - [20/Apr/2026:11:27:45 -0400] "POST /xmlrpc.php HTTP/1.1" 200 0 "-" "Jetpack by WordPress.com"
93.193.85.180 - - [20/Apr/2026:11:27:55 -0400] "POST /xmlrpc.php HTTP/1.1" 200 0 "-" "Jetpack by WordPress.com (Jetpack 12.0; WordPress 6.2)"
40.77.167.77 - - [20/Apr/2026:11:28:07 -0400] "GET /shop/relitigated/plowheads3273074919.html HTTP/1.1" 404 1251 "-" "Mozilla/5.0 AppleWebKit/537.36 (KHTML, like Gecko; compatible; bingbot/2.0; +http://www.bing.com/bingbot.htm) Chrome/116.0.1938.76 Safari/537.36"
93.193.85.180 - - [20/Apr/2026:11:28:06 -0400] "POST /xmlrpc.php HTTP/1.1" 200 0 "-" "Jetpack by WordPress.com (Jetpack 12.1; WordPress 6.1)"
93.193.85.180 - - [20/Apr/2026:11:28:16 -0400] "POST /xmlrpc.php HTTP/1.1" 200 0 "-" "Jetpack/12.0; WordPress/6.2; http://site68928168.com"
93.193.85.180 - - [20/Apr/2026:11:28:27 -0400] "POST /xmlrpc.php HTTP/1.1" 200 0 "-" "WordPress.com; https://wordpress.com"
66.249.69.133 - - [20/Apr/2026:11:28:39 -0400] "GET /?j=87200341354444 HTTP/1.1" 200 1835 "-" "GoogleOther-Image/1.0"
93.193.85.180 - - [20/Apr/2026:11:28:38 -0400] "POST /xmlrpc.php HTTP/1.1" 200 0 "-" "Jetpack by WordPress.com (Jetpack 12.0; WordPress 6.4)"
114.119.135.36 - - [20/Apr/2026:11:29:08 -0400] "GET /shop/subadjacently/baldacchini3812129444.html HTTP/1.1" 404 1251 "https://davidsteele.com/sitemap651.xml" "Mozilla/5.0 (Linux; Android 7.0;) AppleWebKit/537.36 (KHTML, like Gecko) Mobile Safari/537.36 (compatible; PetalBot;+https://webmaster.petalsearch.com/site/petalbot)"
95.81.249.212 - - [20/Apr/2026:11:29:11 -0400] "GET / HTTP/1.1" 200 2133 "-" "Mozilla/5.0 (Windows NT 10.0; Win64; x64) AppleWebKit/537.36 (KHTML, like Gecko) Chrome/120.0.0.0 Safari/537.36"
114.119.157.124 - - [20/Apr/2026:11:29:16 -0400] "GET /robots.txt HTTP/1.1" 200 69 "-" "Mozilla/5.0 (compatible;PetalBot;+https://webmaster.petalsearch.com/site/petalbot)"
93.193.85.180 - - [20/Apr/2026:11:29:53 -0400] "POST /xmlrpc.php HTTP/1.1" 200 0 "-" "Jetpack by WordPress.com (Jetpack 12.1; WordPress 6.4)"
162.0.209.96 - - [20/Apr/2026:11:30:03 -0400] "POST /wp-cron.php?doing_wp_cron=1776699003.7275850772857666015625 HTTP/1.1" 200 0 "-" "WordPress/6.8.5; https://davidsteele.com"
93.193.85.180 - - [20/Apr/2026:11:30:04 -0400] "POST /xmlrpc.php HTTP/1.1" 200 0 "-" "Jetpack by WordPress.com (Jetpack 12.1; WordPress 6.4)"
52.167.144.195 - - [20/Apr/2026:11:30:20 -0400] "GET /shop/allogamy/dentical39095155419.html HTTP/1.1" 404 1251 "-" "Mozilla/5.0 AppleWebKit/537.36 (KHTML, like Gecko; compatible; bingbot/2.0; +http://www.bing.com/bingbot.htm) Chrome/116.0.1938.76 Safari/537.36"
52.167.144.195 - - [20/Apr/2026:11:30:20 -0400] "GET /shop/reproductively/overspeed39095212168.html HTTP/1.1" 404 1251 "-" "Mozilla/5.0 AppleWebKit/537.36 (KHTML, like Gecko; compatible; bingbot/2.0; +http://www.bing.com/bingbot.htm) Chrome/116.0.1938.76 Safari/537.36"
40.77.167.116 - - [20/Apr/2026:11:30:21 -0400] "GET /shop/scenograph/isothermical327305514.html HTTP/1.1" 404 1251 "-" "Mozilla/5.0 AppleWebKit/537.36 (KHTML, like Gecko; compatible; bingbot/2.0; +http://www.bing.com/bingbot.htm) Chrome/116.0.1938.76 Safari/537.36"
93.193.85.180 - - [20/Apr/2026:11:30:14 -0400] "POST /xmlrpc.php HTTP/1.1" 200 0 "-" "Jetpack/12.1; WordPress/6.3; http://site87479169.com"
40.77.167.116 - - [20/Apr/2026:11:30:24 -0400] "GET /shop/unconceiving/chromes2676672722.html HTTP/1.1" 404 1251 "-" "Mozilla/5.0 AppleWebKit/537.36 (KHTML, like Gecko; compatible; bingbot/2.0; +http://www.bing.com/bingbot.htm) Chrome/116.0.1938.76 Safari/537.36"
40.77.167.230 - - [20/Apr/2026:11:30:29 -0400] "GET /shop/hairlessness/unidiomatically7165450994.html HTTP/1.1" 404 1251 "-" "Mozilla/5.0 AppleWebKit/537.36 (KHTML, like Gecko; compatible; bingbot/2.0; +http://www.bing.com/bingbot.htm) Chrome/116.0.1938.76 Safari/537.36"
40.77.167.230 - - [20/Apr/2026:11:30:29 -0400] "GET /category/7989-2676600128.html HTTP/1.1" 404 1251 "-" "Mozilla/5.0 AppleWebKit/537.36 (KHTML, like Gecko; compatible; bingbot/2.0; +http://www.bing.com/bingbot.htm) Chrome/116.0.1938.76 Safari/537.36"
93.193.85.180 - - [20/Apr/2026:11:30:25 -0400] "POST /xmlrpc.php HTTP/1.1" 200 0 "-" "Jetpack by WordPress.com"
93.193.85.180 - - [20/Apr/2026:11:30:36 -0400] "POST /xmlrpc.php HTTP/1.1" 200 0 "-" "Jetpack by WordPress.com (Jetpack 13.0; WordPress 6.1)"
93.193.85.180 - - [20/Apr/2026:11:30:46 -0400] "POST /xmlrpc.php HTTP/1.1" 200 0 "-" "WordPress.com; https://wordpress.com"
93.193.85.180 - - [20/Apr/2026:11:30:57 -0400] "POST /xmlrpc.php HTTP/1.1" 200 0 "-" "Jetpack by WordPress.com"
93.193.85.180 - - [20/Apr/2026:11:31:08 -0400] "POST /xmlrpc.php HTTP/1.1" 200 0 "-" "Jetpack by WordPress.com"
93.193.85.180 - - [20/Apr/2026:11:31:19 -0400] "POST /xmlrpc.php HTTP/1.1" 200 0 "-" "WordPress.com; https://wordpress.com"
93.193.85.180 - - [20/Apr/2026:11:31:30 -0400] "POST /xmlrpc.php HTTP/1.1" 200 0 "-" "WordPress.com; https://wordpress.com"
93.193.85.180 - - [20/Apr/2026:11:31:40 -0400] "POST /xmlrpc.php HTTP/1.1" 200 0 "-" "Jetpack by WordPress.com"
93.193.85.180 - - [20/Apr/2026:11:31:51 -0400] "POST /xmlrpc.php HTTP/1.1" 200 0 "-" "WordPress.com; https://wordpress.com"
93.193.85.180 - - [20/Apr/2026:11:32:02 -0400] "POST /xmlrpc.php HTTP/1.1" 200 0 "-" "Jetpack/12.5; WordPress/6.2; http://site95168692.com"
93.193.85.180 - - [20/Apr/2026:11:32:12 -0400] "POST /xmlrpc.php HTTP/1.1" 200 0 "-" "Jetpack by WordPress.com (Jetpack 12.5; WordPress 6.1)"
40.77.167.230 - - [20/Apr/2026:11:32:29 -0400] "GET /shop/salmonellae/unmaterial56106116160.html HTTP/1.1" 404 1251 "-" "Mozilla/5.0 AppleWebKit/537.36 (KHTML, like Gecko; compatible; bingbot/2.0; +http://www.bing.com/bingbot.htm) Chrome/116.0.1938.76 Safari/537.36"
40.77.167.230 - - [20/Apr/2026:11:32:29 -0400] "GET /shop/stampmen/subbromide56106114543.html HTTP/1.1" 404 1251 "-" "Mozilla/5.0 AppleWebKit/537.36 (KHTML, like Gecko; compatible; bingbot/2.0; +http://www.bing.com/bingbot.htm) Chrome/116.0.1938.76 Safari/537.36"
93.193.85.180 - - [20/Apr/2026:11:32:23 -0400] "POST /xmlrpc.php HTTP/1.1" 200 0 "-" "Jetpack by WordPress.com"
52.167.144.195 - - [20/Apr/2026:11:32:33 -0400] "GET /shop/inlake/thumbikin88440109873.html HTTP/1.1" 404 1251 "-" "Mozilla/5.0 AppleWebKit/537.36 (KHTML, like Gecko; compatible; bingbot/2.0; +http://www.bing.com/bingbot.htm) Chrome/116.0.1938.76 Safari/537.36"
93.193.85.180 - - [20/Apr/2026:11:32:34 -0400] "POST /xmlrpc.php HTTP/1.1" 200 0 "-" "Jetpack/12.0; WordPress/6.4; http://site47524039.com"
93.193.85.180 - - [20/Apr/2026:11:32:45 -0400] "POST /xmlrpc.php HTTP/1.1" 200 0 "-" "Jetpack by WordPress.com (Jetpack 12.0; WordPress 6.1)"
114.119.139.48 - - [20/Apr/2026:11:32:52 -0400] "GET /shop/strideways/analogized8103043557.html HTTP/1.1" 404 1251 "https://davidsteele.com/sitemap470.xml" "Mozilla/5.0 (Linux; Android 7.0;) AppleWebKit/537.36 (KHTML, like Gecko) Mobile Safari/537.36 (compatible; PetalBot;+https://webmaster.petalsearch.com/site/petalbot)"
93.193.85.180 - - [20/Apr/2026:11:32:55 -0400] "POST /xmlrpc.php HTTP/1.1" 200 0 "-" "Jetpack/12.0; WordPress/6.3; http://site44327120.com"
93.193.85.180 - - [20/Apr/2026:11:33:06 -0400] "POST /xmlrpc.php HTTP/1.1" 200 0 "-" "Jetpack/12.1; WordPress/6.1; http://site10659128.com"
93.193.85.180 - - [20/Apr/2026:11:33:17 -0400] "POST /xmlrpc.php HTTP/1.1" 200 0 "-" "Jetpack by WordPress.com (Jetpack 12.1; WordPress 6.4)"
93.193.85.180 - - [20/Apr/2026:11:33:28 -0400] "POST /xmlrpc.php HTTP/1.1" 200 0 "-" "Jetpack by WordPress.com (Jetpack 12.5; WordPress 6.4)"
66.249.69.132 - - [20/Apr/2026:11:33:39 -0400] "GET /?j=62342444374352 HTTP/1.1" 200 1820 "-" "GoogleOther-Image/1.0"
93.193.85.180 - - [20/Apr/2026:11:33:38 -0400] "POST /xmlrpc.php HTTP/1.1" 200 0 "-" "WordPress.com; https://wordpress.com"
93.193.85.180 - - [20/Apr/2026:11:33:49 -0400] "POST /xmlrpc.php HTTP/1.1" 200 0 "-" "WordPress.com; https://wordpress.com"
93.193.85.180 - - [20/Apr/2026:11:34:00 -0400] "POST /xmlrpc.php HTTP/1.1" 200 0 "-" "Jetpack by WordPress.com"
66.249.69.132 - - [20/Apr/2026:11:34:17 -0400] "GET /?j=33925668034755 HTTP/1.1" 200 1834 "-" "GoogleOther-Image/1.0"
93.193.85.180 - - [20/Apr/2026:11:34:10 -0400] "POST /xmlrpc.php HTTP/1.1" 200 0 "-" "Jetpack by WordPress.com (Jetpack 12.5; WordPress 6.1)"
93.193.85.180 - - [20/Apr/2026:11:34:21 -0400] "POST /xmlrpc.php HTTP/1.1" 200 0 "-" "WordPress.com; https://wordpress.com"
93.193.85.180 - - [20/Apr/2026:11:34:32 -0400] "POST /xmlrpc.php HTTP/1.1" 200 0 "-" "Jetpack by WordPress.com (Jetpack 13.0; WordPress 6.3)"
93.193.85.180 - - [20/Apr/2026:11:34:43 -0400] "POST /xmlrpc.php HTTP/1.1" 200 0 "-" "Jetpack/12.1; WordPress/6.1; http://site82547178.com"
66.249.69.132 - - [20/Apr/2026:11:34:50 -0400] "GET /?j=11144045984960 HTTP/1.1" 200 1834 "-" "GoogleOther-Image/1.0"
93.193.85.180 - - [20/Apr/2026:11:34:53 -0400] "POST /xmlrpc.php HTTP/1.1" 200 0 "-" "WordPress.com; https://wordpress.com"
93.193.85.180 - - [20/Apr/2026:11:35:05 -0400] "POST /xmlrpc.php HTTP/1.1" 200 0 "-" "Jetpack by WordPress.com (Jetpack 13.0; WordPress 6.3)"
66.249.69.131 - - [20/Apr/2026:11:35:19 -0400] "GET /?j=20231166262744 HTTP/1.1" 200 1834 "-" "GoogleOther-Image/1.0"
93.193.85.180 - - [20/Apr/2026:11:35:15 -0400] "POST /xmlrpc.php HTTP/1.1" 200 0 "-" "Jetpack by WordPress.com (Jetpack 13.0; WordPress 6.2)"
93.193.85.180 - - [20/Apr/2026:11:35:29 -0400] "POST /xmlrpc.php HTTP/1.1" 200 0 "-" "Jetpack/12.5; WordPress/6.2; http://site55909063.com"
93.193.85.180 - - [20/Apr/2026:11:35:36 -0400] "POST /xmlrpc.php HTTP/1.1" 200 0 "-" "Jetpack by WordPress.com (Jetpack 12.5; WordPress 6.4)"
93.193.85.180 - - [20/Apr/2026:11:35:47 -0400] "POST /xmlrpc.php HTTP/1.1" 200 0 "-" "Jetpack/13.0; WordPress/6.1; http://site54910223.com"
66.249.69.131 - - [20/Apr/2026:11:36:04 -0400] "GET /?j=42863084385701 HTTP/1.1" 200 1820 "-" "GoogleOther-Image/1.0"
93.193.85.180 - - [20/Apr/2026:11:35:58 -0400] "POST /xmlrpc.php HTTP/1.1" 200 0 "-" "WordPress.com; https://wordpress.com"
93.193.85.180 - - [20/Apr/2026:11:36:09 -0400] "POST /xmlrpc.php HTTP/1.1" 200 0 "-" "Jetpack by WordPress.com (Jetpack 12.5; WordPress 6.2)"
83.249.25.59 - - [20/Apr/2026:11:36:23 -0400] "GET / HTTP/1.1" 200 2147 "-" "Mozilla/5.0 (compatible; DomainShield/1.0)"
162.0.209.96 - - [20/Apr/2026:11:36:24 -0400] "POST /wp-cron.php?doing_wp_cron=1776699384.5286200046539306640625 HTTP/1.1" 200 0 "-" "WordPress/6.8.5; https://davidsteele.com"
188.213.202.47 - - [20/Apr/2026:11:36:19 -0400] "GET /wp-login.php HTTP/1.1" 200 2205 "-" "Mozilla/5.0"
188.213.202.47 - - [20/Apr/2026:11:36:25 -0400] "GET /?author=1 HTTP/1.1" 200 2129 "-" "Mozilla/5.0"
188.213.202.47 - - [20/Apr/2026:11:36:25 -0400] "GET /?rest_route=/wp/v2/users HTTP/1.1" 200 2129 "-" "Mozilla/5.0"
93.193.85.180 - - [20/Apr/2026:11:36:20 -0400] "POST /xmlrpc.php HTTP/1.1" 200 0 "-" "Jetpack by WordPress.com"
188.213.202.47 - - [20/Apr/2026:11:36:26 -0400] "GET /feed HTTP/1.1" 404 1251 "-" "Mozilla/5.0"
93.193.85.180 - - [20/Apr/2026:11:36:31 -0400] "POST /xmlrpc.php HTTP/1.1" 200 0 "-" "Jetpack by WordPress.com (Jetpack 12.0; WordPress 6.1)"
40.77.167.230 - - [20/Apr/2026:11:36:38 -0400] "GET /shop/cartonniers/pharmacologies88440104343.html HTTP/1.1" 404 1251 "-" "Mozilla/5.0 AppleWebKit/537.36 (KHTML, like Gecko; compatible; bingbot/2.0; +http://www.bing.com/bingbot.htm) Chrome/116.0.1938.76 Safari/537.36"
40.77.167.230 - - [20/Apr/2026:11:36:38 -0400] "GET /shop/intransformable/palisading39095268683.html HTTP/1.1" 404 1251 "-" "Mozilla/5.0 AppleWebKit/537.36 (KHTML, like Gecko; compatible; bingbot/2.0; +http://www.bing.com/bingbot.htm) Chrome/116.0.1938.76 Safari/537.36"
40.77.167.230 - - [20/Apr/2026:11:36:39 -0400] "GET /shop/biding/allotypic38121215010.html HTTP/1.1" 404 1251 "-" "Mozilla/5.0 AppleWebKit/537.36 (KHTML, like Gecko; compatible; bingbot/2.0; +http://www.bing.com/bingbot.htm) Chrome/116.0.1938.76 Safari/537.36"
52.167.144.195 - - [20/Apr/2026:11:36:42 -0400] "GET /shop/archbeadle/semiopacity38121201556.html HTTP/1.1" 404 1251 "-" "Mozilla/5.0 AppleWebKit/537.36 (KHTML, like Gecko; compatible; bingbot/2.0; +http://www.bing.com/bingbot.htm) Chrome/116.0.1938.76 Safari/537.36"
52.167.144.195 - - [20/Apr/2026:11:36:42 -0400] "GET /shop/heartbroken/columnarity327309830.html HTTP/1.1" 404 1251 "-" "Mozilla/5.0 AppleWebKit/537.36 (KHTML, like Gecko; compatible; bingbot/2.0; +http://www.bing.com/bingbot.htm) Chrome/116.0.1938.76 Safari/537.36"
93.193.85.180 - - [20/Apr/2026:11:36:41 -0400] "POST /xmlrpc.php HTTP/1.1" 200 0 "-" "Jetpack by WordPress.com"
40.77.167.116 - - [20/Apr/2026:11:36:47 -0400] "GET /shop/reordains/nidi3909526458.html HTTP/1.1" 404 1251 "-" "Mozilla/5.0 AppleWebKit/537.36 (KHTML, like Gecko; compatible; bingbot/2.0; +http://www.bing.com/bingbot.htm) Chrome/116.0.1938.76 Safari/537.36"
40.77.167.116 - - [20/Apr/2026:11:36:47 -0400] "GET /shop/dialyser/depositation32730173744.html HTTP/1.1" 404 1251 "-" "Mozilla/5.0 AppleWebKit/537.36 (KHTML, like Gecko; compatible; bingbot/2.0; +http://www.bing.com/bingbot.htm) Chrome/116.0.1938.76 Safari/537.36"
114.119.128.212 - - [20/Apr/2026:11:36:51 -0400] "GET /shop/stoun/extrusion26766119473.html HTTP/1.1" 404 1251 "https://davidsteele.com/sitemap124.xml" "Mozilla/5.0 (Linux; Android 7.0;) AppleWebKit/537.36 (KHTML, like Gecko) Mobile Safari/537.36 (compatible; PetalBot;+https://webmaster.petalsearch.com/site/petalbot)"
93.193.85.180 - - [20/Apr/2026:11:36:52 -0400] "POST /xmlrpc.php HTTP/1.1" 200 0 "-" "Jetpack by WordPress.com (Jetpack 12.5; WordPress 6.3)"
93.193.85.180 - - [20/Apr/2026:11:37:03 -0400] "POST /xmlrpc.php HTTP/1.1" 200 0 "-" "WordPress.com; https://wordpress.com"
93.193.85.180 - - [20/Apr/2026:11:37:13 -0400] "POST /xmlrpc.php HTTP/1.1" 200 0 "-" "WordPress.com; https://wordpress.com"
93.193.85.180 - - [20/Apr/2026:11:37:24 -0400] "POST /xmlrpc.php HTTP/1.1" 200 0 "-" "Jetpack by WordPress.com (Jetpack 12.1; WordPress 6.2)"
93.193.85.180 - - [20/Apr/2026:11:37:35 -0400] "POST /xmlrpc.php HTTP/1.1" 200 0 "-" "Jetpack by WordPress.com"
77.75.78.168 - - [20/Apr/2026:11:37:45 -0400] "GET /info/1472907217.html HTTP/1.1" 404 1251 "-" "Mozilla/5.0 (compatible; SeznamBot/4.0; +https://o-seznam.cz/napoveda/vyhledavani/en/seznambot-crawler/)"
66.249.69.132 - - [20/Apr/2026:11:37:49 -0400] "GET /?j=55837818466969 HTTP/1.1" 200 1832 "-" "GoogleOther-Image/1.0"
93.193.85.180 - - [20/Apr/2026:11:37:46 -0400] "POST /xmlrpc.php HTTP/1.1" 200 0 "-" "Jetpack by WordPress.com"
93.193.85.180 - - [20/Apr/2026:11:37:57 -0400] "POST /xmlrpc.php HTTP/1.1" 200 0 "-" "Jetpack by WordPress.com (Jetpack 12.5; WordPress 6.4)"
93.193.85.180 - - [20/Apr/2026:11:38:07 -0400] "POST /xmlrpc.php HTTP/1.1" 200 0 "-" "WordPress.com; https://wordpress.com"
93.193.85.180 - - [20/Apr/2026:11:38:18 -0400] "POST /xmlrpc.php HTTP/1.1" 200 0 "-" "Jetpack/12.5; WordPress/6.2; http://site18969887.com"
114.119.144.212 - - [20/Apr/2026:11:38:26 -0400] "GET /shop/stomion/lounging88440142429.html HTTP/1.1" 404 1251 "https://davidsteele.com/sitemap681.xml" "Mozilla/5.0 (Linux; Android 7.0;) AppleWebKit/537.36 (KHTML, like Gecko) Mobile Safari/537.36 (compatible; PetalBot;+https://webmaster.petalsearch.com/site/petalbot)"
66.249.69.131 - - [20/Apr/2026:11:38:33 -0400] "GET /?j=1442855157711 HTTP/1.1" 200 1832 "-" "GoogleOther-Image/1.0"
93.193.85.180 - - [20/Apr/2026:11:38:29 -0400] "POST /xmlrpc.php HTTP/1.1" 200 0 "-" "Jetpack by WordPress.com"
199.247.4.44 - - [20/Apr/2026:11:38:42 -0400] "GET / HTTP/1.1" 200 1812 "-" "recon-engine/0.4 (cluster-8w; contact: ops@recon-engine.example)"
93.193.85.180 - - [20/Apr/2026:11:38:40 -0400] "POST /xmlrpc.php HTTP/1.1" 200 0 "-" "Jetpack/12.1; WordPress/6.4; http://site90969567.com"
199.247.4.44 - - [20/Apr/2026:11:38:47 -0400] "GET /magento_version HTTP/1.1" 404 1251 "-" "recon-engine/0.4 (cluster-8w; contact: ops@recon-engine.example)"
199.247.4.44 - - [20/Apr/2026:11:38:51 -0400] "GET /wp-json/wc/v3/ HTTP/1.1" 404 1251 "-" "recon-engine/0.4 (cluster-8w; contact: ops@recon-engine.example)"
199.247.4.44 - - [20/Apr/2026:11:38:54 -0400] "GET /index.php?route=common/home HTTP/1.1" 404 1251 "-" "recon-engine/0.4 (cluster-8w; contact: ops@recon-engine.example)"
199.247.4.44 - - [20/Apr/2026:11:38:57 -0400] "GET /favicon.ico HTTP/1.1" 404 1251 "-" "recon-engine/0.4 (cluster-8w; contact: ops@recon-engine.example)"
93.193.85.180 - - [20/Apr/2026:11:38:50 -0400] "POST /xmlrpc.php HTTP/1.1" 200 0 "-" "Jetpack by WordPress.com (Jetpack 12.5; WordPress 6.1)"
216.26.232.76 - - [20/Apr/2026:11:39:05 -0400] "POST /wp-content/themes/home_1774540358/assets/fonts/figtree/top_1774540358.php HTTP/1.1" 403 1242 "https://davidsteele.com" "Mozilla/5.0 (Windows NT 6.1; WOW64) AppleWebKit/537.36 (KHTML, like Gecko) Chrome/63.0.2524.125 Safari/537.36"
66.249.69.133 - - [20/Apr/2026:11:39:05 -0400] "GET /?j=27497007279495 HTTP/1.1" 200 1832 "-" "GoogleOther-Image/1.0"
66.249.69.132 - - [20/Apr/2026:11:39:37 -0400] "GET /?j=86147476485271 HTTP/1.1" 200 1832 "-" "GoogleOther-Image/1.0"
66.249.69.132 - - [20/Apr/2026:11:40:08 -0400] "GET /?j=93547596538159 HTTP/1.1" 200 1818 "-" "GoogleOther-Image/1.0"
66.249.69.131 - - [20/Apr/2026:11:40:38 -0400] "GET /?j=37679887779928 HTTP/1.1" 200 1818 "-" "GoogleOther-Image/1.0"
62.164.177.47 - - [20/Apr/2026:11:40:52 -0400] "GET / HTTP/1.1" 200 1812 "-" "Mozilla/5.0 (Macintosh; Intel Mac OS X 10.15; rv:135.0) Gecko/20100101 Firefox/135.0"
62.164.177.47 - - [20/Apr/2026:11:40:53 -0400] "GET / HTTP/1.1" 200 1828 "-" "Mozilla/5.0 (Macintosh; Intel Mac OS X 10_15_7) AppleWebKit/537.36 (KHTML, like Gecko) Chrome/136.0.0.0 Safari/537.36"
66.249.69.131 - - [20/Apr/2026:11:41:07 -0400] "GET /?j=39792768353631 HTTP/1.1" 200 1832 "-" "GoogleOther-Image/1.0"
114.119.144.212 - - [20/Apr/2026:11:41:19 -0400] "GET /shop/stinkards/diaglyphic716546141.html HTTP/1.1" 404 1251 "https://davidsteele.com/sitemap532.xml" "Mozilla/5.0 (Linux; Android 7.0;) AppleWebKit/537.36 (KHTML, like Gecko) Mobile Safari/537.36 (compatible; PetalBot;+https://webmaster.petalsearch.com/site/petalbot)"
72.195.34.35 - - [20/Apr/2026:11:41:34 -0400] "GET / HTTP/1.1" 200 9221 "-" "Mozilla/5.0 (Macintosh; Intel Mac OS X 10_15_7) AppleWebKit/605.1.15 (KHTML, like Gecko) Version/18.4 Safari/605.1.15"
66.249.69.132 - - [20/Apr/2026:11:41:36 -0400] "GET /?j=28518509518853 HTTP/1.1" 200 1818 "-" "GoogleOther-Image/1.0"
91.99.15.45 - - [20/Apr/2026:11:41:43 -0400] "GET / HTTP/1.1" 200 1828 "-" "Mozilla/5.0 (Macintosh; Intel Mac OS X 10_15_7) AppleWebKit/537.36 (KHTML, like Gecko) Chrome/136.0.0.0 Safari/537.36"
114.105.204.4 - - [20/Apr/2026:11:41:45 -0400] "GET / HTTP/1.1" 200 1812 "-" "Mozilla/5.0 (Macintosh; Intel Mac OS X 10_15_7) AppleWebKit/605.1.15 (KHTML, like Gecko) Version/18.4 Safari/605.1.15"
185.177.239.25 - - [20/Apr/2026:11:41:50 -0400] "GET / HTTP/1.1" 200 1812 "-" "Mozilla/5.0 (Macintosh; Intel Mac OS X 10_15_7) AppleWebKit/605.1.15 (KHTML, like Gecko) Version/18.4 Safari/605.1.15"
66.249.69.132 - - [20/Apr/2026:11:42:17 -0400] "GET /?j=33830084987649 HTTP/1.1" 200 1832 "-" "GoogleOther-Image/1.0"
114.119.152.71 - - [20/Apr/2026:11:42:37 -0400] "GET /shop/sterilise/cogitates56106128415.html HTTP/1.1" 404 1251 "https://davidsteele.com/sitemap778.xml" "Mozilla/5.0 (Linux; Android 7.0;) AppleWebKit/537.36 (KHTML, like Gecko) Mobile Safari/537.36 (compatible; PetalBot;+https://webmaster.petalsearch.com/site/petalbot)"
52.167.144.160 - - [20/Apr/2026:11:43:06 -0400] "GET /shop/pahi/simpering3812128429.html HTTP/1.1" 404 1251 "-" "Mozilla/5.0 AppleWebKit/537.36 (KHTML, like Gecko; compatible; bingbot/2.0; +http://www.bing.com/bingbot.htm) Chrome/116.0.1938.76 Safari/537.36"
52.167.144.160 - - [20/Apr/2026:11:43:07 -0400] "GET /shop/augurers/luge7165456196.html HTTP/1.1" 404 1251 "-" "Mozilla/5.0 AppleWebKit/537.36 (KHTML, like Gecko; compatible; bingbot/2.0; +http://www.bing.com/bingbot.htm) Chrome/116.0.1938.76 Safari/537.36"
52.167.144.160 - - [20/Apr/2026:11:43:07 -0400] "GET /shop/inoculability/idolisation32730213405.html HTTP/1.1" 404 1251 "-" "Mozilla/5.0 AppleWebKit/537.36 (KHTML, like Gecko; compatible; bingbot/2.0; +http://www.bing.com/bingbot.htm) Chrome/116.0.1938.76 Safari/537.36"
52.167.144.160 - - [20/Apr/2026:11:43:10 -0400] "GET /shop/halsen/scapose32730118448.html HTTP/1.1" 404 1251 "-" "Mozilla/5.0 AppleWebKit/537.36 (KHTML, like Gecko; compatible; bingbot/2.0; +http://www.bing.com/bingbot.htm) Chrome/116.0.1938.76 Safari/537.36"
51.222.168.150 - - [20/Apr/2026:11:43:11 -0400] "GET /wp-includes/block-patterns.php HTTP/1.1" 403 1242 "-" "Mozilla/5.0 (compatible; AhrefsBot/7.0; +http://ahrefs.com/robot/)"
52.167.144.221 - - [20/Apr/2026:11:43:16 -0400] "GET /shop/accuracies/versifiers81030257701.html HTTP/1.1" 404 1251 "-" "Mozilla/5.0 AppleWebKit/537.36 (KHTML, like Gecko; compatible; bingbot/2.0; +http://www.bing.com/bingbot.htm) Chrome/116.0.1938.76 Safari/537.36"
52.167.144.221 - - [20/Apr/2026:11:43:16 -0400] "GET /shop/pandied/churchiest7165415198.html HTTP/1.1" 404 1251 "-" "Mozilla/5.0 AppleWebKit/537.36 (KHTML, like Gecko; compatible; bingbot/2.0; +http://www.bing.com/bingbot.htm) Chrome/116.0.1938.76 Safari/537.36"
52.167.144.160 - - [20/Apr/2026:11:43:21 -0400] "GET /shop/enquiring/brennschluss39095180985.html HTTP/1.1" 404 1251 "-" "Mozilla/5.0 AppleWebKit/537.36 (KHTML, like Gecko; compatible; bingbot/2.0; +http://www.bing.com/bingbot.htm) Chrome/116.0.1938.76 Safari/537.36"
66.249.69.131 - - [20/Apr/2026:11:43:39 -0400] "GET /?j=13624615512458 HTTP/1.1" 200 1818 "-" "GoogleOther-Image/1.0"
66.249.69.133 - - [20/Apr/2026:11:44:10 -0400] "GET /?j=19649091300592 HTTP/1.1" 200 1832 "-" "GoogleOther-Image/1.0"
114.119.128.212 - - [20/Apr/2026:11:44:23 -0400] "GET /shop/staphylosis/pastophor7165475046.html HTTP/1.1" 404 1251 "https://davidsteele.com/sitemap461.xml" "Mozilla/5.0 (Linux; Android 7.0;) AppleWebKit/537.36 (KHTML, like Gecko) Mobile Safari/537.36 (compatible; PetalBot;+https://webmaster.petalsearch.com/site/petalbot)"
52.167.144.160 - - [20/Apr/2026:11:44:24 -0400] "GET /shop/clearwater/monotriglyphic648059161.html HTTP/1.1" 404 1251 "-" "Mozilla/5.0 AppleWebKit/537.36 (KHTML, like Gecko; compatible; bingbot/2.0; +http://www.bing.com/bingbot.htm) Chrome/116.0.1938.76 Safari/537.36"
52.167.144.160 - - [20/Apr/2026:11:44:28 -0400] "GET /shop/tauropolos/animatograph56106265330.html HTTP/1.1" 404 1251 "-" "Mozilla/5.0 AppleWebKit/537.36 (KHTML, like Gecko; compatible; bingbot/2.0; +http://www.bing.com/bingbot.htm) Chrome/116.0.1938.76 Safari/537.36"
52.167.144.160 - - [20/Apr/2026:11:44:29 -0400] "GET /shop/theophagic/incidentless64805220203.html HTTP/1.1" 404 1251 "-" "Mozilla/5.0 AppleWebKit/537.36 (KHTML, like Gecko; compatible; bingbot/2.0; +http://www.bing.com/bingbot.htm) Chrome/116.0.1938.76 Safari/537.36"
52.167.144.160 - - [20/Apr/2026:11:44:29 -0400] "GET /shop/paceboard/streetful6480524008.html HTTP/1.1" 404 1251 "-" "Mozilla/5.0 AppleWebKit/537.36 (KHTML, like Gecko; compatible; bingbot/2.0; +http://www.bing.com/bingbot.htm) Chrome/116.0.1938.76 Safari/537.36"
52.167.144.160 - - [20/Apr/2026:11:44:30 -0400] "GET /shop/ladyfly/froths6351493125.html HTTP/1.1" 404 1251 "-" "Mozilla/5.0 AppleWebKit/537.36 (KHTML, like Gecko; compatible; bingbot/2.0; +http://www.bing.com/bingbot.htm) Chrome/116.0.1938.76 Safari/537.36"
66.249.69.132 - - [20/Apr/2026:11:44:39 -0400] "GET /?j=10202066398406 HTTP/1.1" 200 1818 "-" "GoogleOther-Image/1.0"
34.234.197.175 - - [20/Apr/2026:11:45:00 -0400] "GET /wp-includes/js/tinymce/skins/wordpress/images/?SA HTTP/1.1" 403 1242 "-" "Mozilla/5.0 AppleWebKit/537.36 (KHTML, like Gecko; compatible; Amazonbot/0.1; +https://developer.amazon.com/support/amazonbot) Chrome/119.0.6045.214 Safari/537.36"
54.144.185.255 - - [20/Apr/2026:11:45:06 -0400] "GET /wp-includes/js/dist/script-modules/block-library/image/?MA HTTP/1.1" 403 1242 "-" "Mozilla/5.0 AppleWebKit/537.36 (KHTML, like Gecko; compatible; Amazonbot/0.1; +https://developer.amazon.com/support/amazonbot) Chrome/119.0.6045.214 Safari/537.36"
66.249.69.132 - - [20/Apr/2026:11:45:07 -0400] "GET /?j=65428463867480 HTTP/1.1" 200 1818 "-" "GoogleOther-Image/1.0"
3.222.85.38 - - [20/Apr/2026:11:45:09 -0400] "GET /wp-includes/sodium_compat/src/Core/Base64/?SD HTTP/1.1" 200 822 "-" "Mozilla/5.0 AppleWebKit/537.36 (KHTML, like Gecko; compatible; Amazonbot/0.1; +https://developer.amazon.com/support/amazonbot) Chrome/119.0.6045.214 Safari/537.36"
54.87.62.248 - - [20/Apr/2026:11:45:13 -0400] "GET /wp-includes/js/tinymce/skins/lightgray/fonts/tinymce.woff HTTP/1.1" 200 18824 "-" "Mozilla/5.0 AppleWebKit/537.36 (KHTML, like Gecko; compatible; Amazonbot/0.1; +https://developer.amazon.com/support/amazonbot) Chrome/119.0.6045.214 Safari/537.36"
44.193.115.232 - - [20/Apr/2026:11:45:16 -0400] "GET /wp-includes/SimplePie/src/Content/Type/Sniffer.php HTTP/1.1" 403 1242 "-" "Mozilla/5.0 AppleWebKit/537.36 (KHTML, like Gecko; compatible; Amazonbot/0.1; +https://developer.amazon.com/support/amazonbot) Chrome/119.0.6045.214 Safari/537.36"
18.235.81.246 - - [20/Apr/2026:11:45:21 -0400] "GET /wp-includes/SimplePie/library/SimplePie/Decode/HTML/?MA HTTP/1.1" 200 801 "-" "Mozilla/5.0 AppleWebKit/537.36 (KHTML, like Gecko; compatible; Amazonbot/0.1; +https://developer.amazon.com/support/amazonbot) Chrome/119.0.6045.214 Safari/537.36"
44.205.192.249 - - [20/Apr/2026:11:45:24 -0400] "GET /wp-includes/SimplePie/library/SimplePie/Parse/?MD HTTP/1.1" 200 792 "-" "Mozilla/5.0 AppleWebKit/537.36 (KHTML, like Gecko; compatible; Amazonbot/0.1; +https://developer.amazon.com/support/amazonbot) Chrome/119.0.6045.214 Safari/537.36"
34.202.88.37 - - [20/Apr/2026:11:45:28 -0400] "GET /wp-includes/sodium_compat/src/Core32/?SD HTTP/1.1" 200 1778 "-" "Mozilla/5.0 AppleWebKit/537.36 (KHTML, like Gecko; compatible; Amazonbot/0.1; +https://developer.amazon.com/support/amazonbot) Chrome/119.0.6045.214 Safari/537.36"
100.28.44.58 - - [20/Apr/2026:11:45:32 -0400] "GET /wp-includes/html-api/docs/includes/docs/tmp/?aksi=buatfolder&path=/home/stickain/davidsteele.com/wp-includes/html-api/docs/includes/docs/tmp HTTP/1.1" 200 2342 "-" "Mozilla/5.0 AppleWebKit/537.36 (KHTML, like Gecko; compatible; Amazonbot/0.1; +https://developer.amazon.com/support/amazonbot) Chrome/119.0.6045.214 Safari/537.36"
3.221.50.71 - - [20/Apr/2026:11:45:36 -0400] "GET /wp-includes/sodium_compat/namespaced/Core/Curve25519/Ge/Cached.php HTTP/1.1" 403 1242 "-" "Mozilla/5.0 AppleWebKit/537.36 (KHTML, like Gecko; compatible; Amazonbot/0.1; +https://developer.amazon.com/support/amazonbot) Chrome/119.0.6045.214 Safari/537.36"
3.218.35.239 - - [20/Apr/2026:11:45:40 -0400] "GET /wp-includes/sodium_compat/namespaced/Core/Curve25519/Ge/?SA HTTP/1.1" 200 1249 "-" "Mozilla/5.0 AppleWebKit/537.36 (KHTML, like Gecko; compatible; Amazonbot/0.1; +https://developer.amazon.com/support/amazonbot) Chrome/119.0.6045.214 Safari/537.36"
66.249.69.133 - - [20/Apr/2026:11:46:12 -0400] "GET /?j=29764337131632 HTTP/1.1" 200 1832 "-" "GoogleOther-Image/1.0"
185.95.52.20 - - [20/Apr/2026:11:46:20 -0400] "GET /?d=56020131426871 HTTP/1.1" 200 1812 "-" "Mozilla/5.0 (Windows NT 10.0; Win64; x64) AppleWebKit/537.36 (KHTML, like Gecko) Chrome/121.0.0.0 Safari/537.36 Edg/121.0.0.0"
78.40.106.3 - - [20/Apr/2026:11:46:28 -0400] "GET /?d=41543305718738 HTTP/1.1" 200 1828 "-" "Mozilla/5.0 (Windows NT 10.0; Win64; x64) AppleWebKit/537.36 (KHTML, like Gecko) Chrome/121.0.0.0 Safari/537.36 Edg/121.0.0.0"
64.203.56.77 - - [20/Apr/2026:11:46:32 -0400] "GET /?d=20009078525359 HTTP/1.1" 200 1812 "-" "Mozilla/5.0 (Windows NT 10.0; Win64; x64) AppleWebKit/537.36 (KHTML, like Gecko) Chrome/121.0.0.0 Safari/537.36 Edg/121.0.0.0"
114.119.156.122 - - [20/Apr/2026:11:46:35 -0400] "GET /?t=79108288981822 HTTP/1.1" 200 2131 "https://mail.davidsteele.com/sitemap.xml" "Mozilla/5.0 (Linux; Android 7.0;) AppleWebKit/537.36 (KHTML, like Gecko) Mobile Safari/537.36 (compatible; PetalBot;+https://webmaster.petalsearch.com/site/petalbot)"
66.249.69.131 - - [20/Apr/2026:11:46:44 -0400] "GET /?j=44090997444648 HTTP/1.1" 200 1818 "-" "GoogleOther-Image/1.0"
66.249.69.131 - - [20/Apr/2026:11:47:19 -0400] "GET /?j=93150605151183 HTTP/1.1" 200 1832 "-" "GoogleOther-Image/1.0"
94.134.176.226 - - [20/Apr/2026:11:47:31 -0400] "GET /?d=81700053880574 HTTP/1.1" 200 1828 "-" "Mozilla/5.0 (Linux; Android 10; K) AppleWebKit/537.36 (KHTML, like Gecko) Chrome/122.0.0.0 Mobile Safari/537.36"
66.249.69.131 - - [20/Apr/2026:11:47:59 -0400] "GET /?j=94592656775369 HTTP/1.1" 200 1818 "-" "GoogleOther-Image/1.0"
114.119.135.36 - - [20/Apr/2026:11:48:20 -0400] "GET /?t=52629018698416 HTTP/1.1" 200 2148 "https://mail.davidsteele.com/sitemap.xml" "Mozilla/5.0 (Linux; Android 7.0;) AppleWebKit/537.36 (KHTML, like Gecko) Mobile Safari/537.36 (compatible; PetalBot;+https://webmaster.petalsearch.com/site/petalbot)"
66.249.69.133 - - [20/Apr/2026:11:48:28 -0400] "GET /?j=6177945522740 HTTP/1.1" 200 1818 "-" "GoogleOther-Image/1.0"
52.167.144.160 - - [20/Apr/2026:11:49:17 -0400] "GET /shop/gigantine/scurrile56106295585.html HTTP/1.1" 404 1251 "-" "Mozilla/5.0 AppleWebKit/537.36 (KHTML, like Gecko; compatible; bingbot/2.0; +http://www.bing.com/bingbot.htm) Chrome/116.0.1938.76 Safari/537.36"
66.249.69.132 - - [20/Apr/2026:11:49:18 -0400] "GET /?j=46693098765987 HTTP/1.1" 200 1818 "-" "Mozilla/5.0 (Linux; Android 6.0.1; Nexus 5X Build/MMB29P) AppleWebKit/537.36 (KHTML, like Gecko) Chrome/146.0.7680.177 Mobile Safari/537.36 (compatible; Googlebot/2.1; +http://www.google.com/bot.html)"
66.249.69.132 - - [20/Apr/2026:11:49:27 -0400] "GET /?j=12511722246405 HTTP/1.1" 200 1818 "-" "Mozilla/5.0 (Linux; Android 6.0.1; Nexus 5X Build/MMB29P) AppleWebKit/537.36 (KHTML, like Gecko) Chrome/146.0.7680.177 Mobile Safari/537.36 (compatible; Googlebot/2.1; +http://www.google.com/bot.html)"
