62.164.177.47 - - [20/Apr/2026:10:20:41 -0400] "GET / HTTP/1.1" 200 1839 "-" "Mozilla/5.0 (Macintosh; Intel Mac OS X 10_15_7) AppleWebKit/605.1.15 (KHTML, like Gecko) Version/18.4 Safari/605.1.15"
62.164.177.47 - - [20/Apr/2026:10:20:42 -0400] "GET / HTTP/1.1" 200 1839 "-" "Mozilla/5.0 (Macintosh; Intel Mac OS X 10.15; rv:135.0) Gecko/20100101 Firefox/135.0"
66.249.69.131 - - [20/Apr/2026:10:20:42 -0400] "GET /?j=95572664233225 HTTP/1.1" 200 1843 "-" "GoogleOther-Image/1.0"
52.167.144.183 - - [20/Apr/2026:10:20:45 -0400] "GET /?t=61790004670069 HTTP/1.1" 200 1827 "-" "Mozilla/5.0 AppleWebKit/537.36 (KHTML, like Gecko; compatible; bingbot/2.0; +http://www.bing.com/bingbot.htm) Chrome/116.0.1938.76 Safari/537.36"
117.167.47.54 - - [20/Apr/2026:10:20:54 -0400] "GET / HTTP/1.1" 200 1821 "-" "Mozilla/5.0 (Macintosh; Intel Mac OS X 10.15; rv:135.0) Gecko/20100101 Firefox/135.0"
123.233.239.55 - - [20/Apr/2026:10:20:56 -0400] "GET / HTTP/1.1" 200 1821 "-" "Mozilla/5.0 (Macintosh; Intel Mac OS X 10_15_7) AppleWebKit/605.1.15 (KHTML, like Gecko) Version/18.4 Safari/605.1.15"
93.183.125.75 - - [20/Apr/2026:10:21:09 -0400] "GET / HTTP/1.1" 200 1839 "-" "Mozilla/5.0 (Macintosh; Intel Mac OS X 10.15; rv:135.0) Gecko/20100101 Firefox/135.0"
184.182.240.211 - - [20/Apr/2026:10:21:12 -0400] "GET / HTTP/1.1" 200 9221 "-" "Mozilla/5.0 (Macintosh; Intel Mac OS X 10_15_7) AppleWebKit/605.1.15 (KHTML, like Gecko) Version/18.4 Safari/605.1.15"
66.249.69.133 - - [20/Apr/2026:10:21:28 -0400] "GET /?j=53090544431304 HTTP/1.1" 200 1826 "-" "GoogleOther-Image/1.0"
84.47.150.125 - - [20/Apr/2026:10:21:38 -0400] "GET / HTTP/1.1" 200 1821 "-" "Mozilla/5.0 (Macintosh; Intel Mac OS X 10_15_7) AppleWebKit/537.36 (KHTML, like Gecko) Chrome/136.0.0.0 Safari/537.36"
66.249.69.132 - - [20/Apr/2026:10:22:02 -0400] "GET /?j=24045148465528 HTTP/1.1" 200 1843 "-" "GoogleOther-Image/1.0"
114.119.139.48 - - [20/Apr/2026:10:22:16 -0400] "GET /shop/unequivalently/antinoise56106292038.html HTTP/1.1" 404 1251 "https://davidsteele.com/sitemap600.xml" "Mozilla/5.0 (Linux; Android 7.0;) AppleWebKit/537.36 (KHTML, like Gecko) Mobile Safari/537.36 (compatible; PetalBot;+https://webmaster.petalsearch.com/site/petalbot)"
66.249.69.132 - - [20/Apr/2026:10:22:29 -0400] "GET /?j=68241882951383 HTTP/1.1" 200 1843 "-" "GoogleOther-Image/1.0"
162.0.209.96 - - [20/Apr/2026:10:22:55 -0400] "POST /wp-cron.php?doing_wp_cron=1776694975.4179239273071289062500 HTTP/1.1" 200 0 "-" "WordPress/6.8.5; https://davidsteele.com"
14.254.36.107 - - [20/Apr/2026:10:22:50 -0400] "POST /xmlrpc.php HTTP/1.1" 200 714 "-" "Jetpack by WordPress.com (Jetpack 13.0; WordPress 6.1)"
14.254.36.107 - - [20/Apr/2026:10:22:59 -0400] "POST /xmlrpc.php HTTP/1.1" 200 714 "-" "Jetpack/12.5; WordPress/6.3; http://site28173128.com"
14.254.36.107 - - [20/Apr/2026:10:23:10 -0400] "POST /xmlrpc.php HTTP/1.1" 200 714 "-" "Jetpack by WordPress.com"
66.249.69.131 - - [20/Apr/2026:10:23:16 -0400] "GET /?j=59037863894735 HTTP/1.1" 200 1837 "-" "GoogleOther-Image/1.0"
14.254.36.107 - - [20/Apr/2026:10:23:21 -0400] "POST /xmlrpc.php HTTP/1.1" 200 714 "-" "Jetpack by WordPress.com (Jetpack 12.5; WordPress 6.3)"
14.254.36.107 - - [20/Apr/2026:10:23:31 -0400] "POST /xmlrpc.php HTTP/1.1" 200 714 "-" "Jetpack by WordPress.com (Jetpack 13.0; WordPress 6.3)"
14.254.36.107 - - [20/Apr/2026:10:23:42 -0400] "POST /xmlrpc.php HTTP/1.1" 200 714 "-" "Jetpack/12.0; WordPress/6.1; http://site29688378.com"
66.249.69.131 - - [20/Apr/2026:10:23:51 -0400] "GET /?j=19938626408398 HTTP/1.1" 200 1836 "-" "GoogleOther-Image/1.0"
14.254.36.107 - - [20/Apr/2026:10:23:53 -0400] "POST /xmlrpc.php HTTP/1.1" 200 714 "-" "Jetpack/12.5; WordPress/6.1; http://site26225177.com"
213.245.175.127 - - [20/Apr/2026:10:24:06 -0400] "GET /?d=90387867830345 HTTP/1.1" 200 1814 "-" "Mozilla/5.0 (iPhone; CPU iPhone OS 17_1 like Mac OS X) AppleWebKit/605.1.15 (KHTML, like Gecko) EdgiOS/118.0.2088.68 Version/17.0 Mobile/15E148 Safari/604.1"
14.254.36.107 - - [20/Apr/2026:10:24:04 -0400] "POST /xmlrpc.php HTTP/1.1" 200 714 "-" "Jetpack by WordPress.com"
114.119.156.122 - - [20/Apr/2026:10:24:10 -0400] "GET /shop/tailorization/heartwarming8844039305.html HTTP/1.1" 404 1251 "https://davidsteele.com/sitemap140.xml" "Mozilla/5.0 (Linux; Android 7.0;) AppleWebKit/537.36 (KHTML, like Gecko) Mobile Safari/537.36 (compatible; PetalBot;+https://webmaster.petalsearch.com/site/petalbot)"
46.150.15.120 - - [20/Apr/2026:10:24:10 -0400] "GET /?d=21481440565446 HTTP/1.1" 200 1830 "-" "Mozilla/5.0 (Windows NT 10.0; Win64; x64) AppleWebKit/537.36 (KHTML, like Gecko) Chrome/121.0.0.0 Safari/537.36 Edg/121.0.0.0"
14.254.36.107 - - [20/Apr/2026:10:24:14 -0400] "POST /xmlrpc.php HTTP/1.1" 200 714 "-" "Jetpack by WordPress.com"
66.249.69.132 - - [20/Apr/2026:10:24:25 -0400] "GET /?j=54851414915226 HTTP/1.1" 200 1819 "-" "GoogleOther-Image/1.0"
14.254.36.107 - - [20/Apr/2026:10:24:25 -0400] "POST /xmlrpc.php HTTP/1.1" 200 714 "-" "WordPress.com; https://wordpress.com"
14.254.36.107 - - [20/Apr/2026:10:24:36 -0400] "POST /xmlrpc.php HTTP/1.1" 200 714 "-" "Jetpack by WordPress.com"
145.223.131.246 - - [20/Apr/2026:10:24:44 -0400] "GET /ProductDetails.asp?ProductCode=BVM-2&HistoryRemove=TURNOFF HTTP/1.1" 404 1251 "-" "Mozilla/5.0 (Macintosh; Intel Mac OS X 10_15_7) AppleWebKit/537.36 (KHTML, like Gecko) Chrome/124.0.0.0 Safari/537.36"
14.254.36.107 - - [20/Apr/2026:10:24:46 -0400] "POST /xmlrpc.php HTTP/1.1" 200 714 "-" "Jetpack by WordPress.com (Jetpack 12.0; WordPress 6.4)"
66.249.69.132 - - [20/Apr/2026:10:24:58 -0400] "GET /?j=87896586915543 HTTP/1.1" 200 1820 "-" "GoogleOther-Image/1.0"
14.254.36.107 - - [20/Apr/2026:10:24:57 -0400] "POST /xmlrpc.php HTTP/1.1" 200 714 "-" "WordPress.com; https://wordpress.com"
62.164.177.47 - - [20/Apr/2026:10:25:10 -0400] "GET / HTTP/1.1" 200 1813 "-" "Mozilla/5.0 (Macintosh; Intel Mac OS X 10_15_7) AppleWebKit/537.36 (KHTML, like Gecko) Chrome/136.0.0.0 Safari/537.36"
62.164.177.47 - - [20/Apr/2026:10:25:11 -0400] "GET / HTTP/1.1" 200 1813 "-" "Mozilla/5.0 (Macintosh; Intel Mac OS X 10.15; rv:135.0) Gecko/20100101 Firefox/135.0"
62.164.177.47 - - [20/Apr/2026:10:25:11 -0400] "GET / HTTP/1.1" 200 1813 "-" "Mozilla/5.0 (Macintosh; Intel Mac OS X 10_15_7) AppleWebKit/537.36 (KHTML, like Gecko) Chrome/136.0.0.0 Safari/537.36"
14.254.36.107 - - [20/Apr/2026:10:25:08 -0400] "POST /xmlrpc.php HTTP/1.1" 200 714 "-" "WordPress.com; https://wordpress.com"
188.246.224.49 - - [20/Apr/2026:10:25:19 -0400] "GET / HTTP/1.1" 200 1829 "-" "Mozilla/5.0 (Macintosh; Intel Mac OS X 10_15_7) AppleWebKit/605.1.15 (KHTML, like Gecko) Version/18.4 Safari/605.1.15"
14.254.36.107 - - [20/Apr/2026:10:25:18 -0400] "POST /xmlrpc.php HTTP/1.1" 200 714 "-" "Jetpack by WordPress.com (Jetpack 12.0; WordPress 6.3)"
110.187.118.184 - - [20/Apr/2026:10:25:33 -0400] "GET / HTTP/1.1" 200 1813 "-" "Mozilla/5.0 (Macintosh; Intel Mac OS X 10_15_7) AppleWebKit/605.1.15 (KHTML, like Gecko) Version/18.4 Safari/605.1.15"
14.254.36.107 - - [20/Apr/2026:10:25:29 -0400] "POST /xmlrpc.php HTTP/1.1" 200 714 "-" "Jetpack/12.0; WordPress/6.4; http://site86371407.com"
198.13.190.60 - - [20/Apr/2026:10:25:35 -0400] "GET / HTTP/1.1" 200 1813 "-" "Mozilla/5.0 (Macintosh; Intel Mac OS X 10.15; rv:135.0) Gecko/20100101 Firefox/135.0"
223.8.123.161 - - [20/Apr/2026:10:25:38 -0400] "GET / HTTP/1.1" 200 1813 "-" "Mozilla/5.0 (Macintosh; Intel Mac OS X 10_15_7) AppleWebKit/537.36 (KHTML, like Gecko) Chrome/136.0.0.0 Safari/537.36"
203.25.78.209 - - [20/Apr/2026:10:25:40 -0400] "GET / HTTP/1.1" 200 1813 "-" "Mozilla/5.0 (Macintosh; Intel Mac OS X 10_15_7) AppleWebKit/537.36 (KHTML, like Gecko) Chrome/136.0.0.0 Safari/537.36"
73.152.114.61 - - [20/Apr/2026:10:25:43 -0400] "GET /?d=65108459290656 HTTP/1.1" 200 1809 "-" "Mozilla/5.0 (Linux; Android 10; K) AppleWebKit/537.36 (KHTML, like Gecko) Chrome/122.0.0.0 Mobile Safari/537.36"
14.254.36.107 - - [20/Apr/2026:10:25:40 -0400] "POST /xmlrpc.php HTTP/1.1" 200 714 "-" "Jetpack/13.0; WordPress/6.2; http://site39896706.com"
122.245.184.249 - - [20/Apr/2026:10:25:47 -0400] "GET / HTTP/1.1" 200 1828 "-" "Mozilla/5.0 (Macintosh; Intel Mac OS X 10_15_7) AppleWebKit/537.36 (KHTML, like Gecko) Chrome/136.0.0.0 Safari/537.36"
183.198.173.168 - - [20/Apr/2026:10:25:51 -0400] "GET / HTTP/1.1" 200 1809 "-" "Mozilla/5.0 (Macintosh; Intel Mac OS X 10.15; rv:135.0) Gecko/20100101 Firefox/135.0"
66.249.69.131 - - [20/Apr/2026:10:25:52 -0400] "GET /?j=93112589135721 HTTP/1.1" 200 1814 "-" "GoogleOther-Image/1.0"
14.254.36.107 - - [20/Apr/2026:10:25:50 -0400] "POST /xmlrpc.php HTTP/1.1" 200 714 "-" "Jetpack/12.0; WordPress/6.2; http://site72931924.com"
114.119.152.71 - - [20/Apr/2026:10:26:02 -0400] "GET /shop/tailgating-car-tent HTTP/1.1" 404 1251 "https://davidsteele.com/shop/page/3?post_type=product" "Mozilla/5.0 (Linux; Android 7.0;) AppleWebKit/537.36 (KHTML, like Gecko) Mobile Safari/537.36 (compatible; PetalBot;+https://webmaster.petalsearch.com/site/petalbot)"
14.254.36.107 - - [20/Apr/2026:10:26:01 -0400] "POST /xmlrpc.php HTTP/1.1" 200 714 "-" "Jetpack by WordPress.com"
14.254.36.107 - - [20/Apr/2026:10:26:12 -0400] "POST /xmlrpc.php HTTP/1.1" 200 714 "-" "Jetpack by WordPress.com"
40.77.167.156 - - [20/Apr/2026:10:26:19 -0400] "GET /shop/methylamine/uglier63514260915.html HTTP/1.1" 404 1251 "-" "Mozilla/5.0 AppleWebKit/537.36 (KHTML, like Gecko; compatible; bingbot/2.0; +http://www.bing.com/bingbot.htm) Chrome/116.0.1938.76 Safari/537.36"
66.249.69.131 - - [20/Apr/2026:10:26:23 -0400] "GET /?j=14838047443628 HTTP/1.1" 200 1834 "-" "GoogleOther-Image/1.0"
14.254.36.107 - - [20/Apr/2026:10:26:24 -0400] "POST /xmlrpc.php HTTP/1.1" 200 0 "-" "Jetpack by WordPress.com"
14.254.36.107 - - [20/Apr/2026:10:26:34 -0400] "POST /xmlrpc.php HTTP/1.1" 200 714 "-" "Jetpack by WordPress.com"
111.248.131.185 - - [20/Apr/2026:10:26:44 -0400] "GET /2025/10/casino-ohne-registrierung-trustly/ HTTP/1.1" 404 1251 "https://Davidsteele.com/2025/10/casino-ohne-registrierung-trustly/" "Mozilla/5.0 (Windows NT 6.1; WOW64) AppleWebKit/537.36 (KHTML, like Gecko) Chrome/31.0.2538.146 Safari/537.36"
14.254.36.107 - - [20/Apr/2026:10:26:44 -0400] "POST /xmlrpc.php HTTP/1.1" 200 0 "-" "Jetpack by WordPress.com"
14.254.36.107 - - [20/Apr/2026:10:26:56 -0400] "POST /xmlrpc.php HTTP/1.1" 200 0 "-" "WordPress.com; https://wordpress.com"
66.249.69.131 - - [20/Apr/2026:10:27:13 -0400] "GET /?j=79475317432014 HTTP/1.1" 200 1819 "-" "GoogleOther-Image/1.0"
14.254.36.107 - - [20/Apr/2026:10:27:06 -0400] "POST /xmlrpc.php HTTP/1.1" 200 0 "-" "Jetpack by WordPress.com"
111.248.131.185 - - [20/Apr/2026:10:27:15 -0400] "GET /2025/10/casino-ohne-registrierung-trustly/ HTTP/1.1" 404 1251 "https://Davidsteele.com/2025/10/casino-ohne-registrierung-trustly/" "Mozilla/5.0 (Windows NT 6.1; WOW64) AppleWebKit/537.36 (KHTML, like Gecko) Chrome/38.0.5212.456 Safari/537.36"
14.254.36.107 - - [20/Apr/2026:10:27:18 -0400] "POST /xmlrpc.php HTTP/1.1" 200 0 "-" "Jetpack by WordPress.com"
14.254.36.107 - - [20/Apr/2026:10:27:28 -0400] "POST /xmlrpc.php HTTP/1.1" 200 0 "-" "Jetpack/12.1; WordPress/6.1; http://site29633946.com"
14.254.36.107 - - [20/Apr/2026:10:27:38 -0400] "POST /xmlrpc.php HTTP/1.1" 200 0 "-" "Jetpack by WordPress.com"
216.244.66.241 - - [20/Apr/2026:10:27:51 -0400] "GET /robots.txt HTTP/1.1" 200 69 "-" "Mozilla/5.0 (compatible; DotBot/1.2; +https://opensiteexplorer.org/dotbot; help@moz.com)"
216.244.66.241 - - [20/Apr/2026:10:27:51 -0400] "GET /robots.txt HTTP/1.1" 200 69 "-" "Mozilla/5.0 (compatible; DotBot/1.2; +https://opensiteexplorer.org/dotbot; help@moz.com)"
14.254.36.107 - - [20/Apr/2026:10:27:51 -0400] "POST /xmlrpc.php HTTP/1.1" 200 0 "-" "Jetpack by WordPress.com (Jetpack 12.1; WordPress 6.3)"
14.254.36.107 - - [20/Apr/2026:10:28:00 -0400] "POST /xmlrpc.php HTTP/1.1" 200 0 "-" "Jetpack by WordPress.com"
14.254.36.107 - - [20/Apr/2026:10:28:11 -0400] "POST /xmlrpc.php HTTP/1.1" 200 0 "-" "WordPress.com; https://wordpress.com"
66.249.69.133 - - [20/Apr/2026:10:28:22 -0400] "GET /?j=63260460539850 HTTP/1.1" 200 1823 "-" "GoogleOther-Image/1.0"
14.254.36.107 - - [20/Apr/2026:10:28:22 -0400] "POST /xmlrpc.php HTTP/1.1" 200 0 "-" "Jetpack by WordPress.com (Jetpack 12.1; WordPress 6.1)"
14.254.36.107 - - [20/Apr/2026:10:28:33 -0400] "POST /xmlrpc.php HTTP/1.1" 200 0 "-" "Jetpack by WordPress.com"
14.254.36.107 - - [20/Apr/2026:10:28:43 -0400] "POST /xmlrpc.php HTTP/1.1" 200 0 "-" "Jetpack by WordPress.com"
14.254.36.107 - - [20/Apr/2026:10:28:54 -0400] "POST /xmlrpc.php HTTP/1.1" 200 0 "-" "Jetpack by WordPress.com (Jetpack 13.0; WordPress 6.3)"
14.254.36.107 - - [20/Apr/2026:10:29:05 -0400] "POST /xmlrpc.php HTTP/1.1" 200 0 "-" "Jetpack by WordPress.com (Jetpack 12.1; WordPress 6.1)"
14.254.36.107 - - [20/Apr/2026:10:29:16 -0400] "POST /xmlrpc.php HTTP/1.1" 200 0 "-" "Jetpack by WordPress.com (Jetpack 12.5; WordPress 6.4)"
14.254.36.107 - - [20/Apr/2026:10:29:26 -0400] "POST /xmlrpc.php HTTP/1.1" 200 0 "-" "Jetpack/12.5; WordPress/6.4; http://site44162964.com"
66.249.69.132 - - [20/Apr/2026:10:29:38 -0400] "GET /?j=35038379723320 HTTP/1.1" 200 1837 "-" "GoogleOther-Image/1.0"
14.254.36.107 - - [20/Apr/2026:10:29:37 -0400] "POST /xmlrpc.php HTTP/1.1" 200 0 "-" "Jetpack/13.0; WordPress/6.4; http://site62062818.com"
114.119.152.71 - - [20/Apr/2026:10:29:50 -0400] "GET /shop/tabanidae/bromates6480520729.html HTTP/1.1" 404 1251 "https://davidsteele.com/sitemap818.xml" "Mozilla/5.0 (Linux; Android 7.0;) AppleWebKit/537.36 (KHTML, like Gecko) Mobile Safari/537.36 (compatible; PetalBot;+https://webmaster.petalsearch.com/site/petalbot)"
14.254.36.107 - - [20/Apr/2026:10:29:48 -0400] "POST /xmlrpc.php HTTP/1.1" 200 0 "-" "Jetpack by WordPress.com (Jetpack 12.5; WordPress 6.2)"
14.254.36.107 - - [20/Apr/2026:10:29:58 -0400] "POST /xmlrpc.php HTTP/1.1" 200 0 "-" "WordPress.com; https://wordpress.com"
14.254.36.107 - - [20/Apr/2026:10:30:09 -0400] "POST /xmlrpc.php HTTP/1.1" 200 0 "-" "Jetpack by WordPress.com"
66.249.69.133 - - [20/Apr/2026:10:30:16 -0400] "GET /?j=68393857787655 HTTP/1.1" 200 1837 "-" "GoogleOther-Image/1.0"
14.254.36.107 - - [20/Apr/2026:10:30:19 -0400] "POST /xmlrpc.php HTTP/1.1" 200 0 "-" "Jetpack by WordPress.com"
14.254.36.107 - - [20/Apr/2026:10:30:41 -0400] "POST /xmlrpc.php HTTP/1.1" 200 0 "-" "Jetpack by WordPress.com"
14.254.36.107 - - [20/Apr/2026:10:30:52 -0400] "POST /xmlrpc.php HTTP/1.1" 200 0 "-" "Jetpack by WordPress.com (Jetpack 13.0; WordPress 6.3)"
52.167.144.177 - - [20/Apr/2026:10:31:01 -0400] "GET /shop/berseem/eloinment5610637797.html HTTP/1.1" 404 1251 "-" "Mozilla/5.0 AppleWebKit/537.36 (KHTML, like Gecko; compatible; bingbot/2.0; +http://www.bing.com/bingbot.htm) Chrome/116.0.1938.76 Safari/537.36"
52.167.144.177 - - [20/Apr/2026:10:31:01 -0400] "GET /shop/pudibund/amianthiform5610683018.html HTTP/1.1" 404 1251 "-" "Mozilla/5.0 AppleWebKit/537.36 (KHTML, like Gecko; compatible; bingbot/2.0; +http://www.bing.com/bingbot.htm) Chrome/116.0.1938.76 Safari/537.36"
52.167.144.177 - - [20/Apr/2026:10:31:01 -0400] "GET /shop/calabooses/steariform39095215302.html HTTP/1.1" 404 1251 "-" "Mozilla/5.0 AppleWebKit/537.36 (KHTML, like Gecko; compatible; bingbot/2.0; +http://www.bing.com/bingbot.htm) Chrome/116.0.1938.76 Safari/537.36"
52.167.144.177 - - [20/Apr/2026:10:31:01 -0400] "GET /shop/prespinal/levant2676635388.html HTTP/1.1" 404 1251 "-" "Mozilla/5.0 AppleWebKit/537.36 (KHTML, like Gecko; compatible; bingbot/2.0; +http://www.bing.com/bingbot.htm) Chrome/116.0.1938.76 Safari/537.36"
40.77.167.156 - - [20/Apr/2026:10:31:04 -0400] "GET /shop/tundun/tenderizers88440243774.html HTTP/1.1" 404 1251 "-" "Mozilla/5.0 AppleWebKit/537.36 (KHTML, like Gecko; compatible; bingbot/2.0; +http://www.bing.com/bingbot.htm) Chrome/116.0.1938.76 Safari/537.36"
40.77.167.156 - - [20/Apr/2026:10:31:04 -0400] "GET /shop/leaseholds/prebalanced38121227265.html HTTP/1.1" 404 1251 "-" "Mozilla/5.0 AppleWebKit/537.36 (KHTML, like Gecko; compatible; bingbot/2.0; +http://www.bing.com/bingbot.htm) Chrome/116.0.1938.76 Safari/537.36"
82.25.62.125 - - [20/Apr/2026:10:31:07 -0400] "GET /13619-2/ HTTP/1.1" 404 1251 "https://davidsteele.com/" "Mozilla/5.0 (X11; Linux x86_64; rv:147.0) Gecko/20100101 Firefox/147.0"
82.25.62.125 - - [20/Apr/2026:10:31:08 -0400] "GET / HTTP/1.1" 200 1818 "-" "Mozilla/5.0 (X11; Linux x86_64; rv:147.0) Gecko/20100101 Firefox/147.0"
82.25.62.125 - - [20/Apr/2026:10:31:09 -0400] "GET /googleb9a3f1065d27d168.html HTTP/1.1" 200 53 "https://davidsteele.com" "Mozilla/5.0 (X11; Linux x86_64; rv:147.0) Gecko/20100101 Firefox/147.0"
14.254.36.107 - - [20/Apr/2026:10:31:03 -0400] "POST /xmlrpc.php HTTP/1.1" 200 0 "-" "Jetpack/12.1; WordPress/6.2; http://site13333387.com"
40.77.167.1 - - [20/Apr/2026:10:31:10 -0400] "GET /shop/raughty/agao3909553763.html HTTP/1.1" 404 1251 "-" "Mozilla/5.0 AppleWebKit/537.36 (KHTML, like Gecko; compatible; bingbot/2.0; +http://www.bing.com/bingbot.htm) Chrome/116.0.1938.76 Safari/537.36"
40.77.167.1 - - [20/Apr/2026:10:31:10 -0400] "GET /shop/madzoons/xenophanean88440191683.html HTTP/1.1" 404 1251 "-" "Mozilla/5.0 AppleWebKit/537.36 (KHTML, like Gecko; compatible; bingbot/2.0; +http://www.bing.com/bingbot.htm) Chrome/116.0.1938.76 Safari/537.36"
66.249.69.131 - - [20/Apr/2026:10:31:10 -0400] "GET /?j=36414380518055 HTTP/1.1" 200 1823 "-" "GoogleOther-Image/1.0"
14.254.36.107 - - [20/Apr/2026:10:31:13 -0400] "POST /xmlrpc.php HTTP/1.1" 200 0 "-" "Jetpack/12.5; WordPress/6.2; http://site75611102.com"
14.254.36.107 - - [20/Apr/2026:10:31:24 -0400] "POST /xmlrpc.php HTTP/1.1" 200 0 "-" "Jetpack by WordPress.com"
14.254.36.107 - - [20/Apr/2026:10:31:35 -0400] "POST /xmlrpc.php HTTP/1.1" 200 0 "-" "Jetpack by WordPress.com (Jetpack 12.0; WordPress 6.3)"
14.254.36.107 - - [20/Apr/2026:10:31:46 -0400] "POST /xmlrpc.php HTTP/1.1" 200 0 "-" "Jetpack by WordPress.com"
66.249.69.131 - - [20/Apr/2026:10:31:56 -0400] "GET /?j=54751239421924 HTTP/1.1" 200 1823 "-" "GoogleOther-Image/1.0"
14.254.36.107 - - [20/Apr/2026:10:31:56 -0400] "POST /xmlrpc.php HTTP/1.1" 200 0 "-" "WordPress.com; https://wordpress.com"
14.254.36.107 - - [20/Apr/2026:10:32:09 -0400] "POST /xmlrpc.php HTTP/1.1" 200 0 "-" "Jetpack/12.0; WordPress/6.1; http://site86335961.com"
66.249.69.131 - - [20/Apr/2026:10:32:23 -0400] "GET /?j=28588730954881 HTTP/1.1" 200 1837 "-" "GoogleOther-Image/1.0"
14.254.36.107 - - [20/Apr/2026:10:32:18 -0400] "POST /xmlrpc.php HTTP/1.1" 200 0 "-" "WordPress.com; https://wordpress.com"
14.254.36.107 - - [20/Apr/2026:10:32:28 -0400] "POST /xmlrpc.php HTTP/1.1" 200 0 "-" "Jetpack by WordPress.com (Jetpack 12.1; WordPress 6.3)"
14.254.36.107 - - [20/Apr/2026:10:32:39 -0400] "POST /xmlrpc.php HTTP/1.1" 200 0 "-" "WordPress.com; https://wordpress.com"
66.249.69.132 - - [20/Apr/2026:10:32:54 -0400] "GET /?j=7174997524701 HTTP/1.1" 200 1823 "-" "GoogleOther-Image/1.0"
14.254.36.107 - - [20/Apr/2026:10:32:51 -0400] "POST /xmlrpc.php HTTP/1.1" 200 0 "-" "WordPress.com; https://wordpress.com"
14.254.36.107 - - [20/Apr/2026:10:33:01 -0400] "POST /xmlrpc.php HTTP/1.1" 200 0 "-" "Jetpack/12.5; WordPress/6.1; http://site73428345.com"
14.254.36.107 - - [20/Apr/2026:10:33:11 -0400] "POST /xmlrpc.php HTTP/1.1" 200 0 "-" "WordPress.com; https://wordpress.com"
66.249.69.133 - - [20/Apr/2026:10:33:27 -0400] "GET /?j=43601384165318 HTTP/1.1" 200 1837 "-" "GoogleOther-Image/1.0"
14.254.36.107 - - [20/Apr/2026:10:33:22 -0400] "POST /xmlrpc.php HTTP/1.1" 200 0 "-" "Jetpack by WordPress.com"
107.211.177.200 - - [20/Apr/2026:10:33:34 -0400] "GET /?d=47757264984605 HTTP/1.1" 200 1818 "-" "Mozilla/5.0 (Windows NT 10.0; Win64; x64) AppleWebKit/537.36 (KHTML, like Gecko) Chrome/121.0.0.0 Safari/537.36 Edg/121.0.0.0"
14.254.36.107 - - [20/Apr/2026:10:33:33 -0400] "POST /xmlrpc.php HTTP/1.1" 200 0 "-" "Jetpack/12.0; WordPress/6.2; http://site37715803.com"
62.164.177.47 - - [20/Apr/2026:10:33:43 -0400] "GET / HTTP/1.1" 200 1833 "-" "Mozilla/5.0 (Macintosh; Intel Mac OS X 10_15_7) AppleWebKit/537.36 (KHTML, like Gecko) Chrome/136.0.0.0 Safari/537.36"
62.164.177.47 - - [20/Apr/2026:10:33:43 -0400] "GET / HTTP/1.1" 200 1818 "-" "Mozilla/5.0 (Macintosh; Intel Mac OS X 10.15; rv:135.0) Gecko/20100101 Firefox/135.0"
62.164.177.47 - - [20/Apr/2026:10:33:44 -0400] "GET / HTTP/1.1" 200 1818 "-" "Mozilla/5.0 (Macintosh; Intel Mac OS X 10_15_7) AppleWebKit/537.36 (KHTML, like Gecko) Chrome/136.0.0.0 Safari/537.36"
14.254.36.107 - - [20/Apr/2026:10:33:43 -0400] "POST /xmlrpc.php HTTP/1.1" 200 0 "-" "Jetpack by WordPress.com (Jetpack 13.0; WordPress 6.2)"
66.249.69.132 - - [20/Apr/2026:10:33:54 -0400] "GET /?j=79462324134741 HTTP/1.1" 200 1837 "-" "GoogleOther-Image/1.0"
114.119.139.48 - - [20/Apr/2026:10:33:55 -0400] "GET /shop/symbolaeography/unhalter56106197528.html HTTP/1.1" 404 1251 "https://davidsteele.com/?sitemap-4.xml" "Mozilla/5.0 (Linux; Android 7.0;) AppleWebKit/537.36 (KHTML, like Gecko) Mobile Safari/537.36 (compatible; PetalBot;+https://webmaster.petalsearch.com/site/petalbot)"
40.77.167.1 - - [20/Apr/2026:10:33:59 -0400] "GET /shop/paleoytterbium/nonincidentally39095285984.html HTTP/1.1" 404 1251 "-" "Mozilla/5.0 AppleWebKit/537.36 (KHTML, like Gecko; compatible; bingbot/2.0; +http://www.bing.com/bingbot.htm) Chrome/116.0.1938.76 Safari/537.36"
40.77.167.1 - - [20/Apr/2026:10:33:59 -0400] "GET /shop/undealt/irrecognizant26766190450.html HTTP/1.1" 404 1251 "-" "Mozilla/5.0 AppleWebKit/537.36 (KHTML, like Gecko; compatible; bingbot/2.0; +http://www.bing.com/bingbot.htm) Chrome/116.0.1938.76 Safari/537.36"
14.254.36.107 - - [20/Apr/2026:10:33:54 -0400] "POST /xmlrpc.php HTTP/1.1" 200 0 "-" "Jetpack by WordPress.com (Jetpack 12.5; WordPress 6.1)"
161.35.82.57 - - [20/Apr/2026:10:34:02 -0400] "GET / HTTP/1.1" 200 1818 "-" "Mozilla/5.0 (Macintosh; Intel Mac OS X 10.15; rv:135.0) Gecko/20100101 Firefox/135.0"
40.77.167.155 - - [20/Apr/2026:10:34:06 -0400] "GET /shop/attitudinizing/steatopygia26766289955.html HTTP/1.1" 404 1251 "-" "Mozilla/5.0 AppleWebKit/537.36 (KHTML, like Gecko; compatible; bingbot/2.0; +http://www.bing.com/bingbot.htm) Chrome/116.0.1938.76 Safari/537.36"
40.77.167.155 - - [20/Apr/2026:10:34:06 -0400] "GET /shop/fiddlery/tripelike81030267598.html HTTP/1.1" 404 1251 "-" "Mozilla/5.0 AppleWebKit/537.36 (KHTML, like Gecko; compatible; bingbot/2.0; +http://www.bing.com/bingbot.htm) Chrome/116.0.1938.76 Safari/537.36"
40.77.167.155 - - [20/Apr/2026:10:34:06 -0400] "GET /shop/dandier/antidiphtheritic64805119748.html HTTP/1.1" 404 1251 "-" "Mozilla/5.0 AppleWebKit/537.36 (KHTML, like Gecko; compatible; bingbot/2.0; +http://www.bing.com/bingbot.htm) Chrome/116.0.1938.76 Safari/537.36"
14.254.36.107 - - [20/Apr/2026:10:34:05 -0400] "POST /xmlrpc.php HTTP/1.1" 200 0 "-" "Jetpack by WordPress.com"
121.169.46.116 - - [20/Apr/2026:10:34:14 -0400] "GET / HTTP/1.1" 200 1833 "-" "Mozilla/5.0 (Macintosh; Intel Mac OS X 10_15_7) AppleWebKit/537.36 (KHTML, like Gecko) Chrome/136.0.0.0 Safari/537.36"
40.77.167.53 - - [20/Apr/2026:10:34:15 -0400] "GET /shop/shikara/cockling5610665760.html HTTP/1.1" 404 1251 "-" "Mozilla/5.0 AppleWebKit/537.36 (KHTML, like Gecko; compatible; bingbot/2.0; +http://www.bing.com/bingbot.htm) Chrome/116.0.1938.76 Safari/537.36"
51.68.107.149 - - [20/Apr/2026:10:34:16 -0400] "GET /robots.txt HTTP/1.1" 200 69 "-" "Mozilla/5.0 (compatible; MJ12bot/v2.0.5; http://mj12bot.com/)"
51.68.107.149 - - [20/Apr/2026:10:34:16 -0400] "GET / HTTP/1.1" 200 1818 "-" "Mozilla/5.0 (compatible; MJ12bot/v2.0.5; http://mj12bot.com/)"
14.254.36.107 - - [20/Apr/2026:10:34:16 -0400] "POST /xmlrpc.php HTTP/1.1" 200 0 "-" "Jetpack/12.1; WordPress/6.3; http://site87868634.com"
208.102.51.6 - - [20/Apr/2026:10:34:24 -0400] "GET / HTTP/1.1" 200 9221 "-" "Mozilla/5.0 (Macintosh; Intel Mac OS X 10_15_7) AppleWebKit/605.1.15 (KHTML, like Gecko) Version/18.4 Safari/605.1.15"
112.41.195.238 - - [20/Apr/2026:10:34:27 -0400] "GET / HTTP/1.1" 200 1818 "-" "Mozilla/5.0 (Macintosh; Intel Mac OS X 10.15; rv:135.0) Gecko/20100101 Firefox/135.0"
14.254.36.107 - - [20/Apr/2026:10:34:26 -0400] "POST /xmlrpc.php HTTP/1.1" 200 0 "-" "Jetpack by WordPress.com"
91.227.37.60 - - [20/Apr/2026:10:34:36 -0400] "GET / HTTP/1.1" 200 1818 "-" "Mozilla/5.0 (Macintosh; Intel Mac OS X 10_15_7) AppleWebKit/537.36 (KHTML, like Gecko) Chrome/136.0.0.0 Safari/537.36"
14.254.36.107 - - [20/Apr/2026:10:34:37 -0400] "POST /xmlrpc.php HTTP/1.1" 200 0 "-" "Jetpack by WordPress.com (Jetpack 12.0; WordPress 6.4)"
14.254.36.107 - - [20/Apr/2026:10:34:48 -0400] "POST /xmlrpc.php HTTP/1.1" 200 0 "-" "WordPress.com; https://wordpress.com"
14.254.36.107 - - [20/Apr/2026:10:34:59 -0400] "POST /xmlrpc.php HTTP/1.1" 200 0 "-" "Jetpack by WordPress.com (Jetpack 12.1; WordPress 6.1)"
14.254.36.107 - - [20/Apr/2026:10:35:09 -0400] "POST /xmlrpc.php HTTP/1.1" 200 0 "-" "Jetpack by WordPress.com (Jetpack 12.5; WordPress 6.3)"
216.244.66.241 - - [20/Apr/2026:10:35:19 -0400] "GET /wp-includes/class-wp-role.php HTTP/1.1" 403 1242 "-" "Mozilla/5.0 (compatible; DotBot/1.2; +https://opensiteexplorer.org/dotbot; help@moz.com)"
216.244.66.241 - - [20/Apr/2026:10:35:30 -0400] "GET /wp-includes/ms-files.php HTTP/1.1" 403 1242 "-" "Mozilla/5.0 (compatible; DotBot/1.2; +https://opensiteexplorer.org/dotbot; help@moz.com)"
14.254.36.107 - - [20/Apr/2026:10:30:30 -0400] "POST /xmlrpc.php HTTP/1.1" 200 0 "-" "Jetpack/12.1; WordPress/6.1; http://site11660175.com"
14.254.36.107 - - [20/Apr/2026:10:35:31 -0400] "POST /xmlrpc.php HTTP/1.1" 200 0 "-" "Jetpack/12.1; WordPress/6.1; http://site41011701.com"
143.137.153.169 - - [20/Apr/2026:10:35:43 -0400] "GET / HTTP/1.1" 200 2130 "-" "Mozilla/5.0 (Windows NT 10.0; Win64; x64) AppleWebKit/537.36 (KHTML, like Gecko) Chrome/120.0.0.0 Safari/537.36"
52.167.144.171 - - [20/Apr/2026:10:35:46 -0400] "GET /?t=75008055113120 HTTP/1.1" 200 1823 "-" "Mozilla/5.0 AppleWebKit/537.36 (KHTML, like Gecko; compatible; bingbot/2.0; +http://www.bing.com/bingbot.htm) Chrome/116.0.1938.76 Safari/537.36"
14.254.36.107 - - [20/Apr/2026:10:35:42 -0400] "POST /xmlrpc.php HTTP/1.1" 200 0 "-" "WordPress.com; https://wordpress.com"
216.244.66.241 - - [20/Apr/2026:10:35:51 -0400] "GET /wp-includes/class-wp-oembed-controller.php HTTP/1.1" 403 1242 "-" "Mozilla/5.0 (compatible; DotBot/1.2; +https://opensiteexplorer.org/dotbot; help@moz.com)"
66.249.69.133 - - [20/Apr/2026:10:35:54 -0400] "GET /?j=90928780455845 HTTP/1.1" 200 1836 "-" "GoogleOther-Image/1.0"
162.0.209.96 - - [20/Apr/2026:10:35:54 -0400] "POST /wp-cron.php?doing_wp_cron=1776695754.8827519416809082031250 HTTP/1.1" 200 0 "-" "WordPress/6.8.5; https://davidsteele.com"
143.137.153.169 - - [20/Apr/2026:10:35:48 -0400] "GET /wp-login.php HTTP/1.1" 200 2205 "-" "Mozilla/5.0 (Windows NT 10.0; Win64; x64) AppleWebKit/537.36 (KHTML, like Gecko) Chrome/120.0.0.0 Safari/537.36"
14.254.36.107 - - [20/Apr/2026:10:35:52 -0400] "POST /xmlrpc.php HTTP/1.1" 200 0 "-" "Jetpack by WordPress.com"
14.254.36.107 - - [20/Apr/2026:10:36:03 -0400] "POST /xmlrpc.php HTTP/1.1" 200 0 "-" "WordPress.com; https://wordpress.com"
70.48.163.57 - - [20/Apr/2026:10:36:08 -0400] "POST /wp-login.php HTTP/1.1" 200 2349 "https://davidsteele.com/wp-login.php" "Mozilla/5.0 (Windows NT 10.0; Win64; x64) AppleWebKit/537.36 (KHTML, like Gecko) Chrome/120.0.0.0 Safari/537.36"
14.254.36.107 - - [20/Apr/2026:10:36:14 -0400] "POST /xmlrpc.php HTTP/1.1" 200 0 "-" "WordPress.com; https://wordpress.com"
14.254.36.107 - - [20/Apr/2026:10:36:25 -0400] "POST /xmlrpc.php HTTP/1.1" 200 0 "-" "WordPress.com; https://wordpress.com"
188.30.63.88 - - [20/Apr/2026:10:36:33 -0400] "POST /wp-login.php HTTP/1.1" 200 2349 "https://davidsteele.com/wp-login.php" "Mozilla/5.0 (Windows NT 10.0; Win64; x64) AppleWebKit/537.36 (KHTML, like Gecko) Chrome/120.0.0.0 Safari/537.36"
14.254.36.107 - - [20/Apr/2026:10:36:35 -0400] "POST /xmlrpc.php HTTP/1.1" 200 0 "-" "Jetpack/12.5; WordPress/6.1; http://site97338701.com"
188.30.63.88 - - [20/Apr/2026:10:36:46 -0400] "POST /wp-login.php HTTP/1.1" 200 2349 "https://davidsteele.com/wp-login.php" "Mozilla/5.0 (Windows NT 10.0; Win64; x64) AppleWebKit/537.36 (KHTML, like Gecko) Chrome/120.0.0.0 Safari/537.36"
14.254.36.107 - - [20/Apr/2026:10:36:47 -0400] "POST /xmlrpc.php HTTP/1.1" 200 0 "-" "Jetpack by WordPress.com (Jetpack 12.5; WordPress 6.1)"
145.223.132.238 - - [20/Apr/2026:10:36:53 -0400] "GET /PhotoGallery.asp?ProductCode=WCS-2W HTTP/1.1" 404 1251 "-" "Mozilla/5.0 (Macintosh; Intel Mac OS X 13_5) AppleWebKit/605.1.15 (KHTML, like Gecko) Version/17.0 Safari/184.1"
188.30.63.88 - - [20/Apr/2026:10:36:55 -0400] "POST /xmlrpc.php HTTP/1.1" 200 378 "-" "WordPress/5.0; https://davidsteele.com"
14.254.36.107 - - [20/Apr/2026:10:36:57 -0400] "POST /xmlrpc.php HTTP/1.1" 200 0 "-" "Jetpack by WordPress.com (Jetpack 12.5; WordPress 6.1)"
14.254.36.107 - - [20/Apr/2026:10:37:08 -0400] "POST /xmlrpc.php HTTP/1.1" 200 0 "-" "Jetpack/12.5; WordPress/6.2; http://site37205962.com"
40.77.167.155 - - [20/Apr/2026:10:37:16 -0400] "GET /shop/ringstick/clavicornes88440187619.html HTTP/1.1" 404 1251 "-" "Mozilla/5.0 AppleWebKit/537.36 (KHTML, like Gecko; compatible; bingbot/2.0; +http://www.bing.com/bingbot.htm) Chrome/116.0.1938.76 Safari/537.36"
40.77.167.155 - - [20/Apr/2026:10:37:16 -0400] "GET /shop/babelize/premonumental38121298353.html HTTP/1.1" 404 1251 "-" "Mozilla/5.0 AppleWebKit/537.36 (KHTML, like Gecko; compatible; bingbot/2.0; +http://www.bing.com/bingbot.htm) Chrome/116.0.1938.76 Safari/537.36"
40.77.167.155 - - [20/Apr/2026:10:37:17 -0400] "GET /shop/somaplasm/unfoundered32730243843.html HTTP/1.1" 404 1251 "-" "Mozilla/5.0 AppleWebKit/537.36 (KHTML, like Gecko; compatible; bingbot/2.0; +http://www.bing.com/bingbot.htm) Chrome/116.0.1938.76 Safari/537.36"
40.77.167.155 - - [20/Apr/2026:10:37:17 -0400] "GET /shop/skull/underdistributor3909565038.html HTTP/1.1" 404 1251 "-" "Mozilla/5.0 AppleWebKit/537.36 (KHTML, like Gecko; compatible; bingbot/2.0; +http://www.bing.com/bingbot.htm) Chrome/116.0.1938.76 Safari/537.36"
14.254.36.107 - - [20/Apr/2026:10:37:18 -0400] "POST /xmlrpc.php HTTP/1.1" 200 0 "-" "WordPress.com; https://wordpress.com"
40.77.167.8 - - [20/Apr/2026:10:37:29 -0400] "GET /shop/diamin/diorism26766133957.html HTTP/1.1" 404 1251 "-" "Mozilla/5.0 AppleWebKit/537.36 (KHTML, like Gecko; compatible; bingbot/2.0; +http://www.bing.com/bingbot.htm) Chrome/116.0.1938.76 Safari/537.36"
40.77.167.53 - - [20/Apr/2026:10:37:33 -0400] "GET /shop/supernaturalising/vulpes3812137610.html HTTP/1.1" 404 1251 "-" "Mozilla/5.0 AppleWebKit/537.36 (KHTML, like Gecko; compatible; bingbot/2.0; +http://www.bing.com/bingbot.htm) Chrome/116.0.1938.76 Safari/537.36"
14.254.36.107 - - [20/Apr/2026:10:37:30 -0400] "POST /xmlrpc.php HTTP/1.1" 200 0 "-" "Jetpack by WordPress.com (Jetpack 12.0; WordPress 6.3)"
14.254.36.107 - - [20/Apr/2026:10:37:40 -0400] "POST /xmlrpc.php HTTP/1.1" 200 0 "-" "WordPress.com; https://wordpress.com"
114.119.156.122 - - [20/Apr/2026:10:37:56 -0400] "GET /shop/sycoma/flaggelating88440138434.html HTTP/1.1" 404 1251 "https://davidsteele.com/sitemap260.xml" "Mozilla/5.0 (Linux; Android 7.0;) AppleWebKit/537.36 (KHTML, like Gecko) Mobile Safari/537.36 (compatible; PetalBot;+https://webmaster.petalsearch.com/site/petalbot)"
14.254.36.107 - - [20/Apr/2026:10:37:51 -0400] "POST /xmlrpc.php HTTP/1.1" 200 0 "-" "WordPress.com; https://wordpress.com"
14.254.36.107 - - [20/Apr/2026:10:38:02 -0400] "POST /xmlrpc.php HTTP/1.1" 200 0 "-" "Jetpack/13.0; WordPress/6.3; http://site57372643.com"
14.254.36.107 - - [20/Apr/2026:10:38:12 -0400] "POST /xmlrpc.php HTTP/1.1" 200 0 "-" "Jetpack by WordPress.com"
14.254.36.107 - - [20/Apr/2026:10:38:23 -0400] "POST /xmlrpc.php HTTP/1.1" 200 0 "-" "Jetpack by WordPress.com (Jetpack 12.5; WordPress 6.2)"
216.244.66.241 - - [20/Apr/2026:10:38:30 -0400] "GET /wp-content/uploads/2017/06/For-Ipad-Pro-12-9-Apple-Keyboard-Cases-Wireless-7-Backlight-Rose-Gold-Bluetooth-13-Inch-2.jpg HTTP/1.1" 404 1251 "-" "Mozilla/5.0 (compatible; DotBot/1.2; +https://opensiteexplorer.org/dotbot; help@moz.com)"
14.254.36.107 - - [20/Apr/2026:10:38:33 -0400] "POST /xmlrpc.php HTTP/1.1" 200 0 "-" "Jetpack by WordPress.com (Jetpack 12.1; WordPress 6.3)"
14.254.36.107 - - [20/Apr/2026:10:38:45 -0400] "POST /xmlrpc.php HTTP/1.1" 200 0 "-" "Jetpack by WordPress.com"
62.164.177.47 - - [20/Apr/2026:10:38:55 -0400] "GET / HTTP/1.1" 200 1816 "-" "Mozilla/5.0 (Macintosh; Intel Mac OS X 10_15_7) AppleWebKit/537.36 (KHTML, like Gecko) Chrome/136.0.0.0 Safari/537.36"
62.164.177.47 - - [20/Apr/2026:10:38:56 -0400] "GET / HTTP/1.1" 200 1816 "-" "Mozilla/5.0 (Macintosh; Intel Mac OS X 10.15; rv:135.0) Gecko/20100101 Firefox/135.0"
62.164.177.47 - - [20/Apr/2026:10:38:57 -0400] "GET / HTTP/1.1" 200 1830 "-" "Mozilla/5.0 (Macintosh; Intel Mac OS X 10_15_7) AppleWebKit/537.36 (KHTML, like Gecko) Chrome/136.0.0.0 Safari/537.36"
14.254.36.107 - - [20/Apr/2026:10:38:56 -0400] "POST /xmlrpc.php HTTP/1.1" 200 0 "-" "WordPress.com; https://wordpress.com"
77.232.142.77 - - [20/Apr/2026:10:39:12 -0400] "GET / HTTP/1.1" 200 1830 "-" "Mozilla/5.0 (Macintosh; Intel Mac OS X 10_15_7) AppleWebKit/605.1.15 (KHTML, like Gecko) Version/18.4 Safari/605.1.15"
14.254.36.107 - - [20/Apr/2026:10:39:06 -0400] "POST /xmlrpc.php HTTP/1.1" 200 0 "-" "WordPress.com; https://wordpress.com"
64.118.142.102 - - [20/Apr/2026:10:39:14 -0400] "GET / HTTP/1.1" 200 1816 "-" "Mozilla/5.0 (Macintosh; Intel Mac OS X 10.15; rv:135.0) Gecko/20100101 Firefox/135.0"
45.94.47.227 - - [20/Apr/2026:10:39:20 -0400] "GET / HTTP/1.1" 200 1816 "-" "Mozilla/5.0 (Macintosh; Intel Mac OS X 10_15_7) AppleWebKit/537.36 (KHTML, like Gecko) Chrome/136.0.0.0 Safari/537.36"
218.68.147.59 - - [20/Apr/2026:10:39:22 -0400] "GET / HTTP/1.1" 200 1816 "-" "Mozilla/5.0 (Macintosh; Intel Mac OS X 10_15_7) AppleWebKit/605.1.15 (KHTML, like Gecko) Version/18.4 Safari/605.1.15"
14.254.36.107 - - [20/Apr/2026:10:39:17 -0400] "POST /xmlrpc.php HTTP/1.1" 200 0 "-" "WordPress.com; https://wordpress.com"
14.254.36.107 - - [20/Apr/2026:10:39:28 -0400] "POST /xmlrpc.php HTTP/1.1" 200 0 "-" "Jetpack/13.0; WordPress/6.3; http://site47749434.com"
213.180.203.25 - - [20/Apr/2026:10:39:37 -0400] "GET /?j=9689735650704 HTTP/1.1" 200 2147 "-" "Mozilla/5.0 (compatible; YandexBot/3.0; +http://yandex.com/bots)"
5.255.113.177 - - [20/Apr/2026:10:39:40 -0400] "GET / HTTP/1.1" 200 1816 "-" "Mozilla/5.0 (Macintosh; Intel Mac OS X 10_15_7) AppleWebKit/605.1.15 (KHTML, like Gecko) Version/18.4 Safari/605.1.15"
14.254.36.107 - - [20/Apr/2026:10:39:38 -0400] "POST /xmlrpc.php HTTP/1.1" 200 0 "-" "WordPress.com; https://wordpress.com"
14.254.36.107 - - [20/Apr/2026:10:39:49 -0400] "POST /xmlrpc.php HTTP/1.1" 200 0 "-" "Jetpack by WordPress.com (Jetpack 12.1; WordPress 6.4)"
14.254.36.107 - - [20/Apr/2026:10:40:00 -0400] "POST /xmlrpc.php HTTP/1.1" 200 0 "-" "Jetpack by WordPress.com"
14.254.36.107 - - [20/Apr/2026:10:35:21 -0400] "POST /xmlrpc.php HTTP/1.1" 200 0 "-" "Jetpack by WordPress.com (Jetpack 13.0; WordPress 6.2)"
14.254.36.107 - - [20/Apr/2026:10:40:21 -0400] "POST /xmlrpc.php HTTP/1.1" 200 0 "-" "Jetpack by WordPress.com (Jetpack 12.0; WordPress 6.2)"
69.120.216.68 - - [20/Apr/2026:10:40:35 -0400] "GET /?d=70835588541045 HTTP/1.1" 200 1816 "-" "Mozilla/5.0 (Android 8.1.0; Mobile; rv:123.0) Gecko/123.0 Firefox/123.0"
14.254.36.107 - - [20/Apr/2026:10:40:31 -0400] "POST /xmlrpc.php HTTP/1.1" 200 0 "-" "WordPress.com; https://wordpress.com"
37.228.203.107 - - [20/Apr/2026:10:40:40 -0400] "GET / HTTP/1.1" 200 2129 "-" "Mozilla/5.0 (Windows NT 10.0; Win64; x64) AppleWebKit/537.36 (KHTML, like Gecko) Chrome/120.0.0.0 Safari/537.36"
40.77.167.155 - - [20/Apr/2026:10:40:48 -0400] "GET /shop/yarmouth/presets39095192298.html HTTP/1.1" 404 1251 "-" "Mozilla/5.0 AppleWebKit/537.36 (KHTML, like Gecko; compatible; bingbot/2.0; +http://www.bing.com/bingbot.htm) Chrome/116.0.1938.76 Safari/537.36"
40.77.167.155 - - [20/Apr/2026:10:40:48 -0400] "GET /shop/segmentalize/zineb39095140306.html HTTP/1.1" 404 1251 "-" "Mozilla/5.0 AppleWebKit/537.36 (KHTML, like Gecko; compatible; bingbot/2.0; +http://www.bing.com/bingbot.htm) Chrome/116.0.1938.76 Safari/537.36"
37.228.203.107 - - [20/Apr/2026:10:40:45 -0400] "GET /wp-login.php HTTP/1.1" 200 2205 "-" "Mozilla/5.0 (Windows NT 10.0; Win64; x64) AppleWebKit/537.36 (KHTML, like Gecko) Chrome/120.0.0.0 Safari/537.36"
40.77.167.8 - - [20/Apr/2026:10:40:52 -0400] "GET /shop/dogmatised/unideographic64805150332.html HTTP/1.1" 404 1251 "-" "Mozilla/5.0 AppleWebKit/537.36 (KHTML, like Gecko; compatible; bingbot/2.0; +http://www.bing.com/bingbot.htm) Chrome/116.0.1938.76 Safari/537.36"
40.77.167.8 - - [20/Apr/2026:10:40:53 -0400] "GET /shop/protophytic/compromisers3812163908.html HTTP/1.1" 404 1251 "-" "Mozilla/5.0 AppleWebKit/537.36 (KHTML, like Gecko; compatible; bingbot/2.0; +http://www.bing.com/bingbot.htm) Chrome/116.0.1938.76 Safari/537.36"
40.77.167.53 - - [20/Apr/2026:10:41:00 -0400] "GET /shop/proceedings/kitchener3273061141.html HTTP/1.1" 404 1251 "-" "Mozilla/5.0 AppleWebKit/537.36 (KHTML, like Gecko; compatible; bingbot/2.0; +http://www.bing.com/bingbot.htm) Chrome/116.0.1938.76 Safari/537.36"
40.77.167.53 - - [20/Apr/2026:10:41:00 -0400] "GET /shop/automatons/microphonic5610672712.html HTTP/1.1" 404 1251 "-" "Mozilla/5.0 AppleWebKit/537.36 (KHTML, like Gecko; compatible; bingbot/2.0; +http://www.bing.com/bingbot.htm) Chrome/116.0.1938.76 Safari/537.36"
40.77.167.53 - - [20/Apr/2026:10:41:01 -0400] "GET /shop/overaccelerated/retrogradingly56106210610.html HTTP/1.1" 404 1251 "-" "Mozilla/5.0 AppleWebKit/537.36 (KHTML, like Gecko; compatible; bingbot/2.0; +http://www.bing.com/bingbot.htm) Chrome/116.0.1938.76 Safari/537.36"
40.77.167.53 - - [20/Apr/2026:10:41:01 -0400] "GET /shop/expressible/rhinopharynx88440207473.html HTTP/1.1" 404 1251 "-" "Mozilla/5.0 AppleWebKit/537.36 (KHTML, like Gecko; compatible; bingbot/2.0; +http://www.bing.com/bingbot.htm) Chrome/116.0.1938.76 Safari/537.36"
37.228.203.107 - - [20/Apr/2026:10:40:57 -0400] "POST /wp-login.php HTTP/1.1" 200 2349 "https://davidsteele.com/wp-login.php" "Mozilla/5.0 (Windows NT 10.0; Win64; x64) AppleWebKit/537.36 (KHTML, like Gecko) Chrome/120.0.0.0 Safari/537.36"
40.77.167.53 - - [20/Apr/2026:10:41:01 -0400] "GET /shop/moldableness/moneth32730123768.html HTTP/1.1" 404 1251 "-" "Mozilla/5.0 AppleWebKit/537.36 (KHTML, like Gecko; compatible; bingbot/2.0; +http://www.bing.com/bingbot.htm) Chrome/116.0.1938.76 Safari/537.36"
40.77.167.53 - - [20/Apr/2026:10:41:05 -0400] "GET /shop/ferigee/libraries8844041669.html HTTP/1.1" 404 1251 "-" "Mozilla/5.0 AppleWebKit/537.36 (KHTML, like Gecko; compatible; bingbot/2.0; +http://www.bing.com/bingbot.htm) Chrome/116.0.1938.76 Safari/537.36"
172.56.2.130 - - [20/Apr/2026:10:41:05 -0400] "GET /?d=23321734526185 HTTP/1.1" 200 1830 "-" "Mozilla/5.0 (Windows NT 10.0; Win64; x64) AppleWebKit/537.36 (KHTML, like Gecko) Chrome/122.0.0.0 Safari/537.36 Trailer/93.3.3516.28"
37.228.203.107 - - [20/Apr/2026:10:41:11 -0400] "POST /wp-login.php HTTP/1.1" 200 2349 "https://davidsteele.com/wp-login.php" "Mozilla/5.0 (Windows NT 10.0; Win64; x64) AppleWebKit/537.36 (KHTML, like Gecko) Chrome/120.0.0.0 Safari/537.36"
37.228.203.107 - - [20/Apr/2026:10:41:26 -0400] "POST /wp-login.php HTTP/1.1" 200 2349 "https://davidsteele.com/wp-login.php" "Mozilla/5.0 (Windows NT 10.0; Win64; x64) AppleWebKit/537.36 (KHTML, like Gecko) Chrome/120.0.0.0 Safari/537.36"
114.119.156.247 - - [20/Apr/2026:10:41:32 -0400] "GET /shop/sweetwood/antirationalistic26766108935.html HTTP/1.1" 404 1251 "https://davidsteele.com/sitemap25.xml" "Mozilla/5.0 (Linux; Android 7.0;) AppleWebKit/537.36 (KHTML, like Gecko) Mobile Safari/537.36 (compatible; PetalBot;+https://webmaster.petalsearch.com/site/petalbot)"
37.228.203.107 - - [20/Apr/2026:10:41:36 -0400] "POST /xmlrpc.php HTTP/1.1" 200 378 "-" "WordPress/5.0; https://davidsteele.com"
216.244.66.241 - - [20/Apr/2026:10:41:42 -0400] "GET /babyvideomonitor.html HTTP/1.1" 404 1251 "-" "Mozilla/5.0 (compatible; DotBot/1.2; +https://opensiteexplorer.org/dotbot; help@moz.com)"
51.68.111.214 - - [20/Apr/2026:10:42:03 -0400] "GET /robots.txt HTTP/1.1" 200 69 "-" "Mozilla/5.0 (compatible; MJ12bot/v2.0.5; http://mj12bot.com/)"
51.68.111.214 - - [20/Apr/2026:10:42:03 -0400] "GET / HTTP/1.1" 200 1831 "-" "Mozilla/5.0 (compatible; MJ12bot/v2.0.5; http://mj12bot.com/)"
216.244.66.241 - - [20/Apr/2026:10:42:12 -0400] "GET /ProductDetails.asp?ProductCode=HCD%2D1&Show=TechSpecs HTTP/1.1" 404 1251 "-" "Mozilla/5.0 (compatible; DotBot/1.2; +https://opensiteexplorer.org/dotbot; help@moz.com)"
74.7.244.24 - - [20/Apr/2026:10:42:43 -0400] "GET /robots.txt HTTP/1.1" 200 69 "-" "Mozilla/5.0 (Macintosh; Intel Mac OS X 10_15_7) AppleWebKit/537.36 (KHTML, like Gecko) Chrome/131.0.0.0 Safari/537.36; compatible; OAI-SearchBot/1.3; robots.txt; +https://openai.com/searchbot"
40.77.167.155 - - [20/Apr/2026:10:43:07 -0400] "GET /shop/blackbrush/rubbee26766264765.html HTTP/1.1" 404 1251 "-" "Mozilla/5.0 AppleWebKit/537.36 (KHTML, like Gecko; compatible; bingbot/2.0; +http://www.bing.com/bingbot.htm) Chrome/116.0.1938.76 Safari/537.36"
114.119.144.212 - - [20/Apr/2026:10:43:58 -0400] "GET /shop/sweepable/unviolently71654294054.html HTTP/1.1" 404 1251 "https://davidsteele.com/sitemap50.xml" "Mozilla/5.0 (Linux; Android 7.0;) AppleWebKit/537.36 (KHTML, like Gecko) Mobile Safari/537.36 (compatible; PetalBot;+https://webmaster.petalsearch.com/site/petalbot)"
152.39.191.241 - - [20/Apr/2026:10:44:01 -0400] "GET /wp-content/uploads/2017/07/3130-17042eff4d4cf1f134041ebc65d3360e-500x500.jpg HTTP/1.1" 404 1251 "-" "Mozilla/5.0 (Macintosh; Intel Mac OS X 10.15; rv:{version}.0) Gecko/20100101 Firefox/135.0"
52.167.144.206 - - [20/Apr/2026:10:44:59 -0400] "GET /shop/aminoketone/pachyhaemic3909543005.html HTTP/1.1" 404 1251 "-" "Mozilla/5.0 AppleWebKit/537.36 (KHTML, like Gecko; compatible; bingbot/2.0; +http://www.bing.com/bingbot.htm) Chrome/116.0.1938.76 Safari/537.36"
52.167.144.206 - - [20/Apr/2026:10:45:00 -0400] "GET /shop/figment/inauspiciously88440285220.html HTTP/1.1" 404 1251 "-" "Mozilla/5.0 AppleWebKit/537.36 (KHTML, like Gecko; compatible; bingbot/2.0; +http://www.bing.com/bingbot.htm) Chrome/116.0.1938.76 Safari/537.36"
52.167.144.206 - - [20/Apr/2026:10:45:00 -0400] "GET /shop/tracheoscopy/sensationalize3812137261.html HTTP/1.1" 404 1251 "-" "Mozilla/5.0 AppleWebKit/537.36 (KHTML, like Gecko; compatible; bingbot/2.0; +http://www.bing.com/bingbot.htm) Chrome/116.0.1938.76 Safari/537.36"
52.167.144.206 - - [20/Apr/2026:10:45:00 -0400] "GET /shop/dimpsy/switcheroo5610678470.html HTTP/1.1" 404 1251 "-" "Mozilla/5.0 AppleWebKit/537.36 (KHTML, like Gecko; compatible; bingbot/2.0; +http://www.bing.com/bingbot.htm) Chrome/116.0.1938.76 Safari/537.36"
40.77.167.8 - - [20/Apr/2026:10:45:04 -0400] "GET /shop/unpleading/overmodernized56106227367.html HTTP/1.1" 404 1251 "-" "Mozilla/5.0 AppleWebKit/537.36 (KHTML, like Gecko; compatible; bingbot/2.0; +http://www.bing.com/bingbot.htm) Chrome/116.0.1938.76 Safari/537.36"
114.119.152.71 - - [20/Apr/2026:10:45:05 -0400] "GET /shop/swarthier/unchokes38121165104.html HTTP/1.1" 404 1251 "https://davidsteele.com/sitemap124.xml" "Mozilla/5.0 (Linux; Android 7.0;) AppleWebKit/537.36 (KHTML, like Gecko) Mobile Safari/537.36 (compatible; PetalBot;+https://webmaster.petalsearch.com/site/petalbot)"
52.167.144.206 - - [20/Apr/2026:10:45:07 -0400] "GET /shop/moet/oxalylurea39095305564.html HTTP/1.1" 404 1251 "-" "Mozilla/5.0 AppleWebKit/537.36 (KHTML, like Gecko; compatible; bingbot/2.0; +http://www.bing.com/bingbot.htm) Chrome/116.0.1938.76 Safari/537.36"
40.77.167.76 - - [20/Apr/2026:10:45:09 -0400] "GET /shop/sideless/frigidoreceptor38121136481.html HTTP/1.1" 404 1251 "-" "Mozilla/5.0 AppleWebKit/537.36 (KHTML, like Gecko; compatible; bingbot/2.0; +http://www.bing.com/bingbot.htm) Chrome/116.0.1938.76 Safari/537.36"
40.77.167.76 - - [20/Apr/2026:10:45:09 -0400] "GET /shop/internation/defect6480587264.html HTTP/1.1" 404 1251 "-" "Mozilla/5.0 AppleWebKit/537.36 (KHTML, like Gecko; compatible; bingbot/2.0; +http://www.bing.com/bingbot.htm) Chrome/116.0.1938.76 Safari/537.36"
14.254.36.107 - - [20/Apr/2026:10:40:10 -0400] "POST /xmlrpc.php HTTP/1.1" 200 0 "-" "Jetpack by WordPress.com (Jetpack 12.0; WordPress 6.2)"
98.55.206.157 - - [20/Apr/2026:10:45:14 -0400] "GET /?d=1424833104928 HTTP/1.1" 200 1816 "-" "Mozilla/5.0 (Linux; Android 10; K) AppleWebKit/537.36 (KHTML, like Gecko) Chrome/122.0.0.0 Mobile Safari/537.36"
66.249.69.132 - - [20/Apr/2026:10:45:41 -0400] "GET /?j=37677418989379 HTTP/1.1" 200 1820 "-" "GoogleOther-Image/1.0"
66.249.69.131 - - [20/Apr/2026:10:46:13 -0400] "GET /?j=18816202274224 HTTP/1.1" 200 1835 "-" "GoogleOther-Image/1.0"
66.249.69.131 - - [20/Apr/2026:10:46:44 -0400] "GET /?j=31255292968992 HTTP/1.1" 200 1835 "-" "GoogleOther-Image/1.0"
84.54.86.159 - - [20/Apr/2026:10:46:53 -0400] "GET / HTTP/1.1" 200 1816 "-" "Mozilla/5.0 (compatible; MSIE 6.0; Windows NT 5.2; Trident/4.1)"
66.249.69.133 - - [20/Apr/2026:10:47:14 -0400] "GET /?j=7061342781976 HTTP/1.1" 200 1820 "-" "GoogleOther-Image/1.0"
40.77.167.26 - - [20/Apr/2026:10:47:20 -0400] "GET /shop/cruce/incurvate38121103996.html HTTP/1.1" 404 1251 "-" "Mozilla/5.0 AppleWebKit/537.36 (KHTML, like Gecko; compatible; bingbot/2.0; +http://www.bing.com/bingbot.htm) Chrome/116.0.1938.76 Safari/537.36"
40.77.167.26 - - [20/Apr/2026:10:47:20 -0400] "GET /shop/kabala/strainometer390951168.html HTTP/1.1" 404 1251 "-" "Mozilla/5.0 AppleWebKit/537.36 (KHTML, like Gecko; compatible; bingbot/2.0; +http://www.bing.com/bingbot.htm) Chrome/116.0.1938.76 Safari/537.36"
40.77.167.26 - - [20/Apr/2026:10:47:21 -0400] "GET /shop/climbable/contd63514272586.html HTTP/1.1" 404 1251 "-" "Mozilla/5.0 AppleWebKit/537.36 (KHTML, like Gecko; compatible; bingbot/2.0; +http://www.bing.com/bingbot.htm) Chrome/116.0.1938.76 Safari/537.36"
40.77.167.26 - - [20/Apr/2026:10:47:21 -0400] "GET /shop/gossiper/limnobiologic88440257755.html HTTP/1.1" 404 1251 "-" "Mozilla/5.0 AppleWebKit/537.36 (KHTML, like Gecko; compatible; bingbot/2.0; +http://www.bing.com/bingbot.htm) Chrome/116.0.1938.76 Safari/537.36"
40.77.167.76 - - [20/Apr/2026:10:47:25 -0400] "GET /shop/lazaretto/importune88440273687.html HTTP/1.1" 404 1251 "-" "Mozilla/5.0 AppleWebKit/537.36 (KHTML, like Gecko; compatible; bingbot/2.0; +http://www.bing.com/bingbot.htm) Chrome/116.0.1938.76 Safari/537.36"
66.249.69.131 - - [20/Apr/2026:10:47:44 -0400] "GET /?j=29178279478716 HTTP/1.1" 200 1835 "-" "GoogleOther-Image/1.0"
66.249.69.133 - - [20/Apr/2026:10:48:13 -0400] "GET /?j=97563438965792 HTTP/1.1" 200 1820 "-" "GoogleOther-Image/1.0"
66.249.69.131 - - [20/Apr/2026:10:48:50 -0400] "GET /?j=92913143609161 HTTP/1.1" 200 1835 "-" "GoogleOther-Image/1.0"
114.119.156.247 - - [20/Apr/2026:10:49:06 -0400] "GET /shop/surroyal/gooney8103088777.html HTTP/1.1" 404 1251 "https://davidsteele.com/sitemap112.xml" "Mozilla/5.0 (Linux; Android 7.0;) AppleWebKit/537.36 (KHTML, like Gecko) Mobile Safari/537.36 (compatible; PetalBot;+https://webmaster.petalsearch.com/site/petalbot)"
66.249.69.131 - - [20/Apr/2026:10:49:17 -0400] "GET /?j=15398019893047 HTTP/1.1" 200 1835 "-" "GoogleOther-Image/1.0"
40.77.167.76 - - [20/Apr/2026:10:49:41 -0400] "GET /shop/ephectic/pharmacodynamical635148796.html HTTP/1.1" 404 1251 "-" "Mozilla/5.0 AppleWebKit/537.36 (KHTML, like Gecko; compatible; bingbot/2.0; +http://www.bing.com/bingbot.htm) Chrome/116.0.1938.76 Safari/537.36"
66.249.69.131 - - [20/Apr/2026:10:49:44 -0400] "GET /?j=54485373391699 HTTP/1.1" 200 1820 "-" "GoogleOther-Image/1.0"
193.105.134.143 - - [20/Apr/2026:10:49:41 -0400] "GET /wp-login.php HTTP/1.1" 200 2205 "-" "Mozilla/5.0 (Windows NT 10.0; WOW64; rv:87.0) Gecko/20100101 Firefox/87.0"
193.105.134.143 - - [20/Apr/2026:10:49:47 -0400] "POST /wp-login.php HTTP/1.1" 200 2351 "-" "Mozilla/5.0 (Windows NT 10.0; WOW64; rv:87.0) Gecko/20100101 Firefox/87.0"
66.249.69.133 - - [20/Apr/2026:10:50:10 -0400] "GET /?j=78344573470741 HTTP/1.1" 200 1820 "-" "GoogleOther-Image/1.0"
66.249.69.132 - - [20/Apr/2026:10:50:44 -0400] "GET /?j=58933203814806 HTTP/1.1" 200 1820 "-" "GoogleOther-Image/1.0"
114.119.158.125 - - [20/Apr/2026:10:51:01 -0400] "GET /shop/surroyal/emeute6351461495.html HTTP/1.1" 404 1251 "https://davidsteele.com/sitemap471.xml" "Mozilla/5.0 (Linux; Android 7.0;) AppleWebKit/537.36 (KHTML, like Gecko) Mobile Safari/537.36 (compatible; PetalBot;+https://webmaster.petalsearch.com/site/petalbot)"
66.249.69.133 - - [20/Apr/2026:10:51:25 -0400] "GET /?j=26944014354949 HTTP/1.1" 200 1834 "-" "GoogleOther-Image/1.0"
66.249.69.131 - - [20/Apr/2026:10:52:06 -0400] "GET /?j=47607028157426 HTTP/1.1" 200 1820 "-" "GoogleOther-Image/1.0"
62.164.177.47 - - [20/Apr/2026:10:52:49 -0400] "GET / HTTP/1.1" 200 1815 "-" "Mozilla/5.0 (Macintosh; Intel Mac OS X 10_15_7) AppleWebKit/537.36 (KHTML, like Gecko) Chrome/136.0.0.0 Safari/537.36"
62.164.177.47 - - [20/Apr/2026:10:52:49 -0400] "GET / HTTP/1.1" 200 1830 "-" "Mozilla/5.0 (Macintosh; Intel Mac OS X 10_15_7) AppleWebKit/537.36 (KHTML, like Gecko) Chrome/136.0.0.0 Safari/537.36"
114.119.135.36 - - [20/Apr/2026:10:52:56 -0400] "GET /shop/superuniversal/parquet63514164427.html HTTP/1.1" 404 1251 "https://davidsteele.com/sitemap940.xml" "Mozilla/5.0 (Linux; Android 7.0;) AppleWebKit/537.36 (KHTML, like Gecko) Mobile Safari/537.36 (compatible; PetalBot;+https://webmaster.petalsearch.com/site/petalbot)"
66.249.69.131 - - [20/Apr/2026:10:53:00 -0400] "GET /?j=18358571242859 HTTP/1.1" 200 1834 "-" "GoogleOther-Image/1.0"
103.189.218.158 - - [20/Apr/2026:10:53:07 -0400] "GET / HTTP/1.1" 200 1815 "-" "Mozilla/5.0 (Macintosh; Intel Mac OS X 10_15_7) AppleWebKit/537.36 (KHTML, like Gecko) Chrome/136.0.0.0 Safari/537.36"
69.61.200.104 - - [20/Apr/2026:10:53:09 -0400] "GET / HTTP/1.1" 200 9221 "-" "Mozilla/5.0 (Macintosh; Intel Mac OS X 10_15_7) AppleWebKit/605.1.15 (KHTML, like Gecko) Version/18.4 Safari/605.1.15"
