52.167.144.145 - - [20/Apr/2026:14:46:09 -0400] "GET /shop/prodition/seemed64805221317.html HTTP/1.1" 404 1251 "-" "Mozilla/5.0 AppleWebKit/537.36 (KHTML, like Gecko; compatible; bingbot/2.0; +http://www.bing.com/bingbot.htm) Chrome/116.0.1938.76 Safari/537.36"
52.167.144.145 - - [20/Apr/2026:14:46:09 -0400] "GET /shop/abuttals/desc2676653662.html HTTP/1.1" 404 1251 "-" "Mozilla/5.0 AppleWebKit/537.36 (KHTML, like Gecko; compatible; bingbot/2.0; +http://www.bing.com/bingbot.htm) Chrome/116.0.1938.76 Safari/537.36"
66.249.69.133 - - [20/Apr/2026:14:46:12 -0400] "GET /?j=36271244209062 HTTP/1.1" 200 1833 "-" "GoogleOther-Image/1.0"
74.121.93.196 - - [20/Apr/2026:14:46:18 -0400] "GET /?d=2686299983477 HTTP/1.1" 200 1829 "-" "Mozilla/5.0 (Windows NT 10.0; Win64; x64; rv:123.0) Gecko/20100101 Firefox/123.0"
87.250.224.219 - - [20/Apr/2026:14:46:33 -0400] "GET /robots.txt HTTP/1.1" 200 69 "-" "Mozilla/5.0 (compatible; YandexBot/3.0; +http://yandex.com/bots)"
87.250.224.209 - - [20/Apr/2026:14:46:34 -0400] "GET /shop/mini-universal-remote-control-24-button/ HTTP/1.1" 404 1251 "-" "Mozilla/5.0 (compatible; YandexBot/3.0; +http://yandex.com/bots)"
66.249.69.131 - - [20/Apr/2026:14:46:48 -0400] "GET /?j=83620521532420 HTTP/1.1" 200 1833 "-" "GoogleOther-Image/1.0"
114.119.135.36 - - [20/Apr/2026:14:47:10 -0400] "GET /shop/saloonkeep/preexecuted32730192779.html HTTP/1.1" 404 1251 "https://davidsteele.com/sitemap931.xml" "Mozilla/5.0 (Linux; Android 7.0;) AppleWebKit/537.36 (KHTML, like Gecko) Mobile Safari/537.36 (compatible; PetalBot;+https://webmaster.petalsearch.com/site/petalbot)"
66.249.69.131 - - [20/Apr/2026:14:47:23 -0400] "GET /?j=30248265959117 HTTP/1.1" 200 1833 "-" "GoogleOther-Image/1.0"
40.77.167.151 - - [20/Apr/2026:14:47:32 -0400] "GET /shop/whitefisher/prevalent5610636624.html HTTP/1.1" 404 1251 "-" "Mozilla/5.0 AppleWebKit/537.36 (KHTML, like Gecko; compatible; bingbot/2.0; +http://www.bing.com/bingbot.htm) Chrome/116.0.1938.76 Safari/537.36"
40.77.167.151 - - [20/Apr/2026:14:47:32 -0400] "GET /shop/estrich/naumacay2676644959.html HTTP/1.1" 404 1251 "-" "Mozilla/5.0 AppleWebKit/537.36 (KHTML, like Gecko; compatible; bingbot/2.0; +http://www.bing.com/bingbot.htm) Chrome/116.0.1938.76 Safari/537.36"
66.132.195.36 - - [20/Apr/2026:14:47:48 -0400] "GET / HTTP/1.1" 200 2142 "-" "Mozilla/5.0 (compatible; CensysInspect/1.1; +https://about.censys.io/)"
66.249.69.132 - - [20/Apr/2026:14:47:55 -0400] "GET /?j=76258964104324 HTTP/1.1" 200 1817 "-" "GoogleOther-Image/1.0"
66.132.195.36 - - [20/Apr/2026:14:48:07 -0400] "GET /favicon.ico HTTP/1.1" 404 1251 "-" "Mozilla/5.0 (compatible; CensysInspect/1.1; +https://about.censys.io/)"
52.167.144.145 - - [20/Apr/2026:14:48:21 -0400] "GET /shop/ophthalmorrhea/hyperexcursively3812132681.html HTTP/1.1" 404 1251 "-" "Mozilla/5.0 AppleWebKit/537.36 (KHTML, like Gecko; compatible; bingbot/2.0; +http://www.bing.com/bingbot.htm) Chrome/116.0.1938.76 Safari/537.36"
66.249.69.133 - - [20/Apr/2026:14:48:28 -0400] "GET /?j=81932869178011 HTTP/1.1" 200 1833 "-" "GoogleOther-Image/1.0"
52.167.144.16 - - [20/Apr/2026:14:48:48 -0400] "GET /shop/diffugient/retreatingness39095297889.html HTTP/1.1" 404 1251 "-" "Mozilla/5.0 AppleWebKit/537.36 (KHTML, like Gecko; compatible; bingbot/2.0; +http://www.bing.com/bingbot.htm) Chrome/116.0.1938.76 Safari/537.36"
66.249.69.131 - - [20/Apr/2026:14:48:57 -0400] "GET /?j=71305974555549 HTTP/1.1" 200 1833 "-" "GoogleOther-Image/1.0"
52.167.144.16 - - [20/Apr/2026:14:49:23 -0400] "GET /shop/dappled/kinkajous8844037759.html HTTP/1.1" 404 1251 "-" "Mozilla/5.0 AppleWebKit/537.36 (KHTML, like Gecko; compatible; bingbot/2.0; +http://www.bing.com/bingbot.htm) Chrome/116.0.1938.76 Safari/537.36"
52.167.144.16 - - [20/Apr/2026:14:49:23 -0400] "GET /shop/scriptoriums/diphyllous39095103060.html HTTP/1.1" 404 1251 "-" "Mozilla/5.0 AppleWebKit/537.36 (KHTML, like Gecko; compatible; bingbot/2.0; +http://www.bing.com/bingbot.htm) Chrome/116.0.1938.76 Safari/537.36"
66.132.195.36 - - [20/Apr/2026:14:49:25 -0400] "GET / HTTP/1.1" 200 2127 "-" "Mozilla/5.0 (compatible; CensysInspect/1.1; +https://about.censys.io/)"
66.132.195.36 - - [20/Apr/2026:14:49:26 -0400] "GET /wp-admin/ HTTP/1.1" 302 207 "-" "Mozilla/5.0 (compatible; CensysInspect/1.1; +https://about.censys.io/)"
66.132.195.36 - - [20/Apr/2026:14:49:34 -0400] "GET / HTTP/1.1" 200 2144 "-" "Mozilla/5.0 (compatible; CensysInspect/1.1; +https://about.censys.io/)"
40.77.167.40 - - [20/Apr/2026:14:49:39 -0400] "GET /shop/astoundment/ainsells267667879.html HTTP/1.1" 404 1251 "-" "Mozilla/5.0 AppleWebKit/537.36 (KHTML, like Gecko; compatible; bingbot/2.0; +http://www.bing.com/bingbot.htm) Chrome/116.0.1938.76 Safari/537.36"
40.77.167.40 - - [20/Apr/2026:14:49:41 -0400] "GET /shop/conine/interface39095300781.html HTTP/1.1" 404 1251 "-" "Mozilla/5.0 AppleWebKit/537.36 (KHTML, like Gecko; compatible; bingbot/2.0; +http://www.bing.com/bingbot.htm) Chrome/116.0.1938.76 Safari/537.36"
40.77.167.40 - - [20/Apr/2026:14:49:42 -0400] "GET /shop/cofaster/decreptitude3909549990.html HTTP/1.1" 404 1251 "-" "Mozilla/5.0 AppleWebKit/537.36 (KHTML, like Gecko; compatible; bingbot/2.0; +http://www.bing.com/bingbot.htm) Chrome/116.0.1938.76 Safari/537.36"
40.77.167.40 - - [20/Apr/2026:14:49:42 -0400] "GET /shop/bioethic/unreciprocated64805125233.html HTTP/1.1" 404 1251 "-" "Mozilla/5.0 AppleWebKit/537.36 (KHTML, like Gecko; compatible; bingbot/2.0; +http://www.bing.com/bingbot.htm) Chrome/116.0.1938.76 Safari/537.36"
114.119.139.48 - - [20/Apr/2026:14:49:51 -0400] "GET /shop/salm/torsiogram32730178455.html HTTP/1.1" 404 1251 "https://davidsteele.com/sitemap974.xml" "Mozilla/5.0 (Linux; Android 7.0;) AppleWebKit/537.36 (KHTML, like Gecko) Mobile Safari/537.36 (compatible; PetalBot;+https://webmaster.petalsearch.com/site/petalbot)"
52.167.144.145 - - [20/Apr/2026:14:49:53 -0400] "GET /category/2925-8103000139.html HTTP/1.1" 404 1251 "-" "Mozilla/5.0 AppleWebKit/537.36 (KHTML, like Gecko; compatible; bingbot/2.0; +http://www.bing.com/bingbot.htm) Chrome/116.0.1938.76 Safari/537.36"
52.167.144.145 - - [20/Apr/2026:14:49:53 -0400] "GET /shop/principiation/hedgetaper38121300473.html HTTP/1.1" 404 1251 "-" "Mozilla/5.0 AppleWebKit/537.36 (KHTML, like Gecko; compatible; bingbot/2.0; +http://www.bing.com/bingbot.htm) Chrome/116.0.1938.76 Safari/537.36"
52.167.144.145 - - [20/Apr/2026:14:49:53 -0400] "GET /shop/unwasted/boozier64805107631.html HTTP/1.1" 404 1251 "-" "Mozilla/5.0 AppleWebKit/537.36 (KHTML, like Gecko; compatible; bingbot/2.0; +http://www.bing.com/bingbot.htm) Chrome/116.0.1938.76 Safari/537.36"
66.249.69.133 - - [20/Apr/2026:14:50:01 -0400] "GET /?j=7257921943773 HTTP/1.1" 200 1834 "-" "GoogleOther-Image/1.0"
107.218.92.7 - - [20/Apr/2026:14:50:11 -0400] "GET /?d=23931837514553 HTTP/1.1" 200 1830 "-" "Mozilla/5.0 (iPhone; CPU iPhone OS 17_0 like Mac OS X) AppleWebKit/605.1.15 (KHTML, like Gecko) EdgiOS/119.0.2151.105 Version/17.0 Mobile/15E148 Safari/604.1"
17.241.227.39 - - [20/Apr/2026:14:50:23 -0400] "GET /shop/blaubok/unventurously39095132476.html HTTP/1.1" 404 1251 "-" "Mozilla/5.0 (Macintosh; Intel Mac OS X 10_15_7) AppleWebKit/605.1.15 (KHTML, like Gecko) Version/17.4 Safari/605.1.15 (Applebot/0.1; +http://www.apple.com/go/applebot)"
66.249.69.132 - - [20/Apr/2026:14:50:33 -0400] "GET /?j=12893174981666 HTTP/1.1" 200 1821 "-" "GoogleOther-Image/1.0"
66.249.69.132 - - [20/Apr/2026:14:51:01 -0400] "GET /?j=62883828358207 HTTP/1.1" 200 1821 "-" "GoogleOther-Image/1.0"
17.22.253.16 - - [20/Apr/2026:14:51:05 -0400] "GET /baindex.php/?d=2375547 HTTP/1.1" 404 1251 "-" "Mozilla/5.0 (Macintosh; Intel Mac OS X 10_15_7) AppleWebKit/605.1.15 (KHTML, like Gecko) Version/17.4 Safari/605.1.15 (Applebot/0.1; +http://www.apple.com/go/applebot)"
52.167.144.16 - - [20/Apr/2026:14:51:11 -0400] "GET /shop/outstrutting/consentingly64805220103.html HTTP/1.1" 404 1251 "-" "Mozilla/5.0 AppleWebKit/537.36 (KHTML, like Gecko; compatible; bingbot/2.0; +http://www.bing.com/bingbot.htm) Chrome/116.0.1938.76 Safari/537.36"
40.77.167.40 - - [20/Apr/2026:14:51:16 -0400] "GET /shop/thicknessing/carpet56106288487.html HTTP/1.1" 404 1251 "-" "Mozilla/5.0 AppleWebKit/537.36 (KHTML, like Gecko; compatible; bingbot/2.0; +http://www.bing.com/bingbot.htm) Chrome/116.0.1938.76 Safari/537.36"
40.77.167.40 - - [20/Apr/2026:14:51:16 -0400] "GET /shop/sockets/nextness8844047846.html HTTP/1.1" 404 1251 "-" "Mozilla/5.0 AppleWebKit/537.36 (KHTML, like Gecko; compatible; bingbot/2.0; +http://www.bing.com/bingbot.htm) Chrome/116.0.1938.76 Safari/537.36"
114.119.156.122 - - [20/Apr/2026:14:51:30 -0400] "GET /shop/salamandroid/incurvity6351452197.html HTTP/1.1" 404 1251 "https://davidsteele.com/sitemap349.xml" "Mozilla/5.0 (Linux; Android 7.0;) AppleWebKit/537.36 (KHTML, like Gecko) Mobile Safari/537.36 (compatible; PetalBot;+https://webmaster.petalsearch.com/site/petalbot)"
66.249.69.132 - - [20/Apr/2026:14:51:46 -0400] "GET /?j=43638851775453 HTTP/1.1" 200 1834 "-" "GoogleOther-Image/1.0"
17.246.23.81 - - [20/Apr/2026:14:52:12 -0400] "GET /?d=2290921 HTTP/1.1" 200 2144 "-" "Mozilla/5.0 (Macintosh; Intel Mac OS X 10_15_7) AppleWebKit/605.1.15 (KHTML, like Gecko) Version/17.4 Safari/605.1.15 (Applebot/0.1; +http://www.apple.com/go/applebot)"
66.249.69.133 - - [20/Apr/2026:14:52:19 -0400] "GET /?j=32410674944886 HTTP/1.1" 200 1821 "-" "GoogleOther-Image/1.0"
207.180.11.4 - - [20/Apr/2026:14:52:38 -0400] "GET /wp-json/oembed/1.0/embed?url=https%3A%2F%2Fdavidsteele.com%2Fjust-a-cool-blog-post-with-a-gallery-2%2F&format=xml HTTP/1.1" 404 1251 "-" "Mozilla/5.0 (Macintosh; Intel Mac OS X 10_15_7) AppleWebKit/537.36 (KHTML, like Gecko) Chrome/135.0.0.0 Safari/537.36"
143.14.6.125 - - [20/Apr/2026:14:52:39 -0400] "GET /wp-json/oembed/1.0/embed?url=https%3A%2F%2Fdavidsteele.com%2Fjust-a-cool-blog-post-with-a-gallery-2%2F&format=xml HTTP/1.1" 404 1251 "-" "Mozilla/5.0 (Macintosh; Intel Mac OS X 10_15_7) AppleWebKit/537.36 (KHTML, like Gecko) Chrome/135.0.0.0 Safari/537.36"
144.31.35.214 - - [20/Apr/2026:14:52:40 -0400] "GET /wp-json/oembed/1.0/embed?url=https%3A%2F%2Fdavidsteele.com%2Fjust-a-cool-blog-post-with-a-gallery-2%2F&format=xml HTTP/1.1" 404 1251 "-" "Mozilla/5.0 (Macintosh; Intel Mac OS X 10_15_7) AppleWebKit/537.36 (KHTML, like Gecko) Chrome/135.0.0.0 Safari/537.36"
114.119.158.125 - - [20/Apr/2026:14:52:51 -0400] "GET /shop/sailingly/ainhum26766210924.html HTTP/1.1" 404 1251 "https://davidsteele.com/sitemap60.xml" "Mozilla/5.0 (Linux; Android 7.0;) AppleWebKit/537.36 (KHTML, like Gecko) Mobile Safari/537.36 (compatible; PetalBot;+https://webmaster.petalsearch.com/site/petalbot)"
66.249.69.132 - - [20/Apr/2026:14:52:54 -0400] "GET /?j=29414177274747 HTTP/1.1" 200 1834 "-" "GoogleOther-Image/1.0"
94.23.188.201 - - [20/Apr/2026:14:53:06 -0400] "GET /robots.txt HTTP/1.1" 200 69 "-" "Mozilla/5.0 (compatible; AhrefsBot/7.0; +http://ahrefs.com/robot/)"
51.161.65.199 - - [20/Apr/2026:14:53:07 -0400] "GET /wp-includes/template-loader.php HTTP/1.1" 403 1242 "-" "Mozilla/5.0 (compatible; AhrefsBot/7.0; +http://ahrefs.com/robot/)"
66.249.69.131 - - [20/Apr/2026:14:53:29 -0400] "GET /?j=42376045046093 HTTP/1.1" 200 1834 "-" "GoogleOther-Image/1.0"
17.241.219.212 - - [20/Apr/2026:14:53:39 -0400] "GET /shop/woo-single-2/?link=827b30e0bc HTTP/1.1" 404 1251 "-" "Mozilla/5.0 (Macintosh; Intel Mac OS X 10_15_7) AppleWebKit/605.1.15 (KHTML, like Gecko) Version/17.4 Safari/605.1.15 (Applebot/0.1; +http://www.apple.com/go/applebot)"
185.99.255.75 - - [20/Apr/2026:14:53:41 -0400] "GET /live-casino-anbieter/ HTTP/1.1" 404 1251 "https://davidsteele.com/" "Mozilla/5.0 (X11; Linux i686) AppleWebKit/537.36 (KHTML, like Gecko) Chrome/114.0.0.0 Safari/537.36 Vivaldi/5.3.2679.68"
185.99.255.75 - - [20/Apr/2026:14:53:42 -0400] "GET / HTTP/1.1" 200 1830 "-" "Mozilla/5.0 (X11; Linux i686) AppleWebKit/537.36 (KHTML, like Gecko) Chrome/114.0.0.0 Safari/537.36 Vivaldi/5.3.2679.68"
185.99.255.75 - - [20/Apr/2026:14:53:42 -0400] "GET /googleb9a3f1065d27d168.html HTTP/1.1" 200 53 "https://davidsteele.com" "Mozilla/5.0 (X11; Linux i686) AppleWebKit/537.36 (KHTML, like Gecko) Chrome/114.0.0.0 Safari/537.36 Vivaldi/5.3.2679.68"
66.249.69.132 - - [20/Apr/2026:14:53:59 -0400] "GET /?j=7004509010183 HTTP/1.1" 200 1834 "-" "GoogleOther-Image/1.0"
40.77.167.40 - - [20/Apr/2026:14:54:39 -0400] "GET /shop/undiademed/enlisting88440143760.html HTTP/1.1" 404 1251 "-" "Mozilla/5.0 AppleWebKit/537.36 (KHTML, like Gecko; compatible; bingbot/2.0; +http://www.bing.com/bingbot.htm) Chrome/116.0.1938.76 Safari/537.36"
66.249.69.133 - - [20/Apr/2026:14:55:16 -0400] "GET /?j=54992786943920 HTTP/1.1" 200 1834 "-" "GoogleOther-Image/1.0"
66.249.69.132 - - [20/Apr/2026:14:55:45 -0400] "GET /?j=83151298535969 HTTP/1.1" 200 1834 "-" "GoogleOther-Image/1.0"
114.119.156.247 - - [20/Apr/2026:14:55:52 -0400] "GET /shop/saeta/opaqueness8103042565.html HTTP/1.1" 404 1251 "https://davidsteele.com/sitemap852.xml" "Mozilla/5.0 (Linux; Android 7.0;) AppleWebKit/537.36 (KHTML, like Gecko) Mobile Safari/537.36 (compatible; PetalBot;+https://webmaster.petalsearch.com/site/petalbot)"
4.193.168.228 - - [20/Apr/2026:14:56:29 -0400] "GET /100.php HTTP/1.1" 404 1251 "-" "Mozilla/5.0 (Windows NT 10.0; Win64; x64) AppleWebKit/537.36 (KHTML, like Gecko) Chrome/120.0.0.0 Safari/537.36"
4.193.168.228 - - [20/Apr/2026:14:56:30 -0400] "GET /7.php HTTP/1.1" 404 1251 "-" "Mozilla/5.0 (Windows NT 10.0; Win64; x64) AppleWebKit/537.36 (KHTML, like Gecko) Chrome/120.0.0.0 Safari/537.36"
4.193.168.228 - - [20/Apr/2026:14:56:30 -0400] "GET /aa.php HTTP/1.1" 404 1251 "-" "Mozilla/5.0 (Windows NT 10.0; Win64; x64) AppleWebKit/537.36 (KHTML, like Gecko) Chrome/120.0.0.0 Safari/537.36"
4.193.168.228 - - [20/Apr/2026:14:56:30 -0400] "GET /wp.php HTTP/1.1" 404 1251 "-" "Mozilla/5.0 (Windows NT 10.0; Win64; x64) AppleWebKit/537.36 (KHTML, like Gecko) Chrome/120.0.0.0 Safari/537.36"
4.193.168.228 - - [20/Apr/2026:14:56:30 -0400] "GET /chosen.php HTTP/1.1" 404 1251 "-" "Mozilla/5.0 (Windows NT 10.0; Win64; x64) AppleWebKit/537.36 (KHTML, like Gecko) Chrome/120.0.0.0 Safari/537.36"
4.193.168.228 - - [20/Apr/2026:14:56:30 -0400] "GET /abcd.php HTTP/1.1" 404 1251 "-" "Mozilla/5.0 (Windows NT 10.0; Win64; x64) AppleWebKit/537.36 (KHTML, like Gecko) Chrome/120.0.0.0 Safari/537.36"
4.193.168.228 - - [20/Apr/2026:14:56:30 -0400] "GET /as.php HTTP/1.1" 404 1251 "-" "Mozilla/5.0 (Windows NT 10.0; Win64; x64) AppleWebKit/537.36 (KHTML, like Gecko) Chrome/120.0.0.0 Safari/537.36"
4.193.168.228 - - [20/Apr/2026:14:56:31 -0400] "GET /2.php HTTP/1.1" 404 1251 "-" "Mozilla/5.0 (Windows NT 10.0; Win64; x64) AppleWebKit/537.36 (KHTML, like Gecko) Chrome/120.0.0.0 Safari/537.36"
4.193.168.228 - - [20/Apr/2026:14:56:31 -0400] "GET /abc.php HTTP/1.1" 404 1251 "-" "Mozilla/5.0 (Windows NT 10.0; Win64; x64) AppleWebKit/537.36 (KHTML, like Gecko) Chrome/120.0.0.0 Safari/537.36"
4.193.168.228 - - [20/Apr/2026:14:56:31 -0400] "GET /about.php HTTP/1.1" 404 1251 "-" "Mozilla/5.0 (Windows NT 10.0; Win64; x64) AppleWebKit/537.36 (KHTML, like Gecko) Chrome/120.0.0.0 Safari/537.36"
4.193.168.228 - - [20/Apr/2026:14:56:31 -0400] "GET /0x.php HTTP/1.1" 404 1251 "-" "Mozilla/5.0 (Windows NT 10.0; Win64; x64) AppleWebKit/537.36 (KHTML, like Gecko) Chrome/120.0.0.0 Safari/537.36"
4.193.168.228 - - [20/Apr/2026:14:56:31 -0400] "GET /fff.php HTTP/1.1" 404 1251 "-" "Mozilla/5.0 (Windows NT 10.0; Win64; x64) AppleWebKit/537.36 (KHTML, like Gecko) Chrome/120.0.0.0 Safari/537.36"
4.193.168.228 - - [20/Apr/2026:14:56:32 -0400] "GET /ff1.php HTTP/1.1" 404 1251 "-" "Mozilla/5.0 (Windows NT 10.0; Win64; x64) AppleWebKit/537.36 (KHTML, like Gecko) Chrome/120.0.0.0 Safari/537.36"
4.193.168.228 - - [20/Apr/2026:14:56:32 -0400] "GET /wp-themes.php HTTP/1.1" 404 1251 "-" "Mozilla/5.0 (Windows NT 10.0; Win64; x64) AppleWebKit/537.36 (KHTML, like Gecko) Chrome/120.0.0.0 Safari/537.36"
4.193.168.228 - - [20/Apr/2026:14:56:32 -0400] "GET /index.php HTTP/1.1" 404 1251 "-" "Mozilla/5.0 (Windows NT 10.0; Win64; x64) AppleWebKit/537.36 (KHTML, like Gecko) Chrome/120.0.0.0 Safari/537.36"
4.193.168.228 - - [20/Apr/2026:14:56:32 -0400] "GET /adminfuns.php HTTP/1.1" 404 1251 "-" "Mozilla/5.0 (Windows NT 10.0; Win64; x64) AppleWebKit/537.36 (KHTML, like Gecko) Chrome/120.0.0.0 Safari/537.36"
4.193.168.228 - - [20/Apr/2026:14:56:32 -0400] "GET /class-t.api.php HTTP/1.1" 404 1251 "-" "Mozilla/5.0 (Windows NT 10.0; Win64; x64) AppleWebKit/537.36 (KHTML, like Gecko) Chrome/120.0.0.0 Safari/537.36"
4.193.168.228 - - [20/Apr/2026:14:56:33 -0400] "GET /content.php HTTP/1.1" 403 1242 "-" "Mozilla/5.0 (Windows NT 10.0; Win64; x64) AppleWebKit/537.36 (KHTML, like Gecko) Chrome/120.0.0.0 Safari/537.36"
4.193.168.228 - - [20/Apr/2026:14:56:33 -0400] "GET /r.php HTTP/1.1" 404 1251 "-" "Mozilla/5.0 (Windows NT 10.0; Win64; x64) AppleWebKit/537.36 (KHTML, like Gecko) Chrome/120.0.0.0 Safari/537.36"
4.193.168.228 - - [20/Apr/2026:14:56:33 -0400] "GET /w.php HTTP/1.1" 404 1251 "-" "Mozilla/5.0 (Windows NT 10.0; Win64; x64) AppleWebKit/537.36 (KHTML, like Gecko) Chrome/120.0.0.0 Safari/537.36"
4.193.168.228 - - [20/Apr/2026:14:56:33 -0400] "GET /classwithtostring.php HTTP/1.1" 404 1251 "-" "Mozilla/5.0 (Windows NT 10.0; Win64; x64) AppleWebKit/537.36 (KHTML, like Gecko) Chrome/120.0.0.0 Safari/537.36"
4.193.168.228 - - [20/Apr/2026:14:56:33 -0400] "GET /edit.php HTTP/1.1" 404 1251 "-" "Mozilla/5.0 (Windows NT 10.0; Win64; x64) AppleWebKit/537.36 (KHTML, like Gecko) Chrome/120.0.0.0 Safari/537.36"
4.193.168.228 - - [20/Apr/2026:14:56:34 -0400] "GET /wp-blog.php HTTP/1.1" 404 1251 "-" "Mozilla/5.0 (Windows NT 10.0; Win64; x64) AppleWebKit/537.36 (KHTML, like Gecko) Chrome/120.0.0.0 Safari/537.36"
4.193.168.228 - - [20/Apr/2026:14:56:34 -0400] "GET /php8.php HTTP/1.1" 404 1251 "-" "Mozilla/5.0 (Windows NT 10.0; Win64; x64) AppleWebKit/537.36 (KHTML, like Gecko) Chrome/120.0.0.0 Safari/537.36"
4.193.168.228 - - [20/Apr/2026:14:56:34 -0400] "GET /10.php HTTP/1.1" 404 1251 "-" "Mozilla/5.0 (Windows NT 10.0; Win64; x64) AppleWebKit/537.36 (KHTML, like Gecko) Chrome/120.0.0.0 Safari/537.36"
4.193.168.228 - - [20/Apr/2026:14:56:34 -0400] "GET /manager.php HTTP/1.1" 404 1251 "-" "Mozilla/5.0 (Windows NT 10.0; Win64; x64) AppleWebKit/537.36 (KHTML, like Gecko) Chrome/120.0.0.0 Safari/537.36"
4.193.168.228 - - [20/Apr/2026:14:56:34 -0400] "GET /p.php HTTP/1.1" 404 1251 "-" "Mozilla/5.0 (Windows NT 10.0; Win64; x64) AppleWebKit/537.36 (KHTML, like Gecko) Chrome/120.0.0.0 Safari/537.36"
4.193.168.228 - - [20/Apr/2026:14:56:34 -0400] "GET /hplfuns.php HTTP/1.1" 404 1251 "-" "Mozilla/5.0 (Windows NT 10.0; Win64; x64) AppleWebKit/537.36 (KHTML, like Gecko) Chrome/120.0.0.0 Safari/537.36"
4.193.168.228 - - [20/Apr/2026:14:56:35 -0400] "GET /bless.php HTTP/1.1" 404 1251 "-" "Mozilla/5.0 (Windows NT 10.0; Win64; x64) AppleWebKit/537.36 (KHTML, like Gecko) Chrome/120.0.0.0 Safari/537.36"
4.193.168.228 - - [20/Apr/2026:14:56:35 -0400] "GET /php.php HTTP/1.1" 404 1251 "-" "Mozilla/5.0 (Windows NT 10.0; Win64; x64) AppleWebKit/537.36 (KHTML, like Gecko) Chrome/120.0.0.0 Safari/537.36"
4.193.168.228 - - [20/Apr/2026:14:56:35 -0400] "GET /chosen.php HTTP/1.1" 404 1251 "-" "Mozilla/5.0 (Windows NT 10.0; Win64; x64) AppleWebKit/537.36 (KHTML, like Gecko) Chrome/120.0.0.0 Safari/537.36"
4.193.168.228 - - [20/Apr/2026:14:56:35 -0400] "GET /ioxi-o.php HTTP/1.1" 404 1251 "-" "Mozilla/5.0 (Windows NT 10.0; Win64; x64) AppleWebKit/537.36 (KHTML, like Gecko) Chrome/120.0.0.0 Safari/537.36"
4.193.168.228 - - [20/Apr/2026:14:56:35 -0400] "GET /cache.php HTTP/1.1" 404 1251 "-" "Mozilla/5.0 (Windows NT 10.0; Win64; x64) AppleWebKit/537.36 (KHTML, like Gecko) Chrome/120.0.0.0 Safari/537.36"
4.193.168.228 - - [20/Apr/2026:14:56:36 -0400] "GET /jquery.php HTTP/1.1" 404 1251 "-" "Mozilla/5.0 (Windows NT 10.0; Win64; x64) AppleWebKit/537.36 (KHTML, like Gecko) Chrome/120.0.0.0 Safari/537.36"
4.193.168.228 - - [20/Apr/2026:14:56:36 -0400] "GET /av.php HTTP/1.1" 404 1251 "-" "Mozilla/5.0 (Windows NT 10.0; Win64; x64) AppleWebKit/537.36 (KHTML, like Gecko) Chrome/120.0.0.0 Safari/537.36"
4.193.168.228 - - [20/Apr/2026:14:56:36 -0400] "GET /doc.php HTTP/1.1" 404 1251 "-" "Mozilla/5.0 (Windows NT 10.0; Win64; x64) AppleWebKit/537.36 (KHTML, like Gecko) Chrome/120.0.0.0 Safari/537.36"
4.193.168.228 - - [20/Apr/2026:14:56:36 -0400] "GET /elp.php HTTP/1.1" 404 1251 "-" "Mozilla/5.0 (Windows NT 10.0; Win64; x64) AppleWebKit/537.36 (KHTML, like Gecko) Chrome/120.0.0.0 Safari/537.36"
4.193.168.228 - - [20/Apr/2026:14:56:36 -0400] "GET /wp-user.php HTTP/1.1" 404 1251 "-" "Mozilla/5.0 (Windows NT 10.0; Win64; x64) AppleWebKit/537.36 (KHTML, like Gecko) Chrome/120.0.0.0 Safari/537.36"
4.193.168.228 - - [20/Apr/2026:14:56:36 -0400] "GET /root.php HTTP/1.1" 404 1251 "-" "Mozilla/5.0 (Windows NT 10.0; Win64; x64) AppleWebKit/537.36 (KHTML, like Gecko) Chrome/120.0.0.0 Safari/537.36"
4.193.168.228 - - [20/Apr/2026:14:56:37 -0400] "GET /alfa.php HTTP/1.1" 404 1251 "-" "Mozilla/5.0 (Windows NT 10.0; Win64; x64) AppleWebKit/537.36 (KHTML, like Gecko) Chrome/120.0.0.0 Safari/537.36"
4.193.168.228 - - [20/Apr/2026:14:56:37 -0400] "GET /autoload_classmap.php HTTP/1.1" 404 1251 "-" "Mozilla/5.0 (Windows NT 10.0; Win64; x64) AppleWebKit/537.36 (KHTML, like Gecko) Chrome/120.0.0.0 Safari/537.36"
4.193.168.228 - - [20/Apr/2026:14:56:37 -0400] "GET /file.php HTTP/1.1" 404 1251 "-" "Mozilla/5.0 (Windows NT 10.0; Win64; x64) AppleWebKit/537.36 (KHTML, like Gecko) Chrome/120.0.0.0 Safari/537.36"
4.193.168.228 - - [20/Apr/2026:14:56:37 -0400] "GET /new.php HTTP/1.1" 404 1251 "-" "Mozilla/5.0 (Windows NT 10.0; Win64; x64) AppleWebKit/537.36 (KHTML, like Gecko) Chrome/120.0.0.0 Safari/537.36"
4.193.168.228 - - [20/Apr/2026:14:56:37 -0400] "GET /ioxi-o.php HTTP/1.1" 404 1251 "-" "Mozilla/5.0 (Windows NT 10.0; Win64; x64) AppleWebKit/537.36 (KHTML, like Gecko) Chrome/120.0.0.0 Safari/537.36"
4.193.168.228 - - [20/Apr/2026:14:56:38 -0400] "GET /mm.php HTTP/1.1" 404 1251 "-" "Mozilla/5.0 (Windows NT 10.0; Win64; x64) AppleWebKit/537.36 (KHTML, like Gecko) Chrome/120.0.0.0 Safari/537.36"
4.193.168.228 - - [20/Apr/2026:14:56:38 -0400] "GET /oxshell.php HTTP/1.1" 404 1251 "-" "Mozilla/5.0 (Windows NT 10.0; Win64; x64) AppleWebKit/537.36 (KHTML, like Gecko) Chrome/120.0.0.0 Safari/537.36"
4.193.168.228 - - [20/Apr/2026:14:56:38 -0400] "GET /load.php HTTP/1.1" 404 1251 "-" "Mozilla/5.0 (Windows NT 10.0; Win64; x64) AppleWebKit/537.36 (KHTML, like Gecko) Chrome/120.0.0.0 Safari/537.36"
4.193.168.228 - - [20/Apr/2026:14:56:38 -0400] "GET /k.php HTTP/1.1" 404 1251 "-" "Mozilla/5.0 (Windows NT 10.0; Win64; x64) AppleWebKit/537.36 (KHTML, like Gecko) Chrome/120.0.0.0 Safari/537.36"
4.193.168.228 - - [20/Apr/2026:14:56:38 -0400] "GET /atomlib.php HTTP/1.1" 404 1251 "-" "Mozilla/5.0 (Windows NT 10.0; Win64; x64) AppleWebKit/537.36 (KHTML, like Gecko) Chrome/120.0.0.0 Safari/537.36"
4.193.168.228 - - [20/Apr/2026:14:56:39 -0400] "GET /wp-links-opml HTTP/1.1" 404 1251 "-" "Mozilla/5.0 (Windows NT 10.0; Win64; x64) AppleWebKit/537.36 (KHTML, like Gecko) Chrome/120.0.0.0 Safari/537.36"
4.193.168.228 - - [20/Apr/2026:14:56:39 -0400] "GET /buy.php HTTP/1.1" 404 1251 "-" "Mozilla/5.0 (Windows NT 10.0; Win64; x64) AppleWebKit/537.36 (KHTML, like Gecko) Chrome/120.0.0.0 Safari/537.36"
4.193.168.228 - - [20/Apr/2026:14:56:39 -0400] "GET /info.php HTTP/1.1" 404 1251 "-" "Mozilla/5.0 (Windows NT 10.0; Win64; x64) AppleWebKit/537.36 (KHTML, like Gecko) Chrome/120.0.0.0 Safari/537.36"
4.193.168.228 - - [20/Apr/2026:14:56:39 -0400] "GET /goods.php HTTP/1.1" 404 1251 "-" "Mozilla/5.0 (Windows NT 10.0; Win64; x64) AppleWebKit/537.36 (KHTML, like Gecko) Chrome/120.0.0.0 Safari/537.36"
4.193.168.228 - - [20/Apr/2026:14:56:39 -0400] "GET /setup-config.php HTTP/1.1" 404 1251 "-" "Mozilla/5.0 (Windows NT 10.0; Win64; x64) AppleWebKit/537.36 (KHTML, like Gecko) Chrome/120.0.0.0 Safari/537.36"
4.193.168.228 - - [20/Apr/2026:14:56:40 -0400] "GET /ss.php HTTP/1.1" 404 1251 "-" "Mozilla/5.0 (Windows NT 10.0; Win64; x64) AppleWebKit/537.36 (KHTML, like Gecko) Chrome/120.0.0.0 Safari/537.36"
66.249.69.133 - - [20/Apr/2026:14:56:43 -0400] "GET /?j=99644391981482 HTTP/1.1" 200 1821 "-" "GoogleOther-Image/1.0"
162.0.209.96 - - [20/Apr/2026:14:56:45 -0400] "POST /wp-cron.php?doing_wp_cron=1776711405.9485108852386474609375 HTTP/1.1" 200 0 "-" "WordPress/6.8.5; https://davidsteele.com"
4.193.168.228 - - [20/Apr/2026:14:56:40 -0400] "GET /xmlrpc.php HTTP/1.1" 405 226 "-" "Mozilla/5.0 (Windows NT 10.0; Win64; x64) AppleWebKit/537.36 (KHTML, like Gecko) Chrome/120.0.0.0 Safari/537.36"
4.193.168.228 - - [20/Apr/2026:14:56:46 -0400] "GET /flower.php HTTP/1.1" 404 1251 "-" "Mozilla/5.0 (Windows NT 10.0; Win64; x64) AppleWebKit/537.36 (KHTML, like Gecko) Chrome/120.0.0.0 Safari/537.36"
4.193.168.228 - - [20/Apr/2026:14:56:46 -0400] "GET /al.php HTTP/1.1" 404 1251 "-" "Mozilla/5.0 (Windows NT 10.0; Win64; x64) AppleWebKit/537.36 (KHTML, like Gecko) Chrome/120.0.0.0 Safari/537.36"
4.193.168.228 - - [20/Apr/2026:14:56:46 -0400] "GET /vv.php HTTP/1.1" 404 1251 "-" "Mozilla/5.0 (Windows NT 10.0; Win64; x64) AppleWebKit/537.36 (KHTML, like Gecko) Chrome/120.0.0.0 Safari/537.36"
4.193.168.228 - - [20/Apr/2026:14:56:46 -0400] "GET /wp-signin.php HTTP/1.1" 404 1251 "-" "Mozilla/5.0 (Windows NT 10.0; Win64; x64) AppleWebKit/537.36 (KHTML, like Gecko) Chrome/120.0.0.0 Safari/537.36"
4.193.168.228 - - [20/Apr/2026:14:56:47 -0400] "GET /wsa.php HTTP/1.1" 404 1251 "-" "Mozilla/5.0 (Windows NT 10.0; Win64; x64) AppleWebKit/537.36 (KHTML, like Gecko) Chrome/120.0.0.0 Safari/537.36"
66.249.69.133 - - [20/Apr/2026:14:57:14 -0400] "GET /?j=1258839883530 HTTP/1.1" 200 1835 "-" "GoogleOther-Image/1.0"
114.119.156.122 - - [20/Apr/2026:14:57:35 -0400] "GET /shop/sackful/detecting81030223798.html HTTP/1.1" 404 1251 "https://davidsteele.com/sitemap223.xml" "Mozilla/5.0 (Linux; Android 7.0;) AppleWebKit/537.36 (KHTML, like Gecko) Mobile Safari/537.36 (compatible; PetalBot;+https://webmaster.petalsearch.com/site/petalbot)"
192.178.6.64 - - [20/Apr/2026:14:57:54 -0400] "GET /detail.php?d=72831414513832 HTTP/1.1" 404 1251 "-" "GoogleOther-Image/1.0"
51.68.111.217 - - [20/Apr/2026:14:58:15 -0400] "GET /robots.txt HTTP/1.1" 200 69 "-" "Mozilla/5.0 (compatible; MJ12bot/v2.0.5; http://mj12bot.com/)"
51.68.111.217 - - [20/Apr/2026:14:58:15 -0400] "GET / HTTP/1.1" 200 1817 "-" "Mozilla/5.0 (compatible; MJ12bot/v2.0.5; http://mj12bot.com/)"
173.252.87.31 - - [20/Apr/2026:14:58:26 -0400] "GET /robots.txt HTTP/1.1" 206 69 "-" "facebookexternalhit/1.1 (+http://www.facebook.com/externalhit_uatext.php)"
66.249.69.132 - - [20/Apr/2026:14:58:31 -0400] "GET /?j=33236846934640 HTTP/1.1" 200 1835 "-" "GoogleOther-Image/1.0"
62.164.177.47 - - [20/Apr/2026:14:58:46 -0400] "GET / HTTP/1.1" 200 1831 "-" "Mozilla/5.0 (Macintosh; Intel Mac OS X 10_15_7) AppleWebKit/537.36 (KHTML, like Gecko) Chrome/136.0.0.0 Safari/537.36"
62.164.177.47 - - [20/Apr/2026:14:58:47 -0400] "GET / HTTP/1.1" 200 1831 "-" "Mozilla/5.0 (Macintosh; Intel Mac OS X 10_15_7) AppleWebKit/605.1.15 (KHTML, like Gecko) Version/18.4 Safari/605.1.15"
62.164.177.47 - - [20/Apr/2026:14:58:47 -0400] "GET / HTTP/1.1" 200 1831 "-" "Mozilla/5.0 (Macintosh; Intel Mac OS X 10_15_7) AppleWebKit/537.36 (KHTML, like Gecko) Chrome/136.0.0.0 Safari/537.36"
223.74.255.136 - - [20/Apr/2026:14:58:54 -0400] "GET / HTTP/1.1" 200 1817 "-" "Mozilla/5.0 (Macintosh; Intel Mac OS X 10_15_7) AppleWebKit/605.1.15 (KHTML, like Gecko) Version/18.4 Safari/605.1.15"
117.150.191.250 - - [20/Apr/2026:14:59:06 -0400] "GET / HTTP/1.1" 200 1831 "-" "Mozilla/5.0 (Macintosh; Intel Mac OS X 10_15_7) AppleWebKit/537.36 (KHTML, like Gecko) Chrome/136.0.0.0 Safari/537.36"
102.165.54.238 - - [20/Apr/2026:14:59:39 -0400] "GET /live-casino-anbieter/ HTTP/1.1" 404 1251 "https://davidsteele.com/" "Mozilla/5.0 (Windows NT 10.0; Win64; x64) AppleWebKit/537.36 (KHTML, like Gecko) Chrome/142.0.0.0 Safari/537.36"
102.165.54.238 - - [20/Apr/2026:14:59:41 -0400] "GET / HTTP/1.1" 200 1831 "-" "Mozilla/5.0 (Windows NT 10.0; Win64; x64) AppleWebKit/537.36 (KHTML, like Gecko) Chrome/142.0.0.0 Safari/537.36"
114.119.135.36 - - [20/Apr/2026:14:59:42 -0400] "GET /shop/sackdoudle/stoniness39095168074.html HTTP/1.1" 404 1251 "https://davidsteele.com/sitemap432.xml" "Mozilla/5.0 (Linux; Android 7.0;) AppleWebKit/537.36 (KHTML, like Gecko) Mobile Safari/537.36 (compatible; PetalBot;+https://webmaster.petalsearch.com/site/petalbot)"
162.0.209.96 - - [20/Apr/2026:14:59:51 -0400] "POST /wp-cron.php?doing_wp_cron=1776711591.8797090053558349609375 HTTP/1.1" 200 0 "-" "WordPress/6.8.5; https://davidsteele.com"
102.165.54.238 - - [20/Apr/2026:14:59:46 -0400] "GET /wp-login.php HTTP/1.1" 200 1975 "https://davidsteele.com" "Mozilla/5.0 (Windows NT 6.3; Win64; x64) AppleWebKit/537.36 (KHTML, like Gecko) Chrome/103.0.0.0 Safari/537.36"
102.165.54.238 - - [20/Apr/2026:14:59:53 -0400] "GET /wp-login.php?action=lostpassword HTTP/1.1" 200 1189 "https://davidsteele.com/wp-login.php" "Mozilla/5.0 (Windows NT 6.3; Win64; x64) AppleWebKit/537.36 (KHTML, like Gecko) Chrome/103.0.0.0 Safari/537.36"
102.165.54.238 - - [20/Apr/2026:14:59:59 -0400] "GET /wp-includes/css/dashicons.min.css?ver=6.8.5 HTTP/1.1" 200 35110 "https://davidsteele.com/wp-login.php?action=lostpassword" "Mozilla/5.0 (Windows NT 10.0; Win64; x64) AppleWebKit/537.36 (KHTML, like Gecko) Chrome/145.0.0.0 Safari/537.36"
66.249.69.133 - - [20/Apr/2026:15:00:00 -0400] "GET /?j=5799712171779 HTTP/1.1" 200 1834 "-" "GoogleOther-Image/1.0"
102.165.54.238 - - [20/Apr/2026:15:00:01 -0400] "GET /wp-includes/css/buttons.min.css?ver=6.8.5 HTTP/1.1" 200 1275 "https://davidsteele.com/wp-login.php?action=lostpassword" "Mozilla/5.0 (Windows NT 10.0; Win64; x64) AppleWebKit/537.36 (KHTML, like Gecko) Chrome/145.0.0.0 Safari/537.36"
102.165.54.238 - - [20/Apr/2026:15:00:03 -0400] "GET /wp-admin/css/forms.min.css?ver=6.8.5 HTTP/1.1" 200 6387 "https://davidsteele.com/wp-login.php?action=lostpassword" "Mozilla/5.0 (Windows NT 10.0; Win64; x64) AppleWebKit/537.36 (KHTML, like Gecko) Chrome/145.0.0.0 Safari/537.36"
102.165.54.238 - - [20/Apr/2026:15:00:05 -0400] "GET /wp-admin/css/l10n.min.css?ver=6.8.5 HTTP/1.1" 200 675 "https://davidsteele.com/wp-login.php?action=lostpassword" "Mozilla/5.0 (Windows NT 10.0; Win64; x64) AppleWebKit/537.36 (KHTML, like Gecko) Chrome/145.0.0.0 Safari/537.36"
102.165.54.238 - - [20/Apr/2026:15:00:07 -0400] "GET /wp-admin/css/login.min.css?ver=6.8.5 HTTP/1.1" 200 1965 "https://davidsteele.com/wp-login.php?action=lostpassword" "Mozilla/5.0 (Windows NT 10.0; Win64; x64) AppleWebKit/537.36 (KHTML, like Gecko) Chrome/145.0.0.0 Safari/537.36"
52.167.144.199 - - [20/Apr/2026:15:00:18 -0400] "GET /shop/flytier/unitrivalent63514274767.html HTTP/1.1" 404 1251 "-" "Mozilla/5.0 AppleWebKit/537.36 (KHTML, like Gecko; compatible; bingbot/2.0; +http://www.bing.com/bingbot.htm) Chrome/116.0.1938.76 Safari/537.36"
200.25.47.132 - - [20/Apr/2026:15:00:42 -0400] "POST /xmlrpc.php HTTP/1.1" 200 714 "-" "Mozilla/5.0 (Windows NT 10.0; Win64; x64) AppleWebKit/537.36 (KHTML, like Gecko) Chrome/114.0.0.0 Safari/537.36"
114.119.158.125 - - [20/Apr/2026:15:00:49 -0400] "GET /shop/saburration/barothermograph71654197336.html HTTP/1.1" 404 1251 "https://davidsteele.com/sitemap53.xml" "Mozilla/5.0 (Linux; Android 7.0;) AppleWebKit/537.36 (KHTML, like Gecko) Mobile Safari/537.36 (compatible; PetalBot;+https://webmaster.petalsearch.com/site/petalbot)"
200.25.47.132 - - [20/Apr/2026:15:00:47 -0400] "POST /xmlrpc.php HTTP/1.1" 200 714 "-" "Mozilla/5.0 (Windows NT 10.0; Win64; x64) AppleWebKit/537.36 (KHTML, like Gecko) Chrome/114.0.0.0 Safari/537.36"
185.28.252.106 - - [20/Apr/2026:15:02:48 -0400] "GET /?d=47628421677732 HTTP/1.1" 200 1814 "-" "Mozilla/5.0 (Windows NT 10.0; Win64; x64) AppleWebKit/537.36 (KHTML, like Gecko) Chrome/100.0.4896.75 Safari/537.36"
17.241.75.48 - - [20/Apr/2026:15:02:51 -0400] "GET /baindex.php/?d=551792 HTTP/1.1" 404 1251 "-" "Mozilla/5.0 (Macintosh; Intel Mac OS X 10_15_7) AppleWebKit/605.1.15 (KHTML, like Gecko) Version/17.4 Safari/605.1.15 (Applebot/0.1; +http://www.apple.com/go/applebot)"
114.119.128.212 - - [20/Apr/2026:15:03:09 -0400] "GET /shop/sabina/agglomerating2676669419.html HTTP/1.1" 404 1251 "https://davidsteele.com/?sitemap-3.xml" "Mozilla/5.0 (Linux; Android 7.0;) AppleWebKit/537.36 (KHTML, like Gecko) Mobile Safari/537.36 (compatible; PetalBot;+https://webmaster.petalsearch.com/site/petalbot)"
52.167.144.157 - - [20/Apr/2026:15:03:12 -0400] "GET /shop/lilliputians/hypnotoxin7165459459.html HTTP/1.1" 404 1251 "-" "Mozilla/5.0 AppleWebKit/537.36 (KHTML, like Gecko; compatible; bingbot/2.0; +http://www.bing.com/bingbot.htm) Chrome/116.0.1938.76 Safari/537.36"
52.167.144.211 - - [20/Apr/2026:15:03:17 -0400] "GET /shop/epinaoi/superceding63514145262.html HTTP/1.1" 404 1251 "-" "Mozilla/5.0 AppleWebKit/537.36 (KHTML, like Gecko; compatible; bingbot/2.0; +http://www.bing.com/bingbot.htm) Chrome/116.0.1938.76 Safari/537.36"
52.167.144.199 - - [20/Apr/2026:15:03:22 -0400] "GET /shop/bimanual/chaffweed81030195832.html HTTP/1.1" 404 1251 "-" "Mozilla/5.0 AppleWebKit/537.36 (KHTML, like Gecko; compatible; bingbot/2.0; +http://www.bing.com/bingbot.htm) Chrome/116.0.1938.76 Safari/537.36"
52.167.144.199 - - [20/Apr/2026:15:03:22 -0400] "GET /shop/spectatorial/coryphaenoid81030141635.html HTTP/1.1" 404 1251 "-" "Mozilla/5.0 AppleWebKit/537.36 (KHTML, like Gecko; compatible; bingbot/2.0; +http://www.bing.com/bingbot.htm) Chrome/116.0.1938.76 Safari/537.36"
66.249.69.132 - - [20/Apr/2026:15:03:35 -0400] "GET /?j=64856171776249 HTTP/1.1" 200 1820 "-" "GoogleOther-Image/1.0"
73.43.66.105 - - [20/Apr/2026:15:03:57 -0400] "GET /?d=52545814341732 HTTP/1.1" 200 1829 "-" "Mozilla/5.0 (Macintosh; Intel Mac OS X 10_15_7) AppleWebKit/537.36 (KHTML, like Gecko) Chrome/124.0.0.0 Safari/537.36"
174.138.16.211 - - [20/Apr/2026:15:04:01 -0400] "GET /live-casino-anbieter/ HTTP/1.1" 404 1251 "https://davidsteele.com/" "Mozilla/5.0 (Macintosh; Intel Mac OS X 12_5) AppleWebKit/605.1.15 (KHTML, like Gecko) Version/15.4 Safari/605.1.15"
174.138.16.211 - - [20/Apr/2026:15:04:02 -0400] "GET / HTTP/1.1" 200 1814 "-" "Mozilla/5.0 (Macintosh; Intel Mac OS X 12_5) AppleWebKit/605.1.15 (KHTML, like Gecko) Version/15.4 Safari/605.1.15"
174.138.16.211 - - [20/Apr/2026:15:04:05 -0400] "GET /wp-login.php HTTP/1.1" 200 1975 "https://davidsteele.com" "Mozilla/5.0 (Windows NT 6.3; Win64; x64) AppleWebKit/537.36 (KHTML, like Gecko) Chrome/103.0.0.0 Safari/537.36"
174.138.16.211 - - [20/Apr/2026:15:04:12 -0400] "GET /wp-login.php?action=lostpassword HTTP/1.1" 200 1189 "https://davidsteele.com/wp-login.php" "Mozilla/5.0 (Windows NT 6.3; Win64; x64) AppleWebKit/537.36 (KHTML, like Gecko) Chrome/103.0.0.0 Safari/537.36"
174.138.16.211 - - [20/Apr/2026:15:04:16 -0400] "GET /wp-includes/css/dashicons.min.css?ver=6.8.5 HTTP/1.1" 200 35110 "https://davidsteele.com/wp-login.php?action=lostpassword" "Mozilla/5.0 (Windows NT 10.0; Win64; x64) AppleWebKit/537.36 (KHTML, like Gecko) Chrome/143.0.0.0 Safari/537.36"
174.138.16.211 - - [20/Apr/2026:15:04:17 -0400] "GET /wp-includes/css/buttons.min.css?ver=6.8.5 HTTP/1.1" 200 1275 "https://davidsteele.com/wp-login.php?action=lostpassword" "Mozilla/5.0 (Windows NT 10.0; Win64; x64) AppleWebKit/537.36 (KHTML, like Gecko) Chrome/143.0.0.0 Safari/537.36"
174.138.16.211 - - [20/Apr/2026:15:04:18 -0400] "GET /wp-admin/css/forms.min.css?ver=6.8.5 HTTP/1.1" 200 6387 "https://davidsteele.com/wp-login.php?action=lostpassword" "Mozilla/5.0 (Windows NT 10.0; Win64; x64) AppleWebKit/537.36 (KHTML, like Gecko) Chrome/143.0.0.0 Safari/537.36"
174.138.16.211 - - [20/Apr/2026:15:04:18 -0400] "GET /wp-admin/css/l10n.min.css?ver=6.8.5 HTTP/1.1" 200 675 "https://davidsteele.com/wp-login.php?action=lostpassword" "Mozilla/5.0 (Windows NT 10.0; Win64; x64) AppleWebKit/537.36 (KHTML, like Gecko) Chrome/143.0.0.0 Safari/537.36"
174.138.16.211 - - [20/Apr/2026:15:04:19 -0400] "GET /wp-admin/css/login.min.css?ver=6.8.5 HTTP/1.1" 200 1965 "https://davidsteele.com/wp-login.php?action=lostpassword" "Mozilla/5.0 (Windows NT 10.0; Win64; x64) AppleWebKit/537.36 (KHTML, like Gecko) Chrome/143.0.0.0 Safari/537.36"
114.119.128.212 - - [20/Apr/2026:15:04:29 -0400] "GET /shop/sabal/bordarius88440247444.html HTTP/1.1" 404 1251 "https://davidsteele.com/sitemap475.xml" "Mozilla/5.0 (Linux; Android 7.0;) AppleWebKit/537.36 (KHTML, like Gecko) Mobile Safari/537.36 (compatible; PetalBot;+https://webmaster.petalsearch.com/site/petalbot)"
66.249.69.131 - - [20/Apr/2026:15:04:30 -0400] "GET /?j=9336280228152 HTTP/1.1" 200 1820 "-" "GoogleOther-Image/1.0"
46.110.148.99 - - [20/Apr/2026:15:04:55 -0400] "GET /?d=7564239680013 HTTP/1.1" 200 1829 "-" "Mozilla/5.0 (Windows NT 10.0; Win64; x64) AppleWebKit/537.36 (KHTML, like Gecko) Chrome/104.0.0.0 Safari/537.36"
66.249.69.133 - - [20/Apr/2026:15:05:05 -0400] "GET /?j=29122736538111 HTTP/1.1" 200 1820 "-" "GoogleOther-Image/1.0"
149.13.193.36 - - [20/Apr/2026:15:05:33 -0400] "GET /?d=29444691429491 HTTP/1.1" 200 1814 "-" "Mozilla/5.0 (Windows NT 10.0; Win64; x64) AppleWebKit/537.36 (KHTML, like Gecko) Chrome/101.0.4951.67 Safari/537.36"
66.249.69.131 - - [20/Apr/2026:15:05:41 -0400] "GET /?j=19574548774860 HTTP/1.1" 200 1833 "-" "GoogleOther-Image/1.0"
114.119.144.212 - - [20/Apr/2026:15:06:02 -0400] "GET /shop/runby/phallist6480557473.html HTTP/1.1" 404 1251 "https://davidsteele.com/sitemap230.xml" "Mozilla/5.0 (Linux; Android 7.0;) AppleWebKit/537.36 (KHTML, like Gecko) Mobile Safari/537.36 (compatible; PetalBot;+https://webmaster.petalsearch.com/site/petalbot)"
66.249.69.133 - - [20/Apr/2026:15:06:24 -0400] "GET /?j=24509590102357 HTTP/1.1" 200 1820 "-" "GoogleOther-Image/1.0"
17.22.237.78 - - [20/Apr/2026:15:07:01 -0400] "GET /baindex.php/?d=3319483 HTTP/1.1" 404 1251 "-" "Mozilla/5.0 (Macintosh; Intel Mac OS X 10_15_7) AppleWebKit/605.1.15 (KHTML, like Gecko) Version/17.4 Safari/605.1.15 (Applebot/0.1; +http://www.apple.com/go/applebot)"
66.249.69.131 - - [20/Apr/2026:15:07:06 -0400] "GET /?j=60241223177630 HTTP/1.1" 200 1833 "-" "GoogleOther-Image/1.0"
66.249.69.132 - - [20/Apr/2026:15:07:39 -0400] "GET /?j=49934454738476 HTTP/1.1" 200 1833 "-" "GoogleOther-Image/1.0"
114.119.158.125 - - [20/Apr/2026:15:08:04 -0400] "GET /shop/rumbo/anisotropism3812135287.html HTTP/1.1" 404 1251 "https://davidsteele.com/sitemap286.xml" "Mozilla/5.0 (Linux; Android 7.0;) AppleWebKit/537.36 (KHTML, like Gecko) Mobile Safari/537.36 (compatible; PetalBot;+https://webmaster.petalsearch.com/site/petalbot)"
66.249.69.132 - - [20/Apr/2026:15:08:28 -0400] "GET /?j=63888174692032 HTTP/1.1" 200 1833 "-" "GoogleOther-Image/1.0"
66.249.69.133 - - [20/Apr/2026:15:09:07 -0400] "GET /?j=11092370214224 HTTP/1.1" 200 1820 "-" "GoogleOther-Image/1.0"
52.167.144.21 - - [20/Apr/2026:15:09:09 -0400] "GET /shop/gardenlike/hooklets38121262322.html HTTP/1.1" 404 1251 "-" "Mozilla/5.0 AppleWebKit/537.36 (KHTML, like Gecko; compatible; bingbot/2.0; +http://www.bing.com/bingbot.htm) Chrome/116.0.1938.76 Safari/537.36"
52.167.144.199 - - [20/Apr/2026:15:09:31 -0400] "GET /shop/supply/pasteur38121101829.html HTTP/1.1" 404 1251 "-" "Mozilla/5.0 AppleWebKit/537.36 (KHTML, like Gecko; compatible; bingbot/2.0; +http://www.bing.com/bingbot.htm) Chrome/116.0.1938.76 Safari/537.36"
66.249.69.131 - - [20/Apr/2026:15:09:39 -0400] "GET /?j=36538583644156 HTTP/1.1" 200 1833 "-" "GoogleOther-Image/1.0"
114.119.128.212 - - [20/Apr/2026:15:09:55 -0400] "GET /shop/rotls/verecundity71654140421.html HTTP/1.1" 404 1251 "https://davidsteele.com/sitemap718.xml" "Mozilla/5.0 (Linux; Android 7.0;) AppleWebKit/537.36 (KHTML, like Gecko) Mobile Safari/537.36 (compatible; PetalBot;+https://webmaster.petalsearch.com/site/petalbot)"
207.180.11.64 - - [20/Apr/2026:15:09:58 -0400] "GET /wp-json/oembed/1.0/embed?url=https%3A%2F%2Fdavidsteele.com%2Fjust-a-cool-blog-post-with-a-gallery-2%2F&format=xml HTTP/1.1" 404 1251 "-" "Mozilla/5.0 (Macintosh; Intel Mac OS X 10_15_7) AppleWebKit/537.36 (KHTML, like Gecko) Chrome/135.0.0.0 Safari/537.36"
207.180.11.159 - - [20/Apr/2026:15:09:58 -0400] "GET /wp-json/oembed/1.0/embed?url=https%3A%2F%2Fdavidsteele.com%2Fjust-a-cool-blog-post-with-a-gallery-2%2F&format=xml HTTP/1.1" 404 1251 "-" "Mozilla/5.0 (Macintosh; Intel Mac OS X 10_15_7) AppleWebKit/537.36 (KHTML, like Gecko) Chrome/135.0.0.0 Safari/537.36"
207.180.11.57 - - [20/Apr/2026:15:09:59 -0400] "GET /wp-json/oembed/1.0/embed?url=https%3A%2F%2Fdavidsteele.com%2Fjust-a-cool-blog-post-with-a-gallery-2%2F&format=xml HTTP/1.1" 404 1251 "-" "Mozilla/5.0 (Macintosh; Intel Mac OS X 10_15_7) AppleWebKit/537.36 (KHTML, like Gecko) Chrome/135.0.0.0 Safari/537.36"
66.249.69.132 - - [20/Apr/2026:15:10:18 -0400] "GET /?j=66294871298710 HTTP/1.1" 200 1833 "-" "GoogleOther-Image/1.0"
66.249.69.131 - - [20/Apr/2026:15:10:51 -0400] "GET /?j=33450320042415 HTTP/1.1" 200 1833 "-" "GoogleOther-Image/1.0"
52.167.144.195 - - [20/Apr/2026:15:11:22 -0400] "GET /shop/keitloas/sedimental71654148528.html HTTP/1.1" 404 1251 "-" "Mozilla/5.0 AppleWebKit/537.36 (KHTML, like Gecko; compatible; bingbot/2.0; +http://www.bing.com/bingbot.htm) Chrome/116.0.1938.76 Safari/537.36"
66.249.69.131 - - [20/Apr/2026:15:11:25 -0400] "GET /?j=86829837285266 HTTP/1.1" 200 1820 "-" "GoogleOther-Image/1.0"
86.128.157.132 - - [20/Apr/2026:15:11:31 -0400] "GET /?d=57020160604352 HTTP/1.1" 200 1814 "-" "Mozilla/5.0 (Windows NT 10.0; Win64; x64) AppleWebKit/537.36 (KHTML, like Gecko) Chrome/104.0.0.0 Safari/537.36"
114.119.156.247 - - [20/Apr/2026:15:11:42 -0400] "GET /shop/rosebush/rostellum6351452260.html HTTP/1.1" 404 1251 "https://davidsteele.com/sitemap200.xml" "Mozilla/5.0 (Linux; Android 7.0;) AppleWebKit/537.36 (KHTML, like Gecko) Mobile Safari/537.36 (compatible; PetalBot;+https://webmaster.petalsearch.com/site/petalbot)"
223.165.69.55 - - [20/Apr/2026:15:12:36 -0400] "POST /xmlrpc.php HTTP/1.1" 200 714 "-" "Mozilla/5.0 (Windows NT 10.0; Win64; x64) AppleWebKit/537.36 (KHTML, like Gecko) Chrome/114.0.0.0 Safari/537.36"
223.165.69.55 - - [20/Apr/2026:15:12:44 -0400] "POST /xmlrpc.php HTTP/1.1" 200 714 "-" "Mozilla/5.0 (Windows NT 10.0; Win64; x64) AppleWebKit/537.36 (KHTML, like Gecko) Chrome/114.0.0.0 Safari/537.36"
67.169.133.37 - - [20/Apr/2026:15:12:55 -0400] "GET /?d=71051998851784 HTTP/1.1" 200 1829 "-" "Mozilla/5.0 (Windows NT 10.0; Win64; x64) AppleWebKit/537.36 (KHTML, like Gecko) Chrome/107.0.0.0 Safari/537.36"
114.119.152.71 - - [20/Apr/2026:15:13:01 -0400] "GET /shop/romped/woon39095168480.html HTTP/1.1" 404 1251 "https://davidsteele.com/sitemap688.xml" "Mozilla/5.0 (Linux; Android 7.0;) AppleWebKit/537.36 (KHTML, like Gecko) Mobile Safari/537.36 (compatible; PetalBot;+https://webmaster.petalsearch.com/site/petalbot)"
17.241.75.253 - - [20/Apr/2026:15:13:21 -0400] "GET /baindex.php/?d=1732982 HTTP/1.1" 404 1251 "-" "Mozilla/5.0 (Macintosh; Intel Mac OS X 10_15_7) AppleWebKit/605.1.15 (KHTML, like Gecko) Version/17.4 Safari/605.1.15 (Applebot/0.1; +http://www.apple.com/go/applebot)"
62.164.177.47 - - [20/Apr/2026:15:13:45 -0400] "GET / HTTP/1.1" 200 1812 "-" "Mozilla/5.0 (Macintosh; Intel Mac OS X 10_15_7) AppleWebKit/605.1.15 (KHTML, like Gecko) Version/18.4 Safari/605.1.15"
62.164.177.47 - - [20/Apr/2026:15:13:45 -0400] "GET / HTTP/1.1" 200 1812 "-" "Mozilla/5.0 (Macintosh; Intel Mac OS X 10.15; rv:135.0) Gecko/20100101 Firefox/135.0"
62.164.177.47 - - [20/Apr/2026:15:13:46 -0400] "GET / HTTP/1.1" 200 1812 "-" "Mozilla/5.0 (Macintosh; Intel Mac OS X 10_15_7) AppleWebKit/537.36 (KHTML, like Gecko) Chrome/136.0.0.0 Safari/537.36"
196.25.178.154 - - [20/Apr/2026:15:13:53 -0400] "POST /xmlrpc.php HTTP/1.1" 200 714 "-" "Jetpack by WordPress.com"
34.24.71.48 - - [20/Apr/2026:15:13:58 -0400] "HEAD /old/ HTTP/1.1" 404 0 "http://www.davidsteele.com/old/" "Mozilla/5.0 (Macintosh; Intel Mac OS X 14_5) AppleWebKit/605.1.15 (KHTML, like Gecko) Version/17.5 Safari/605.1.15"
34.24.71.48 - - [20/Apr/2026:15:13:58 -0400] "HEAD /wordpress/ HTTP/1.1" 404 0 "http://www.davidsteele.com/wordpress/" "Mozilla/5.0 (X11; Linux x86_64; rv:127.0) Gecko/20100101 Firefox/127.0"
34.24.71.48 - - [20/Apr/2026:15:13:58 -0400] "HEAD /wp/ HTTP/1.1" 404 0 "http://www.davidsteele.com/wp/" "Mozilla/5.0 (Linux; Android 13; Pixel 7a) AppleWebKit/537.36 (KHTML, like Gecko) Chrome/124.0.6367.82 Mobile Safari/537.36"
34.24.71.48 - - [20/Apr/2026:15:13:58 -0400] "HEAD /backup/ HTTP/1.1" 404 0 "http://www.davidsteele.com/backup/" "Mozilla/5.0 (Linux; Android 13; Nokia G42 5G) AppleWebKit/537.36 (KHTML, like Gecko) Chrome/126.0.6478.41 Mobile Safari/537.36"
34.24.71.48 - - [20/Apr/2026:15:13:58 -0400] "HEAD / HTTP/1.1" 200 0 "http://www.davidsteele.com/" "Mozilla/5.0 (Macintosh; Intel Mac OS X 14_5) AppleWebKit/605.1.15 (KHTML, like Gecko) Version/17.5 Safari/605.1.15"
34.24.71.48 - - [20/Apr/2026:15:13:58 -0400] "HEAD /blog/ HTTP/1.1" 404 0 "http://www.davidsteele.com/blog/" "Mozilla/5.0 (Windows NT 10.0; Win64; x64; rv:127.0) Gecko/20100101 Firefox/127.0"
34.24.71.48 - - [20/Apr/2026:15:13:58 -0400] "HEAD /new/ HTTP/1.1" 404 0 "http://www.davidsteele.com/new/" "Mozilla/5.0 (Macintosh; Intel Mac OS X 15_0) AppleWebKit/537.36 (KHTML, like Gecko) Chrome/125.0.6422.141 Safari/537.36"
222.93.142.171 - - [20/Apr/2026:15:14:06 -0400] "GET / HTTP/1.1" 200 1832 "-" "Mozilla/5.0 (Macintosh; Intel Mac OS X 10_15_7) AppleWebKit/605.1.15 (KHTML, like Gecko) Version/18.4 Safari/605.1.15"
39.151.97.75 - - [20/Apr/2026:15:14:22 -0400] "GET / HTTP/1.1" 200 1813 "-" "Mozilla/5.0 (Macintosh; Intel Mac OS X 10_15_7) AppleWebKit/537.36 (KHTML, like Gecko) Chrome/136.0.0.0 Safari/537.36"
91.227.37.60 - - [20/Apr/2026:15:14:35 -0400] "GET / HTTP/1.1" 200 1832 "-" "Mozilla/5.0 (Macintosh; Intel Mac OS X 10.15; rv:135.0) Gecko/20100101 Firefox/135.0"
24.15.200.240 - - [20/Apr/2026:15:14:54 -0400] "GET /?d=81385354226985 HTTP/1.1" 200 1813 "-" "Mozilla/5.0 (Windows NT 10.0; Win64; x64) AppleWebKit/537.36 (KHTML, like Gecko) Chrome/116.0.0.0 Safari/537.36"
114.119.156.247 - - [20/Apr/2026:15:15:13 -0400] "GET /shop/ritz/voluptuary884407216.html HTTP/1.1" 404 1251 "https://davidsteele.com/sitemap664.xml" "Mozilla/5.0 (Linux; Android 7.0;) AppleWebKit/537.36 (KHTML, like Gecko) Mobile Safari/537.36 (compatible; PetalBot;+https://webmaster.petalsearch.com/site/petalbot)"
17.22.237.108 - - [20/Apr/2026:15:16:15 -0400] "GET /?d=2397126 HTTP/1.1" 200 2144 "-" "Mozilla/5.0 (Macintosh; Intel Mac OS X 10_15_7) AppleWebKit/605.1.15 (KHTML, like Gecko) Version/17.4 Safari/605.1.15 (Applebot/0.1; +http://www.apple.com/go/applebot)"
193.24.211.73 - - [20/Apr/2026:15:16:26 -0400] "GET / HTTP/1.1" 200 1813 "-" "Mozilla/5.0 (Macintosh; Intel Mac OS X 10_15_7) AppleWebKit/605.1.15 (KHTML, like Gecko) Version/26.0.1 Safari/605.1.15"
193.24.211.73 - - [20/Apr/2026:15:16:27 -0400] "GET / HTTP/1.1" 200 1832 "-" "Mozilla/5.0 (Macintosh; Intel Mac OS X 10_15_7) AppleWebKit/537.36 (KHTML, like Gecko) Chrome/142.0.0.0 Safari/537.36"
193.24.211.73 - - [20/Apr/2026:15:16:27 -0400] "GET / HTTP/1.1" 200 1813 "-" "Mozilla/5.0 (Macintosh; Intel Mac OS X 10_15_7) AppleWebKit/605.1.15 (KHTML, like Gecko) Version/26.0.1 Safari/605.1.15"
114.119.135.36 - - [20/Apr/2026:15:16:35 -0400] "GET /shop/ritter/unmovably8103058064.html HTTP/1.1" 404 1251 "https://davidsteele.com/?sitemap-2.xml" "Mozilla/5.0 (Linux; Android 7.0;) AppleWebKit/537.36 (KHTML, like Gecko) Mobile Safari/537.36 (compatible; PetalBot;+https://webmaster.petalsearch.com/site/petalbot)"
45.153.231.229 - - [20/Apr/2026:15:16:44 -0400] "GET / HTTP/1.1" 200 1832 "-" "Mozilla/5.0 (Macintosh; Intel Mac OS X 10_15_7) AppleWebKit/605.1.15 (KHTML, like Gecko) Version/26.0.1 Safari/605.1.15"
152.42.208.139 - - [20/Apr/2026:15:16:52 -0400] "GET / HTTP/1.1" 200 1832 "-" "Mozilla/5.0 (Macintosh; Intel Mac OS X 10_15_7) AppleWebKit/537.36 (KHTML, like Gecko) Chrome/142.0.0.0 Safari/537.36"
66.249.69.132 - - [20/Apr/2026:15:16:53 -0400] "GET /?j=5573509759714 HTTP/1.1" 200 1818 "-" "GoogleOther-Image/1.0"
201.23.21.229 - - [20/Apr/2026:15:16:58 -0400] "GET / HTTP/1.1" 200 1813 "-" "Mozilla/5.0 (Macintosh; Intel Mac OS X 10_15_7) AppleWebKit/537.36 (KHTML, like Gecko) Chrome/142.0.0.0 Safari/537.36"
188.246.224.49 - - [20/Apr/2026:15:17:04 -0400] "GET / HTTP/1.1" 200 1813 "-" "Mozilla/5.0 (Macintosh; Intel Mac OS X 10_15_7) AppleWebKit/537.36 (KHTML, like Gecko) Chrome/142.0.0.0 Safari/537.36"
216.73.216.15 - - [20/Apr/2026:15:17:05 -0400] "GET /robots.txt HTTP/1.1" 200 69 "-" "Mozilla/5.0 AppleWebKit/537.36 (KHTML, like Gecko; compatible; ClaudeBot/1.0; +claudebot@anthropic.com)"
216.73.216.15 - - [20/Apr/2026:15:17:05 -0400] "GET /sitemap.xml HTTP/1.1" 404 1251 "-" "Mozilla/5.0 AppleWebKit/537.36 (KHTML, like Gecko; compatible; ClaudeBot/1.0; +claudebot@anthropic.com)"
20.164.59.20 - - [20/Apr/2026:15:18:02 -0400] "GET / HTTP/1.1" 200 1832 "-" "Mozilla/5.0 (Macintosh; Intel Mac OS X 10_15_7) AppleWebKit/537.36 (KHTML, like Gecko) Chrome/142.0.0.0 Safari/537.36"
185.138.116.150 - - [20/Apr/2026:15:18:10 -0400] "GET / HTTP/1.1" 200 1832 "-" "Mozilla/5.0 (Macintosh; Intel Mac OS X 10_15_7) AppleWebKit/605.1.15 (KHTML, like Gecko) Version/26.0.1 Safari/605.1.15"
66.132.195.50 - - [20/Apr/2026:15:18:14 -0400] "GET / HTTP/1.1" 200 2147 "-" "Mozilla/5.0 (compatible; CensysInspect/1.1; +https://about.censys.io/)"
66.132.195.50 - - [20/Apr/2026:15:18:15 -0400] "GET /wp-admin/ HTTP/1.1" 302 207 "-" "Mozilla/5.0 (compatible; CensysInspect/1.1; +https://about.censys.io/)"
216.244.66.241 - - [20/Apr/2026:15:18:17 -0400] "GET /robots.txt HTTP/1.1" 200 69 "-" "Mozilla/5.0 (compatible; DotBot/1.2; +https://opensiteexplorer.org/dotbot; help@moz.com)"
216.244.66.241 - - [20/Apr/2026:15:18:17 -0400] "GET /robots.txt HTTP/1.1" 200 69 "-" "Mozilla/5.0 (compatible; DotBot/1.2; +https://opensiteexplorer.org/dotbot; help@moz.com)"
