216.73.216.15 - - [20/Apr/2026:12:26:13 -0400] "GET /wp-includes/php-compat/assets/resources/img/2024/?path=%2Fhome%2Fstickain%2Ftmp%2Fwebalizer%2Fgunlovers.stickybrain.com&viewfile=%2Fhome%2Fstickain%2Ftmp%2Fwebalizer%2Fgunlovers.stickybrain.com%2Fhourly_usage_202405.png HTTP/1.1" 200 4761 "-" "Mozilla/5.0 AppleWebKit/537.36 (KHTML, like Gecko; compatible; ClaudeBot/1.0; +claudebot@anthropic.com)"
216.73.216.15 - - [20/Apr/2026:12:26:13 -0400] "GET /wp-includes/php-compat/assets/resources/img/2024/?path=%2F%2Fusr%2Flib%2F.build-id%2Fed&viewfile=%2F%2Fusr%2Flib%2F.build-id%2Fed%2F96f5804f556f1b1b097a735e88d139343f7fab HTTP/1.1" 200 30912 "-" "Mozilla/5.0 AppleWebKit/537.36 (KHTML, like Gecko; compatible; ClaudeBot/1.0; +claudebot@anthropic.com)"
216.73.216.15 - - [20/Apr/2026:12:26:13 -0400] "GET /wp-includes/php-compat/assets/resources/img/2024/?path=%2F%2Fhome%2Fstickain%2Ftmp%2Fwebalizer%2Fflyfishing.stickybrain.com&viewfile=%2F%2Fhome%2Fstickain%2Ftmp%2Fwebalizer%2Fflyfishing.stickybrain.com%2Fhourly_usage_202110.png HTTP/1.1" 200 4718 "-" "Mozilla/5.0 AppleWebKit/537.36 (KHTML, like Gecko; compatible; ClaudeBot/1.0; +claudebot@anthropic.com)"
216.73.216.15 - - [20/Apr/2026:12:26:14 -0400] "GET /wp-includes/php-compat/assets/resources/img/2024/index.php?path=%2Fhome%2Fstickain%2Flscache%2F6%2F8%2F1&viewfile=%2Fhome%2Fstickain%2Flscache%2F6%2F8%2F1%2F681d29b8b3848bf9 HTTP/1.1" 200 32457 "-" "Mozilla/5.0 AppleWebKit/537.36 (KHTML, like Gecko; compatible; ClaudeBot/1.0; +claudebot@anthropic.com)"
216.73.216.15 - - [20/Apr/2026:12:26:14 -0400] "GET /wp-includes/php-compat/assets/resources/img/2024/?path=%2F%2Fusr%2Flib%2F.build-id%2F12&viewfile=%2F%2Fusr%2Flib%2F.build-id%2F12%2F4e5db5b7ec55d571a9f71cbc61c0620450859c HTTP/1.1" 200 6288 "-" "Mozilla/5.0 AppleWebKit/537.36 (KHTML, like Gecko; compatible; ClaudeBot/1.0; +claudebot@anthropic.com)"
216.73.216.15 - - [20/Apr/2026:12:26:14 -0400] "GET /wp-includes/php-compat/assets/resources/img/2024/?path=%2F%2Fhome%2Fstickain%2Fmail%2F.sales%40davidsteele_com&viewfile=%2F%2Fhome%2Fstickain%2Fmail%2F.sales%40davidsteele_com%2Fdovecot.mailbox.log HTTP/1.1" 200 3117 "-" "Mozilla/5.0 AppleWebKit/537.36 (KHTML, like Gecko; compatible; ClaudeBot/1.0; +claudebot@anthropic.com)"
216.73.216.15 - - [20/Apr/2026:12:26:14 -0400] "GET /wp-includes/php-compat/assets/resources/img/2024/index.php?path=%2Fhome%2Fstickain%2Flscache%2F6%2F1%2F8&viewfile=%2Fhome%2Fstickain%2Flscache%2F6%2F1%2F8%2F6183058aaa5d988e HTTP/1.1" 200 15675 "-" "Mozilla/5.0 AppleWebKit/537.36 (KHTML, like Gecko; compatible; ClaudeBot/1.0; +claudebot@anthropic.com)"
216.73.216.15 - - [20/Apr/2026:12:26:14 -0400] "GET /wp-includes/php-compat/assets/resources/img/2024/?path=%2F%2Fvar%2Fsoftaculous%2Fowa&viewfile=%2F%2Fvar%2Fsoftaculous%2Fowa%2Fmd5 HTTP/1.1" 200 3881 "-" "Mozilla/5.0 AppleWebKit/537.36 (KHTML, like Gecko; compatible; ClaudeBot/1.0; +claudebot@anthropic.com)"
216.73.216.15 - - [20/Apr/2026:12:26:14 -0400] "GET /wp-includes/php-compat/assets/resources/img/2024/?path=%2F%2Fhome%2Fstickain%2Ftmp%2Fwebalizer%2Fitosu-ryu.stickybrain.com&viewfile=%2F%2Fhome%2Fstickain%2Ftmp%2Fwebalizer%2Fitosu-ryu.stickybrain.com%2Fdaily_usage_202410.png HTTP/1.1" 200 6584 "-" "Mozilla/5.0 AppleWebKit/537.36 (KHTML, like Gecko; compatible; ClaudeBot/1.0; +claudebot@anthropic.com)"
216.73.216.15 - - [20/Apr/2026:12:26:14 -0400] "GET /wp-includes/php-compat/assets/resources/img/2024/?path=%2F%2Fhome%2Fstickain%2Flscache%2F3%2Fb%2F7&viewfile=%2F%2Fhome%2Fstickain%2Flscache%2F3%2Fb%2F7%2F3b76655a5879dc68 HTTP/1.1" 200 32704 "-" "Mozilla/5.0 AppleWebKit/537.36 (KHTML, like Gecko; compatible; ClaudeBot/1.0; +claudebot@anthropic.com)"
216.73.216.15 - - [20/Apr/2026:12:26:14 -0400] "GET /wp-includes/php-compat/assets/resources/img/2024/?path=%2F%2Fusr%2Fshare%2Flocale%2Fta%2FLC_MESSAGES&viewfile=%2F%2Fusr%2Fshare%2Flocale%2Fta%2FLC_MESSAGES%2Fiso_639_3.mo HTTP/1.1" 200 139514 "-" "Mozilla/5.0 AppleWebKit/537.36 (KHTML, like Gecko; compatible; ClaudeBot/1.0; +claudebot@anthropic.com)"
216.73.216.15 - - [20/Apr/2026:12:26:14 -0400] "GET /wp-includes/php-compat/assets/resources/img/2024/?path=%2F%2Fusr%2Flib%2F.build-id%2F9f&viewfile=%2F%2Fusr%2Flib%2F.build-id%2F9f%2F1c106ff642feda466fc548379df43df064bbc6 HTTP/1.1" 200 7542 "-" "Mozilla/5.0 AppleWebKit/537.36 (KHTML, like Gecko; compatible; ClaudeBot/1.0; +claudebot@anthropic.com)"
216.73.216.15 - - [20/Apr/2026:12:26:14 -0400] "GET /wp-includes/php-compat/assets/resources/img/2024/?path=%2F%2Fusr%2Flib%2F.build-id%2F00&viewfile=%2F%2Fusr%2Flib%2F.build-id%2F00%2Fb7a2c2f29062c324917bf99f336b490108fd7b HTTP/1.1" 200 6375 "-" "Mozilla/5.0 AppleWebKit/537.36 (KHTML, like Gecko; compatible; ClaudeBot/1.0; +claudebot@anthropic.com)"
216.73.216.15 - - [20/Apr/2026:12:26:15 -0400] "GET /wp-includes/php-compat/assets/resources/img/2024/index.php?path=%2Fhome%2Fstickain%2Flscache%2F0%2F0%2F7&viewfile=%2Fhome%2Fstickain%2Flscache%2F0%2F0%2F7%2F00765e8a71fd1d17 HTTP/1.1" 200 29058 "-" "Mozilla/5.0 AppleWebKit/537.36 (KHTML, like Gecko; compatible; ClaudeBot/1.0; +claudebot@anthropic.com)"
216.73.216.15 - - [20/Apr/2026:12:26:15 -0400] "GET /wp-includes/php-compat/assets/resources/img/2024/?path=%2F%2Fusr%2Fshare%2Flocale%2Fhr%2FLC_MESSAGES&viewfile=%2F%2Fusr%2Fshare%2Flocale%2Fhr%2FLC_MESSAGES%2Fiso_4217.mo HTTP/1.1" 200 7018 "-" "Mozilla/5.0 AppleWebKit/537.36 (KHTML, like Gecko; compatible; ClaudeBot/1.0; +claudebot@anthropic.com)"
192.178.6.72 - - [20/Apr/2026:12:26:17 -0400] "GET /products.php?d=27205916157628 HTTP/1.1" 404 1251 "-" "GoogleOther-Image/1.0"
103.220.235.21 - - [20/Apr/2026:12:26:15 -0400] "POST /xmlrpc.php HTTP/1.1" 200 0 "-" "Jetpack by WordPress.com"
103.220.235.21 - - [20/Apr/2026:12:26:26 -0400] "POST /xmlrpc.php HTTP/1.1" 200 0 "-" "Jetpack/12.0; WordPress/6.4; http://site49147458.com"
103.220.235.21 - - [20/Apr/2026:12:26:37 -0400] "POST /xmlrpc.php HTTP/1.1" 200 0 "-" "WordPress.com; https://wordpress.com"
66.249.69.131 - - [20/Apr/2026:12:26:52 -0400] "GET /?j=94876671840496 HTTP/1.1" 200 1832 "-" "GoogleOther-Image/1.0"
17.241.219.218 - - [20/Apr/2026:12:26:53 -0400] "GET /?d=2270398 HTTP/1.1" 200 2123 "-" "Mozilla/5.0 (Macintosh; Intel Mac OS X 10_15_7) AppleWebKit/605.1.15 (KHTML, like Gecko) Version/17.4 Safari/605.1.15 (Applebot/0.1; +http://www.apple.com/go/applebot)"
139.167.208.210 - - [20/Apr/2026:12:26:51 -0400] "POST /xmlrpc.php HTTP/1.1" 200 0 "-" "Jetpack by WordPress.com (Jetpack 13.0; WordPress 6.4)"
103.220.235.21 - - [20/Apr/2026:12:26:58 -0400] "POST /xmlrpc.php HTTP/1.1" 200 0 "-" "Jetpack/12.1; WordPress/6.3; http://site78400593.com"
103.220.235.21 - - [20/Apr/2026:12:27:08 -0400] "POST /xmlrpc.php HTTP/1.1" 200 0 "-" "Jetpack/12.1; WordPress/6.3; http://site82662937.com"
66.249.69.132 - - [20/Apr/2026:12:27:19 -0400] "GET /?j=71494037583565 HTTP/1.1" 200 1819 "-" "GoogleOther-Image/1.0"
139.167.208.210 - - [20/Apr/2026:12:27:22 -0400] "POST /xmlrpc.php HTTP/1.1" 200 714 "-" "Jetpack/12.1; WordPress/6.4; http://site72604491.com"
139.167.208.210 - - [20/Apr/2026:12:27:29 -0400] "POST /xmlrpc.php HTTP/1.1" 200 0 "-" "WordPress.com; https://wordpress.com"
103.220.235.21 - - [20/Apr/2026:12:27:40 -0400] "POST /xmlrpc.php HTTP/1.1" 200 0 "-" "WordPress.com; https://wordpress.com"
66.249.69.131 - - [20/Apr/2026:12:27:56 -0400] "GET /?j=75761855717636 HTTP/1.1" 200 1821 "-" "GoogleOther-Image/1.0"
139.167.208.210 - - [20/Apr/2026:12:27:55 -0400] "POST /xmlrpc.php HTTP/1.1" 200 0 "-" "Jetpack by WordPress.com"
139.167.208.210 - - [20/Apr/2026:12:28:05 -0400] "POST /xmlrpc.php HTTP/1.1" 200 0 "-" "Jetpack by WordPress.com"
139.167.208.210 - - [20/Apr/2026:12:28:13 -0400] "POST /xmlrpc.php HTTP/1.1" 200 0 "-" "WordPress.com; https://wordpress.com"
103.220.235.21 - - [20/Apr/2026:12:28:22 -0400] "POST /xmlrpc.php HTTP/1.1" 200 0 "-" "WordPress.com; https://wordpress.com"
139.167.208.210 - - [20/Apr/2026:12:28:34 -0400] "POST /xmlrpc.php HTTP/1.1" 200 0 "-" "Jetpack/12.1; WordPress/6.3; http://site89607992.com"
162.0.209.96 - - [20/Apr/2026:12:28:44 -0400] "POST /wp-cron.php?doing_wp_cron=1776702524.4392879009246826171875 HTTP/1.1" 200 0 "-" "WordPress/6.8.5; https://davidsteele.com"
103.220.235.21 - - [20/Apr/2026:12:28:43 -0400] "POST /xmlrpc.php HTTP/1.1" 200 0 "-" "WordPress.com; https://wordpress.com"
139.167.208.210 - - [20/Apr/2026:12:28:55 -0400] "POST /xmlrpc.php HTTP/1.1" 200 0 "-" "WordPress.com; https://wordpress.com"
139.167.208.210 - - [20/Apr/2026:12:29:10 -0400] "POST /xmlrpc.php HTTP/1.1" 200 0 "-" "Jetpack/13.0; WordPress/6.1; http://site54075665.com"
139.167.208.210 - - [20/Apr/2026:12:29:17 -0400] "POST /xmlrpc.php HTTP/1.1" 200 714 "-" "Jetpack by WordPress.com (Jetpack 12.0; WordPress 6.3)"
139.167.208.210 - - [20/Apr/2026:12:29:25 -0400] "POST /xmlrpc.php HTTP/1.1" 200 714 "-" "Jetpack/12.0; WordPress/6.2; http://site50800073.com"
114.119.144.212 - - [20/Apr/2026:12:29:41 -0400] "GET /shop/spoutlike/dashwheel6351423559.html HTTP/1.1" 404 1251 "https://davidsteele.com/sitemap636.xml" "Mozilla/5.0 (Linux; Android 7.0;) AppleWebKit/537.36 (KHTML, like Gecko) Mobile Safari/537.36 (compatible; PetalBot;+https://webmaster.petalsearch.com/site/petalbot)"
139.167.208.210 - - [20/Apr/2026:12:29:36 -0400] "POST /xmlrpc.php HTTP/1.1" 200 714 "-" "WordPress.com; https://wordpress.com"
40.77.167.7 - - [20/Apr/2026:12:29:38 -0400] "GET /wp-login.php HTTP/1.1" 200 1975 "-" "Mozilla/5.0 AppleWebKit/537.36 (KHTML, like Gecko; compatible; bingbot/2.0; +http://www.bing.com/bingbot.htm) Chrome/116.0.1938.76 Safari/537.36"
139.167.208.210 - - [20/Apr/2026:12:29:46 -0400] "POST /xmlrpc.php HTTP/1.1" 200 714 "-" "WordPress.com; https://wordpress.com"
139.167.208.210 - - [20/Apr/2026:12:29:58 -0400] "POST /xmlrpc.php HTTP/1.1" 200 714 "-" "Jetpack by WordPress.com (Jetpack 12.5; WordPress 6.4)"
139.167.208.210 - - [20/Apr/2026:12:30:07 -0400] "POST /xmlrpc.php HTTP/1.1" 200 714 "-" "Jetpack by WordPress.com (Jetpack 12.1; WordPress 6.1)"
159.223.61.53 - - [20/Apr/2026:12:30:21 -0400] "GET /2025/10/casino-ohne-registrierung-trustly/ HTTP/1.1" 404 1251 "https://davidsteele.com/" "Mozilla/5.0 (X11; Ubuntu; Linux x86_64; rv:148.0) Gecko/20100101 Firefox/148.0"
159.223.61.53 - - [20/Apr/2026:12:30:22 -0400] "GET / HTTP/1.1" 200 1828 "-" "Mozilla/5.0 (X11; Ubuntu; Linux x86_64; rv:148.0) Gecko/20100101 Firefox/148.0"
139.167.208.210 - - [20/Apr/2026:12:30:18 -0400] "POST /xmlrpc.php HTTP/1.1" 200 714 "-" "WordPress.com; https://wordpress.com"
139.167.208.210 - - [20/Apr/2026:12:30:29 -0400] "POST /xmlrpc.php HTTP/1.1" 200 714 "-" "Jetpack by WordPress.com (Jetpack 12.1; WordPress 6.1)"
159.223.61.53 - - [20/Apr/2026:12:30:33 -0400] "GET /wp-login.php HTTP/1.1" 200 1975 "https://davidsteele.com" "Mozilla/5.0 (Windows NT 6.3; Win64; x64) AppleWebKit/537.36 (KHTML, like Gecko) Chrome/103.0.0.0 Safari/537.36"
159.223.61.53 - - [20/Apr/2026:12:30:39 -0400] "GET /wp-login.php?action=lostpassword HTTP/1.1" 200 1189 "https://davidsteele.com/wp-login.php" "Mozilla/5.0 (Windows NT 6.3; Win64; x64) AppleWebKit/537.36 (KHTML, like Gecko) Chrome/103.0.0.0 Safari/537.36"
139.167.208.210 - - [20/Apr/2026:12:30:39 -0400] "POST /xmlrpc.php HTTP/1.1" 200 714 "-" "Jetpack by WordPress.com"
159.223.61.53 - - [20/Apr/2026:12:30:44 -0400] "GET /wp-includes/css/dashicons.min.css?ver=6.8.5 HTTP/1.1" 200 35110 "https://davidsteele.com/wp-login.php?action=lostpassword" "Mozilla/5.0 (Windows NT 10.0; Win64; x64) AppleWebKit/537.36 (KHTML, like Gecko) Chrome/145.0.0.0 Safari/537.36"
159.223.61.53 - - [20/Apr/2026:12:30:45 -0400] "GET /wp-includes/css/buttons.min.css?ver=6.8.5 HTTP/1.1" 200 1275 "https://davidsteele.com/wp-login.php?action=lostpassword" "Mozilla/5.0 (Windows NT 10.0; Win64; x64) AppleWebKit/537.36 (KHTML, like Gecko) Chrome/145.0.0.0 Safari/537.36"
159.223.61.53 - - [20/Apr/2026:12:30:45 -0400] "GET /wp-admin/css/forms.min.css?ver=6.8.5 HTTP/1.1" 200 6387 "https://davidsteele.com/wp-login.php?action=lostpassword" "Mozilla/5.0 (Windows NT 10.0; Win64; x64) AppleWebKit/537.36 (KHTML, like Gecko) Chrome/145.0.0.0 Safari/537.36"
159.223.61.53 - - [20/Apr/2026:12:30:46 -0400] "GET /wp-admin/css/l10n.min.css?ver=6.8.5 HTTP/1.1" 200 675 "https://davidsteele.com/wp-login.php?action=lostpassword" "Mozilla/5.0 (Windows NT 10.0; Win64; x64) AppleWebKit/537.36 (KHTML, like Gecko) Chrome/145.0.0.0 Safari/537.36"
159.223.61.53 - - [20/Apr/2026:12:30:47 -0400] "GET /wp-admin/css/login.min.css?ver=6.8.5 HTTP/1.1" 200 1965 "https://davidsteele.com/wp-login.php?action=lostpassword" "Mozilla/5.0 (Windows NT 10.0; Win64; x64) AppleWebKit/537.36 (KHTML, like Gecko) Chrome/145.0.0.0 Safari/537.36"
139.167.208.210 - - [20/Apr/2026:12:30:50 -0400] "POST /xmlrpc.php HTTP/1.1" 200 714 "-" "Jetpack by WordPress.com (Jetpack 13.0; WordPress 6.3)"
139.167.208.210 - - [20/Apr/2026:12:31:00 -0400] "POST /xmlrpc.php HTTP/1.1" 200 714 "-" "Jetpack by WordPress.com (Jetpack 12.5; WordPress 6.4)"
139.167.208.210 - - [20/Apr/2026:12:31:11 -0400] "POST /xmlrpc.php HTTP/1.1" 200 714 "-" "Jetpack by WordPress.com (Jetpack 12.5; WordPress 6.3)"
139.167.208.210 - - [20/Apr/2026:12:31:21 -0400] "POST /xmlrpc.php HTTP/1.1" 200 714 "-" "WordPress.com; https://wordpress.com"
52.167.144.20 - - [20/Apr/2026:12:31:29 -0400] "GET /shop/hating/fauteuils5610616154.html HTTP/1.1" 404 1251 "-" "Mozilla/5.0 AppleWebKit/537.36 (KHTML, like Gecko; compatible; bingbot/2.0; +http://www.bing.com/bingbot.htm) Chrome/116.0.1938.76 Safari/537.36"
139.167.208.210 - - [20/Apr/2026:12:31:32 -0400] "POST /xmlrpc.php HTTP/1.1" 200 714 "-" "Jetpack/12.5; WordPress/6.1; http://site57847038.com"
139.167.208.210 - - [20/Apr/2026:12:31:43 -0400] "POST /xmlrpc.php HTTP/1.1" 200 714 "-" "Jetpack/12.5; WordPress/6.4; http://site33755836.com"
139.167.208.210 - - [20/Apr/2026:12:31:53 -0400] "POST /xmlrpc.php HTTP/1.1" 200 0 "-" "Jetpack/12.5; WordPress/6.3; http://site54543615.com"
51.89.12.179 - - [20/Apr/2026:12:32:09 -0400] "GET /wp-content/plugins/contact-form-by-supsystic/css/supsystic-for-all-admin.css HTTP/1.1" 404 1251 "-" "Mozilla/5.0 (Windows NT 10.0; Win64; x64) AppleWebKit/537.36 (KHTML, like Gecko) Chrome/147.0.0.0 Safari/537.36"
139.167.208.210 - - [20/Apr/2026:12:32:10 -0400] "POST /xmlrpc.php HTTP/1.1" 200 0 "-" "Jetpack by WordPress.com (Jetpack 12.0; WordPress 6.4)"
51.89.12.179 - - [20/Apr/2026:12:32:22 -0400] "GET /blog-verify HTTP/1.1" 404 1251 "-" "Mozilla/5.0 (Windows NT 10.0; Win64; x64) AppleWebKit/537.36 (KHTML, like Gecko) Chrome/146.0.0.0 Safari/537.36"
17.246.15.172 - - [20/Apr/2026:12:32:37 -0400] "GET /shop/nonlayered/doloroso88440257776.html HTTP/1.1" 404 1251 "-" "Mozilla/5.0 (Macintosh; Intel Mac OS X 10_15_7) AppleWebKit/605.1.15 (KHTML, like Gecko) Version/17.4 Safari/605.1.15 (Applebot/0.1; +http://www.apple.com/go/applebot)"
51.89.12.179 - - [20/Apr/2026:12:32:44 -0400] "GET /?wmo_hc=k7Hx9mQp2wRt HTTP/1.1" 200 9221 "-" "Mozilla/5.0 (X11; Linux x86_64) AppleWebKit/537.36 (KHTML, like Gecko) Chrome/147.0.0.0 Safari/537.36"
52.167.144.218 - - [20/Apr/2026:12:33:01 -0400] "GET /shop/dorp/pruinose8844052445.html HTTP/1.1" 404 1251 "-" "Mozilla/5.0 AppleWebKit/537.36 (KHTML, like Gecko; compatible; bingbot/2.0; +http://www.bing.com/bingbot.htm) Chrome/116.0.1938.76 Safari/537.36"
52.167.144.218 - - [20/Apr/2026:12:33:01 -0400] "GET /shop/destitution/skeeling6480528617.html HTTP/1.1" 404 1251 "-" "Mozilla/5.0 AppleWebKit/537.36 (KHTML, like Gecko; compatible; bingbot/2.0; +http://www.bing.com/bingbot.htm) Chrome/116.0.1938.76 Safari/537.36"
52.167.144.218 - - [20/Apr/2026:12:33:02 -0400] "GET /shop/renidify/semisymmetric2676672856.html HTTP/1.1" 404 1251 "-" "Mozilla/5.0 AppleWebKit/537.36 (KHTML, like Gecko; compatible; bingbot/2.0; +http://www.bing.com/bingbot.htm) Chrome/116.0.1938.76 Safari/537.36"
52.167.144.218 - - [20/Apr/2026:12:33:03 -0400] "GET /shop/operabilities/trimestral71654210776.html HTTP/1.1" 404 1251 "-" "Mozilla/5.0 AppleWebKit/537.36 (KHTML, like Gecko; compatible; bingbot/2.0; +http://www.bing.com/bingbot.htm) Chrome/116.0.1938.76 Safari/537.36"
52.167.144.218 - - [20/Apr/2026:12:33:03 -0400] "GET /shop/octogenarianism/sing3812162914.html HTTP/1.1" 404 1251 "-" "Mozilla/5.0 AppleWebKit/537.36 (KHTML, like Gecko; compatible; bingbot/2.0; +http://www.bing.com/bingbot.htm) Chrome/116.0.1938.76 Safari/537.36"
52.167.144.20 - - [20/Apr/2026:12:33:05 -0400] "GET /shop/staphyleaceae/unwisely81030118741.html HTTP/1.1" 404 1251 "-" "Mozilla/5.0 AppleWebKit/537.36 (KHTML, like Gecko; compatible; bingbot/2.0; +http://www.bing.com/bingbot.htm) Chrome/116.0.1938.76 Safari/537.36"
52.167.144.20 - - [20/Apr/2026:12:33:06 -0400] "GET /shop/nondefensively/spondylium8103049404.html HTTP/1.1" 404 1251 "-" "Mozilla/5.0 AppleWebKit/537.36 (KHTML, like Gecko; compatible; bingbot/2.0; +http://www.bing.com/bingbot.htm) Chrome/116.0.1938.76 Safari/537.36"
52.167.144.20 - - [20/Apr/2026:12:33:06 -0400] "GET /wp-admin/ HTTP/1.1" 302 189 "-" "Mozilla/5.0 AppleWebKit/537.36 (KHTML, like Gecko; compatible; bingbot/2.0; +http://www.bing.com/bingbot.htm) Chrome/116.0.1938.76 Safari/537.36"
52.167.144.20 - - [20/Apr/2026:12:33:07 -0400] "GET /wp-login.php?redirect_to=https%3A%2F%2Fdavidsteele.com%2Fwp-admin%2F&reauth=1 HTTP/1.1" 200 1975 "-" "Mozilla/5.0 AppleWebKit/537.36 (KHTML, like Gecko; compatible; bingbot/2.0; +http://www.bing.com/bingbot.htm) Chrome/116.0.1938.76 Safari/537.36"
52.167.144.20 - - [20/Apr/2026:12:33:08 -0400] "GET /shop/beecher/plantula71654134992.html HTTP/1.1" 404 1251 "-" "Mozilla/5.0 AppleWebKit/537.36 (KHTML, like Gecko; compatible; bingbot/2.0; +http://www.bing.com/bingbot.htm) Chrome/116.0.1938.76 Safari/537.36"
17.241.227.107 - - [20/Apr/2026:12:33:09 -0400] "GET /_autoindex/assets/css/autoindex.css HTTP/1.1" 200 1397 "https://davidsteele.com/?d=2270398" "Mozilla/5.0 (Macintosh; Intel Mac OS X 10_15_7) AppleWebKit/605.1.15 (KHTML, like Gecko) Version/17.4 Safari/605.1.15 (Applebot/0.1; +http://www.apple.com/go/applebot)"
17.241.75.72 - - [20/Apr/2026:12:33:11 -0400] "GET /_autoindex/assets/js/tablesort.js HTTP/1.1" 200 2634 "https://davidsteele.com/?d=2270398" "Mozilla/5.0 (Macintosh; Intel Mac OS X 10_15_7) AppleWebKit/605.1.15 (KHTML, like Gecko) Version/17.4 Safari/605.1.15 (Applebot/0.1; +http://www.apple.com/go/applebot)"
17.241.227.124 - - [20/Apr/2026:12:33:12 -0400] "GET /_autoindex/assets/js/tablesort.number.js HTTP/1.1" 200 375 "https://davidsteele.com/?d=2270398" "Mozilla/5.0 (Macintosh; Intel Mac OS X 10_15_7) AppleWebKit/605.1.15 (KHTML, like Gecko) Version/17.4 Safari/605.1.15 (Applebot/0.1; +http://www.apple.com/go/applebot)"
52.167.144.20 - - [20/Apr/2026:12:33:12 -0400] "GET /shop/tetrahydro/disrespondency56106195219.html HTTP/1.1" 404 1251 "-" "Mozilla/5.0 AppleWebKit/537.36 (KHTML, like Gecko; compatible; bingbot/2.0; +http://www.bing.com/bingbot.htm) Chrome/116.0.1938.76 Safari/537.36"
52.167.144.20 - - [20/Apr/2026:12:33:13 -0400] "GET /shop/mycoplana/vaginotomy26766171384.html HTTP/1.1" 404 1251 "-" "Mozilla/5.0 AppleWebKit/537.36 (KHTML, like Gecko; compatible; bingbot/2.0; +http://www.bing.com/bingbot.htm) Chrome/116.0.1938.76 Safari/537.36"
52.167.144.20 - - [20/Apr/2026:12:33:17 -0400] "GET /shop/isotones/guapilla7165470879.html HTTP/1.1" 404 1251 "-" "Mozilla/5.0 AppleWebKit/537.36 (KHTML, like Gecko; compatible; bingbot/2.0; +http://www.bing.com/bingbot.htm) Chrome/116.0.1938.76 Safari/537.36"
114.119.144.212 - - [20/Apr/2026:12:33:39 -0400] "GET /shop/splenoceratosis/reremice2676679760.html HTTP/1.1" 404 1251 "https://davidsteele.com/sitemap940.xml" "Mozilla/5.0 (Linux; Android 7.0;) AppleWebKit/537.36 (KHTML, like Gecko) Mobile Safari/537.36 (compatible; PetalBot;+https://webmaster.petalsearch.com/site/petalbot)"
66.249.69.131 - - [20/Apr/2026:12:34:10 -0400] "GET /?j=86043915149486 HTTP/1.1" 200 1824 "-" "GoogleOther-Image/1.0"
66.249.69.131 - - [20/Apr/2026:12:34:58 -0400] "GET /?j=24138354215486 HTTP/1.1" 200 1824 "-" "GoogleOther-Image/1.0"
187.142.148.113 - - [20/Apr/2026:12:35:32 -0400] "GET /shop/2053/ HTTP/1.1" 404 1251 "-" "Mozilla/5.0 (Macintosh; Intel Mac OS X 13_6_4) AppleWebKit/537.36 (KHTML, like Gecko) Chrome/133.0.6943.141 Safari/537.36"
66.249.69.132 - - [20/Apr/2026:12:35:39 -0400] "GET /?j=1005787001509 HTTP/1.1" 200 1824 "-" "GoogleOther-Image/1.0"
17.241.227.95 - - [20/Apr/2026:12:36:09 -0400] "GET /shop/solvencies/cantillating81030258257.html HTTP/1.1" 404 1251 "-" "Mozilla/5.0 (Macintosh; Intel Mac OS X 10_15_7) AppleWebKit/605.1.15 (KHTML, like Gecko) Version/17.4 Safari/605.1.15 (Applebot/0.1; +http://www.apple.com/go/applebot)"
66.249.69.132 - - [20/Apr/2026:12:36:21 -0400] "GET /?j=45349398876971 HTTP/1.1" 200 1824 "-" "GoogleOther-Image/1.0"
40.77.167.26 - - [20/Apr/2026:12:36:43 -0400] "GET /shop/fascinatedly/gimmals381218628.html HTTP/1.1" 404 1251 "-" "Mozilla/5.0 AppleWebKit/537.36 (KHTML, like Gecko; compatible; bingbot/2.0; +http://www.bing.com/bingbot.htm) Chrome/116.0.1938.76 Safari/537.36"
66.249.69.132 - - [20/Apr/2026:12:36:49 -0400] "GET /?j=49005794669556 HTTP/1.1" 200 1836 "-" "GoogleOther-Image/1.0"
114.119.139.48 - - [20/Apr/2026:12:37:22 -0400] "GET /shop/spirketting/creatine3273060827.html HTTP/1.1" 404 1251 "https://davidsteele.com/sitemap202.xml" "Mozilla/5.0 (Linux; Android 7.0;) AppleWebKit/537.36 (KHTML, like Gecko) Mobile Safari/537.36 (compatible; PetalBot;+https://webmaster.petalsearch.com/site/petalbot)"
74.7.244.49 - - [20/Apr/2026:12:37:24 -0400] "GET /robots.txt HTTP/1.1" 200 69 "-" "Mozilla/5.0 (Macintosh; Intel Mac OS X 10_15_7) AppleWebKit/537.36 (KHTML, like Gecko) Chrome/131.0.0.0 Safari/537.36; compatible; OAI-SearchBot/1.3; robots.txt; +https://openai.com/searchbot"
66.249.69.132 - - [20/Apr/2026:12:37:26 -0400] "GET /?j=19916199286172 HTTP/1.1" 200 1824 "-" "GoogleOther-Image/1.0"
40.77.167.26 - - [20/Apr/2026:12:37:53 -0400] "GET /shop/multilobed/embryographic56106117149.html HTTP/1.1" 404 1251 "-" "Mozilla/5.0 AppleWebKit/537.36 (KHTML, like Gecko; compatible; bingbot/2.0; +http://www.bing.com/bingbot.htm) Chrome/116.0.1938.76 Safari/537.36"
17.246.19.215 - - [20/Apr/2026:12:37:59 -0400] "GET /?d=2741782 HTTP/1.1" 200 2145 "-" "Mozilla/5.0 (Macintosh; Intel Mac OS X 10_15_7) AppleWebKit/605.1.15 (KHTML, like Gecko) Version/17.4 Safari/605.1.15 (Applebot/0.1; +http://www.apple.com/go/applebot)"
66.249.69.133 - - [20/Apr/2026:12:38:23 -0400] "GET /?j=91729577522302 HTTP/1.1" 200 1836 "-" "GoogleOther-Image/1.0"
216.73.216.15 - - [20/Apr/2026:12:38:25 -0400] "GET /robots.txt HTTP/1.1" 200 69 "http://www.davidsteele.com/robots.txt" "Mozilla/5.0 AppleWebKit/537.36 (KHTML, like Gecko; compatible; ClaudeBot/1.0; +claudebot@anthropic.com)"
216.73.216.15 - - [20/Apr/2026:12:38:26 -0400] "GET /wp-content/themes/ HTTP/1.1" 200 0 "http://www.davidsteele.com/wp-content/themes/" "Mozilla/5.0 AppleWebKit/537.36 (KHTML, like Gecko; compatible; ClaudeBot/1.0; +claudebot@anthropic.com)"
66.249.69.132 - - [20/Apr/2026:12:38:54 -0400] "GET /?j=39244188400779 HTTP/1.1" 200 1836 "-" "GoogleOther-Image/1.0"
66.249.69.131 - - [20/Apr/2026:12:39:33 -0400] "GET /?j=70893899326603 HTTP/1.1" 200 1824 "-" "GoogleOther-Image/1.0"
114.119.139.48 - - [20/Apr/2026:12:39:36 -0400] "GET /shop/spiritweed/honeycombs561063434.html HTTP/1.1" 404 1251 "https://davidsteele.com/?sitemap-4.xml" "Mozilla/5.0 (Linux; Android 7.0;) AppleWebKit/537.36 (KHTML, like Gecko) Mobile Safari/537.36 (compatible; PetalBot;+https://webmaster.petalsearch.com/site/petalbot)"
17.246.15.82 - - [20/Apr/2026:12:39:40 -0400] "GET /shop/3-pack-led-flashing-safety-lights/?link=c2a2324630 HTTP/1.1" 404 1251 "-" "Mozilla/5.0 (Macintosh; Intel Mac OS X 10_15_7) AppleWebKit/605.1.15 (KHTML, like Gecko) Version/17.4 Safari/605.1.15 (Applebot/0.1; +http://www.apple.com/go/applebot)"
213.180.203.240 - - [20/Apr/2026:12:39:45 -0400] "GET /shop/hidden-camera-thumb-camera/ HTTP/1.1" 404 1251 "-" "Mozilla/5.0 (compatible; YandexBot/3.0; +http://yandex.com/bots)"
66.249.69.131 - - [20/Apr/2026:12:40:05 -0400] "GET /?j=54837186891511 HTTP/1.1" 200 1824 "-" "GoogleOther-Image/1.0"
66.249.69.131 - - [20/Apr/2026:12:40:49 -0400] "GET /?j=72891969418383 HTTP/1.1" 200 1824 "-" "GoogleOther-Image/1.0"
40.77.167.26 - - [20/Apr/2026:12:41:09 -0400] "GET /shop/raptatorial/compactest7165490712.html HTTP/1.1" 404 1251 "-" "Mozilla/5.0 AppleWebKit/537.36 (KHTML, like Gecko; compatible; bingbot/2.0; +http://www.bing.com/bingbot.htm) Chrome/116.0.1938.76 Safari/537.36"
40.77.167.26 - - [20/Apr/2026:12:41:11 -0400] "GET /category/3437-7165400007.html HTTP/1.1" 404 1251 "-" "Mozilla/5.0 AppleWebKit/537.36 (KHTML, like Gecko; compatible; bingbot/2.0; +http://www.bing.com/bingbot.htm) Chrome/116.0.1938.76 Safari/537.36"
40.77.167.26 - - [20/Apr/2026:12:41:11 -0400] "GET /shop/upswelling/phthisiogenic2676628269.html HTTP/1.1" 404 1251 "-" "Mozilla/5.0 AppleWebKit/537.36 (KHTML, like Gecko; compatible; bingbot/2.0; +http://www.bing.com/bingbot.htm) Chrome/116.0.1938.76 Safari/537.36"
40.77.167.26 - - [20/Apr/2026:12:41:11 -0400] "GET /shop/alternanthera/amateurish88440178985.html HTTP/1.1" 404 1251 "-" "Mozilla/5.0 AppleWebKit/537.36 (KHTML, like Gecko; compatible; bingbot/2.0; +http://www.bing.com/bingbot.htm) Chrome/116.0.1938.76 Safari/537.36"
52.167.144.208 - - [20/Apr/2026:12:41:15 -0400] "GET /shop/amasesis/densitometer8103066483.html HTTP/1.1" 404 1251 "-" "Mozilla/5.0 AppleWebKit/537.36 (KHTML, like Gecko; compatible; bingbot/2.0; +http://www.bing.com/bingbot.htm) Chrome/116.0.1938.76 Safari/537.36"
52.167.144.208 - - [20/Apr/2026:12:41:17 -0400] "GET /shop/3d-pvc-adhesive-butterfly-wall-decor/ HTTP/1.1" 404 1251 "-" "Mozilla/5.0 AppleWebKit/537.36 (KHTML, like Gecko; compatible; bingbot/2.0; +http://www.bing.com/bingbot.htm) Chrome/116.0.1938.76 Safari/537.36"
114.119.158.125 - - [20/Apr/2026:12:41:18 -0400] "GET /shop/spheroquartic/teleutoform32730289655.html HTTP/1.1" 404 1251 "https://davidsteele.com/sitemap260.xml" "Mozilla/5.0 (Linux; Android 7.0;) AppleWebKit/537.36 (KHTML, like Gecko) Mobile Safari/537.36 (compatible; PetalBot;+https://webmaster.petalsearch.com/site/petalbot)"
66.249.69.133 - - [20/Apr/2026:12:41:26 -0400] "GET /?j=80606776070914 HTTP/1.1" 200 1824 "-" "GoogleOther-Image/1.0"
66.249.69.133 - - [20/Apr/2026:12:42:09 -0400] "GET /?j=13461893484409 HTTP/1.1" 200 1824 "-" "GoogleOther-Image/1.0"
40.77.167.18 - - [20/Apr/2026:12:42:16 -0400] "GET /shop/abstractedly/cancelier81030126979.html HTTP/1.1" 404 1251 "-" "Mozilla/5.0 AppleWebKit/537.36 (KHTML, like Gecko; compatible; bingbot/2.0; +http://www.bing.com/bingbot.htm) Chrome/116.0.1938.76 Safari/537.36"
40.77.167.26 - - [20/Apr/2026:12:42:31 -0400] "GET /shop/mustered/await88440248549.html HTTP/1.1" 404 1251 "-" "Mozilla/5.0 AppleWebKit/537.36 (KHTML, like Gecko; compatible; bingbot/2.0; +http://www.bing.com/bingbot.htm) Chrome/116.0.1938.76 Safari/537.36"
52.167.144.208 - - [20/Apr/2026:12:42:42 -0400] "GET /shop/florula/brassica32730141875.html HTTP/1.1" 404 1251 "-" "Mozilla/5.0 AppleWebKit/537.36 (KHTML, like Gecko; compatible; bingbot/2.0; +http://www.bing.com/bingbot.htm) Chrome/116.0.1938.76 Safari/537.36"
52.167.144.208 - - [20/Apr/2026:12:42:42 -0400] "GET /shop/goldeyes/palmchrist56106189658.html HTTP/1.1" 404 1251 "-" "Mozilla/5.0 AppleWebKit/537.36 (KHTML, like Gecko; compatible; bingbot/2.0; +http://www.bing.com/bingbot.htm) Chrome/116.0.1938.76 Safari/537.36"
52.167.144.208 - - [20/Apr/2026:12:42:42 -0400] "GET /shop/peined/clotbur3909569132.html HTTP/1.1" 404 1251 "-" "Mozilla/5.0 AppleWebKit/537.36 (KHTML, like Gecko; compatible; bingbot/2.0; +http://www.bing.com/bingbot.htm) Chrome/116.0.1938.76 Safari/537.36"
52.167.144.208 - - [20/Apr/2026:12:42:42 -0400] "GET /shop/unsaked/lymphadenomata88440209691.html HTTP/1.1" 404 1251 "-" "Mozilla/5.0 AppleWebKit/537.36 (KHTML, like Gecko; compatible; bingbot/2.0; +http://www.bing.com/bingbot.htm) Chrome/116.0.1938.76 Safari/537.36"
66.249.69.131 - - [20/Apr/2026:12:42:47 -0400] "GET /?j=81553239339691 HTTP/1.1" 200 1824 "-" "GoogleOther-Image/1.0"
114.119.152.71 - - [20/Apr/2026:12:43:24 -0400] "GET /shop/spermoduct/mestesoes26766261922.html HTTP/1.1" 404 1251 "https://davidsteele.com/sitemap664.xml" "Mozilla/5.0 (Linux; Android 7.0;) AppleWebKit/537.36 (KHTML, like Gecko) Mobile Safari/537.36 (compatible; PetalBot;+https://webmaster.petalsearch.com/site/petalbot)"
66.249.69.132 - - [20/Apr/2026:12:43:39 -0400] "GET /?j=92898427578308 HTTP/1.1" 200 1824 "-" "GoogleOther-Image/1.0"
17.241.75.241 - - [20/Apr/2026:12:43:41 -0400] "GET /?d=1486089 HTTP/1.1" 200 2127 "-" "Mozilla/5.0 (Macintosh; Intel Mac OS X 10_15_7) AppleWebKit/605.1.15 (KHTML, like Gecko) Version/17.4 Safari/605.1.15 (Applebot/0.1; +http://www.apple.com/go/applebot)"
40.77.167.18 - - [20/Apr/2026:12:43:57 -0400] "GET /shop/penectomy/syre81030192958.html HTTP/1.1" 404 1251 "-" "Mozilla/5.0 AppleWebKit/537.36 (KHTML, like Gecko; compatible; bingbot/2.0; +http://www.bing.com/bingbot.htm) Chrome/116.0.1938.76 Safari/537.36"
40.77.167.26 - - [20/Apr/2026:12:44:03 -0400] "GET /shop/sphygmomanometry/throughways63514172102.html HTTP/1.1" 404 1251 "-" "Mozilla/5.0 AppleWebKit/537.36 (KHTML, like Gecko; compatible; bingbot/2.0; +http://www.bing.com/bingbot.htm) Chrome/116.0.1938.76 Safari/537.36"
40.77.167.26 - - [20/Apr/2026:12:44:04 -0400] "GET /shop/defaming/sidelong38121221551.html HTTP/1.1" 404 1251 "-" "Mozilla/5.0 AppleWebKit/537.36 (KHTML, like Gecko; compatible; bingbot/2.0; +http://www.bing.com/bingbot.htm) Chrome/116.0.1938.76 Safari/537.36"
40.77.167.26 - - [20/Apr/2026:12:44:04 -0400] "GET /shop/poorliness/sincerer38121232068.html HTTP/1.1" 404 1251 "-" "Mozilla/5.0 AppleWebKit/537.36 (KHTML, like Gecko; compatible; bingbot/2.0; +http://www.bing.com/bingbot.htm) Chrome/116.0.1938.76 Safari/537.36"
40.77.167.18 - - [20/Apr/2026:12:44:10 -0400] "GET /shop/tattles/garbologist39095189959.html HTTP/1.1" 404 1251 "-" "Mozilla/5.0 AppleWebKit/537.36 (KHTML, like Gecko; compatible; bingbot/2.0; +http://www.bing.com/bingbot.htm) Chrome/116.0.1938.76 Safari/537.36"
66.249.69.133 - - [20/Apr/2026:12:44:17 -0400] "GET /?j=73291087279572 HTTP/1.1" 200 1824 "-" "GoogleOther-Image/1.0"
51.68.236.64 - - [20/Apr/2026:12:44:24 -0400] "GET /robots.txt HTTP/1.1" 200 69 "-" "Mozilla/5.0 (compatible; MJ12bot/v2.0.5; http://mj12bot.com/)"
51.68.236.64 - - [20/Apr/2026:12:44:24 -0400] "GET / HTTP/1.1" 200 1819 "-" "Mozilla/5.0 (compatible; MJ12bot/v2.0.5; http://mj12bot.com/)"
52.167.144.208 - - [20/Apr/2026:12:44:43 -0400] "GET /shop/wristdrop/bridaler71654276547.html HTTP/1.1" 404 1251 "-" "Mozilla/5.0 AppleWebKit/537.36 (KHTML, like Gecko; compatible; bingbot/2.0; +http://www.bing.com/bingbot.htm) Chrome/116.0.1938.76 Safari/537.36"
66.249.69.131 - - [20/Apr/2026:12:44:55 -0400] "GET /?j=85860130579535 HTTP/1.1" 200 1824 "-" "GoogleOther-Image/1.0"
114.119.139.48 - - [20/Apr/2026:12:45:02 -0400] "GET /shop/sparseness/paninean56106211616.html HTTP/1.1" 404 1251 "https://davidsteele.com/sitemap470.xml" "Mozilla/5.0 (Linux; Android 7.0;) AppleWebKit/537.36 (KHTML, like Gecko) Mobile Safari/537.36 (compatible; PetalBot;+https://webmaster.petalsearch.com/site/petalbot)"
66.249.69.132 - - [20/Apr/2026:12:45:24 -0400] "GET /?j=54327815922912 HTTP/1.1" 200 1836 "-" "GoogleOther-Image/1.0"
40.77.167.18 - - [20/Apr/2026:12:45:54 -0400] "GET /shop/physicianer/vapulation88440230773.html HTTP/1.1" 404 1251 "-" "Mozilla/5.0 AppleWebKit/537.36 (KHTML, like Gecko; compatible; bingbot/2.0; +http://www.bing.com/bingbot.htm) Chrome/116.0.1938.76 Safari/537.36"
40.77.167.18 - - [20/Apr/2026:12:45:55 -0400] "GET /shop/bronchiole/maniable26766283971.html HTTP/1.1" 404 1251 "-" "Mozilla/5.0 AppleWebKit/537.36 (KHTML, like Gecko; compatible; bingbot/2.0; +http://www.bing.com/bingbot.htm) Chrome/116.0.1938.76 Safari/537.36"
66.249.69.133 - - [20/Apr/2026:12:46:08 -0400] "GET /?j=30477231818779 HTTP/1.1" 200 1824 "-" "GoogleOther-Image/1.0"
52.167.144.142 - - [20/Apr/2026:12:46:24 -0400] "GET /shop/lamster/participatively39095274118.html HTTP/1.1" 404 1251 "-" "Mozilla/5.0 AppleWebKit/537.36 (KHTML, like Gecko; compatible; bingbot/2.0; +http://www.bing.com/bingbot.htm) Chrome/116.0.1938.76 Safari/537.36"
66.249.69.132 - - [20/Apr/2026:12:46:38 -0400] "GET /?j=99256626732164 HTTP/1.1" 200 1836 "-" "GoogleOther-Image/1.0"
17.246.23.50 - - [20/Apr/2026:12:46:44 -0400] "GET /_autoindex/assets/js/tablesort.js HTTP/1.1" 200 2634 "https://davidsteele.com/?d=2741782" "Mozilla/5.0 (Macintosh; Intel Mac OS X 10_15_7) AppleWebKit/605.1.15 (KHTML, like Gecko) Version/17.4 Safari/605.1.15 (Applebot/0.1; +http://www.apple.com/go/applebot)"
17.246.23.110 - - [20/Apr/2026:12:46:46 -0400] "GET /_autoindex/assets/js/tablesort.number.js HTTP/1.1" 200 375 "https://davidsteele.com/?d=2741782" "Mozilla/5.0 (Macintosh; Intel Mac OS X 10_15_7) AppleWebKit/605.1.15 (KHTML, like Gecko) Version/17.4 Safari/605.1.15 (Applebot/0.1; +http://www.apple.com/go/applebot)"
17.246.23.29 - - [20/Apr/2026:12:46:47 -0400] "GET /_autoindex/assets/css/autoindex.css HTTP/1.1" 200 1397 "https://davidsteele.com/?d=2741782" "Mozilla/5.0 (Macintosh; Intel Mac OS X 10_15_7) AppleWebKit/605.1.15 (KHTML, like Gecko) Version/17.4 Safari/605.1.15 (Applebot/0.1; +http://www.apple.com/go/applebot)"
103.209.61.124 - - [20/Apr/2026:12:47:10 -0400] "GET /2025/10/casino-ohne-registrierung-trustly/ HTTP/1.1" 404 1251 "https://davidsteele.com/" "Mozilla/5.0 (Macintosh; Intel Mac OS X 12_5) AppleWebKit/537.36 (KHTML, like Gecko) Chrome/114.0.0.0 Safari/537.36"
103.209.61.124 - - [20/Apr/2026:12:47:11 -0400] "GET / HTTP/1.1" 200 1832 "-" "Mozilla/5.0 (Macintosh; Intel Mac OS X 12_5) AppleWebKit/537.36 (KHTML, like Gecko) Chrome/114.0.0.0 Safari/537.36"
103.209.61.124 - - [20/Apr/2026:12:47:12 -0400] "GET /googleb9a3f1065d27d168.html HTTP/1.1" 200 53 "https://davidsteele.com" "Mozilla/5.0 (Macintosh; Intel Mac OS X 12_5) AppleWebKit/537.36 (KHTML, like Gecko) Chrome/114.0.0.0 Safari/537.36"
192.178.6.72 - - [20/Apr/2026:12:47:13 -0400] "GET /detail.php?d=53873450901761 HTTP/1.1" 404 1251 "-" "GoogleOther-Image/1.0"
114.119.156.122 - - [20/Apr/2026:12:47:17 -0400] "GET /shop/tousle/nonmodernistic71654295398.html HTTP/1.1" 404 1251 "https://davidsteele.com/sitemap452.xml" "Mozilla/5.0 (Linux; Android 7.0;) AppleWebKit/537.36 (KHTML, like Gecko) Mobile Safari/537.36 (compatible; PetalBot;+https://webmaster.petalsearch.com/site/petalbot)"
52.167.144.157 - - [20/Apr/2026:12:47:19 -0400] "GET /?t=87707976664932 HTTP/1.1" 200 1836 "-" "Mozilla/5.0 AppleWebKit/537.36 (KHTML, like Gecko; compatible; bingbot/2.0; +http://www.bing.com/bingbot.htm) Chrome/116.0.1938.76 Safari/537.36"
66.249.69.132 - - [20/Apr/2026:12:47:41 -0400] "GET /?j=78640462489001 HTTP/1.1" 200 1836 "-" "GoogleOther-Image/1.0"
66.249.69.132 - - [20/Apr/2026:12:48:23 -0400] "GET /?j=67406725087160 HTTP/1.1" 200 1824 "-" "GoogleOther-Image/1.0"
66.249.69.131 - - [20/Apr/2026:12:48:54 -0400] "GET /?j=49978438255385 HTTP/1.1" 200 1824 "-" "GoogleOther-Image/1.0"
114.119.156.122 - - [20/Apr/2026:12:49:04 -0400] "GET /shop/thundering/vermiparousness88440249055.html HTTP/1.1" 404 1251 "https://davidsteele.com/sitemap615.xml" "Mozilla/5.0 (Linux; Android 7.0;) AppleWebKit/537.36 (KHTML, like Gecko) Mobile Safari/537.36 (compatible; PetalBot;+https://webmaster.petalsearch.com/site/petalbot)"
52.167.144.159 - - [20/Apr/2026:12:49:14 -0400] "GET /shop/pathomania/isoalantolactone71654256829.html HTTP/1.1" 404 1251 "-" "Mozilla/5.0 AppleWebKit/537.36 (KHTML, like Gecko; compatible; bingbot/2.0; +http://www.bing.com/bingbot.htm) Chrome/116.0.1938.76 Safari/537.36"
52.167.144.159 - - [20/Apr/2026:12:49:14 -0400] "GET /shop/cadging/laemostenosis3273075582.html HTTP/1.1" 404 1251 "-" "Mozilla/5.0 AppleWebKit/537.36 (KHTML, like Gecko; compatible; bingbot/2.0; +http://www.bing.com/bingbot.htm) Chrome/116.0.1938.76 Safari/537.36"
52.167.144.159 - - [20/Apr/2026:12:49:14 -0400] "GET /shop/oafishness/octactinian88440284717.html HTTP/1.1" 404 1251 "-" "Mozilla/5.0 AppleWebKit/537.36 (KHTML, like Gecko; compatible; bingbot/2.0; +http://www.bing.com/bingbot.htm) Chrome/116.0.1938.76 Safari/537.36"
66.249.69.132 - - [20/Apr/2026:12:49:46 -0400] "GET /?j=2867402869071 HTTP/1.1" 200 1836 "-" "GoogleOther-Image/1.0"
66.249.69.132 - - [20/Apr/2026:12:50:14 -0400] "GET /?j=60417234471092 HTTP/1.1" 200 1824 "-" "GoogleOther-Image/1.0"
40.77.167.78 - - [20/Apr/2026:12:50:16 -0400] "GET /shop/vambrace/anelace56106244829.html HTTP/1.1" 404 1251 "-" "Mozilla/5.0 AppleWebKit/537.36 (KHTML, like Gecko; compatible; bingbot/2.0; +http://www.bing.com/bingbot.htm) Chrome/116.0.1938.76 Safari/537.36"
40.77.167.78 - - [20/Apr/2026:12:50:17 -0400] "GET /shop/sanguiniferous/coercion56106115068.html HTTP/1.1" 404 1251 "-" "Mozilla/5.0 AppleWebKit/537.36 (KHTML, like Gecko; compatible; bingbot/2.0; +http://www.bing.com/bingbot.htm) Chrome/116.0.1938.76 Safari/537.36"
40.77.167.78 - - [20/Apr/2026:12:50:17 -0400] "GET /shop/rosanilin/unmediaeval88440130099.html HTTP/1.1" 404 1251 "-" "Mozilla/5.0 AppleWebKit/537.36 (KHTML, like Gecko; compatible; bingbot/2.0; +http://www.bing.com/bingbot.htm) Chrome/116.0.1938.76 Safari/537.36"
40.77.167.78 - - [20/Apr/2026:12:50:17 -0400] "GET /shop/tuberoses/yethhounds6480519559.html HTTP/1.1" 404 1251 "-" "Mozilla/5.0 AppleWebKit/537.36 (KHTML, like Gecko; compatible; bingbot/2.0; +http://www.bing.com/bingbot.htm) Chrome/116.0.1938.76 Safari/537.36"
40.77.167.78 - - [20/Apr/2026:12:50:18 -0400] "GET /shop/fibulare/theopaschitic3812117003.html HTTP/1.1" 404 1251 "-" "Mozilla/5.0 AppleWebKit/537.36 (KHTML, like Gecko; compatible; bingbot/2.0; +http://www.bing.com/bingbot.htm) Chrome/116.0.1938.76 Safari/537.36"
52.167.144.159 - - [20/Apr/2026:12:50:37 -0400] "GET /shop/marasca/archiepiscopate32730289554.html HTTP/1.1" 404 1251 "-" "Mozilla/5.0 AppleWebKit/537.36 (KHTML, like Gecko; compatible; bingbot/2.0; +http://www.bing.com/bingbot.htm) Chrome/116.0.1938.76 Safari/537.36"
52.167.144.159 - - [20/Apr/2026:12:50:37 -0400] "GET /shop/vespoid/audiotape39095267896.html HTTP/1.1" 404 1251 "-" "Mozilla/5.0 AppleWebKit/537.36 (KHTML, like Gecko; compatible; bingbot/2.0; +http://www.bing.com/bingbot.htm) Chrome/116.0.1938.76 Safari/537.36"
52.167.144.142 - - [20/Apr/2026:12:50:45 -0400] "GET /shop/chainstitch/stumpages38121104977.html HTTP/1.1" 404 1251 "-" "Mozilla/5.0 AppleWebKit/537.36 (KHTML, like Gecko; compatible; bingbot/2.0; +http://www.bing.com/bingbot.htm) Chrome/116.0.1938.76 Safari/537.36"
52.167.144.142 - - [20/Apr/2026:12:50:47 -0400] "GET /shop/improficiency/ducs71654124204.html HTTP/1.1" 404 1251 "-" "Mozilla/5.0 AppleWebKit/537.36 (KHTML, like Gecko; compatible; bingbot/2.0; +http://www.bing.com/bingbot.htm) Chrome/116.0.1938.76 Safari/537.36"
52.167.144.142 - - [20/Apr/2026:12:50:47 -0400] "GET /shop/flaxseed/apprise39095234467.html HTTP/1.1" 404 1251 "-" "Mozilla/5.0 AppleWebKit/537.36 (KHTML, like Gecko; compatible; bingbot/2.0; +http://www.bing.com/bingbot.htm) Chrome/116.0.1938.76 Safari/537.36"
52.167.144.142 - - [20/Apr/2026:12:50:47 -0400] "GET /shop/tropologized/pseudoplasma71654175693.html HTTP/1.1" 404 1251 "-" "Mozilla/5.0 AppleWebKit/537.36 (KHTML, like Gecko; compatible; bingbot/2.0; +http://www.bing.com/bingbot.htm) Chrome/116.0.1938.76 Safari/537.36"
52.167.144.142 - - [20/Apr/2026:12:50:48 -0400] "GET /shop/spiritlamp/crappie6351484574.html HTTP/1.1" 404 1251 "-" "Mozilla/5.0 AppleWebKit/537.36 (KHTML, like Gecko; compatible; bingbot/2.0; +http://www.bing.com/bingbot.htm) Chrome/116.0.1938.76 Safari/537.36"
114.119.128.212 - - [20/Apr/2026:12:50:57 -0400] "GET /shop/sugarsweet/balkis7165476980.html HTTP/1.1" 404 1251 "https://davidsteele.com/sitemap699.xml" "Mozilla/5.0 (Linux; Android 7.0;) AppleWebKit/537.36 (KHTML, like Gecko) Mobile Safari/537.36 (compatible; PetalBot;+https://webmaster.petalsearch.com/site/petalbot)"
66.249.69.133 - - [20/Apr/2026:12:51:25 -0400] "GET /?j=20420427422999 HTTP/1.1" 200 1824 "-" "GoogleOther-Image/1.0"
203.175.96.166 - - [20/Apr/2026:12:51:56 -0400] "GET /2025/10/casino-ohne-registrierung-trustly/ HTTP/1.1" 404 1251 "https://davidsteele.com/" "Mozilla/5.0 (Macintosh; Intel Mac OS X 12_5) AppleWebKit/537.36 (KHTML, like Gecko) Chrome/114.0.0.0 Safari/537.36 Vivaldi/5.3.2679.68"
17.246.19.47 - - [20/Apr/2026:12:52:03 -0400] "GET /shop/cat-tail-rear-window-stickers/?link=58cb852401 HTTP/1.1" 404 1251 "-" "Mozilla/5.0 (Macintosh; Intel Mac OS X 10_15_7) AppleWebKit/605.1.15 (KHTML, like Gecko) Version/17.4 Safari/605.1.15 (Applebot/0.1; +http://www.apple.com/go/applebot)"
17.241.219.53 - - [20/Apr/2026:12:52:11 -0400] "GET /shop/80mm-photographers-crystal-ball/?link=f36f815b16 HTTP/1.1" 404 1251 "-" "Mozilla/5.0 (Macintosh; Intel Mac OS X 10_15_7) AppleWebKit/605.1.15 (KHTML, like Gecko) Version/17.4 Safari/605.1.15 (Applebot/0.1; +http://www.apple.com/go/applebot)"
66.249.69.131 - - [20/Apr/2026:12:52:20 -0400] "GET /?j=32655778403625 HTTP/1.1" 200 1836 "-" "GoogleOther-Image/1.0"
110.249.202.152 - - [20/Apr/2026:12:52:37 -0400] "GET /robots.txt HTTP/1.1" 200 69 "-" "Mozilla/5.0 (Linux; Android 5.0) AppleWebKit/537.36 (KHTML, like Gecko) Mobile Safari/537.36 (compatible; Bytespider; https://zhanzhang.toutiao.com/)"
114.119.128.212 - - [20/Apr/2026:12:53:04 -0400] "GET /shop/squeaking/thondracians7165465338.html HTTP/1.1" 404 1251 "https://davidsteele.com/sitemap547.xml" "Mozilla/5.0 (Linux; Android 7.0;) AppleWebKit/537.36 (KHTML, like Gecko) Mobile Safari/537.36 (compatible; PetalBot;+https://webmaster.petalsearch.com/site/petalbot)"
216.244.66.241 - - [20/Apr/2026:12:53:34 -0400] "GET /robots.txt HTTP/1.1" 200 69 "-" "Mozilla/5.0 (compatible; DotBot/1.2; +https://opensiteexplorer.org/dotbot; help@moz.com)"
66.249.69.132 - - [20/Apr/2026:12:53:44 -0400] "GET /?j=3953168306768 HTTP/1.1" 200 1836 "-" "GoogleOther-Image/1.0"
66.249.69.132 - - [20/Apr/2026:12:54:22 -0400] "GET /?j=53509140380634 HTTP/1.1" 200 1836 "-" "GoogleOther-Image/1.0"
114.119.156.122 - - [20/Apr/2026:12:54:33 -0400] "GET /shop/sporophorous/evolutionism32730128724.html HTTP/1.1" 404 1251 "https://davidsteele.com/sitemap149.xml" "Mozilla/5.0 (Linux; Android 7.0;) AppleWebKit/537.36 (KHTML, like Gecko) Mobile Safari/537.36 (compatible; PetalBot;+https://webmaster.petalsearch.com/site/petalbot)"
66.249.69.132 - - [20/Apr/2026:12:54:57 -0400] "GET /?j=15141756626028 HTTP/1.1" 200 1836 "-" "GoogleOther-Image/1.0"
66.249.69.131 - - [20/Apr/2026:12:56:34 -0400] "GET /?j=14345490807638 HTTP/1.1" 200 1836 "-" "GoogleOther-Image/1.0"
114.119.144.212 - - [20/Apr/2026:12:56:47 -0400] "GET /shop/spirogyra/karns63514224912.html HTTP/1.1" 404 1251 "https://davidsteele.com/sitemap664.xml" "Mozilla/5.0 (Linux; Android 7.0;) AppleWebKit/537.36 (KHTML, like Gecko) Mobile Safari/537.36 (compatible; PetalBot;+https://webmaster.petalsearch.com/site/petalbot)"
74.7.175.185 - - [20/Apr/2026:12:56:58 -0400] "GET /robots.txt HTTP/1.1" 200 69 "-" "Mozilla/5.0 (Macintosh; Intel Mac OS X 10_15_7) AppleWebKit/537.36 (KHTML, like Gecko) Chrome/131.0.0.0 Safari/537.36; compatible; OAI-SearchBot/1.3; robots.txt; +https://openai.com/searchbot"
66.249.69.132 - - [20/Apr/2026:12:57:09 -0400] "GET /?j=55380540773397 HTTP/1.1" 200 1836 "-" "GoogleOther-Image/1.0"
40.77.167.254 - - [20/Apr/2026:12:57:14 -0400] "GET /x-ray-vision-camera-lens-infrared-filter/ HTTP/1.1" 404 1251 "-" "Mozilla/5.0 AppleWebKit/537.36 (KHTML, like Gecko; compatible; bingbot/2.0; +http://www.bing.com/bingbot.htm) Chrome/116.0.1938.76 Safari/537.36"
17.241.227.68 - - [20/Apr/2026:12:57:32 -0400] "GET /baindex.php/?d=264657 HTTP/1.1" 404 1251 "-" "Mozilla/5.0 (Macintosh; Intel Mac OS X 10_15_7) AppleWebKit/605.1.15 (KHTML, like Gecko) Version/17.4 Safari/605.1.15 (Applebot/0.1; +http://www.apple.com/go/applebot)"
66.249.69.131 - - [20/Apr/2026:12:57:43 -0400] "GET /?j=86813848234943 HTTP/1.1" 200 1824 "-" "GoogleOther-Image/1.0"
66.249.69.131 - - [20/Apr/2026:12:58:15 -0400] "GET /?j=38675611652467 HTTP/1.1" 200 1836 "-" "GoogleOther-Image/1.0"
192.111.129.150 - - [20/Apr/2026:12:58:26 -0400] "GET / HTTP/1.1" 200 9221 "http://davidsteele.com/" "Mozilla/5.0 (Windows NT 10.0; Win64; x64) AppleWebKit/537.36 (KHTML, like Gecko) Chrome/143.0.0.0 Safari/537.36"
114.119.135.36 - - [20/Apr/2026:12:58:27 -0400] "GET /shop/sparkliness/revolutionist8103023261.html HTTP/1.1" 404 1251 "https://davidsteele.com/sitemap44.xml" "Mozilla/5.0 (Linux; Android 7.0;) AppleWebKit/537.36 (KHTML, like Gecko) Mobile Safari/537.36 (compatible; PetalBot;+https://webmaster.petalsearch.com/site/petalbot)"
192.178.6.72 - - [20/Apr/2026:12:58:35 -0400] "GET /?d=34867165238211 HTTP/1.1" 200 1815 "-" "Mozilla/5.0 (Linux; Android 6.0.1; Nexus 5X Build/MMB29P) AppleWebKit/537.36 (KHTML, like Gecko) Chrome/146.0.7680.177 Mobile Safari/537.36 (compatible; Googlebot/2.1; +http://www.google.com/bot.html)"
162.0.209.96 - - [20/Apr/2026:12:58:35 -0400] "POST /wp-cron.php?doing_wp_cron=1776704315.7481150627136230468750 HTTP/1.1" 200 0 "-" "WordPress/6.8.5; https://davidsteele.com"
20.204.43.57 - - [20/Apr/2026:12:58:30 -0400] "GET /wp-login.php HTTP/1.0" 200 1975 "https://davidsteele.com/" "Mozilla/5.0 (Windows NT 6.3; Win64; x64) AppleWebKit/537.36 (KHTML, like Gecko) Chrome/103.0.0.0 Safari/537.36"
20.204.43.57 - - [20/Apr/2026:12:58:36 -0400] "GET /wp-login.php?action=lostpassword HTTP/1.1" 200 1189 "https://davidsteele.com/wp-login.php" "Mozilla/5.0 (Windows NT 6.3; Win64; x64) AppleWebKit/537.36 (KHTML, like Gecko) Chrome/103.0.0.0 Safari/537.36"
20.204.43.57 - - [20/Apr/2026:12:58:41 -0400] "GET /wp-includes/css/dashicons.min.css?ver=6.8.5 HTTP/1.0" 200 35110 "https://davidsteele.com/wp-login.php?action=lostpassword" "Mozilla/5.0 (Windows NT 10.0; Win64; x64) AppleWebKit/537.36 (KHTML, like Gecko) Chrome/145.0.0.0 Safari/537.36"
20.204.43.57 - - [20/Apr/2026:12:58:42 -0400] "GET /wp-includes/css/buttons.min.css?ver=6.8.5 HTTP/1.0" 200 1275 "https://davidsteele.com/wp-login.php?action=lostpassword" "Mozilla/5.0 (Windows NT 10.0; Win64; x64) AppleWebKit/537.36 (KHTML, like Gecko) Chrome/145.0.0.0 Safari/537.36"
20.204.43.57 - - [20/Apr/2026:12:58:43 -0400] "GET /wp-admin/css/forms.min.css?ver=6.8.5 HTTP/1.0" 200 6387 "https://davidsteele.com/wp-login.php?action=lostpassword" "Mozilla/5.0 (Windows NT 10.0; Win64; x64) AppleWebKit/537.36 (KHTML, like Gecko) Chrome/145.0.0.0 Safari/537.36"
40.77.167.63 - - [20/Apr/2026:12:58:50 -0400] "GET /sitemap547.xml HTTP/1.1" 404 1251 "-" "Mozilla/5.0 AppleWebKit/537.36 (KHTML, like Gecko; compatible; bingbot/2.0; +http://www.bing.com/bingbot.htm) Chrome/116.0.1938.76 Safari/537.36"
66.249.69.131 - - [20/Apr/2026:12:58:54 -0400] "GET /?j=45671771786677 HTTP/1.1" 200 1821 "-" "Mozilla/5.0 (Linux; Android 6.0.1; Nexus 5X Build/MMB29P) AppleWebKit/537.36 (KHTML, like Gecko) Chrome/146.0.7680.177 Mobile Safari/537.36 (compatible; Googlebot/2.1; +http://www.google.com/bot.html)"
66.249.69.133 - - [20/Apr/2026:12:59:01 -0400] "GET /?j=1442855157711 HTTP/1.1" 200 1835 "-" "Mozilla/5.0 (Linux; Android 6.0.1; Nexus 5X Build/MMB29P) AppleWebKit/537.36 (KHTML, like Gecko) Chrome/146.0.7680.177 Mobile Safari/537.36 (compatible; Googlebot/2.1; +http://www.google.com/bot.html)"
66.249.69.131 - - [20/Apr/2026:12:59:20 -0400] "GET /?j=76862301605191 HTTP/1.1" 200 1835 "-" "GoogleOther-Image/1.0"
66.249.69.131 - - [20/Apr/2026:12:59:44 -0400] "GET /?j=60392115808443 HTTP/1.1" 200 1835 "-" "Mozilla/5.0 (Linux; Android 6.0.1; Nexus 5X Build/MMB29P) AppleWebKit/537.36 (KHTML, like Gecko) Chrome/146.0.7680.177 Mobile Safari/537.36 (compatible; Googlebot/2.1; +http://www.google.com/bot.html)"
62.164.177.47 - - [20/Apr/2026:12:59:53 -0400] "GET / HTTP/1.1" 200 1831 "-" "Mozilla/5.0 (Macintosh; Intel Mac OS X 10_15_7) AppleWebKit/537.36 (KHTML, like Gecko) Chrome/136.0.0.0 Safari/537.36"
62.164.177.47 - - [20/Apr/2026:12:59:54 -0400] "GET / HTTP/1.1" 200 1816 "-" "Mozilla/5.0 (Macintosh; Intel Mac OS X 10_15_7) AppleWebKit/537.36 (KHTML, like Gecko) Chrome/136.0.0.0 Safari/537.36"
159.100.13.237 - - [20/Apr/2026:12:59:56 -0400] "GET / HTTP/1.1" 200 1816 "-" "Mozilla/5.0 (Macintosh; Intel Mac OS X 10_15_7) AppleWebKit/537.36 (KHTML, like Gecko) Chrome/136.0.0.0 Safari/537.36"
125.73.169.221 - - [20/Apr/2026:12:59:58 -0400] "GET / HTTP/1.1" 200 1831 "-" "Mozilla/5.0 (Macintosh; Intel Mac OS X 10_15_7) AppleWebKit/537.36 (KHTML, like Gecko) Chrome/136.0.0.0 Safari/537.36"
112.23.237.109 - - [20/Apr/2026:13:00:00 -0400] "GET / HTTP/1.1" 200 1816 "-" "Mozilla/5.0 (Macintosh; Intel Mac OS X 10_15_7) AppleWebKit/605.1.15 (KHTML, like Gecko) Version/18.4 Safari/605.1.15"
66.249.69.133 - - [20/Apr/2026:13:00:02 -0400] "GET /?j=45349398876971 HTTP/1.1" 200 1821 "-" "Mozilla/5.0 (Linux; Android 6.0.1; Nexus 5X Build/MMB29P) AppleWebKit/537.36 (KHTML, like Gecko) Chrome/146.0.7680.177 Mobile Safari/537.36 (compatible; Googlebot/2.1; +http://www.google.com/bot.html)"
203.25.208.163 - - [20/Apr/2026:13:00:13 -0400] "GET / HTTP/1.1" 200 1831 "-" "Mozilla/5.0 (Macintosh; Intel Mac OS X 10_15_7) AppleWebKit/605.1.15 (KHTML, like Gecko) Version/18.4 Safari/605.1.15"
91.227.37.60 - - [20/Apr/2026:13:00:20 -0400] "GET / HTTP/1.1" 200 1831 "-" "Mozilla/5.0 (Macintosh; Intel Mac OS X 10_15_7) AppleWebKit/537.36 (KHTML, like Gecko) Chrome/136.0.0.0 Safari/537.36"
66.249.69.132 - - [20/Apr/2026:13:00:20 -0400] "GET /?j=74292420224561 HTTP/1.1" 200 1821 "-" "GoogleOther-Image/1.0"
66.249.69.131 - - [20/Apr/2026:13:00:26 -0400] "GET /?j=47607028157426 HTTP/1.1" 200 1821 "-" "Mozilla/5.0 (Linux; Android 6.0.1; Nexus 5X Build/MMB29P) AppleWebKit/537.36 (KHTML, like Gecko) Chrome/146.0.7680.177 Mobile Safari/537.36 (compatible; Googlebot/2.1; +http://www.google.com/bot.html)"
45.137.212.13 - - [20/Apr/2026:13:00:27 -0400] "POST / HTTP/1.1" 200 1844 "-" "Mozilla/5.0 (Macintosh; Intel Mac OS X 10_15_7) AppleWebKit/605.1.15 (KHTML, like Gecko) Version/18.4 Safari/605.1.15"
