49.43.158.193 - - [20/Apr/2026:08:27:49 -0400] "POST /xmlrpc.php HTTP/1.1" 200 0 "-" "WordPress.com; https://wordpress.com"
49.43.158.193 - - [20/Apr/2026:08:28:00 -0400] "POST /xmlrpc.php HTTP/1.1" 200 0 "-" "WordPress.com; https://wordpress.com"
49.43.158.193 - - [20/Apr/2026:08:28:10 -0400] "POST /xmlrpc.php HTTP/1.1" 200 0 "-" "Jetpack by WordPress.com (Jetpack 13.0; WordPress 6.1)"
49.43.158.193 - - [20/Apr/2026:08:28:21 -0400] "POST /xmlrpc.php HTTP/1.1" 200 0 "-" "Jetpack by WordPress.com (Jetpack 13.0; WordPress 6.4)"
192.178.6.73 - - [20/Apr/2026:08:28:29 -0400] "GET /detail.php?d=90306324312253 HTTP/1.1" 404 1251 "-" "Mozilla/5.0 (Linux; Android 6.0.1; Nexus 5X Build/MMB29P) AppleWebKit/537.36 (KHTML, like Gecko) Chrome/146.0.7680.177 Mobile Safari/537.36 (compatible; Googlebot/2.1; +http://www.google.com/bot.html)"
49.43.158.193 - - [20/Apr/2026:08:28:32 -0400] "POST /xmlrpc.php HTTP/1.1" 200 0 "-" "Jetpack by WordPress.com"
66.249.69.132 - - [20/Apr/2026:08:28:44 -0400] "GET /?j=17203377723979 HTTP/1.1" 200 1819 "-" "GoogleOther-Image/1.0"
49.43.158.193 - - [20/Apr/2026:08:28:42 -0400] "POST /xmlrpc.php HTTP/1.1" 200 0 "-" "WordPress.com; https://wordpress.com"
87.250.224.134 - - [20/Apr/2026:08:28:54 -0400] "GET /wp-content/uploads/2015/06/cc2-800x800.jpg HTTP/1.1" 304 0 "-" "Mozilla/5.0 (compatible; YandexImages/3.0; +http://yandex.com/bots)"
49.43.158.193 - - [20/Apr/2026:08:28:53 -0400] "POST /xmlrpc.php HTTP/1.1" 200 0 "-" "Jetpack/13.0; WordPress/6.3; http://site70900981.com"
49.43.158.193 - - [20/Apr/2026:08:29:04 -0400] "POST /xmlrpc.php HTTP/1.1" 200 0 "-" "Jetpack by WordPress.com (Jetpack 12.1; WordPress 6.1)"
66.249.69.133 - - [20/Apr/2026:08:29:15 -0400] "GET /?j=68013071531540 HTTP/1.1" 200 1834 "-" "GoogleOther-Image/1.0"
216.73.216.15 - - [20/Apr/2026:08:29:18 -0400] "GET /robots.txt HTTP/1.1" 200 69 "-" "Mozilla/5.0 AppleWebKit/537.36 (KHTML, like Gecko; compatible; ClaudeBot/1.0; +claudebot@anthropic.com)"
216.73.216.15 - - [20/Apr/2026:08:29:19 -0400] "GET / HTTP/1.1" 200 1813 "-" "Mozilla/5.0 AppleWebKit/537.36 (KHTML, like Gecko; compatible; ClaudeBot/1.0; +claudebot@anthropic.com)"
193.24.211.76 - - [20/Apr/2026:08:29:19 -0400] "POST / HTTP/1.1" 200 1813 "-" "Mozilla/5.0 (Macintosh; Intel Mac OS X 10.15; rv:135.0) Gecko/20100101 Firefox/135.0"
66.249.69.131 - - [20/Apr/2026:08:29:51 -0400] "GET /?j=46807397847693 HTTP/1.1" 200 1834 "-" "GoogleOther-Image/1.0"
162.246.109.126 - - [20/Apr/2026:08:29:56 -0400] "GET /?d=19629575193913 HTTP/1.1" 200 1813 "-" "Mozilla/5.0 (iPhone; CPU iPhone OS 17_3_1 like Mac OS X) AppleWebKit/605.1.15 (KHTML, like Gecko) Version/17.0 EdgiOS/121.2277.107 Mobile/15E148 Safari/605.1.15"
195.178.110.159 - - [20/Apr/2026:08:29:59 -0400] "GET /.git/config HTTP/1.1" 403 1242 "-" "Mozilla/5.0 (Windows NT 10.0; Win64; x64; WOW64; rv:41.0) Gecko/20100101 Firefox/140.0.1 (x64 de)"
66.249.69.132 - - [20/Apr/2026:08:30:18 -0400] "GET /?j=49639251818318 HTTP/1.1" 200 1834 "-" "GoogleOther-Image/1.0"
86.20.108.122 - - [20/Apr/2026:08:30:30 -0400] "GET /?d=92626563381753 HTTP/1.1" 200 1814 "-" "Mozilla/5.0 (iPhone; CPU iPhone OS 17_0_3 like Mac OS X) AppleWebKit/605.1.15 (KHTML, like Gecko) Version/17.0 Mobile/15E148 Safari/604.1 OPX/2.2.0"
162.0.209.96 - - [20/Apr/2026:08:30:30 -0400] "POST /wp-cron.php?doing_wp_cron=1776688230.5722389221191406250000 HTTP/1.1" 200 0 "-" "WordPress/6.8.5; https://davidsteele.com"
49.43.158.193 - - [20/Apr/2026:08:29:14 -0400] "POST /xmlrpc.php HTTP/1.1" 200 714 "-" "Jetpack/12.5; WordPress/6.2; http://site51007098.com"
66.249.69.131 - - [20/Apr/2026:08:30:48 -0400] "GET /?j=91820121472270 HTTP/1.1" 200 1820 "-" "GoogleOther-Image/1.0"
103.243.55.106 - - [20/Apr/2026:08:30:54 -0400] "POST /xmlrpc.php HTTP/1.1" 200 0 "-" "Jetpack by WordPress.com"
103.243.55.106 - - [20/Apr/2026:08:31:04 -0400] "POST /xmlrpc.php HTTP/1.1" 200 0 "-" "Jetpack/12.5; WordPress/6.2; http://site49871010.com"
114.119.152.71 - - [20/Apr/2026:08:31:13 -0400] "GET /shop/trepak/colloidally81030272347.html HTTP/1.1" 404 1251 "https://davidsteele.com/sitemap380.xml" "Mozilla/5.0 (Linux; Android 7.0;) AppleWebKit/537.36 (KHTML, like Gecko) Mobile Safari/537.36 (compatible; PetalBot;+https://webmaster.petalsearch.com/site/petalbot)"
103.243.55.106 - - [20/Apr/2026:08:31:15 -0400] "POST /xmlrpc.php HTTP/1.1" 200 0 "-" "Jetpack by WordPress.com (Jetpack 12.1; WordPress 6.2)"
66.249.69.133 - - [20/Apr/2026:08:31:19 -0400] "GET /?j=83185956508720 HTTP/1.1" 200 1833 "-" "GoogleOther-Image/1.0"
103.243.55.106 - - [20/Apr/2026:08:31:26 -0400] "POST /xmlrpc.php HTTP/1.1" 200 0 "-" "Jetpack by WordPress.com"
103.243.55.106 - - [20/Apr/2026:08:31:36 -0400] "POST /xmlrpc.php HTTP/1.1" 200 0 "-" "Jetpack/12.0; WordPress/6.1; http://site61259451.com"
103.243.55.106 - - [20/Apr/2026:08:31:47 -0400] "POST /xmlrpc.php HTTP/1.1" 200 0 "-" "Jetpack by WordPress.com"
51.75.236.146 - - [20/Apr/2026:08:32:00 -0400] "GET /robots.txt HTTP/1.1" 200 69 "-" "Mozilla/5.0 (compatible; AhrefsBot/7.0; +http://ahrefs.com/robot/)"
142.44.225.224 - - [20/Apr/2026:08:32:01 -0400] "GET /wp-includes/cache.php HTTP/1.1" 403 1242 "-" "Mozilla/5.0 (compatible; AhrefsBot/7.0; +http://ahrefs.com/robot/)"
38.126.88.78 - - [20/Apr/2026:08:32:02 -0400] "GET /?d=56243294136226 HTTP/1.1" 200 1814 "-" "Mozilla/5.0 (iPhone; CPU iPhone OS 17_0 like Mac OS X) AppleWebKit/605.1.15 (KHTML, like Gecko) EdgiOS/116.0.1938.56 Version/17.0 Mobile/15E148 Safari/604.1"
103.243.55.106 - - [20/Apr/2026:08:31:57 -0400] "POST /xmlrpc.php HTTP/1.1" 200 0 "-" "Jetpack by WordPress.com"
66.249.69.132 - - [20/Apr/2026:08:32:06 -0400] "GET /?j=80271545752550 HTTP/1.1" 200 1833 "-" "GoogleOther-Image/1.0"
103.243.55.106 - - [20/Apr/2026:08:32:08 -0400] "POST /xmlrpc.php HTTP/1.1" 200 0 "-" "Jetpack by WordPress.com (Jetpack 12.1; WordPress 6.2)"
103.243.55.106 - - [20/Apr/2026:08:32:18 -0400] "POST /xmlrpc.php HTTP/1.1" 200 0 "-" "WordPress.com; https://wordpress.com"
52.167.144.208 - - [20/Apr/2026:08:32:29 -0400] "GET /shop/caudatory/koiari2676612048.html HTTP/1.1" 404 1251 "-" "Mozilla/5.0 AppleWebKit/537.36 (KHTML, like Gecko; compatible; bingbot/2.0; +http://www.bing.com/bingbot.htm) Chrome/116.0.1938.76 Safari/537.36"
52.167.144.208 - - [20/Apr/2026:08:32:30 -0400] "GET /shop/adenogenesis/proscriptiveness38121154928.html HTTP/1.1" 404 1251 "-" "Mozilla/5.0 AppleWebKit/537.36 (KHTML, like Gecko; compatible; bingbot/2.0; +http://www.bing.com/bingbot.htm) Chrome/116.0.1938.76 Safari/537.36"
52.167.144.208 - - [20/Apr/2026:08:32:30 -0400] "GET /shop/outstepped/teaseller39095101098.html HTTP/1.1" 404 1251 "-" "Mozilla/5.0 AppleWebKit/537.36 (KHTML, like Gecko; compatible; bingbot/2.0; +http://www.bing.com/bingbot.htm) Chrome/116.0.1938.76 Safari/537.36"
52.167.144.219 - - [20/Apr/2026:08:32:34 -0400] "GET /shop/went/opuntioid64805196685.html HTTP/1.1" 404 1251 "-" "Mozilla/5.0 AppleWebKit/537.36 (KHTML, like Gecko; compatible; bingbot/2.0; +http://www.bing.com/bingbot.htm) Chrome/116.0.1938.76 Safari/537.36"
52.167.144.219 - - [20/Apr/2026:08:32:34 -0400] "GET /shop/knockwurst/imperishably63514103853.html HTTP/1.1" 404 1251 "-" "Mozilla/5.0 AppleWebKit/537.36 (KHTML, like Gecko; compatible; bingbot/2.0; +http://www.bing.com/bingbot.htm) Chrome/116.0.1938.76 Safari/537.36"
103.243.55.106 - - [20/Apr/2026:08:32:29 -0400] "POST /xmlrpc.php HTTP/1.1" 200 0 "-" "Jetpack/12.1; WordPress/6.4; http://site84203409.com"
103.243.55.106 - - [20/Apr/2026:08:32:40 -0400] "POST /xmlrpc.php HTTP/1.1" 200 0 "-" "WordPress.com; https://wordpress.com"
66.249.69.131 - - [20/Apr/2026:08:32:52 -0400] "GET /?j=55163677227367 HTTP/1.1" 200 1833 "-" "GoogleOther-Image/1.0"
103.243.55.106 - - [20/Apr/2026:08:32:50 -0400] "POST /xmlrpc.php HTTP/1.1" 200 0 "-" "Jetpack by WordPress.com"
103.243.55.106 - - [20/Apr/2026:08:33:00 -0400] "POST /xmlrpc.php HTTP/1.1" 200 0 "-" "Jetpack by WordPress.com"
103.243.55.106 - - [20/Apr/2026:08:33:12 -0400] "POST /xmlrpc.php HTTP/1.1" 200 0 "-" "Jetpack by WordPress.com (Jetpack 12.0; WordPress 6.2)"
103.243.55.106 - - [20/Apr/2026:08:33:21 -0400] "POST /xmlrpc.php HTTP/1.1" 200 0 "-" "Jetpack by WordPress.com (Jetpack 12.1; WordPress 6.4)"
114.119.144.212 - - [20/Apr/2026:08:33:38 -0400] "GET /shop/trefoilwise/missyllabication5610691710.html HTTP/1.1" 404 1251 "https://davidsteele.com/sitemap681.xml" "Mozilla/5.0 (Linux; Android 7.0;) AppleWebKit/537.36 (KHTML, like Gecko) Mobile Safari/537.36 (compatible; PetalBot;+https://webmaster.petalsearch.com/site/petalbot)"
103.243.55.106 - - [20/Apr/2026:08:33:32 -0400] "POST /xmlrpc.php HTTP/1.1" 200 0 "-" "Jetpack/12.1; WordPress/6.1; http://site96960197.com"
62.164.177.47 - - [20/Apr/2026:08:33:39 -0400] "GET / HTTP/1.1" 200 1814 "-" "Mozilla/5.0 (Macintosh; Intel Mac OS X 10_15_7) AppleWebKit/537.36 (KHTML, like Gecko) Chrome/136.0.0.0 Safari/537.36"
62.164.177.47 - - [20/Apr/2026:08:33:40 -0400] "GET / HTTP/1.1" 200 1829 "-" "Mozilla/5.0 (Macintosh; Intel Mac OS X 10_15_7) AppleWebKit/605.1.15 (KHTML, like Gecko) Version/18.4 Safari/605.1.15"
62.164.177.47 - - [20/Apr/2026:08:33:40 -0400] "GET / HTTP/1.1" 200 1814 "-" "Mozilla/5.0 (Macintosh; Intel Mac OS X 10.15; rv:135.0) Gecko/20100101 Firefox/135.0"
66.249.69.132 - - [20/Apr/2026:08:33:41 -0400] "GET /?j=98047351733188 HTTP/1.1" 200 1833 "-" "GoogleOther-Image/1.0"
103.243.55.106 - - [20/Apr/2026:08:33:42 -0400] "POST /xmlrpc.php HTTP/1.1" 200 0 "-" "Jetpack by WordPress.com (Jetpack 12.1; WordPress 6.4)"
103.243.55.106 - - [20/Apr/2026:08:33:53 -0400] "POST /xmlrpc.php HTTP/1.1" 200 0 "-" "Jetpack/12.1; WordPress/6.2; http://site39391015.com"
103.243.55.106 - - [20/Apr/2026:08:34:04 -0400] "POST /xmlrpc.php HTTP/1.1" 200 0 "-" "WordPress.com; https://wordpress.com"
176.12.78.141 - - [20/Apr/2026:08:34:12 -0400] "GET / HTTP/1.1" 200 1814 "-" "Mozilla/5.0 (Macintosh; Intel Mac OS X 10_15_7) AppleWebKit/537.36 (KHTML, like Gecko) Chrome/136.0.0.0 Safari/537.36"
24.209.237.200 - - [20/Apr/2026:08:34:12 -0400] "GET /?d=44890964987702 HTTP/1.1" 200 1814 "-" "Mozilla/5.0 (Windows NT 10.0; Win64; x64) AppleWebKit/537.36 (KHTML, like Gecko) Chrome/121.0.0.0 Safari/537.36 Edg/121.0.0.0"
66.249.69.133 - - [20/Apr/2026:08:34:13 -0400] "GET /?j=10089880953532 HTTP/1.1" 200 1820 "-" "GoogleOther-Image/1.0"
95.165.87.233 - - [20/Apr/2026:08:34:18 -0400] "GET / HTTP/1.1" 200 1814 "-" "Mozilla/5.0 (Macintosh; Intel Mac OS X 10_15_7) AppleWebKit/605.1.15 (KHTML, like Gecko) Version/18.4 Safari/605.1.15"
103.243.55.106 - - [20/Apr/2026:08:34:14 -0400] "POST /xmlrpc.php HTTP/1.1" 200 0 "-" "Jetpack by WordPress.com"
103.243.55.106 - - [20/Apr/2026:08:34:25 -0400] "POST /xmlrpc.php HTTP/1.1" 200 0 "-" "Jetpack by WordPress.com (Jetpack 12.1; WordPress 6.2)"
52.167.144.219 - - [20/Apr/2026:08:34:41 -0400] "GET /shop/undislocated/brassiest2676631909.html HTTP/1.1" 404 1251 "-" "Mozilla/5.0 AppleWebKit/537.36 (KHTML, like Gecko; compatible; bingbot/2.0; +http://www.bing.com/bingbot.htm) Chrome/116.0.1938.76 Safari/537.36"
52.167.144.219 - - [20/Apr/2026:08:34:42 -0400] "GET /shop/hylophagous/cochleae56106271581.html HTTP/1.1" 404 1251 "-" "Mozilla/5.0 AppleWebKit/537.36 (KHTML, like Gecko; compatible; bingbot/2.0; +http://www.bing.com/bingbot.htm) Chrome/116.0.1938.76 Safari/537.36"
52.167.144.18 - - [20/Apr/2026:08:34:42 -0400] "GET /shop/nook/electivism56106101808.html HTTP/1.1" 404 1251 "-" "Mozilla/5.0 AppleWebKit/537.36 (KHTML, like Gecko; compatible; bingbot/2.0; +http://www.bing.com/bingbot.htm) Chrome/116.0.1938.76 Safari/537.36"
103.243.55.106 - - [20/Apr/2026:08:34:35 -0400] "POST /xmlrpc.php HTTP/1.1" 200 0 "-" "Jetpack by WordPress.com"
52.167.144.18 - - [20/Apr/2026:08:34:46 -0400] "GET /shop/raspberries/pistilogy26766206124.html HTTP/1.1" 404 1251 "-" "Mozilla/5.0 AppleWebKit/537.36 (KHTML, like Gecko; compatible; bingbot/2.0; +http://www.bing.com/bingbot.htm) Chrome/116.0.1938.76 Safari/537.36"
52.167.144.18 - - [20/Apr/2026:08:34:46 -0400] "GET /shop/reproaching/peristaltic7165471601.html HTTP/1.1" 404 1251 "-" "Mozilla/5.0 AppleWebKit/537.36 (KHTML, like Gecko; compatible; bingbot/2.0; +http://www.bing.com/bingbot.htm) Chrome/116.0.1938.76 Safari/537.36"
66.249.69.131 - - [20/Apr/2026:08:34:47 -0400] "GET /?j=83466443325688 HTTP/1.1" 200 1833 "-" "GoogleOther-Image/1.0"
52.167.144.195 - - [20/Apr/2026:08:34:50 -0400] "GET /shop/panarchic/subculturing26766100073.html HTTP/1.1" 404 1251 "-" "Mozilla/5.0 AppleWebKit/537.36 (KHTML, like Gecko; compatible; bingbot/2.0; +http://www.bing.com/bingbot.htm) Chrome/116.0.1938.76 Safari/537.36"
52.167.144.195 - - [20/Apr/2026:08:34:51 -0400] "GET /shop/axer/ossetine561066340.html HTTP/1.1" 404 1251 "-" "Mozilla/5.0 AppleWebKit/537.36 (KHTML, like Gecko; compatible; bingbot/2.0; +http://www.bing.com/bingbot.htm) Chrome/116.0.1938.76 Safari/537.36"
52.167.144.195 - - [20/Apr/2026:08:34:51 -0400] "GET /shop/pinfeatherer/muzjiks39095199147.html HTTP/1.1" 404 1251 "-" "Mozilla/5.0 AppleWebKit/537.36 (KHTML, like Gecko; compatible; bingbot/2.0; +http://www.bing.com/bingbot.htm) Chrome/116.0.1938.76 Safari/537.36"
103.243.55.106 - - [20/Apr/2026:08:34:46 -0400] "POST /xmlrpc.php HTTP/1.1" 200 0 "-" "Jetpack by WordPress.com (Jetpack 13.0; WordPress 6.4)"
103.243.55.106 - - [20/Apr/2026:08:34:56 -0400] "POST /xmlrpc.php HTTP/1.1" 200 0 "-" "Jetpack by WordPress.com (Jetpack 12.1; WordPress 6.1)"
24.235.170.147 - - [20/Apr/2026:08:35:08 -0400] "GET /?d=73718552790153 HTTP/1.1" 200 1814 "-" "Mozilla/5.0 (Windows NT 10.0; Win64; x64) AppleWebKit/537.36 (KHTML, like Gecko) Chrome/121.0.0.0 Safari/537.36 Edg/121.0.0.0"
103.243.55.106 - - [20/Apr/2026:08:35:07 -0400] "POST /xmlrpc.php HTTP/1.1" 200 0 "-" "WordPress.com; https://wordpress.com"
66.249.69.132 - - [20/Apr/2026:08:35:20 -0400] "GET /?j=75991029894220 HTTP/1.1" 200 1820 "-" "Mozilla/5.0 (Linux; Android 6.0.1; Nexus 5X Build/MMB29P) AppleWebKit/537.36 (KHTML, like Gecko) Chrome/146.0.7680.177 Mobile Safari/537.36 (compatible; Googlebot/2.1; +http://www.google.com/bot.html)"
103.243.55.106 - - [20/Apr/2026:08:35:17 -0400] "POST /xmlrpc.php HTTP/1.1" 200 0 "-" "WordPress.com; https://wordpress.com"
114.119.158.125 - - [20/Apr/2026:08:35:28 -0400] "GET /shop/transversary/romanceish5610623747.html HTTP/1.1" 404 1251 "https://davidsteele.com/sitemap590.xml" "Mozilla/5.0 (Linux; Android 7.0;) AppleWebKit/537.36 (KHTML, like Gecko) Mobile Safari/537.36 (compatible; PetalBot;+https://webmaster.petalsearch.com/site/petalbot)"
156.241.197.179 - - [20/Apr/2026:08:35:29 -0400] "GET /2025/10/casino-ohne-registrierung-trustly/ HTTP/1.1" 404 1251 "https://davidsteele.com/" "Mozilla/5.0 (X11; Linux i686) AppleWebKit/537.36 (KHTML, like Gecko) Chrome/114.0.0.0 Safari/537.36 Vivaldi/5.3.2679.68"
103.243.55.106 - - [20/Apr/2026:08:35:28 -0400] "POST /xmlrpc.php HTTP/1.1" 200 0 "-" "Jetpack/13.0; WordPress/6.1; http://site77209898.com"
66.249.69.132 - - [20/Apr/2026:08:35:36 -0400] "GET /?j=35907498588699 HTTP/1.1" 200 1833 "-" "GoogleOther-Image/1.0"
156.241.197.179 - - [20/Apr/2026:08:35:36 -0400] "GET / HTTP/1.1" 200 1814 "-" "Mozilla/5.0 (X11; Linux i686) AppleWebKit/537.36 (KHTML, like Gecko) Chrome/114.0.0.0 Safari/537.36 Vivaldi/5.3.2679.68"
88.198.25.144 - - [20/Apr/2026:08:35:39 -0400] "GET /13200-2/ HTTP/1.1" 404 1251 "https://davidsteele.com/" "Mozilla/5.0 (X11; Ubuntu; Linux i686; rv:114.0) Gecko/20100101 Firefox/114.0"
88.198.25.144 - - [20/Apr/2026:08:35:39 -0400] "GET / HTTP/1.1" 200 1814 "-" "Mozilla/5.0 (X11; Ubuntu; Linux i686; rv:114.0) Gecko/20100101 Firefox/114.0"
88.198.25.144 - - [20/Apr/2026:08:35:40 -0400] "GET /googleb9a3f1065d27d168.html HTTP/1.1" 200 53 "https://davidsteele.com" "Mozilla/5.0 (X11; Ubuntu; Linux i686; rv:114.0) Gecko/20100101 Firefox/114.0"
103.243.55.106 - - [20/Apr/2026:08:35:38 -0400] "POST /xmlrpc.php HTTP/1.1" 200 0 "-" "WordPress.com; https://wordpress.com"
156.241.197.179 - - [20/Apr/2026:08:35:44 -0400] "GET /wp-login.php HTTP/1.1" 200 1975 "https://davidsteele.com" "Mozilla/5.0 (Windows NT 6.3; Win64; x64) AppleWebKit/537.36 (KHTML, like Gecko) Chrome/103.0.0.0 Safari/537.36"
103.243.55.106 - - [20/Apr/2026:08:35:49 -0400] "POST /xmlrpc.php HTTP/1.1" 200 0 "-" "Jetpack by WordPress.com (Jetpack 12.0; WordPress 6.3)"
103.243.55.106 - - [20/Apr/2026:08:35:59 -0400] "POST /xmlrpc.php HTTP/1.1" 200 0 "-" "WordPress.com; https://wordpress.com"
103.243.55.106 - - [20/Apr/2026:08:36:10 -0400] "POST /xmlrpc.php HTTP/1.1" 200 0 "-" "WordPress.com; https://wordpress.com"
172.245.149.225 - - [20/Apr/2026:08:36:20 -0400] "GET /wp-login.php HTTP/1.1" 200 1975 "https://davidsteele.com/wp-login.php" "Mozilla/5.0 (Windows NT 6.3; Win64; x64) AppleWebKit/537.36 (KHTML, like Gecko) Chrome/103.0.0.0 Safari/537.36"
172.245.149.225 - - [20/Apr/2026:08:36:24 -0400] "GET /wp-includes/css/dashicons.min.css?ver=6.8.5 HTTP/1.1" 200 35110 "https://davidsteele.com/wp-login.php" "Mozilla/5.0 (Windows NT 10.0; Win64; x64) AppleWebKit/537.36 (KHTML, like Gecko) Chrome/143.0.0.0 Safari/537.36"
172.245.149.225 - - [20/Apr/2026:08:36:24 -0400] "GET /wp-includes/css/buttons.min.css?ver=6.8.5 HTTP/1.1" 200 1275 "https://davidsteele.com/wp-login.php" "Mozilla/5.0 (Windows NT 10.0; Win64; x64) AppleWebKit/537.36 (KHTML, like Gecko) Chrome/143.0.0.0 Safari/537.36"
172.245.149.225 - - [20/Apr/2026:08:36:24 -0400] "GET /wp-admin/css/forms.min.css?ver=6.8.5 HTTP/1.1" 200 6387 "https://davidsteele.com/wp-login.php" "Mozilla/5.0 (Windows NT 10.0; Win64; x64) AppleWebKit/537.36 (KHTML, like Gecko) Chrome/143.0.0.0 Safari/537.36"
172.245.149.225 - - [20/Apr/2026:08:36:25 -0400] "GET /wp-admin/css/l10n.min.css?ver=6.8.5 HTTP/1.1" 200 675 "https://davidsteele.com/wp-login.php" "Mozilla/5.0 (Windows NT 10.0; Win64; x64) AppleWebKit/537.36 (KHTML, like Gecko) Chrome/143.0.0.0 Safari/537.36"
172.245.149.225 - - [20/Apr/2026:08:36:25 -0400] "GET /wp-admin/css/login.min.css?ver=6.8.5 HTTP/1.1" 200 1965 "https://davidsteele.com/wp-login.php" "Mozilla/5.0 (Windows NT 10.0; Win64; x64) AppleWebKit/537.36 (KHTML, like Gecko) Chrome/143.0.0.0 Safari/537.36"
103.243.55.106 - - [20/Apr/2026:08:36:21 -0400] "POST /xmlrpc.php HTTP/1.1" 200 0 "-" "WordPress.com; https://wordpress.com"
103.243.55.106 - - [20/Apr/2026:08:36:31 -0400] "POST /xmlrpc.php HTTP/1.1" 200 0 "-" "WordPress.com; https://wordpress.com"
103.243.55.106 - - [20/Apr/2026:08:36:42 -0400] "POST /xmlrpc.php HTTP/1.1" 200 0 "-" "Jetpack/12.0; WordPress/6.2; http://site42339942.com"
103.243.55.106 - - [20/Apr/2026:08:36:53 -0400] "POST /xmlrpc.php HTTP/1.1" 200 0 "-" "Jetpack/12.1; WordPress/6.2; http://site59367550.com"
66.249.69.132 - - [20/Apr/2026:08:37:06 -0400] "GET /?j=52014943406644 HTTP/1.1" 200 1834 "-" "GoogleOther-Image/1.0"
103.243.55.106 - - [20/Apr/2026:08:37:03 -0400] "POST /xmlrpc.php HTTP/1.1" 200 0 "-" "Jetpack by WordPress.com (Jetpack 12.1; WordPress 6.3)"
103.243.55.106 - - [20/Apr/2026:08:37:13 -0400] "POST /xmlrpc.php HTTP/1.1" 200 0 "-" "Jetpack/12.0; WordPress/6.4; http://site75569585.com"
103.243.55.106 - - [20/Apr/2026:08:37:24 -0400] "POST /xmlrpc.php HTTP/1.1" 200 0 "-" "Jetpack by WordPress.com (Jetpack 12.1; WordPress 6.4)"
159.223.61.53 - - [20/Apr/2026:08:37:38 -0400] "GET /13619-2/ HTTP/1.1" 404 1251 "https://davidsteele.com/" "Mozilla/5.0 (Windows NT 10.0; Win64; x64; rv:148.0) Gecko/20100101 Firefox/148.0"
159.223.61.53 - - [20/Apr/2026:08:37:39 -0400] "GET / HTTP/1.1" 200 1830 "-" "Mozilla/5.0 (Windows NT 10.0; Win64; x64; rv:148.0) Gecko/20100101 Firefox/148.0"
103.243.55.106 - - [20/Apr/2026:08:37:34 -0400] "POST /xmlrpc.php HTTP/1.1" 200 0 "-" "Jetpack/13.0; WordPress/6.4; http://site24334708.com"
159.223.61.53 - - [20/Apr/2026:08:37:43 -0400] "GET /wp-login.php HTTP/1.1" 200 1975 "https://davidsteele.com" "Mozilla/5.0 (Windows NT 6.3; Win64; x64) AppleWebKit/537.36 (KHTML, like Gecko) Chrome/103.0.0.0 Safari/537.36"
170.130.163.233 - - [20/Apr/2026:08:37:50 -0400] "GET /live-casino-anbieter/ HTTP/1.1" 404 1251 "https://davidsteele.com/" "Mozilla/5.0 (Macintosh; Intel Mac OS X 10_15_7) AppleWebKit/605.1.15 (KHTML, like Gecko) Version/26.4 Safari/605.1.15"
170.130.163.233 - - [20/Apr/2026:08:37:51 -0400] "GET / HTTP/1.1" 200 1828 "-" "Mozilla/5.0 (Macintosh; Intel Mac OS X 10_15_7) AppleWebKit/605.1.15 (KHTML, like Gecko) Version/26.4 Safari/605.1.15"
103.243.55.106 - - [20/Apr/2026:08:37:45 -0400] "POST /xmlrpc.php HTTP/1.1" 200 0 "-" "Jetpack by WordPress.com (Jetpack 12.0; WordPress 6.1)"
159.223.61.53 - - [20/Apr/2026:08:37:48 -0400] "GET /wp-login.php HTTP/1.1" 200 1975 "https://davidsteele.com/wp-login.php" "Mozilla/5.0 (Windows NT 6.3; Win64; x64) AppleWebKit/537.36 (KHTML, like Gecko) Chrome/103.0.0.0 Safari/537.36"
159.223.61.53 - - [20/Apr/2026:08:37:53 -0400] "GET /wp-includes/css/dashicons.min.css?ver=6.8.5 HTTP/1.1" 200 35110 "https://davidsteele.com/wp-login.php" "Mozilla/5.0 (Windows NT 10.0; Win64; x64) AppleWebKit/537.36 (KHTML, like Gecko) Chrome/145.0.0.0 Safari/537.36"
159.223.61.53 - - [20/Apr/2026:08:37:53 -0400] "GET /wp-includes/css/buttons.min.css?ver=6.8.5 HTTP/1.1" 200 1275 "https://davidsteele.com/wp-login.php" "Mozilla/5.0 (Windows NT 10.0; Win64; x64) AppleWebKit/537.36 (KHTML, like Gecko) Chrome/145.0.0.0 Safari/537.36"
159.223.61.53 - - [20/Apr/2026:08:37:54 -0400] "GET /wp-admin/css/forms.min.css?ver=6.8.5 HTTP/1.1" 200 6387 "https://davidsteele.com/wp-login.php" "Mozilla/5.0 (Windows NT 10.0; Win64; x64) AppleWebKit/537.36 (KHTML, like Gecko) Chrome/145.0.0.0 Safari/537.36"
159.223.61.53 - - [20/Apr/2026:08:37:55 -0400] "GET /wp-admin/css/l10n.min.css?ver=6.8.5 HTTP/1.1" 200 675 "https://davidsteele.com/wp-login.php" "Mozilla/5.0 (Windows NT 10.0; Win64; x64) AppleWebKit/537.36 (KHTML, like Gecko) Chrome/145.0.0.0 Safari/537.36"
159.223.61.53 - - [20/Apr/2026:08:37:55 -0400] "GET /wp-admin/css/login.min.css?ver=6.8.5 HTTP/1.1" 200 1965 "https://davidsteele.com/wp-login.php" "Mozilla/5.0 (Windows NT 10.0; Win64; x64) AppleWebKit/537.36 (KHTML, like Gecko) Chrome/145.0.0.0 Safari/537.36"
158.173.24.33 - - [20/Apr/2026:08:38:02 -0400] "GET /?d=30782204903125 HTTP/1.1" 200 1828 "-" "Mozilla/5.0 (Linux; Android 10; K) AppleWebKit/537.36 (KHTML, like Gecko) Chrome/122.0.0.0 Mobile Safari/537.36"
103.243.55.106 - - [20/Apr/2026:08:37:55 -0400] "POST /xmlrpc.php HTTP/1.1" 200 0 "-" "Jetpack by WordPress.com (Jetpack 12.0; WordPress 6.1)"
66.249.69.132 - - [20/Apr/2026:08:38:05 -0400] "GET /?j=61223639976205 HTTP/1.1" 200 1836 "-" "GoogleOther-Image/1.0"
114.119.156.247 - - [20/Apr/2026:08:38:06 -0400] "GET /shop/tramlines/overcapitalize88440282535.html HTTP/1.1" 404 1251 "https://davidsteele.com/sitemap286.xml" "Mozilla/5.0 (Linux; Android 7.0;) AppleWebKit/537.36 (KHTML, like Gecko) Mobile Safari/537.36 (compatible; PetalBot;+https://webmaster.petalsearch.com/site/petalbot)"
170.130.163.233 - - [20/Apr/2026:08:38:05 -0400] "GET /wp-login.php HTTP/1.1" 200 1975 "https://davidsteele.com" "Mozilla/5.0 (Windows NT 6.3; Win64; x64) AppleWebKit/537.36 (KHTML, like Gecko) Chrome/103.0.0.0 Safari/537.36"
103.243.55.106 - - [20/Apr/2026:08:38:06 -0400] "POST /xmlrpc.php HTTP/1.1" 200 0 "-" "Jetpack by WordPress.com"
170.130.163.233 - - [20/Apr/2026:08:38:09 -0400] "GET /wp-login.php HTTP/1.1" 200 1975 "https://davidsteele.com/wp-login.php" "Mozilla/5.0 (Windows NT 6.3; Win64; x64) AppleWebKit/537.36 (KHTML, like Gecko) Chrome/103.0.0.0 Safari/537.36"
170.130.163.233 - - [20/Apr/2026:08:38:13 -0400] "GET /wp-includes/css/dashicons.min.css?ver=6.8.5 HTTP/1.1" 200 35110 "https://davidsteele.com/wp-login.php" "Mozilla/5.0 (Windows NT 10.0; Win64; x64) AppleWebKit/537.36 (KHTML, like Gecko) Chrome/145.0.0.0 Safari/537.36"
170.130.163.233 - - [20/Apr/2026:08:38:14 -0400] "GET /wp-includes/css/buttons.min.css?ver=6.8.5 HTTP/1.1" 200 1275 "https://davidsteele.com/wp-login.php" "Mozilla/5.0 (Windows NT 10.0; Win64; x64) AppleWebKit/537.36 (KHTML, like Gecko) Chrome/145.0.0.0 Safari/537.36"
170.130.163.233 - - [20/Apr/2026:08:38:14 -0400] "GET /wp-admin/css/forms.min.css?ver=6.8.5 HTTP/1.1" 200 6387 "https://davidsteele.com/wp-login.php" "Mozilla/5.0 (Windows NT 10.0; Win64; x64) AppleWebKit/537.36 (KHTML, like Gecko) Chrome/145.0.0.0 Safari/537.36"
170.130.163.233 - - [20/Apr/2026:08:38:15 -0400] "GET /wp-admin/css/l10n.min.css?ver=6.8.5 HTTP/1.1" 200 675 "https://davidsteele.com/wp-login.php" "Mozilla/5.0 (Windows NT 10.0; Win64; x64) AppleWebKit/537.36 (KHTML, like Gecko) Chrome/145.0.0.0 Safari/537.36"
170.130.163.233 - - [20/Apr/2026:08:38:15 -0400] "GET /wp-admin/css/login.min.css?ver=6.8.5 HTTP/1.1" 200 1965 "https://davidsteele.com/wp-login.php" "Mozilla/5.0 (Windows NT 10.0; Win64; x64) AppleWebKit/537.36 (KHTML, like Gecko) Chrome/145.0.0.0 Safari/537.36"
103.243.55.106 - - [20/Apr/2026:08:38:16 -0400] "POST /xmlrpc.php HTTP/1.1" 200 0 "-" "Jetpack/13.0; WordPress/6.2; http://site20534831.com"
103.243.55.106 - - [20/Apr/2026:08:38:27 -0400] "POST /xmlrpc.php HTTP/1.1" 200 0 "-" "WordPress.com; https://wordpress.com"
103.243.55.106 - - [20/Apr/2026:08:38:37 -0400] "POST /xmlrpc.php HTTP/1.1" 200 0 "-" "Jetpack/12.0; WordPress/6.2; http://site47363306.com"
192.178.6.64 - - [20/Apr/2026:08:38:49 -0400] "GET /detail.php?d=47172605440545 HTTP/1.1" 404 1251 "-" "GoogleOther-Image/1.0"
139.47.64.176 - - [20/Apr/2026:08:38:53 -0400] "GET /?d=84269530893940 HTTP/1.1" 200 1832 "-" "Mozilla/5.0 (Linux; Android 10; K) AppleWebKit/537.36 (KHTML, like Gecko) Chrome/122.0.0.0 Mobile Safari/537.36"
103.243.55.106 - - [20/Apr/2026:08:38:48 -0400] "POST /xmlrpc.php HTTP/1.1" 200 0 "-" "Jetpack by WordPress.com (Jetpack 12.5; WordPress 6.3)"
103.243.55.106 - - [20/Apr/2026:08:38:58 -0400] "POST /xmlrpc.php HTTP/1.1" 200 0 "-" "Jetpack by WordPress.com"
103.243.55.106 - - [20/Apr/2026:08:39:09 -0400] "POST /xmlrpc.php HTTP/1.1" 200 0 "-" "Jetpack by WordPress.com"
66.249.69.131 - - [20/Apr/2026:08:39:22 -0400] "GET /?j=68690168024166 HTTP/1.1" 200 1821 "-" "GoogleOther-Image/1.0"
103.243.55.106 - - [20/Apr/2026:08:39:19 -0400] "POST /xmlrpc.php HTTP/1.1" 200 0 "-" "Jetpack by WordPress.com"
103.243.55.106 - - [20/Apr/2026:08:39:30 -0400] "POST /xmlrpc.php HTTP/1.1" 200 0 "-" "Jetpack by WordPress.com"
212.34.148.156 - - [20/Apr/2026:08:39:37 -0400] "GET /2025/10/casino-ohne-registrierung-trustly/ HTTP/1.1" 404 1251 "https://davidsteele.com/" "Mozilla/5.0 (Macintosh; Intel Mac OS X 10_15_7) AppleWebKit/537.36 (KHTML, like Gecko) Chrome/132.0.0.0 Safari/537.36; Manus-User/1.0"
212.34.148.156 - - [20/Apr/2026:08:39:37 -0400] "GET / HTTP/1.1" 200 1816 "-" "Mozilla/5.0 (Macintosh; Intel Mac OS X 10_15_7) AppleWebKit/537.36 (KHTML, like Gecko) Chrome/132.0.0.0 Safari/537.36; Manus-User/1.0"
212.34.148.156 - - [20/Apr/2026:08:39:38 -0400] "GET /googleb9a3f1065d27d168.html HTTP/1.1" 200 53 "https://davidsteele.com" "Mozilla/5.0 (Macintosh; Intel Mac OS X 10_15_7) AppleWebKit/537.36 (KHTML, like Gecko) Chrome/132.0.0.0 Safari/537.36; Manus-User/1.0"
68.101.215.230 - - [20/Apr/2026:08:39:39 -0400] "GET /?d=17643357836072 HTTP/1.1" 200 1832 "-" "Mozilla/5.0 (Windows NT 10.0; Win64; x64) AppleWebKit/537.36 (KHTML, like Gecko) Chrome/122.0.0.0 Safari/537.36"
103.243.55.106 - - [20/Apr/2026:08:39:40 -0400] "POST /xmlrpc.php HTTP/1.1" 200 0 "-" "Jetpack by WordPress.com (Jetpack 12.5; WordPress 6.1)"
114.119.156.122 - - [20/Apr/2026:08:39:55 -0400] "GET /shop/toyons/gammoners88440268328.html HTTP/1.1" 404 1251 "https://davidsteele.com/sitemap778.xml" "Mozilla/5.0 (Linux; Android 7.0;) AppleWebKit/537.36 (KHTML, like Gecko) Mobile Safari/537.36 (compatible; PetalBot;+https://webmaster.petalsearch.com/site/petalbot)"
103.243.55.106 - - [20/Apr/2026:08:39:51 -0400] "POST /xmlrpc.php HTTP/1.1" 200 0 "-" "WordPress.com; https://wordpress.com"
66.249.69.132 - - [20/Apr/2026:08:39:56 -0400] "GET /?j=35921396067905 HTTP/1.1" 200 1836 "-" "GoogleOther-Image/1.0"
103.243.55.106 - - [20/Apr/2026:08:40:01 -0400] "POST /xmlrpc.php HTTP/1.1" 200 0 "-" "Jetpack by WordPress.com (Jetpack 12.5; WordPress 6.3)"
103.243.55.106 - - [20/Apr/2026:08:40:13 -0400] "POST /xmlrpc.php HTTP/1.1" 200 0 "-" "Jetpack by WordPress.com"
103.243.55.106 - - [20/Apr/2026:08:40:22 -0400] "POST /xmlrpc.php HTTP/1.1" 200 0 "-" "Jetpack by WordPress.com (Jetpack 13.0; WordPress 6.4)"
52.167.144.18 - - [20/Apr/2026:08:40:32 -0400] "GET /shop/speared/watter88440216582.html HTTP/1.1" 404 1251 "-" "Mozilla/5.0 AppleWebKit/537.36 (KHTML, like Gecko; compatible; bingbot/2.0; +http://www.bing.com/bingbot.htm) Chrome/116.0.1938.76 Safari/537.36"
52.167.144.18 - - [20/Apr/2026:08:40:32 -0400] "GET /shop/weldment/fairies390956635.html HTTP/1.1" 404 1251 "-" "Mozilla/5.0 AppleWebKit/537.36 (KHTML, like Gecko; compatible; bingbot/2.0; +http://www.bing.com/bingbot.htm) Chrome/116.0.1938.76 Safari/537.36"
52.167.144.18 - - [20/Apr/2026:08:40:32 -0400] "GET /shop/volcanoes/hobnob2676654195.html HTTP/1.1" 404 1251 "-" "Mozilla/5.0 AppleWebKit/537.36 (KHTML, like Gecko; compatible; bingbot/2.0; +http://www.bing.com/bingbot.htm) Chrome/116.0.1938.76 Safari/537.36"
52.167.144.18 - - [20/Apr/2026:08:40:33 -0400] "GET /shop/diluting/votively8103086333.html HTTP/1.1" 404 1251 "-" "Mozilla/5.0 AppleWebKit/537.36 (KHTML, like Gecko; compatible; bingbot/2.0; +http://www.bing.com/bingbot.htm) Chrome/116.0.1938.76 Safari/537.36"
52.167.144.18 - - [20/Apr/2026:08:40:33 -0400] "GET /shop/pabulum/tahgook884408125.html HTTP/1.1" 404 1251 "-" "Mozilla/5.0 AppleWebKit/537.36 (KHTML, like Gecko; compatible; bingbot/2.0; +http://www.bing.com/bingbot.htm) Chrome/116.0.1938.76 Safari/537.36"
52.167.144.219 - - [20/Apr/2026:08:40:37 -0400] "GET /shop/stiff/sanguisorba88440117588.html HTTP/1.1" 404 1251 "-" "Mozilla/5.0 AppleWebKit/537.36 (KHTML, like Gecko; compatible; bingbot/2.0; +http://www.bing.com/bingbot.htm) Chrome/116.0.1938.76 Safari/537.36"
52.167.144.219 - - [20/Apr/2026:08:40:37 -0400] "GET /shop/eniac/bewinged635149722.html HTTP/1.1" 404 1251 "-" "Mozilla/5.0 AppleWebKit/537.36 (KHTML, like Gecko; compatible; bingbot/2.0; +http://www.bing.com/bingbot.htm) Chrome/116.0.1938.76 Safari/537.36"
103.243.55.106 - - [20/Apr/2026:08:40:32 -0400] "POST /xmlrpc.php HTTP/1.1" 200 0 "-" "Jetpack/12.1; WordPress/6.3; http://site99799947.com"
52.167.144.195 - - [20/Apr/2026:08:40:41 -0400] "GET /shop/amara/fistulana56106130246.html HTTP/1.1" 404 1251 "-" "Mozilla/5.0 AppleWebKit/537.36 (KHTML, like Gecko; compatible; bingbot/2.0; +http://www.bing.com/bingbot.htm) Chrome/116.0.1938.76 Safari/537.36"
52.167.144.195 - - [20/Apr/2026:08:40:41 -0400] "GET /shop/alexanders/allocate88440135989.html HTTP/1.1" 404 1251 "-" "Mozilla/5.0 AppleWebKit/537.36 (KHTML, like Gecko; compatible; bingbot/2.0; +http://www.bing.com/bingbot.htm) Chrome/116.0.1938.76 Safari/537.36"
103.243.55.106 - - [20/Apr/2026:08:40:43 -0400] "POST /xmlrpc.php HTTP/1.1" 200 0 "-" "Jetpack by WordPress.com"
103.243.55.106 - - [20/Apr/2026:08:40:55 -0400] "POST /xmlrpc.php HTTP/1.1" 200 0 "-" "Jetpack by WordPress.com (Jetpack 12.5; WordPress 6.2)"
77.75.79.54 - - [20/Apr/2026:08:41:09 -0400] "GET /info/306598529.html HTTP/1.1" 404 1251 "-" "Mozilla/5.0 (compatible; SeznamBot/4.0; +https://o-seznam.cz/napoveda/vyhledavani/en/seznambot-crawler/)"
103.243.55.106 - - [20/Apr/2026:08:41:04 -0400] "POST /xmlrpc.php HTTP/1.1" 200 0 "-" "WordPress.com; https://wordpress.com"
103.243.55.106 - - [20/Apr/2026:08:41:15 -0400] "POST /xmlrpc.php HTTP/1.1" 200 0 "-" "WordPress.com; https://wordpress.com"
103.243.55.106 - - [20/Apr/2026:08:41:25 -0400] "POST /xmlrpc.php HTTP/1.1" 200 0 "-" "Jetpack by WordPress.com"
66.132.172.206 - - [20/Apr/2026:08:41:42 -0400] "GET / HTTP/1.1" 200 2134 "-" "Mozilla/5.0 (compatible; CensysInspect/1.1; +https://about.censys.io/)"
103.243.55.106 - - [20/Apr/2026:08:41:36 -0400] "POST /xmlrpc.php HTTP/1.1" 200 0 "-" "Jetpack by WordPress.com (Jetpack 12.5; WordPress 6.4)"
66.249.69.132 - - [20/Apr/2026:08:41:48 -0400] "GET /?j=72642591374211 HTTP/1.1" 200 1836 "-" "GoogleOther-Image/1.0"
66.132.172.206 - - [20/Apr/2026:08:41:50 -0400] "GET /favicon.ico HTTP/1.1" 404 1251 "-" "Mozilla/5.0 (compatible; CensysInspect/1.1; +https://about.censys.io/)"
103.243.55.106 - - [20/Apr/2026:08:41:46 -0400] "POST /xmlrpc.php HTTP/1.1" 200 0 "-" "Jetpack by WordPress.com"
103.243.55.106 - - [20/Apr/2026:08:41:57 -0400] "POST /xmlrpc.php HTTP/1.1" 200 0 "-" "WordPress.com; https://wordpress.com"
103.243.55.106 - - [20/Apr/2026:08:42:07 -0400] "POST /xmlrpc.php HTTP/1.1" 200 0 "-" "WordPress.com; https://wordpress.com"
66.132.172.206 - - [20/Apr/2026:08:42:15 -0400] "GET / HTTP/1.1" 200 2134 "-" "Mozilla/5.0 (compatible; CensysInspect/1.1; +https://about.censys.io/)"
66.132.172.206 - - [20/Apr/2026:08:42:16 -0400] "GET /wp-content/ HTTP/1.1" 200 0 "-" "Mozilla/5.0 (compatible; CensysInspect/1.1; +https://about.censys.io/)"
66.132.172.206 - - [20/Apr/2026:08:42:16 -0400] "GET /images/ HTTP/1.1" 200 674 "-" "Mozilla/5.0 (compatible; CensysInspect/1.1; +https://about.censys.io/)"
114.119.158.125 - - [20/Apr/2026:08:42:21 -0400] "GET /shop/totaquine/cabman6351498502.html HTTP/1.1" 404 1251 "https://davidsteele.com/sitemap53.xml" "Mozilla/5.0 (Linux; Android 7.0;) AppleWebKit/537.36 (KHTML, like Gecko) Mobile Safari/537.36 (compatible; PetalBot;+https://webmaster.petalsearch.com/site/petalbot)"
103.243.55.106 - - [20/Apr/2026:08:42:19 -0400] "POST /xmlrpc.php HTTP/1.1" 200 0 "-" "Jetpack by WordPress.com"
66.132.172.206 - - [20/Apr/2026:08:42:29 -0400] "GET / HTTP/1.1" 200 2151 "-" "Mozilla/5.0 (compatible; CensysInspect/1.1; +https://about.censys.io/)"
66.249.69.133 - - [20/Apr/2026:08:42:32 -0400] "GET /?j=24758324707637 HTTP/1.1" 200 1836 "-" "GoogleOther-Image/1.0"
103.243.55.106 - - [20/Apr/2026:08:42:31 -0400] "POST /xmlrpc.php HTTP/1.1" 200 0 "-" "WordPress.com; https://wordpress.com"
103.243.55.106 - - [20/Apr/2026:08:42:39 -0400] "POST /xmlrpc.php HTTP/1.1" 200 0 "-" "WordPress.com; https://wordpress.com"
103.243.55.106 - - [20/Apr/2026:08:42:49 -0400] "POST /xmlrpc.php HTTP/1.1" 200 0 "-" "WordPress.com; https://wordpress.com"
172.56.201.243 - - [20/Apr/2026:08:43:03 -0400] "GET /wp-content/uploads/2017/11/3-smart-reason.png HTTP/1.1" 200 15801 "https://www.mrgunsngear.com/" "Mozilla/5.0 (Linux; Android 10; K) AppleWebKit/537.36 (KHTML, like Gecko) SamsungBrowser/29.0 Chrome/136.0.0.0 Mobile Safari/537.36"
103.243.55.106 - - [20/Apr/2026:08:43:00 -0400] "POST /xmlrpc.php HTTP/1.1" 200 0 "-" "Jetpack/12.0; WordPress/6.3; http://site85888129.com"
103.243.55.106 - - [20/Apr/2026:08:43:11 -0400] "POST /xmlrpc.php HTTP/1.1" 200 0 "-" "Jetpack by WordPress.com"
66.249.69.132 - - [20/Apr/2026:08:43:16 -0400] "GET /?j=82911820067756 HTTP/1.1" 200 1821 "-" "GoogleOther-Image/1.0"
103.243.55.106 - - [20/Apr/2026:08:43:22 -0400] "POST /xmlrpc.php HTTP/1.1" 200 0 "-" "Jetpack by WordPress.com (Jetpack 12.0; WordPress 6.4)"
103.243.55.106 - - [20/Apr/2026:08:43:32 -0400] "POST /xmlrpc.php HTTP/1.1" 200 0 "-" "Jetpack by WordPress.com (Jetpack 12.5; WordPress 6.2)"
66.249.69.131 - - [20/Apr/2026:08:43:48 -0400] "GET /?j=13448766216771 HTTP/1.1" 200 1821 "-" "GoogleOther-Image/1.0"
103.243.55.106 - - [20/Apr/2026:08:43:43 -0400] "POST /xmlrpc.php HTTP/1.1" 200 0 "-" "WordPress.com; https://wordpress.com"
114.119.156.122 - - [20/Apr/2026:08:43:56 -0400] "GET /shop/tordrillite/speckledy32730250918.html HTTP/1.1" 404 1251 "https://davidsteele.com/sitemap1.xml" "Mozilla/5.0 (Linux; Android 7.0;) AppleWebKit/537.36 (KHTML, like Gecko) Mobile Safari/537.36 (compatible; PetalBot;+https://webmaster.petalsearch.com/site/petalbot)"
103.243.55.106 - - [20/Apr/2026:08:43:53 -0400] "POST /xmlrpc.php HTTP/1.1" 200 0 "-" "Jetpack/12.0; WordPress/6.3; http://site55301247.com"
103.243.55.106 - - [20/Apr/2026:08:44:03 -0400] "POST /xmlrpc.php HTTP/1.1" 200 0 "-" "Jetpack/13.0; WordPress/6.1; http://site45451221.com"
52.167.144.189 - - [20/Apr/2026:08:44:15 -0400] "GET /shop/utilising/viably39095175383.html HTTP/1.1" 404 1251 "-" "Mozilla/5.0 AppleWebKit/537.36 (KHTML, like Gecko; compatible; bingbot/2.0; +http://www.bing.com/bingbot.htm) Chrome/116.0.1938.76 Safari/537.36"
52.167.144.189 - - [20/Apr/2026:08:44:17 -0400] "GET /shop/uncravatted/equiangle3273039451.html HTTP/1.1" 404 1251 "-" "Mozilla/5.0 AppleWebKit/537.36 (KHTML, like Gecko; compatible; bingbot/2.0; +http://www.bing.com/bingbot.htm) Chrome/116.0.1938.76 Safari/537.36"
52.167.144.189 - - [20/Apr/2026:08:44:17 -0400] "GET /shop/quartile/pampsychism81030194652.html HTTP/1.1" 404 1251 "-" "Mozilla/5.0 AppleWebKit/537.36 (KHTML, like Gecko; compatible; bingbot/2.0; +http://www.bing.com/bingbot.htm) Chrome/116.0.1938.76 Safari/537.36"
103.243.55.106 - - [20/Apr/2026:08:44:14 -0400] "POST /xmlrpc.php HTTP/1.1" 200 0 "-" "Jetpack by WordPress.com (Jetpack 12.0; WordPress 6.1)"
66.249.69.133 - - [20/Apr/2026:08:44:24 -0400] "GET /?j=61785157059566 HTTP/1.1" 200 1821 "-" "GoogleOther-Image/1.0"
103.243.55.106 - - [20/Apr/2026:08:44:25 -0400] "POST /xmlrpc.php HTTP/1.1" 200 0 "-" "Jetpack by WordPress.com"
103.243.55.106 - - [20/Apr/2026:08:44:35 -0400] "POST /xmlrpc.php HTTP/1.1" 200 0 "-" "Jetpack by WordPress.com (Jetpack 12.1; WordPress 6.1)"
103.243.55.106 - - [20/Apr/2026:08:44:46 -0400] "POST /xmlrpc.php HTTP/1.1" 200 0 "-" "WordPress.com; https://wordpress.com"
66.249.69.131 - - [20/Apr/2026:08:44:59 -0400] "GET /?j=54161882921852 HTTP/1.1" 200 1836 "-" "GoogleOther-Image/1.0"
103.243.55.106 - - [20/Apr/2026:08:44:56 -0400] "POST /xmlrpc.php HTTP/1.1" 200 0 "-" "WordPress.com; https://wordpress.com"
103.243.55.106 - - [20/Apr/2026:08:45:07 -0400] "POST /xmlrpc.php HTTP/1.1" 200 0 "-" "WordPress.com; https://wordpress.com"
103.243.55.106 - - [20/Apr/2026:08:45:18 -0400] "POST /xmlrpc.php HTTP/1.1" 200 0 "-" "WordPress.com; https://wordpress.com"
103.243.55.106 - - [20/Apr/2026:08:45:28 -0400] "POST /xmlrpc.php HTTP/1.1" 200 0 "-" "WordPress.com; https://wordpress.com"
103.243.55.106 - - [20/Apr/2026:08:45:39 -0400] "POST /xmlrpc.php HTTP/1.1" 200 0 "-" "WordPress.com; https://wordpress.com"
103.243.55.106 - - [20/Apr/2026:08:45:50 -0400] "POST /xmlrpc.php HTTP/1.1" 200 0 "-" "Jetpack/12.0; WordPress/6.1; http://site96201110.com"
103.243.55.106 - - [20/Apr/2026:08:46:00 -0400] "POST /xmlrpc.php HTTP/1.1" 200 0 "-" "Jetpack by WordPress.com"
66.249.69.132 - - [20/Apr/2026:08:46:12 -0400] "GET /?j=67843660023714 HTTP/1.1" 200 1832 "-" "GoogleOther-Image/1.0"
103.243.55.106 - - [20/Apr/2026:08:46:11 -0400] "POST /xmlrpc.php HTTP/1.1" 200 0 "-" "WordPress.com; https://wordpress.com"
114.119.144.212 - - [20/Apr/2026:08:46:16 -0400] "GET /shop/topic/prover71654267774.html HTTP/1.1" 404 1251 "https://davidsteele.com/sitemap852.xml" "Mozilla/5.0 (Linux; Android 7.0;) AppleWebKit/537.36 (KHTML, like Gecko) Mobile Safari/537.36 (compatible; PetalBot;+https://webmaster.petalsearch.com/site/petalbot)"
103.243.55.106 - - [20/Apr/2026:08:46:22 -0400] "POST /xmlrpc.php HTTP/1.1" 200 0 "-" "Jetpack by WordPress.com (Jetpack 12.0; WordPress 6.4)"
103.243.55.106 - - [20/Apr/2026:08:46:32 -0400] "POST /xmlrpc.php HTTP/1.1" 200 0 "-" "Jetpack by WordPress.com"
52.167.144.189 - - [20/Apr/2026:08:46:45 -0400] "GET /shop/clairaudient/overdefiant38121157970.html HTTP/1.1" 404 1251 "-" "Mozilla/5.0 AppleWebKit/537.36 (KHTML, like Gecko; compatible; bingbot/2.0; +http://www.bing.com/bingbot.htm) Chrome/116.0.1938.76 Safari/537.36"
52.167.144.189 - - [20/Apr/2026:08:46:45 -0400] "GET /shop/chromotherapy/depoliticize32730193343.html HTTP/1.1" 404 1251 "-" "Mozilla/5.0 AppleWebKit/537.36 (KHTML, like Gecko; compatible; bingbot/2.0; +http://www.bing.com/bingbot.htm) Chrome/116.0.1938.76 Safari/537.36"
103.243.55.106 - - [20/Apr/2026:08:46:42 -0400] "POST /xmlrpc.php HTTP/1.1" 200 0 "-" "Jetpack by WordPress.com (Jetpack 12.1; WordPress 6.4)"
145.79.197.5 - - [20/Apr/2026:08:46:54 -0400] "GET /?d=50848979908541 HTTP/1.1" 200 1812 "-" "Mozilla/5.0 (Windows NT 10.0; Win64; x64) AppleWebKit/537.36 (KHTML, like Gecko) Chrome/122.0.0.0 Safari/537.36"
40.77.167.151 - - [20/Apr/2026:08:46:54 -0400] "GET /shop/mazurka/neurocirculatory8844054191.html HTTP/1.1" 404 1251 "-" "Mozilla/5.0 AppleWebKit/537.36 (KHTML, like Gecko; compatible; bingbot/2.0; +http://www.bing.com/bingbot.htm) Chrome/116.0.1938.76 Safari/537.36"
40.77.167.151 - - [20/Apr/2026:08:46:55 -0400] "GET /shop/crackableness/lockianism8103049394.html HTTP/1.1" 404 1251 "-" "Mozilla/5.0 AppleWebKit/537.36 (KHTML, like Gecko; compatible; bingbot/2.0; +http://www.bing.com/bingbot.htm) Chrome/116.0.1938.76 Safari/537.36"
40.77.167.151 - - [20/Apr/2026:08:46:55 -0400] "GET /shop/isthmi/arvicole38121285970.html HTTP/1.1" 404 1251 "-" "Mozilla/5.0 AppleWebKit/537.36 (KHTML, like Gecko; compatible; bingbot/2.0; +http://www.bing.com/bingbot.htm) Chrome/116.0.1938.76 Safari/537.36"
103.243.55.106 - - [20/Apr/2026:08:46:52 -0400] "POST /xmlrpc.php HTTP/1.1" 200 0 "-" "WordPress.com; https://wordpress.com"
66.249.69.133 - - [20/Apr/2026:08:47:00 -0400] "GET /?j=63261685511142 HTTP/1.1" 200 1817 "-" "GoogleOther-Image/1.0"
52.167.144.16 - - [20/Apr/2026:08:47:01 -0400] "GET /shop/inadvertencies/tansy3273038009.html HTTP/1.1" 404 1251 "-" "Mozilla/5.0 AppleWebKit/537.36 (KHTML, like Gecko; compatible; bingbot/2.0; +http://www.bing.com/bingbot.htm) Chrome/116.0.1938.76 Safari/537.36"
52.167.144.16 - - [20/Apr/2026:08:47:02 -0400] "GET /shop/urolithiasis/musar64805153248.html HTTP/1.1" 404 1251 "-" "Mozilla/5.0 AppleWebKit/537.36 (KHTML, like Gecko; compatible; bingbot/2.0; +http://www.bing.com/bingbot.htm) Chrome/116.0.1938.76 Safari/537.36"
52.167.144.16 - - [20/Apr/2026:08:47:02 -0400] "GET /shop/hierologic/fabliaux81030193397.html HTTP/1.1" 404 1251 "-" "Mozilla/5.0 AppleWebKit/537.36 (KHTML, like Gecko; compatible; bingbot/2.0; +http://www.bing.com/bingbot.htm) Chrome/116.0.1938.76 Safari/537.36"
52.167.144.189 - - [20/Apr/2026:08:47:05 -0400] "GET /shop/interreact/irresilient64805184942.html HTTP/1.1" 404 1251 "-" "Mozilla/5.0 AppleWebKit/537.36 (KHTML, like Gecko; compatible; bingbot/2.0; +http://www.bing.com/bingbot.htm) Chrome/116.0.1938.76 Safari/537.36"
52.167.144.189 - - [20/Apr/2026:08:47:06 -0400] "GET /shop/nonbasic/anisogynous71654254166.html HTTP/1.1" 404 1251 "-" "Mozilla/5.0 AppleWebKit/537.36 (KHTML, like Gecko; compatible; bingbot/2.0; +http://www.bing.com/bingbot.htm) Chrome/116.0.1938.76 Safari/537.36"
103.243.55.106 - - [20/Apr/2026:08:47:03 -0400] "POST /xmlrpc.php HTTP/1.1" 200 0 "-" "Jetpack by WordPress.com (Jetpack 12.5; WordPress 6.2)"
103.243.55.106 - - [20/Apr/2026:08:47:14 -0400] "POST /xmlrpc.php HTTP/1.1" 200 0 "-" "Jetpack by WordPress.com (Jetpack 13.0; WordPress 6.2)"
20.197.21.243 - - [20/Apr/2026:08:47:28 -0400] "GET /mysqldump.sql HTTP/1.1" 404 1251 "-" "Mozilla/5.0 (Macintosh; Intel Mac OS X 10_15_6) AppleWebKit/605.1.15 (KHTML, like Gecko) Version/15.2 Safari/605.1.15"
20.197.21.243 - - [20/Apr/2026:08:47:28 -0400] "GET /db_backup.sql HTTP/1.1" 404 1251 "-" "Mozilla/5.0 (Macintosh; Intel Mac OS X 10_15_7) AppleWebKit/605.1.15 (KHTML, like Gecko) Version/18.0 Safari/605.1.15"
20.197.21.243 - - [20/Apr/2026:08:47:28 -0400] "GET /translate.sql HTTP/1.1" 404 1251 "-" "Mozilla/5.0 (Macintosh; Intel Mac OS X 10_15_7) AppleWebKit/605.1.15 (KHTML, like Gecko) Version/15.0 Safari/605.1.15"
20.197.21.243 - - [20/Apr/2026:08:47:28 -0400] "GET /db.sql HTTP/1.1" 404 1251 "-" "Mozilla/5.0 (Macintosh; Intel Mac OS X 13_4) AppleWebKit/605.1.15 (KHTML, like Gecko) Version/13.1 Safari/605.1.15"
20.197.21.243 - - [20/Apr/2026:08:47:28 -0400] "GET /database.sql HTTP/1.1" 404 1251 "-" "Mozilla/5.0 (X11; Ubuntu; Linux x86_64; rv:85.0) Gecko/20100101 Firefox/91.0"
20.197.21.243 - - [20/Apr/2026:08:47:28 -0400] "GET /sql.sql HTTP/1.1" 404 1251 "-" "Mozilla/5.0 (Ubuntu; Linux i686) AppleWebKit/537.36 (KHTML, like Gecko) Chrome/135.0.0.0 Safari/537.36"
20.197.21.243 - - [20/Apr/2026:08:47:28 -0400] "GET /dump.sql HTTP/1.1" 404 1251 "-" "Mozilla/5.0 (Windows NT 10.0; Win64; x64; rv:78.0) Gecko/20100101 Firefox/78.0"
20.197.21.243 - - [20/Apr/2026:08:47:28 -0400] "GET /data.sql HTTP/1.1" 404 1251 "-" "Mozilla/5.0 (X11; Linux x86_64; rv:139.0) Gecko/20100101 Firefox/139.0"
20.197.21.243 - - [20/Apr/2026:08:47:28 -0400] "GET /1.sql HTTP/1.1" 404 1251 "-" "Mozilla/5.0 (Macintosh; Intel Mac OS X 10_15_7) AppleWebKit/605.1.15 (KHTML, like Gecko) Version/18.4 Safari/605.1.15"
20.197.21.243 - - [20/Apr/2026:08:47:28 -0400] "GET /www.sql HTTP/1.1" 404 1251 "-" "Mozilla/5.0 (Windows NT 10.0; Win64; x64; rv:75.0) Gecko/20100101 Firefox/75.0"
20.197.21.243 - - [20/Apr/2026:08:47:28 -0400] "GET /wp-content/uploads/dump.sql HTTP/1.1" 404 1251 "-" "Mozilla/5.0 (Windows NT 10.0; Win64; x64; rv:138.0) Gecko/20100101 Firefox/138.0"
20.197.21.243 - - [20/Apr/2026:08:47:28 -0400] "GET /davidsteele.com_db.sql HTTP/1.1" 404 1251 "-" "Mozilla/5.0 (SS; Linux i686) AppleWebKit/537.36 (KHTML, like Gecko) Chrome/135.0.0.0 Safari/537.36"
20.197.21.243 - - [20/Apr/2026:08:47:28 -0400] "GET /davidsteele.com.sql HTTP/1.1" 404 1251 "-" "Mozilla/5.0 (Macintosh; Intel Mac OS X 13_6) AppleWebKit/605.1.15 (KHTML, like Gecko) Version/16.6 Safari/605.1.15"
20.197.21.243 - - [20/Apr/2026:08:47:28 -0400] "GET /localhost.sql HTTP/1.1" 404 1251 "-" "Mozilla/5.0 (Windows NT 6.1; Win64; x64; rv:109.0) Gecko/20100101 Firefox/115.0"
20.197.21.243 - - [20/Apr/2026:08:47:28 -0400] "GET /wp-content/mysql.sql HTTP/1.1" 404 1251 "-" "Mozilla/5.0 (Macintosh, Intel Mac OS X 10_15_7) AppleWebKit/605.1.15 (KHTML, like Gecko) Version/17.13 Safari/605.1.15"
20.197.21.243 - - [20/Apr/2026:08:47:28 -0400] "GET /temp.sql HTTP/1.1" 404 1251 "-" "Mozilla/5.0 (X11; Linux x86_64) AppleWebKit/537.36 (KHTML, like Gecko) Chrome/39.0.2171.99 Safari/537.36"
20.197.21.243 - - [20/Apr/2026:08:47:28 -0400] "GET /site.sql HTTP/1.1" 404 1251 "-" "Mozilla/5.0 (X11; Ubuntu; Linux x86_64; rv:86.0) Gecko/20100101 Firefox/86.0"
20.197.21.243 - - [20/Apr/2026:08:47:28 -0400] "GET /mysql.sql HTTP/1.1" 404 1251 "-" "Mozilla/5.0 (Macintosh; Intel Mac OS X 10.15; rv:109.0) Gecko/20100101 Firefox/115.0"
20.197.21.243 - - [20/Apr/2026:08:47:28 -0400] "GET /dbdump.sql HTTP/1.1" 404 1251 "-" "Mozilla/5.0 (Macintosh; Intel Mac OS X 10.15; rv:128.0) Gecko/20100101 Firefox/128.0"
20.197.21.243 - - [20/Apr/2026:08:47:28 -0400] "GET /users.sql HTTP/1.1" 404 1251 "-" "Mozilla/5.0 (Macintosh; Intel Mac OS X 10_15_7) AppleWebKit/605.1.15 (KHTML, like Gecko) Version/18.5 Safari/605.1.15"
20.197.21.243 - - [20/Apr/2026:08:47:28 -0400] "GET /backup.sql HTTP/1.1" 404 1251 "-" "Mozilla/5.0 (Fedora; Linux i686) AppleWebKit/537.36 (KHTML, like Gecko) Chrome/131.0.0.0 Safari/537.36"
103.243.55.106 - - [20/Apr/2026:08:47:24 -0400] "POST /xmlrpc.php HTTP/1.1" 200 0 "-" "Jetpack by WordPress.com (Jetpack 12.0; WordPress 6.4)"
103.243.55.106 - - [20/Apr/2026:08:47:35 -0400] "POST /xmlrpc.php HTTP/1.1" 200 0 "-" "Jetpack/12.1; WordPress/6.3; http://site27979942.com"
162.212.168.123 - - [20/Apr/2026:08:47:46 -0400] "GET /13619-2/ HTTP/1.1" 404 1251 "https://davidsteele.com/" "Mozilla/5.0 (X11; Fedora; Linux x86_64; rv:114.0) Gecko/20100101 Firefox/114.0"
162.212.168.123 - - [20/Apr/2026:08:47:48 -0400] "GET / HTTP/1.1" 200 1828 "-" "Mozilla/5.0 (X11; Fedora; Linux x86_64; rv:114.0) Gecko/20100101 Firefox/114.0"
103.243.55.106 - - [20/Apr/2026:08:47:45 -0400] "POST /xmlrpc.php HTTP/1.1" 200 0 "-" "Jetpack/12.1; WordPress/6.1; http://site34422063.com"
162.212.168.123 - - [20/Apr/2026:08:47:55 -0400] "GET /wp-login.php HTTP/1.1" 200 1975 "https://davidsteele.com" "Mozilla/5.0 (Windows NT 6.3; Win64; x64) AppleWebKit/537.36 (KHTML, like Gecko) Chrome/103.0.0.0 Safari/537.36"
66.249.69.132 - - [20/Apr/2026:08:48:01 -0400] "GET /?j=92523993516129 HTTP/1.1" 200 1834 "-" "GoogleOther-Image/1.0"
103.243.55.106 - - [20/Apr/2026:08:47:57 -0400] "POST /xmlrpc.php HTTP/1.1" 200 0 "-" "Jetpack by WordPress.com"
162.212.168.123 - - [20/Apr/2026:08:48:03 -0400] "GET /wp-login.php HTTP/1.1" 200 1975 "https://davidsteele.com/wp-login.php" "Mozilla/5.0 (Windows NT 6.3; Win64; x64) AppleWebKit/537.36 (KHTML, like Gecko) Chrome/103.0.0.0 Safari/537.36"
162.212.168.123 - - [20/Apr/2026:08:48:10 -0400] "GET /wp-includes/css/dashicons.min.css?ver=6.8.5 HTTP/1.1" 200 35110 "https://davidsteele.com/wp-login.php" "Mozilla/5.0 (Windows NT 10.0; Win64; x64) AppleWebKit/537.36 (KHTML, like Gecko) Chrome/143.0.0.0 Safari/537.36"
103.243.55.106 - - [20/Apr/2026:08:48:06 -0400] "POST /xmlrpc.php HTTP/1.1" 200 0 "-" "Jetpack by WordPress.com"
162.212.168.123 - - [20/Apr/2026:08:48:12 -0400] "GET /wp-includes/css/buttons.min.css?ver=6.8.5 HTTP/1.1" 200 1275 "https://davidsteele.com/wp-login.php" "Mozilla/5.0 (Windows NT 10.0; Win64; x64) AppleWebKit/537.36 (KHTML, like Gecko) Chrome/143.0.0.0 Safari/537.36"
162.212.168.123 - - [20/Apr/2026:08:48:14 -0400] "GET /wp-admin/css/forms.min.css?ver=6.8.5 HTTP/1.1" 200 6387 "https://davidsteele.com/wp-login.php" "Mozilla/5.0 (Windows NT 10.0; Win64; x64) AppleWebKit/537.36 (KHTML, like Gecko) Chrome/143.0.0.0 Safari/537.36"
162.212.168.123 - - [20/Apr/2026:08:48:16 -0400] "GET /wp-admin/css/l10n.min.css?ver=6.8.5 HTTP/1.1" 200 675 "https://davidsteele.com/wp-login.php" "Mozilla/5.0 (Windows NT 10.0; Win64; x64) AppleWebKit/537.36 (KHTML, like Gecko) Chrome/143.0.0.0 Safari/537.36"
114.119.156.247 - - [20/Apr/2026:08:48:18 -0400] "GET /shop/topcoats/tylopod8103096069.html HTTP/1.1" 404 1251 "https://davidsteele.com/sitemap961.xml" "Mozilla/5.0 (Linux; Android 7.0;) AppleWebKit/537.36 (KHTML, like Gecko) Mobile Safari/537.36 (compatible; PetalBot;+https://webmaster.petalsearch.com/site/petalbot)"
162.212.168.123 - - [20/Apr/2026:08:48:18 -0400] "GET /wp-admin/css/login.min.css?ver=6.8.5 HTTP/1.1" 200 1965 "https://davidsteele.com/wp-login.php" "Mozilla/5.0 (Windows NT 10.0; Win64; x64) AppleWebKit/537.36 (KHTML, like Gecko) Chrome/143.0.0.0 Safari/537.36"
103.243.55.106 - - [20/Apr/2026:08:48:18 -0400] "POST /xmlrpc.php HTTP/1.1" 200 0 "-" "Jetpack/12.1; WordPress/6.4; http://site17056249.com"
