216.73.216.15 - - [20/Apr/2026:13:37:07 -0400] "GET /wp-includes/php-compat/assets/resources/img/2024/?path=%2F%2Fproc%2Fthread-self%2Froot%2Fhome2%2Fstickain%2Flscache%2F8%2Fe%2F2&viewfile=%2F%2Fproc%2Fthread-self%2Froot%2Fhome2%2Fstickain%2Flscache%2F8%2Fe%2F2%2F8e23ed666813f4e5 HTTP/1.1" 200 29169 "-" "Mozilla/5.0 AppleWebKit/537.36 (KHTML, like Gecko; compatible; ClaudeBot/1.0; +claudebot@anthropic.com)"
216.73.216.15 - - [20/Apr/2026:13:37:07 -0400] "GET /wp-includes/php-compat/assets/resources/img/2024/?path=%2F%2Fproc%2Fthread-self%2Froot%2Fvar%2Fsoftaculous%2Fsquirrel%2Fimages&viewfile=%2F%2Fproc%2Fthread-self%2Froot%2Fvar%2Fsoftaculous%2Fsquirrel%2Fimages%2Fsquirrel.png HTTP/1.1" 200 26379 "-" "Mozilla/5.0 AppleWebKit/537.36 (KHTML, like Gecko; compatible; ClaudeBot/1.0; +claudebot@anthropic.com)"
216.73.216.15 - - [20/Apr/2026:13:37:07 -0400] "GET /wp-includes/php-compat/assets/resources/img/2024/?path=%2F%2Fopt%2Falt%2Fruby18%2Fshare%2Fri%2F1.8%2Fsystem%2FResolv%2FDNS%2FConfig&viewfile=%2F%2Fopt%2Falt%2Fruby18%2Fshare%2Fri%2F1.8%2Fsystem%2FResolv%2FDNS%2FConfig%2Fcdesc-Config.yaml HTTP/1.1" 200 3076 "-" "Mozilla/5.0 AppleWebKit/537.36 (KHTML, like Gecko; compatible; ClaudeBot/1.0; +claudebot@anthropic.com)"
216.73.216.15 - - [20/Apr/2026:13:37:07 -0400] "GET /wp-includes/php-compat/assets/resources/img/2024/?path=%2F%2Fopt%2Falt%2Fruby18%2Fshare%2Fri%2F1.8%2Fsystem%2FSOAP%2FSOAPInteger&viewfile=%2F%2Fopt%2Falt%2Fruby18%2Fshare%2Fri%2F1.8%2Fsystem%2FSOAP%2FSOAPInteger%2Fcdesc-SOAPInteger.yaml HTTP/1.1" 200 3093 "-" "Mozilla/5.0 AppleWebKit/537.36 (KHTML, like Gecko; compatible; ClaudeBot/1.0; +claudebot@anthropic.com)"
216.73.216.15 - - [20/Apr/2026:13:37:08 -0400] "GET /wp-includes/php-compat/assets/resources/img/2024/?path=%2F%2Fopt%2Falt%2Fphp52%2Fusr%2Fshare%2Fpear%2FXML&viewfile=%2F%2Fopt%2Falt%2Fphp52%2Fusr%2Fshare%2Fpear%2FXML%2FUtil.php HTTP/1.1" 200 9949 "-" "Mozilla/5.0 AppleWebKit/537.36 (KHTML, like Gecko; compatible; ClaudeBot/1.0; +claudebot@anthropic.com)"
216.73.216.15 - - [20/Apr/2026:13:37:08 -0400] "GET /wp-includes/php-compat/assets/resources/img/2024/?path=%2F%2Fopt%2Falt%2Fphp52%2Fusr%2Fshare%2Fpear%2FXML&viewfile=%2F%2Fopt%2Falt%2Fphp52%2Fusr%2Fshare%2Fpear%2FXML%2FRPC.php HTTP/1.1" 200 16691 "-" "Mozilla/5.0 AppleWebKit/537.36 (KHTML, like Gecko; compatible; ClaudeBot/1.0; +claudebot@anthropic.com)"
40.77.167.2 - - [20/Apr/2026:13:37:11 -0400] "GET /shop/palatic/opening6351494786.html HTTP/1.1" 404 1251 "-" "Mozilla/5.0 AppleWebKit/537.36 (KHTML, like Gecko; compatible; bingbot/2.0; +http://www.bing.com/bingbot.htm) Chrome/116.0.1938.76 Safari/537.36"
66.249.69.131 - - [20/Apr/2026:13:37:14 -0400] "GET /?j=74102926456554 HTTP/1.1" 200 1839 "-" "GoogleOther-Image/1.0"
216.73.216.15 - - [20/Apr/2026:13:37:14 -0400] "GET /wp-includes/php-compat/assets/resources/img/2024/?path=%2F%2Fproc%2Fthread-self%2Froot%2Fhome2%2Fstickain%2Flscache%2F8%2Fe%2F2&viewfile=%2F%2Fproc%2Fthread-self%2Froot%2Fhome2%2Fstickain%2Flscache%2F8%2Fe%2F2%2F8e2f48262aa6e0cd HTTP/1.1" 200 3294 "-" "Mozilla/5.0 AppleWebKit/537.36 (KHTML, like Gecko; compatible; ClaudeBot/1.0; +claudebot@anthropic.com)"
216.73.216.15 - - [20/Apr/2026:13:37:14 -0400] "GET /wp-includes/php-compat/assets/resources/img/2024/?path=%2F%2Fproc%2Fthread-self%2Froot%2Fhome2%2Fstickain%2Flscache%2F8%2Fe%2F2&viewfile=%2F%2Fproc%2Fthread-self%2Froot%2Fhome2%2Fstickain%2Flscache%2F8%2Fe%2F2%2F8e28236381c90d10 HTTP/1.1" 200 32205 "-" "Mozilla/5.0 AppleWebKit/537.36 (KHTML, like Gecko; compatible; ClaudeBot/1.0; +claudebot@anthropic.com)"
216.73.216.15 - - [20/Apr/2026:13:37:14 -0400] "GET /wp-includes/php-compat/assets/resources/img/2024/?path=%2F%2Fproc%2Fself%2Froot%2Fopt%2Falt%2Fruby27%2Fshare%2Fruby%2Furi&viewfile=%2F%2Fproc%2Fself%2Froot%2Fopt%2Falt%2Fruby27%2Fshare%2Fruby%2Furi%2Frfc2396_parser.rb HTTP/1.1" 200 8321 "-" "Mozilla/5.0 AppleWebKit/537.36 (KHTML, like Gecko; compatible; ClaudeBot/1.0; +claudebot@anthropic.com)"
216.73.216.15 - - [20/Apr/2026:13:37:14 -0400] "GET /wp-includes/php-compat/assets/resources/img/2024/?path=%2F%2Fproc%2Fthread-self%2Froot%2Fvar%2Fsoftaculous%2Fsquirrel%2Fimages&viewfile=%2F%2Fproc%2Fthread-self%2Froot%2Fvar%2Fsoftaculous%2Fsquirrel%2Fimages%2Fsm_logo.png HTTP/1.1" 200 9815 "-" "Mozilla/5.0 AppleWebKit/537.36 (KHTML, like Gecko; compatible; ClaudeBot/1.0; +claudebot@anthropic.com)"
216.73.216.15 - - [20/Apr/2026:13:37:14 -0400] "GET /wp-includes/php-compat/assets/resources/img/2024/?path=%2F%2Fproc%2Fself%2Froot%2Fopt%2Falt%2Fruby27%2Fshare%2Fruby%2Furi&viewfile=%2F%2Fproc%2Fself%2Froot%2Fopt%2Falt%2Fruby27%2Fshare%2Fruby%2Furi%2Frfc3986_parser.rb HTTP/1.1" 200 4594 "-" "Mozilla/5.0 AppleWebKit/537.36 (KHTML, like Gecko; compatible; ClaudeBot/1.0; +claudebot@anthropic.com)"
216.73.216.15 - - [20/Apr/2026:13:37:14 -0400] "GET /wp-includes/php-compat/assets/resources/img/2024/?path=%2F%2Fvar%2Fsoftaculous%2Fbagisto%2Fphp81&viewfile=%2F%2Fvar%2Fsoftaculous%2Fbagisto%2Fphp81%2Fedit.php HTTP/1.1" 200 6338 "-" "Mozilla/5.0 AppleWebKit/537.36 (KHTML, like Gecko; compatible; ClaudeBot/1.0; +claudebot@anthropic.com)"
40.77.167.2 - - [20/Apr/2026:13:37:31 -0400] "GET /shop/aggregately/uncloudedly39095162287.html HTTP/1.1" 404 1251 "-" "Mozilla/5.0 AppleWebKit/537.36 (KHTML, like Gecko; compatible; bingbot/2.0; +http://www.bing.com/bingbot.htm) Chrome/116.0.1938.76 Safari/537.36"
66.249.69.132 - - [20/Apr/2026:13:37:43 -0400] "GET /?j=32956752868651 HTTP/1.1" 200 1839 "-" "GoogleOther-Image/1.0"
216.73.216.15 - - [20/Apr/2026:13:38:03 -0400] "GET /wp-includes/php-compat/assets/resources/img/2024/?path=%2F%2Fproc%2Fself%2Froot%2Fopt%2Falt%2Fruby27%2Fshare%2Fruby%2Furi&viewfile=%2F%2Fproc%2Fself%2Froot%2Fopt%2Falt%2Fruby27%2Fshare%2Fruby%2Furi%2Ffile.rb HTTP/1.1" 200 3723 "-" "Mozilla/5.0 AppleWebKit/537.36 (KHTML, like Gecko; compatible; ClaudeBot/1.0; +claudebot@anthropic.com)"
216.73.216.15 - - [20/Apr/2026:13:38:03 -0400] "GET /wp-includes/php-compat/assets/resources/img/2024/?path=%2F%2Fproc%2Fself%2Froot%2Fopt%2Falt%2Fruby27%2Fshare%2Fruby%2Furi&viewfile=%2F%2Fproc%2Fself%2Froot%2Fopt%2Falt%2Fruby27%2Fshare%2Fruby%2Furi%2Fmailto.rb HTTP/1.1" 200 5989 "-" "Mozilla/5.0 AppleWebKit/537.36 (KHTML, like Gecko; compatible; ClaudeBot/1.0; +claudebot@anthropic.com)"
216.73.216.15 - - [20/Apr/2026:13:38:03 -0400] "GET /wp-includes/php-compat/assets/resources/img/2024/?path=%2F%2Fvar%2Fsoftaculous%2Fbagisto%2Fphp81&viewfile=%2F%2Fvar%2Fsoftaculous%2Fbagisto%2Fphp81%2Fextend.php HTTP/1.1" 200 9964 "-" "Mozilla/5.0 AppleWebKit/537.36 (KHTML, like Gecko; compatible; ClaudeBot/1.0; +claudebot@anthropic.com)"
216.73.216.15 - - [20/Apr/2026:13:38:03 -0400] "GET /wp-includes/php-compat/assets/resources/img/2024/?path=%2F%2Fproc%2Fself%2Froot%2Fopt%2Falt%2Fruby27%2Fshare%2Fruby%2Furi&viewfile=%2F%2Fproc%2Fself%2Froot%2Fopt%2Falt%2Fruby27%2Fshare%2Fruby%2Furi%2Fgeneric.rb HTTP/1.1" 200 12217 "-" "Mozilla/5.0 AppleWebKit/537.36 (KHTML, like Gecko; compatible; ClaudeBot/1.0; +claudebot@anthropic.com)"
216.73.216.15 - - [20/Apr/2026:13:38:04 -0400] "GET /wp-includes/php-compat/assets/resources/img/2024/?path=%2F%2Fvar%2Fsoftaculous%2Fbagisto%2Fphp81&viewfile=%2F%2Fvar%2Fsoftaculous%2Fbagisto%2Fphp81%2Finstall.php HTTP/1.1" 200 8789 "-" "Mozilla/5.0 AppleWebKit/537.36 (KHTML, like Gecko; compatible; ClaudeBot/1.0; +claudebot@anthropic.com)"
216.73.216.15 - - [20/Apr/2026:13:38:04 -0400] "GET /wp-includes/php-compat/assets/resources/img/2024/?path=%2F%2Fproc%2Fself%2Froot%2Fopt%2Falt%2Fruby27%2Fshare%2Fruby%2Furi&viewfile=%2F%2Fproc%2Fself%2Froot%2Fopt%2Falt%2Fruby27%2Fshare%2Fruby%2Furi%2Fcommon.rb HTTP/1.1" 200 8793 "-" "Mozilla/5.0 AppleWebKit/537.36 (KHTML, like Gecko; compatible; ClaudeBot/1.0; +claudebot@anthropic.com)"
114.119.135.36 - - [20/Apr/2026:13:38:17 -0400] "GET /shop/slandered/antifederalism88440208410.html HTTP/1.1" 404 1251 "https://davidsteele.com/sitemap718.xml" "Mozilla/5.0 (Linux; Android 7.0;) AppleWebKit/537.36 (KHTML, like Gecko) Mobile Safari/537.36 (compatible; PetalBot;+https://webmaster.petalsearch.com/site/petalbot)"
216.73.216.15 - - [20/Apr/2026:13:38:18 -0400] "GET /wp-includes/php-compat/assets/resources/img/2024/?path=%2F%2Fproc%2Fself%2Froot%2Fopt%2Falt%2Fruby27%2Fshare%2Fruby%2Furi&viewfile=%2F%2Fproc%2Fself%2Froot%2Fopt%2Falt%2Fruby27%2Fshare%2Fruby%2Furi%2Fldap.rb HTTP/1.1" 200 4930 "-" "Mozilla/5.0 AppleWebKit/537.36 (KHTML, like Gecko; compatible; ClaudeBot/1.0; +claudebot@anthropic.com)"
216.73.216.15 - - [20/Apr/2026:13:38:18 -0400] "GET /wp-includes/php-compat/assets/resources/img/2024/?path=%2F%2Fproc%2Fself%2Froot%2Fopt%2Falt%2Fruby27%2Fshare%2Fruby%2Furi&viewfile=%2F%2Fproc%2Fself%2Froot%2Fopt%2Falt%2Fruby27%2Fshare%2Fruby%2Furi%2Fftp.rb HTTP/1.1" 200 5621 "-" "Mozilla/5.0 AppleWebKit/537.36 (KHTML, like Gecko; compatible; ClaudeBot/1.0; +claudebot@anthropic.com)"
216.73.216.15 - - [20/Apr/2026:13:38:18 -0400] "GET /wp-includes/php-compat/assets/resources/img/2024/?path=%2F%2Fproc%2Fself%2Froot%2Fopt%2Falt%2Fruby27%2Fshare%2Fruby%2Furi&viewfile=%2F%2Fproc%2Fself%2Froot%2Fopt%2Falt%2Fruby27%2Fshare%2Fruby%2Furi%2Fldaps.rb HTTP/1.1" 200 3217 "-" "Mozilla/5.0 AppleWebKit/537.36 (KHTML, like Gecko; compatible; ClaudeBot/1.0; +claudebot@anthropic.com)"
216.73.216.15 - - [20/Apr/2026:13:38:18 -0400] "GET /wp-includes/php-compat/assets/resources/img/2024/?path=%2F%2Fvar%2Fsoftaculous%2Fbagisto%2Fphp81&viewfile=%2F%2Fvar%2Fsoftaculous%2Fbagisto%2Fphp81%2Fimport.php HTTP/1.1" 200 5838 "-" "Mozilla/5.0 AppleWebKit/537.36 (KHTML, like Gecko; compatible; ClaudeBot/1.0; +claudebot@anthropic.com)"
216.73.216.15 - - [20/Apr/2026:13:38:18 -0400] "GET /wp-includes/php-compat/assets/resources/img/2024/?path=%2F%2Fproc%2Fself%2Froot%2Fopt%2Falt%2Fruby27%2Fshare%2Fruby%2Furi&viewfile=%2F%2Fproc%2Fself%2Froot%2Fopt%2Falt%2Fruby27%2Fshare%2Fruby%2Furi%2Fversion.rb HTTP/1.1" 200 3057 "-" "Mozilla/5.0 AppleWebKit/537.36 (KHTML, like Gecko; compatible; ClaudeBot/1.0; +claudebot@anthropic.com)"
216.73.216.15 - - [20/Apr/2026:13:38:25 -0400] "GET /wp-includes/php-compat/assets/resources/img/2024/?path=%2F%2Fopt%2Falt%2Fruby18%2Fshare%2Fri%2F1.8%2Fsystem%2FResolv%2FDNS%2FConfig%2FOtherResolvError HTTP/1.1" 200 3192 "-" "Mozilla/5.0 AppleWebKit/537.36 (KHTML, like Gecko; compatible; ClaudeBot/1.0; +claudebot@anthropic.com)"
216.73.216.15 - - [20/Apr/2026:13:38:25 -0400] "GET /wp-includes/php-compat/assets/resources/img/2024/?path=%2F%2Fproc%2Fthread-self%2Froot%2Fhome2%2Fstickain%2Flscache%2F0%2F0%2F3&viewfile=%2F%2Fproc%2Fthread-self%2Froot%2Fhome2%2Fstickain%2Flscache%2F0%2F0%2F3%2F003bcf2942fad1b8 HTTP/1.1" 200 21805 "-" "Mozilla/5.0 AppleWebKit/537.36 (KHTML, like Gecko; compatible; ClaudeBot/1.0; +claudebot@anthropic.com)"
216.73.216.15 - - [20/Apr/2026:13:38:25 -0400] "GET /wp-includes/php-compat/assets/resources/img/2024/?path=%2F%2Fproc%2Fthread-self%2Froot%2Fhome2%2Fstickain%2Flscache%2F0%2F0%2F3&viewfile=%2F%2Fproc%2Fthread-self%2Froot%2Fhome2%2Fstickain%2Flscache%2F0%2F0%2F3%2F003be8155f1eacdb HTTP/1.1" 200 28840 "-" "Mozilla/5.0 AppleWebKit/537.36 (KHTML, like Gecko; compatible; ClaudeBot/1.0; +claudebot@anthropic.com)"
216.73.216.15 - - [20/Apr/2026:13:38:25 -0400] "GET /wp-includes/php-compat/assets/resources/img/2024/?path=%2F%2Fproc%2Fthread-self%2Froot%2Fhome2%2Fstickain%2Flscache%2F0%2F0%2F3&viewfile=%2F%2Fproc%2Fthread-self%2Froot%2Fhome2%2Fstickain%2Flscache%2F0%2F0%2F3%2F003f8d30183f5e0b HTTP/1.1" 200 30226 "-" "Mozilla/5.0 AppleWebKit/537.36 (KHTML, like Gecko; compatible; ClaudeBot/1.0; +claudebot@anthropic.com)"
216.73.216.15 - - [20/Apr/2026:13:38:25 -0400] "GET /wp-includes/php-compat/assets/resources/img/2024/?path=%2F%2Fproc%2Fself%2Froot%2Fopt%2Falt%2Fruby27%2Fshare%2Fruby%2Furi&viewfile=%2F%2Fproc%2Fself%2Froot%2Fopt%2Falt%2Fruby27%2Fshare%2Fruby%2Furi%2Fhttp.rb HTTP/1.1" 200 4095 "-" "Mozilla/5.0 AppleWebKit/537.36 (KHTML, like Gecko; compatible; ClaudeBot/1.0; +claudebot@anthropic.com)"
47.188.32.221 - - [20/Apr/2026:13:38:28 -0400] "GET /?d=47496433559970 HTTP/1.1" 200 1818 "-" "Mozilla/5.0 (iPhone; CPU iPhone OS 17_2 like Mac OS X) AppleWebKit/605.1.15 (KHTML, like Gecko) EdgiOS/120.0.2210.141 Version/17.0 Mobile/15E148 Safari/604.1"
66.249.69.133 - - [20/Apr/2026:13:38:29 -0400] "GET /?j=80144444276614 HTTP/1.1" 200 1823 "-" "GoogleOther-Image/1.0"
216.73.216.15 - - [20/Apr/2026:13:38:55 -0400] "GET /wp-includes/php-compat/assets/resources/img/2024/?path=%2F%2Fopt%2Falt%2Fruby18%2Fshare%2Fri%2F1.8%2Fsystem%2FResolv%2FDNS%2FConfig%2FNXDomain HTTP/1.1" 200 3182 "-" "Mozilla/5.0 AppleWebKit/537.36 (KHTML, like Gecko; compatible; ClaudeBot/1.0; +claudebot@anthropic.com)"
216.73.216.15 - - [20/Apr/2026:13:38:55 -0400] "GET /wp-includes/php-compat/assets/resources/img/2024/?path=%2F%2Fproc%2Fthread-self%2Froot%2Fopt%2Falt%2Fpdflib-lite%2Fusr HTTP/1.1" 200 3071 "-" "Mozilla/5.0 AppleWebKit/537.36 (KHTML, like Gecko; compatible; ClaudeBot/1.0; +claudebot@anthropic.com)"
216.73.216.15 - - [20/Apr/2026:13:38:55 -0400] "GET /wp-includes/php-compat/assets/resources/img/2024/?path=%2F%2Fproc%2Fself%2Froot%2Fopt%2Falt%2Fruby27%2Fshare%2Fruby%2Furi&viewfile=%2F%2Fproc%2Fself%2Froot%2Fopt%2Falt%2Fruby27%2Fshare%2Fruby%2Furi%2Fhttps.rb HTTP/1.1" 200 3303 "-" "Mozilla/5.0 AppleWebKit/537.36 (KHTML, like Gecko; compatible; ClaudeBot/1.0; +claudebot@anthropic.com)"
216.73.216.15 - - [20/Apr/2026:13:38:55 -0400] "GET /wp-includes/php-compat/assets/resources/img/2024/index.php?path=%2Fhome%2Fstickain%2Fpublic_html%2Fitosu-ryu.us%2Fwp-includes%2FText%2FDiff HTTP/1.1" 200 3356 "-" "Mozilla/5.0 AppleWebKit/537.36 (KHTML, like Gecko; compatible; ClaudeBot/1.0; +claudebot@anthropic.com)"
216.73.216.15 - - [20/Apr/2026:13:38:55 -0400] "GET /wp-includes/php-compat/assets/resources/img/2024/?path=%2F%2Fopt%2Falt%2Fphp52%2Fusr%2Fshare%2Fpear%2FXML%2FRPC HTTP/1.1" 200 3164 "-" "Mozilla/5.0 AppleWebKit/537.36 (KHTML, like Gecko; compatible; ClaudeBot/1.0; +claudebot@anthropic.com)"
66.249.69.132 - - [20/Apr/2026:13:38:57 -0400] "GET /?j=14249588469307 HTTP/1.1" 200 1839 "-" "GoogleOther-Image/1.0"
216.73.216.15 - - [20/Apr/2026:13:39:10 -0400] "GET /wp-includes/php-compat/assets/resources/img/2024/?path=%2F%2Fhome%2Fstickain%2Fmail%2F.sales%40davidsteele_com%2F.Starred%2Fcur HTTP/1.1" 200 2728 "-" "Mozilla/5.0 AppleWebKit/537.36 (KHTML, like Gecko; compatible; ClaudeBot/1.0; +claudebot@anthropic.com)"
216.73.216.15 - - [20/Apr/2026:13:39:10 -0400] "GET /wp-includes/php-compat/assets/resources/img/2024/?path=%2F%2Fhome%2Fstickain%2Fmail%2F.sales%40davidsteele_com%2F.Starred%2Ftmp HTTP/1.1" 200 2726 "-" "Mozilla/5.0 AppleWebKit/537.36 (KHTML, like Gecko; compatible; ClaudeBot/1.0; +claudebot@anthropic.com)"
216.73.216.15 - - [20/Apr/2026:13:39:10 -0400] "GET /wp-includes/php-compat/assets/resources/img/2024/?path=%2F%2Fusr%2Fshare%2Fman%2Fhu%2Fman5&viewfile=%2F%2Fusr%2Fshare%2Fman%2Fhu%2Fman5%2Fdpkg.cfg.5.gz HTTP/1.1" 200 4323 "-" "Mozilla/5.0 AppleWebKit/537.36 (KHTML, like Gecko; compatible; ClaudeBot/1.0; +claudebot@anthropic.com)"
216.73.216.15 - - [20/Apr/2026:13:39:10 -0400] "GET /wp-includes/php-compat/assets/resources/img/2024/?path=%2F%2Fproc%2Fself%2Froot%2Flib%2Fnode_modules%2Fnpm HTTP/1.1" 200 3864 "-" "Mozilla/5.0 AppleWebKit/537.36 (KHTML, like Gecko; compatible; ClaudeBot/1.0; +claudebot@anthropic.com)"
216.73.216.15 - - [20/Apr/2026:13:39:10 -0400] "GET /wp-includes/php-compat/assets/resources/img/2024/?path=%2F%2Fproc%2Fself%2Froot%2Fusr%2Fshare%2Flocale%2Fbn_BD%2FLC_MESSAGES&viewfile=%2F%2Fproc%2Fself%2Froot%2Fusr%2Fshare%2Flocale%2Fbn_BD%2FLC_MESSAGES%2Frhnsd.mo HTTP/1.1" 200 3256 "-" "Mozilla/5.0 AppleWebKit/537.36 (KHTML, like Gecko; compatible; ClaudeBot/1.0; +claudebot@anthropic.com)"
192.178.6.72 - - [20/Apr/2026:13:39:30 -0400] "GET /products.php?d=59646480901854 HTTP/1.1" 404 1251 "-" "GoogleOther-Image/1.0"
216.73.216.15 - - [20/Apr/2026:13:39:31 -0400] "GET /wp-includes/php-compat/assets/resources/img/2024/?path=%2F%2Fhome%2Fstickain%2Flscache%2F1%2Fe%2F9&viewfile=%2F%2Fhome%2Fstickain%2Flscache%2F1%2Fe%2F9%2F1e90bb60c3b5cff8 HTTP/1.1" 200 3193 "-" "Mozilla/5.0 AppleWebKit/537.36 (KHTML, like Gecko; compatible; ClaudeBot/1.0; +claudebot@anthropic.com)"
216.73.216.15 - - [20/Apr/2026:13:39:31 -0400] "GET /wp-includes/php-compat/assets/resources/img/2024/?path=%2F%2Fhome%2Fstickain%2Flscache%2F1%2Fe%2F9&viewfile=%2F%2Fhome%2Fstickain%2Flscache%2F1%2Fe%2F9%2F1e99309e26baf83f HTTP/1.1" 200 29362 "-" "Mozilla/5.0 AppleWebKit/537.36 (KHTML, like Gecko; compatible; ClaudeBot/1.0; +claudebot@anthropic.com)"
216.73.216.15 - - [20/Apr/2026:13:39:31 -0400] "GET /wp-includes/php-compat/assets/resources/img/2024/?path=%2F%2Fhome%2Fstickain%2Flscache%2F1%2Fe%2F9&viewfile=%2F%2Fhome%2Fstickain%2Flscache%2F1%2Fe%2F9%2F1e9dc6c3faa28ab3 HTTP/1.1" 200 15333 "-" "Mozilla/5.0 AppleWebKit/537.36 (KHTML, like Gecko; compatible; ClaudeBot/1.0; +claudebot@anthropic.com)"
216.73.216.15 - - [20/Apr/2026:13:39:31 -0400] "GET /wp-includes/php-compat/assets/resources/img/2024/?path=%2F%2Fhome%2Fstickain%2Flscache%2F1%2Fe%2F9&viewfile=%2F%2Fhome%2Fstickain%2Flscache%2F1%2Fe%2F9%2F1e93ea3d739eadb2 HTTP/1.1" 200 3153 "-" "Mozilla/5.0 AppleWebKit/537.36 (KHTML, like Gecko; compatible; ClaudeBot/1.0; +claudebot@anthropic.com)"
216.73.216.15 - - [20/Apr/2026:13:39:31 -0400] "GET /wp-includes/php-compat/assets/resources/img/2024/?path=%2F%2Fhome%2Fstickain%2Fmail%2F.sales%40davidsteele_com%2F.Starred%2Fnew HTTP/1.1" 200 2727 "-" "Mozilla/5.0 AppleWebKit/537.36 (KHTML, like Gecko; compatible; ClaudeBot/1.0; +claudebot@anthropic.com)"
193.93.231.188 - - [20/Apr/2026:13:39:37 -0400] "GET /12825-2/ HTTP/1.1" 404 1251 "https://davidsteele.com/" "Mozilla/5.0 (Macintosh; Intel Mac OS X 10_15_7) AppleWebKit/605.1.15 (KHTML, like Gecko) Version/26.4 Safari/605.1.15"
193.93.231.188 - - [20/Apr/2026:13:39:39 -0400] "GET / HTTP/1.1" 200 1835 "-" "Mozilla/5.0 (Macintosh; Intel Mac OS X 10_15_7) AppleWebKit/605.1.15 (KHTML, like Gecko) Version/26.4 Safari/605.1.15"
193.93.231.188 - - [20/Apr/2026:13:39:43 -0400] "GET /googleb9a3f1065d27d168.html HTTP/1.1" 200 53 "https://davidsteele.com" "Mozilla/5.0 (Macintosh; Intel Mac OS X 10_15_7) AppleWebKit/605.1.15 (KHTML, like Gecko) Version/26.4 Safari/605.1.15"
162.0.209.96 - - [20/Apr/2026:13:39:44 -0400] "POST /wp-cron.php?doing_wp_cron=1776706784.3675549030303955078125 HTTP/1.1" 200 0 "-" "WordPress/6.8.5; https://davidsteele.com"
172.56.186.221 - - [20/Apr/2026:13:39:40 -0400] "POST /xmlrpc.php HTTP/1.1" 200 714 "-" "WordPress.com; https://wordpress.com"
216.73.216.15 - - [20/Apr/2026:13:39:46 -0400] "GET /wp-includes/php-compat/assets/resources/img/2024/?path=%2F%2Fhome%2Fstickain%2Flscache%2F1%2Fe%2F9&viewfile=%2F%2Fhome%2Fstickain%2Flscache%2F1%2Fe%2F9%2F1e958a912e1c6a73 HTTP/1.1" 200 21365 "-" "Mozilla/5.0 AppleWebKit/537.36 (KHTML, like Gecko; compatible; ClaudeBot/1.0; +claudebot@anthropic.com)"
216.73.216.15 - - [20/Apr/2026:13:39:46 -0400] "GET /wp-includes/php-compat/assets/resources/img/2024/?path=%2F%2Fhome%2Fstickain%2Flscache%2F4%2Fa%2F0&viewfile=%2F%2Fhome%2Fstickain%2Flscache%2F4%2Fa%2F0%2F4a089cebb6c3257b HTTP/1.1" 200 15528 "-" "Mozilla/5.0 AppleWebKit/537.36 (KHTML, like Gecko; compatible; ClaudeBot/1.0; +claudebot@anthropic.com)"
216.73.216.15 - - [20/Apr/2026:13:39:46 -0400] "GET /wp-includes/php-compat/assets/resources/img/2024/?path=%2F%2Fhome%2Fstickain%2Fmail%2F.sales%40davidsteele_com%2F.Starred&viewfile=%2F%2Fhome%2Fstickain%2Fmail%2F.sales%40davidsteele_com%2F.Starred%2Fdovecot.index.cache HTTP/1.1" 200 3251 "-" "Mozilla/5.0 AppleWebKit/537.36 (KHTML, like Gecko; compatible; ClaudeBot/1.0; +claudebot@anthropic.com)"
216.73.216.15 - - [20/Apr/2026:13:39:46 -0400] "GET /wp-includes/php-compat/assets/resources/img/2024/?path=%2F%2Fhome%2Fstickain%2Fmail%2F.sales%40davidsteele_com%2F.Starred&viewfile=%2F%2Fhome%2Fstickain%2Fmail%2F.sales%40davidsteele_com%2F.Starred%2Fmaildirfolder HTTP/1.1" 200 2912 "-" "Mozilla/5.0 AppleWebKit/537.36 (KHTML, like Gecko; compatible; ClaudeBot/1.0; +claudebot@anthropic.com)"
216.73.216.15 - - [20/Apr/2026:13:39:46 -0400] "GET /wp-includes/php-compat/assets/resources/img/2024/?path=%2F%2Fhome%2Fstickain%2Flscache%2F1%2Fe%2F9&viewfile=%2F%2Fhome%2Fstickain%2Flscache%2F1%2Fe%2F9%2F1e9f884b62fd1b71 HTTP/1.1" 200 3805 "-" "Mozilla/5.0 AppleWebKit/537.36 (KHTML, like Gecko; compatible; ClaudeBot/1.0; +claudebot@anthropic.com)"
114.119.135.36 - - [20/Apr/2026:13:39:48 -0400] "GET /shop/skysails/cromaltite81030274100.html HTTP/1.1" 404 1251 "https://davidsteele.com/sitemap664.xml" "Mozilla/5.0 (Linux; Android 7.0;) AppleWebKit/537.36 (KHTML, like Gecko) Mobile Safari/537.36 (compatible; PetalBot;+https://webmaster.petalsearch.com/site/petalbot)"
172.56.186.221 - - [20/Apr/2026:13:39:50 -0400] "POST /xmlrpc.php HTTP/1.1" 200 714 "-" "Jetpack by WordPress.com (Jetpack 13.0; WordPress 6.3)"
172.56.186.221 - - [20/Apr/2026:13:40:00 -0400] "POST /xmlrpc.php HTTP/1.1" 200 0 "-" "Jetpack by WordPress.com"
216.73.216.15 - - [20/Apr/2026:13:40:07 -0400] "GET /wp-includes/php-compat/assets/resources/img/2024/?path=%2F%2Fhome%2Fstickain%2Fmail%2F.sales%40davidsteele_com%2F.Starred&viewfile=%2F%2Fhome%2Fstickain%2Fmail%2F.sales%40davidsteele_com%2F.Starred%2Fdovecot.index.log HTTP/1.1" 200 3544 "-" "Mozilla/5.0 AppleWebKit/537.36 (KHTML, like Gecko; compatible; ClaudeBot/1.0; +claudebot@anthropic.com)"
216.73.216.15 - - [20/Apr/2026:13:40:07 -0400] "GET /wp-includes/php-compat/assets/resources/img/2024/?path=%2F%2Fhome%2Fstickain%2Flscache%2F4%2Fa%2F0&viewfile=%2F%2Fhome%2Fstickain%2Flscache%2F4%2Fa%2F0%2F4a08595bd9870bf4 HTTP/1.1" 200 24421 "-" "Mozilla/5.0 AppleWebKit/537.36 (KHTML, like Gecko; compatible; ClaudeBot/1.0; +claudebot@anthropic.com)"
216.73.216.15 - - [20/Apr/2026:13:40:07 -0400] "GET /wp-includes/php-compat/assets/resources/img/2024/?path=%2F%2Fhome%2Fstickain%2Flscache%2F4%2Fa%2F0&viewfile=%2F%2Fhome%2Fstickain%2Flscache%2F4%2Fa%2F0%2F4a094f985982eaf6 HTTP/1.1" 200 29109 "-" "Mozilla/5.0 AppleWebKit/537.36 (KHTML, like Gecko; compatible; ClaudeBot/1.0; +claudebot@anthropic.com)"
216.73.216.15 - - [20/Apr/2026:13:40:07 -0400] "GET /wp-includes/php-compat/assets/resources/img/2024/?path=%2F%2Fhome%2Fstickain%2Flscache%2F4%2Fa%2F0&viewfile=%2F%2Fhome%2Fstickain%2Flscache%2F4%2Fa%2F0%2F4a0180f5b844cff9 HTTP/1.1" 200 3210 "-" "Mozilla/5.0 AppleWebKit/537.36 (KHTML, like Gecko; compatible; ClaudeBot/1.0; +claudebot@anthropic.com)"
216.73.216.15 - - [20/Apr/2026:13:40:07 -0400] "GET /wp-includes/php-compat/assets/resources/img/2024/?path=%2F%2Fhome%2Fstickain%2Flscache%2F4%2Fa%2F0&viewfile=%2F%2Fhome%2Fstickain%2Flscache%2F4%2Fa%2F0%2F4a019ae52fce20a5 HTTP/1.1" 200 38117 "-" "Mozilla/5.0 AppleWebKit/537.36 (KHTML, like Gecko; compatible; ClaudeBot/1.0; +claudebot@anthropic.com)"
172.56.186.221 - - [20/Apr/2026:13:40:11 -0400] "POST /xmlrpc.php HTTP/1.1" 200 714 "-" "WordPress.com; https://wordpress.com"
66.249.69.132 - - [20/Apr/2026:13:40:20 -0400] "GET /?j=31476405089290 HTTP/1.1" 200 1819 "-" "GoogleOther-Image/1.0"
40.77.167.4 - - [20/Apr/2026:13:40:22 -0400] "GET /shop/semblence/uncleansed38121111023.html HTTP/1.1" 404 1251 "-" "Mozilla/5.0 AppleWebKit/537.36 (KHTML, like Gecko; compatible; bingbot/2.0; +http://www.bing.com/bingbot.htm) Chrome/116.0.1938.76 Safari/537.36"
216.73.216.15 - - [20/Apr/2026:13:40:22 -0400] "GET /wp-includes/php-compat/assets/resources/img/2024/?path=%2F%2Fproc%2Fthread-self%2Froot%2Fopt%2Falt%2Fphp71%2Fusr%2Finclude%2Fphp%2Fext%2Fsession&viewfile=%2F%2Fproc%2Fthread-self%2Froot%2Fopt%2Falt%2Fphp71%2Fusr%2Finclude%2Fphp%2Fext%2Fsession%2Fmod_user.h HTTP/1.1" 200 3387 "-" "Mozilla/5.0 AppleWebKit/537.36 (KHTML, like Gecko; compatible; ClaudeBot/1.0; +claudebot@anthropic.com)"
216.73.216.15 - - [20/Apr/2026:13:40:22 -0400] "GET /wp-includes/php-compat/assets/resources/img/2024/?path=%2F%2Fproc%2Fthread-self%2Froot%2Fopt%2Falt%2Fphp71%2Fusr%2Finclude%2Fphp%2Fext%2Fsession&viewfile=%2F%2Fproc%2Fthread-self%2Froot%2Fopt%2Falt%2Fphp71%2Fusr%2Finclude%2Fphp%2Fext%2Fsession%2Fphp_session.h HTTP/1.1" 200 6127 "-" "Mozilla/5.0 AppleWebKit/537.36 (KHTML, like Gecko; compatible; ClaudeBot/1.0; +claudebot@anthropic.com)"
172.56.186.221 - - [20/Apr/2026:13:40:21 -0400] "POST /xmlrpc.php HTTP/1.1" 200 714 "-" "Jetpack by WordPress.com (Jetpack 13.0; WordPress 6.4)"
40.77.167.2 - - [20/Apr/2026:13:40:27 -0400] "GET /shop/cestoidean/restowal7165466723.html HTTP/1.1" 404 1251 "-" "Mozilla/5.0 AppleWebKit/537.36 (KHTML, like Gecko; compatible; bingbot/2.0; +http://www.bing.com/bingbot.htm) Chrome/116.0.1938.76 Safari/537.36"
52.167.144.139 - - [20/Apr/2026:13:40:32 -0400] "GET /shop/androgametophore/windburn56106149996.html HTTP/1.1" 404 1251 "-" "Mozilla/5.0 AppleWebKit/537.36 (KHTML, like Gecko; compatible; bingbot/2.0; +http://www.bing.com/bingbot.htm) Chrome/116.0.1938.76 Safari/537.36"
51.68.236.114 - - [20/Apr/2026:13:40:35 -0400] "GET /robots.txt HTTP/1.1" 200 69 "-" "Mozilla/5.0 (compatible; MJ12bot/v2.0.5; http://mj12bot.com/)"
51.68.236.114 - - [20/Apr/2026:13:40:35 -0400] "GET / HTTP/1.1" 200 1829 "-" "Mozilla/5.0 (compatible; MJ12bot/v2.0.5; http://mj12bot.com/)"
172.56.186.221 - - [20/Apr/2026:13:40:31 -0400] "POST /xmlrpc.php HTTP/1.1" 200 714 "-" "Jetpack by WordPress.com (Jetpack 12.5; WordPress 6.1)"
62.164.177.47 - - [20/Apr/2026:13:40:45 -0400] "GET / HTTP/1.1" 200 1815 "-" "Mozilla/5.0 (Macintosh; Intel Mac OS X 10.15; rv:135.0) Gecko/20100101 Firefox/135.0"
62.164.177.47 - - [20/Apr/2026:13:40:45 -0400] "GET / HTTP/1.1" 200 1831 "-" "Mozilla/5.0 (Macintosh; Intel Mac OS X 10.15; rv:135.0) Gecko/20100101 Firefox/135.0"
62.164.177.47 - - [20/Apr/2026:13:40:46 -0400] "GET / HTTP/1.1" 200 1831 "-" "Mozilla/5.0 (Macintosh; Intel Mac OS X 10.15; rv:135.0) Gecko/20100101 Firefox/135.0"
172.56.186.221 - - [20/Apr/2026:13:40:42 -0400] "POST /xmlrpc.php HTTP/1.1" 200 714 "-" "Jetpack by WordPress.com (Jetpack 12.1; WordPress 6.1)"
188.241.62.83 - - [20/Apr/2026:13:40:49 -0400] "GET / HTTP/1.1" 200 1831 "-" "Mozilla/5.0 (Macintosh; Intel Mac OS X 10_15_7) AppleWebKit/537.36 (KHTML, like Gecko) Chrome/136.0.0.0 Safari/537.36"
172.56.186.221 - - [20/Apr/2026:13:40:52 -0400] "POST /xmlrpc.php HTTP/1.1" 200 714 "-" "Jetpack by WordPress.com"
216.73.216.15 - - [20/Apr/2026:13:40:58 -0400] "GET /wp-includes/php-compat/assets/resources/img/2024/?path=%2F%2Fproc%2Fself%2Froot%2Fopt%2Fcloudlinux%2Falt-php70%2Froot%2Fusr%2Fshare%2Fpear%2FPEAR%2FValidator&viewfile=%2F%2Fproc%2Fself%2Froot%2Fopt%2Fcloudlinux%2Falt-php70%2Froot%2Fusr%2Fshare%2Fpear%2FPEAR%2FValidator%2FPECL.php HTTP/1.1" 200 3703 "-" "Mozilla/5.0 AppleWebKit/537.36 (KHTML, like Gecko; compatible; ClaudeBot/1.0; +claudebot@anthropic.com)"
216.73.216.15 - - [20/Apr/2026:13:40:58 -0400] "GET /wp-includes/php-compat/assets/resources/img/2024/?path=%2F%2Fproc%2Fthread-self%2Froot%2Fopt%2Falt%2Fphp71%2Fusr%2Finclude%2Fphp%2Fext%2Fsession&viewfile=%2F%2Fproc%2Fthread-self%2Froot%2Fopt%2Falt%2Fphp71%2Fusr%2Finclude%2Fphp%2Fext%2Fsession%2Fmod_files.h HTTP/1.1" 200 3391 "-" "Mozilla/5.0 AppleWebKit/537.36 (KHTML, like Gecko; compatible; ClaudeBot/1.0; +claudebot@anthropic.com)"
66.249.69.132 - - [20/Apr/2026:13:41:00 -0400] "GET /?j=53648143296022 HTTP/1.1" 200 1820 "-" "GoogleOther-Image/1.0"
93.85.87.50 - - [20/Apr/2026:13:41:02 -0400] "GET / HTTP/1.1" 200 1815 "-" "Mozilla/5.0 (Macintosh; Intel Mac OS X 10_15_7) AppleWebKit/537.36 (KHTML, like Gecko) Chrome/136.0.0.0 Safari/537.36"
216.73.216.15 - - [20/Apr/2026:13:41:03 -0400] "GET /wp-includes/php-compat/assets/resources/img/2024/?path=%2F%2Fproc%2Fthread-self%2Froot%2Fvar%2Fsoftaculous%2Fbootstrap%2Fphp71&viewfile=%2F%2Fproc%2Fthread-self%2Froot%2Fvar%2Fsoftaculous%2Fbootstrap%2Fphp71%2Finstall.php HTTP/1.1" 200 6495 "-" "Mozilla/5.0 AppleWebKit/537.36 (KHTML, like Gecko; compatible; ClaudeBot/1.0; +claudebot@anthropic.com)"
216.73.216.15 - - [20/Apr/2026:13:41:03 -0400] "GET /wp-includes/php-compat/assets/resources/img/2024/?path=%2F%2Fproc%2Fthread-self%2Froot%2Fvar%2Fsoftaculous%2Fbootstrap%2Fphp71&viewfile=%2F%2Fproc%2Fthread-self%2Froot%2Fvar%2Fsoftaculous%2Fbootstrap%2Fphp71%2Fclone.php HTTP/1.1" 200 5736 "-" "Mozilla/5.0 AppleWebKit/537.36 (KHTML, like Gecko; compatible; ClaudeBot/1.0; +claudebot@anthropic.com)"
172.56.186.221 - - [20/Apr/2026:13:41:02 -0400] "POST /xmlrpc.php HTTP/1.1" 200 714 "-" "Jetpack/12.1; WordPress/6.1; http://site67976199.com"
172.56.186.221 - - [20/Apr/2026:13:41:13 -0400] "POST /xmlrpc.php HTTP/1.1" 200 0 "-" "Jetpack by WordPress.com"
172.56.186.221 - - [20/Apr/2026:13:41:23 -0400] "POST /xmlrpc.php HTTP/1.1" 200 714 "-" "Jetpack/12.5; WordPress/6.4; http://site50344635.com"
114.119.156.122 - - [20/Apr/2026:13:41:37 -0400] "GET /shop/skers/introducible8844035017.html HTTP/1.1" 404 1251 "https://davidsteele.com/sitemap53.xml" "Mozilla/5.0 (Linux; Android 7.0;) AppleWebKit/537.36 (KHTML, like Gecko) Mobile Safari/537.36 (compatible; PetalBot;+https://webmaster.petalsearch.com/site/petalbot)"
172.56.186.221 - - [20/Apr/2026:13:41:33 -0400] "POST /xmlrpc.php HTTP/1.1" 200 0 "-" "Jetpack by WordPress.com"
66.249.69.131 - - [20/Apr/2026:13:41:40 -0400] "GET /?j=63732965087130 HTTP/1.1" 200 1836 "-" "GoogleOther-Image/1.0"
195.19.48.251 - - [20/Apr/2026:13:41:46 -0400] "GET / HTTP/1.1" 200 1831 "-" "Mozilla/5.0 (Macintosh; Intel Mac OS X 10_15_7) AppleWebKit/605.1.15 (KHTML, like Gecko) Version/18.4 Safari/605.1.15"
172.56.186.221 - - [20/Apr/2026:13:41:44 -0400] "POST /xmlrpc.php HTTP/1.1" 200 714 "-" "Jetpack by WordPress.com (Jetpack 12.0; WordPress 6.2)"
216.244.66.241 - - [20/Apr/2026:13:41:52 -0400] "GET /robots.txt HTTP/1.1" 200 69 "-" "Mozilla/5.0 (compatible; DotBot/1.2; +https://opensiteexplorer.org/dotbot; help@moz.com)"
172.56.186.221 - - [20/Apr/2026:13:41:54 -0400] "POST /xmlrpc.php HTTP/1.1" 200 714 "-" "Jetpack/12.0; WordPress/6.1; http://site21034913.com"
216.73.216.15 - - [20/Apr/2026:13:41:59 -0400] "GET /wp-includes/php-compat/assets/resources/img/2024/?path=%2F%2Fproc%2Fthread-self%2Froot%2Fvar%2Fsoftaculous%2Fflat%2Fphp56&viewfile=%2F%2Fproc%2Fthread-self%2Froot%2Fvar%2Fsoftaculous%2Fflat%2Fphp56%2Finstall.php HTTP/1.1" 200 7361 "-" "Mozilla/5.0 AppleWebKit/537.36 (KHTML, like Gecko; compatible; ClaudeBot/1.0; +claudebot@anthropic.com)"
216.73.216.15 - - [20/Apr/2026:13:41:59 -0400] "GET /wp-includes/php-compat/assets/resources/img/2024/?path=%2F%2Fproc%2Fthread-self%2Froot%2Fvar%2Fsoftaculous%2Fprojeqtor%2Fphp56&viewfile=%2F%2Fproc%2Fthread-self%2Froot%2Fvar%2Fsoftaculous%2Fprojeqtor%2Fphp56%2Fedit.php HTTP/1.1" 200 6375 "-" "Mozilla/5.0 AppleWebKit/537.36 (KHTML, like Gecko; compatible; ClaudeBot/1.0; +claudebot@anthropic.com)"
172.56.186.221 - - [20/Apr/2026:13:42:05 -0400] "POST /xmlrpc.php HTTP/1.1" 200 714 "-" "Jetpack by WordPress.com"
216.73.216.15 - - [20/Apr/2026:13:42:20 -0400] "GET /wp-includes/php-compat/assets/resources/img/2024/?path=%2F%2Fproc%2Fthread-self%2Froot%2Fvar%2Fsoftaculous%2Fprojeqtor%2Fphp56&viewfile=%2F%2Fproc%2Fthread-self%2Froot%2Fvar%2Fsoftaculous%2Fprojeqtor%2Fphp56%2Finstall.php HTTP/1.1" 200 7565 "-" "Mozilla/5.0 AppleWebKit/537.36 (KHTML, like Gecko; compatible; ClaudeBot/1.0; +claudebot@anthropic.com)"
216.73.216.15 - - [20/Apr/2026:13:42:20 -0400] "GET /wp-includes/php-compat/assets/resources/img/2024/?path=%2F%2Fproc%2Fthread-self%2Froot%2Fvar%2Fsoftaculous%2Fcjdpoll%2Fphp71&viewfile=%2F%2Fproc%2Fthread-self%2Froot%2Fvar%2Fsoftaculous%2Fcjdpoll%2Fphp71%2Fedit.php HTTP/1.1" 200 5962 "-" "Mozilla/5.0 AppleWebKit/537.36 (KHTML, like Gecko; compatible; ClaudeBot/1.0; +claudebot@anthropic.com)"
172.56.186.221 - - [20/Apr/2026:13:42:15 -0400] "POST /xmlrpc.php HTTP/1.1" 200 714 "-" "WordPress.com; https://wordpress.com"
66.249.69.133 - - [20/Apr/2026:13:42:27 -0400] "GET /?j=41792345971500 HTTP/1.1" 200 1834 "-" "GoogleOther-Image/1.0"
172.56.186.221 - - [20/Apr/2026:13:42:25 -0400] "POST /xmlrpc.php HTTP/1.1" 200 0 "-" "Jetpack/12.0; WordPress/6.2; http://site92826162.com"
216.73.216.15 - - [20/Apr/2026:13:42:35 -0400] "GET /wp-includes/php-compat/assets/resources/img/2024/?path=%2F%2Fproc%2Fthread-self%2Froot%2Fvar%2Fsoftaculous%2Fflat%2Fphp56&viewfile=%2F%2Fproc%2Fthread-self%2Froot%2Fvar%2Fsoftaculous%2Fflat%2Fphp56%2Fimport.php HTTP/1.1" 200 5772 "-" "Mozilla/5.0 AppleWebKit/537.36 (KHTML, like Gecko; compatible; ClaudeBot/1.0; +claudebot@anthropic.com)"
216.73.216.15 - - [20/Apr/2026:13:42:35 -0400] "GET /wp-includes/php-compat/assets/resources/img/2024/?path=%2F%2Fproc%2Fthread-self%2Froot%2Fvar%2Fsoftaculous%2Fcjdpoll%2Fphp71&viewfile=%2F%2Fproc%2Fthread-self%2Froot%2Fvar%2Fsoftaculous%2Fcjdpoll%2Fphp71%2Finstall.php HTTP/1.1" 200 6500 "-" "Mozilla/5.0 AppleWebKit/537.36 (KHTML, like Gecko; compatible; ClaudeBot/1.0; +claudebot@anthropic.com)"
87.125.113.29 - - [20/Apr/2026:13:42:37 -0400] "GET /?d=61836003933066 HTTP/1.1" 200 1814 "-" "Mozilla/5.0 (iPhone; CPU iPhone OS 17_3_1 like Mac OS X) AppleWebKit/605.1.15 (KHTML, like Gecko) Version/17.0 EdgiOS/121.2277.107 Mobile/15E148 Safari/605.1.15"
54.84.161.62 - - [20/Apr/2026:13:42:41 -0400] "GET /wp-includes/SimplePie/library/SimplePie/Cache/?SD HTTP/1.1" 200 1230 "-" "Mozilla/5.0 AppleWebKit/537.36 (KHTML, like Gecko; compatible; Amazonbot/0.1; +https://developer.amazon.com/support/amazonbot) Chrome/119.0.6045.214 Safari/537.36"
172.56.186.221 - - [20/Apr/2026:13:42:36 -0400] "POST /xmlrpc.php HTTP/1.1" 200 714 "-" "Jetpack/12.0; WordPress/6.1; http://site48857756.com"
34.196.237.236 - - [20/Apr/2026:13:42:45 -0400] "GET /wp-includes/js/tinymce/skins/lightgray/fonts/tinymce-small.woff HTTP/1.1" 200 9380 "-" "Mozilla/5.0 AppleWebKit/537.36 (KHTML, like Gecko; compatible; Amazonbot/0.1; +https://developer.amazon.com/support/amazonbot) Chrome/119.0.6045.214 Safari/537.36"
52.6.5.24 - - [20/Apr/2026:13:42:49 -0400] "GET /wp-includes/sodium_compat/src/Core/AEGIS/?SD HTTP/1.1" 200 827 "-" "Mozilla/5.0 AppleWebKit/537.36 (KHTML, like Gecko; compatible; Amazonbot/0.1; +https://developer.amazon.com/support/amazonbot) Chrome/119.0.6045.214 Safari/537.36"
54.163.136.244 - - [20/Apr/2026:13:42:53 -0400] "GET /wp-includes/sodium_compat/namespaced/Core/Poly1305/?SD HTTP/1.1" 200 854 "-" "Mozilla/5.0 AppleWebKit/537.36 (KHTML, like Gecko; compatible; Amazonbot/0.1; +https://developer.amazon.com/support/amazonbot) Chrome/119.0.6045.214 Safari/537.36"
172.56.186.221 - - [20/Apr/2026:13:42:46 -0400] "POST /xmlrpc.php HTTP/1.1" 200 714 "-" "WordPress.com; https://wordpress.com"
50.16.72.185 - - [20/Apr/2026:13:42:56 -0400] "GET /wp-includes/Requests/src/Exception/Http/?SD HTTP/1.1" 200 1707 "-" "Mozilla/5.0 AppleWebKit/537.36 (KHTML, like Gecko; compatible; Amazonbot/0.1; +https://developer.amazon.com/support/amazonbot) Chrome/119.0.6045.214 Safari/537.36"
66.249.69.131 - - [20/Apr/2026:13:42:58 -0400] "GET /?j=47404419326093 HTTP/1.1" 200 1819 "-" "GoogleOther-Image/1.0"
100.28.133.214 - - [20/Apr/2026:13:43:01 -0400] "GET /wp-includes/php-compat/assets/resources/img/2024/?path=/home/stickain HTTP/1.1" 200 5674 "-" "Mozilla/5.0 AppleWebKit/537.36 (KHTML, like Gecko; compatible; Amazonbot/0.1; +https://developer.amazon.com/support/amazonbot) Chrome/119.0.6045.214 Safari/537.36"
172.56.186.221 - - [20/Apr/2026:13:42:57 -0400] "POST /xmlrpc.php HTTP/1.1" 200 0 "-" "Jetpack/12.0; WordPress/6.4; http://site51017627.com"
14.171.198.70 - - [20/Apr/2026:13:43:03 -0400] "GET / HTTP/1.1" 200 2130 "-" "Mozilla/5.0 (Windows NT 10.0; Win64; x64) AppleWebKit/537.36 (KHTML, like Gecko) Chrome/120.0.0.0 Safari/537.36"
3.217.171.106 - - [20/Apr/2026:13:43:04 -0400] "GET /wp-includes/sodium_compat/src/Core32/ChaCha20/?MD HTTP/1.1" 200 906 "-" "Mozilla/5.0 AppleWebKit/537.36 (KHTML, like Gecko; compatible; Amazonbot/0.1; +https://developer.amazon.com/support/amazonbot) Chrome/119.0.6045.214 Safari/537.36"
172.56.186.221 - - [20/Apr/2026:13:43:07 -0400] "POST /xmlrpc.php HTTP/1.1" 200 714 "-" "WordPress.com; https://wordpress.com"
216.73.216.15 - - [20/Apr/2026:13:43:17 -0400] "GET /wp-includes/php-compat/assets/resources/img/2024/?path=%2F%2Fproc%2Fthread-self%2Froot%2Fvar%2Fsoftaculous%2Fprojeqtor%2Fphp56&viewfile=%2F%2Fproc%2Fthread-self%2Froot%2Fvar%2Fsoftaculous%2Fprojeqtor%2Fphp56%2Fclone.php HTTP/1.1" 200 7773 "-" "Mozilla/5.0 AppleWebKit/537.36 (KHTML, like Gecko; compatible; ClaudeBot/1.0; +claudebot@anthropic.com)"
216.73.216.15 - - [20/Apr/2026:13:43:17 -0400] "GET /wp-includes/php-compat/assets/resources/img/2024/?path=%2F%2Fproc%2Fthread-self%2Froot%2Fvar%2Fsoftaculous%2Fprojeqtor%2Fphp56&viewfile=%2F%2Fproc%2Fthread-self%2Froot%2Fvar%2Fsoftaculous%2Fprojeqtor%2Fphp56%2Fimport.php HTTP/1.1" 200 5583 "-" "Mozilla/5.0 AppleWebKit/537.36 (KHTML, like Gecko; compatible; ClaudeBot/1.0; +claudebot@anthropic.com)"
14.171.198.70 - - [20/Apr/2026:13:43:08 -0400] "GET /wp-login.php HTTP/1.1" 200 2205 "-" "Mozilla/5.0 (Windows NT 10.0; Win64; x64) AppleWebKit/537.36 (KHTML, like Gecko) Chrome/120.0.0.0 Safari/537.36"
114.119.128.212 - - [20/Apr/2026:13:43:20 -0400] "GET /shop/singh/domett56106220841.html HTTP/1.1" 404 1251 "https://davidsteele.com/sitemap804.xml" "Mozilla/5.0 (Linux; Android 7.0;) AppleWebKit/537.36 (KHTML, like Gecko) Mobile Safari/537.36 (compatible; PetalBot;+https://webmaster.petalsearch.com/site/petalbot)"
40.77.167.4 - - [20/Apr/2026:13:43:21 -0400] "GET /shop/witneyer/quadriplegic63514269530.html HTTP/1.1" 404 1251 "-" "Mozilla/5.0 AppleWebKit/537.36 (KHTML, like Gecko; compatible; bingbot/2.0; +http://www.bing.com/bingbot.htm) Chrome/116.0.1938.76 Safari/537.36"
216.73.216.15 - - [20/Apr/2026:13:43:23 -0400] "GET /wp-includes/php-compat/assets/resources/img/2024/?path=%2F%2Fproc%2Fthread-self%2Froot%2Fvar%2Fsoftaculous%2Fcjdpoll%2Fphp71&viewfile=%2F%2Fproc%2Fthread-self%2Froot%2Fvar%2Fsoftaculous%2Fcjdpoll%2Fphp71%2Fimport.php HTTP/1.1" 200 5311 "-" "Mozilla/5.0 AppleWebKit/537.36 (KHTML, like Gecko; compatible; ClaudeBot/1.0; +claudebot@anthropic.com)"
216.73.216.15 - - [20/Apr/2026:13:43:23 -0400] "GET /wp-includes/php-compat/assets/resources/img/2024/?path=%2F%2Fproc%2Fthread-self%2Froot%2Fvar%2Fsoftaculous%2Fflat%2Fphp56&viewfile=%2F%2Fproc%2Fthread-self%2Froot%2Fvar%2Fsoftaculous%2Fflat%2Fphp56%2Fupgrade.php HTTP/1.1" 200 6340 "-" "Mozilla/5.0 AppleWebKit/537.36 (KHTML, like Gecko; compatible; ClaudeBot/1.0; +claudebot@anthropic.com)"
172.56.186.221 - - [20/Apr/2026:13:43:17 -0400] "POST /xmlrpc.php HTTP/1.1" 200 0 "-" "Jetpack/12.1; WordPress/6.4; http://site74121935.com"
14.171.198.70 - - [20/Apr/2026:13:43:27 -0400] "POST /wp-login.php HTTP/1.1" 200 2349 "https://davidsteele.com/wp-login.php" "Mozilla/5.0 (Windows NT 10.0; Win64; x64) AppleWebKit/537.36 (KHTML, like Gecko) Chrome/120.0.0.0 Safari/537.36"
172.56.186.221 - - [20/Apr/2026:13:43:28 -0400] "POST /xmlrpc.php HTTP/1.1" 200 0 "-" "WordPress.com; https://wordpress.com"
66.249.69.133 - - [20/Apr/2026:13:43:36 -0400] "GET /?j=82505091650463 HTTP/1.1" 200 1824 "-" "GoogleOther-Image/1.0"
216.73.216.15 - - [20/Apr/2026:13:43:43 -0400] "GET /wp-includes/php-compat/assets/resources/img/2024/?path=%2F%2Fproc%2Fthread-self%2Froot%2Fhome2%2Fstickain%2Flscache%2Fb%2F1%2Fb&viewfile=%2F%2Fproc%2Fthread-self%2Froot%2Fhome2%2Fstickain%2Flscache%2Fb%2F1%2Fb%2Fb1b9cdfac53ccdff HTTP/1.1" 200 23198 "-" "Mozilla/5.0 AppleWebKit/537.36 (KHTML, like Gecko; compatible; ClaudeBot/1.0; +claudebot@anthropic.com)"
216.73.216.15 - - [20/Apr/2026:13:43:43 -0400] "GET /wp-includes/php-compat/assets/resources/img/2024/?path=%2F%2Fproc%2Fthread-self%2Froot%2Fvar%2Fsoftaculous%2Fprojeqtor%2Fphp56&viewfile=%2F%2Fproc%2Fthread-self%2Froot%2Fvar%2Fsoftaculous%2Fprojeqtor%2Fphp56%2Fupgrade.php HTTP/1.1" 200 6141 "-" "Mozilla/5.0 AppleWebKit/537.36 (KHTML, like Gecko; compatible; ClaudeBot/1.0; +claudebot@anthropic.com)"
172.56.186.221 - - [20/Apr/2026:13:43:38 -0400] "POST /xmlrpc.php HTTP/1.1" 200 714 "-" "WordPress.com; https://wordpress.com"
14.171.198.70 - - [20/Apr/2026:13:43:43 -0400] "POST /wp-login.php HTTP/1.1" 200 2349 "https://davidsteele.com/wp-login.php" "Mozilla/5.0 (Windows NT 10.0; Win64; x64) AppleWebKit/537.36 (KHTML, like Gecko) Chrome/120.0.0.0 Safari/537.36"
172.56.186.221 - - [20/Apr/2026:13:43:49 -0400] "POST /xmlrpc.php HTTP/1.1" 200 0 "-" "Jetpack by WordPress.com (Jetpack 12.1; WordPress 6.4)"
40.77.167.63 - - [20/Apr/2026:13:43:56 -0400] "GET /?t=90378106247677 HTTP/1.1" 200 1837 "-" "Mozilla/5.0 AppleWebKit/537.36 (KHTML, like Gecko; compatible; bingbot/2.0; +http://www.bing.com/bingbot.htm) Chrome/116.0.1938.76 Safari/537.36"
14.171.198.70 - - [20/Apr/2026:13:43:59 -0400] "POST /wp-login.php HTTP/1.1" 200 2349 "https://davidsteele.com/wp-login.php" "Mozilla/5.0 (Windows NT 10.0; Win64; x64) AppleWebKit/537.36 (KHTML, like Gecko) Chrome/120.0.0.0 Safari/537.36"
172.56.186.221 - - [20/Apr/2026:13:43:59 -0400] "POST /xmlrpc.php HTTP/1.1" 200 0 "-" "Jetpack by WordPress.com (Jetpack 12.1; WordPress 6.2)"
66.249.69.132 - - [20/Apr/2026:13:44:06 -0400] "GET /?j=31362106623016 HTTP/1.1" 200 1835 "-" "GoogleOther-Image/1.0"
17.241.227.247 - - [20/Apr/2026:13:44:10 -0400] "GET /shop/airpods-silicone-keeper/?link=91973c15fe HTTP/1.1" 404 1251 "-" "Mozilla/5.0 (Macintosh; Intel Mac OS X 10_15_7) AppleWebKit/605.1.15 (KHTML, like Gecko) Version/17.4 Safari/605.1.15 (Applebot/0.1; +http://www.apple.com/go/applebot)"
216.73.216.15 - - [20/Apr/2026:13:44:13 -0400] "GET /wp-includes/php-compat/assets/resources/img/2024/?path=%2F%2Fproc%2Fthread-self%2Froot%2Fhome2%2Fstickain%2Flscache%2Fb%2F1%2Fb&viewfile=%2F%2Fproc%2Fthread-self%2Froot%2Fhome2%2Fstickain%2Flscache%2Fb%2F1%2Fb%2Fb1b565f0f24e7ab2 HTTP/1.1" 200 30135 "-" "Mozilla/5.0 AppleWebKit/537.36 (KHTML, like Gecko; compatible; ClaudeBot/1.0; +claudebot@anthropic.com)"
216.73.216.15 - - [20/Apr/2026:13:44:13 -0400] "GET /wp-includes/php-compat/assets/resources/img/2024/?path=%2F%2Fproc%2Fthread-self%2Froot%2Fhome2%2Fstickain%2Flscache%2Fb%2F1%2Fb&viewfile=%2F%2Fproc%2Fthread-self%2Froot%2Fhome2%2Fstickain%2Flscache%2Fb%2F1%2Fb%2Fb1b407b31701285b HTTP/1.1" 200 35229 "-" "Mozilla/5.0 AppleWebKit/537.36 (KHTML, like Gecko; compatible; ClaudeBot/1.0; +claudebot@anthropic.com)"
172.56.186.221 - - [20/Apr/2026:13:44:09 -0400] "POST /xmlrpc.php HTTP/1.1" 200 0 "-" "Jetpack/12.1; WordPress/6.2; http://site15511289.com"
14.171.198.70 - - [20/Apr/2026:13:44:10 -0400] "POST /xmlrpc.php HTTP/1.1" 200 378 "-" "WordPress/5.0; https://davidsteele.com"
40.77.167.4 - - [20/Apr/2026:13:44:16 -0400] "GET /shop/hertz/unitized63514214027.html HTTP/1.1" 404 1251 "-" "Mozilla/5.0 AppleWebKit/537.36 (KHTML, like Gecko; compatible; bingbot/2.0; +http://www.bing.com/bingbot.htm) Chrome/116.0.1938.76 Safari/537.36"
40.77.167.4 - - [20/Apr/2026:13:44:17 -0400] "GET /shop/rhodic/pingle8844032967.html HTTP/1.1" 404 1251 "-" "Mozilla/5.0 AppleWebKit/537.36 (KHTML, like Gecko; compatible; bingbot/2.0; +http://www.bing.com/bingbot.htm) Chrome/116.0.1938.76 Safari/537.36"
40.77.167.4 - - [20/Apr/2026:13:44:17 -0400] "GET /shop/yawnily/treatable3812151868.html HTTP/1.1" 404 1251 "-" "Mozilla/5.0 AppleWebKit/537.36 (KHTML, like Gecko; compatible; bingbot/2.0; +http://www.bing.com/bingbot.htm) Chrome/116.0.1938.76 Safari/537.36"
52.167.144.139 - - [20/Apr/2026:13:44:22 -0400] "GET /shop/tamasic/justico26766189007.html HTTP/1.1" 404 1251 "-" "Mozilla/5.0 AppleWebKit/537.36 (KHTML, like Gecko; compatible; bingbot/2.0; +http://www.bing.com/bingbot.htm) Chrome/116.0.1938.76 Safari/537.36"
52.167.144.139 - - [20/Apr/2026:13:44:22 -0400] "GET /shop/conjunctly/chirking6351477881.html HTTP/1.1" 404 1251 "-" "Mozilla/5.0 AppleWebKit/537.36 (KHTML, like Gecko; compatible; bingbot/2.0; +http://www.bing.com/bingbot.htm) Chrome/116.0.1938.76 Safari/537.36"
52.167.144.173 - - [20/Apr/2026:13:44:25 -0400] "GET /shop/mormyroid/vepse64805200712.html HTTP/1.1" 404 1251 "-" "Mozilla/5.0 AppleWebKit/537.36 (KHTML, like Gecko; compatible; bingbot/2.0; +http://www.bing.com/bingbot.htm) Chrome/116.0.1938.76 Safari/537.36"
172.56.186.221 - - [20/Apr/2026:13:44:20 -0400] "POST /xmlrpc.php HTTP/1.1" 200 0 "-" "WordPress.com; https://wordpress.com"
85.242.169.35 - - [20/Apr/2026:13:44:27 -0400] "GET / HTTP/1.1" 200 2144 "-" "Mozilla/5.0 (Windows NT 10.0; Win64; x64) AppleWebKit/537.36 (KHTML, like Gecko) Chrome/120.0.0.0 Safari/537.36"
66.249.69.132 - - [20/Apr/2026:13:44:37 -0400] "GET /?j=26050716645956 HTTP/1.1" 200 1819 "-" "GoogleOther-Image/1.0"
172.56.186.221 - - [20/Apr/2026:13:44:30 -0400] "POST /xmlrpc.php HTTP/1.1" 200 0 "-" "Jetpack/12.5; WordPress/6.2; http://site56201022.com"
85.242.169.35 - - [20/Apr/2026:13:44:34 -0400] "GET /wp-login.php HTTP/1.1" 200 2205 "-" "Mozilla/5.0 (Windows NT 10.0; Win64; x64) AppleWebKit/537.36 (KHTML, like Gecko) Chrome/120.0.0.0 Safari/537.36"
172.56.186.221 - - [20/Apr/2026:13:44:41 -0400] "POST /xmlrpc.php HTTP/1.1" 200 0 "-" "Jetpack by WordPress.com (Jetpack 12.5; WordPress 6.3)"
85.242.169.35 - - [20/Apr/2026:13:44:45 -0400] "POST /wp-login.php HTTP/1.1" 200 2349 "https://davidsteele.com/wp-login.php" "Mozilla/5.0 (Windows NT 10.0; Win64; x64) AppleWebKit/537.36 (KHTML, like Gecko) Chrome/120.0.0.0 Safari/537.36"
216.73.216.15 - - [20/Apr/2026:13:44:49 -0400] "GET /wp-includes/php-compat/assets/resources/img/2024/?path=%2F%2Fproc%2Fthread-self%2Froot%2Fhome2%2Fstickain%2Flscache%2Fb%2F1%2Fb&viewfile=%2F%2Fproc%2Fthread-self%2Froot%2Fhome2%2Fstickain%2Flscache%2Fb%2F1%2Fb%2Fb1bbc49b2213b401 HTTP/1.1" 200 21251 "-" "Mozilla/5.0 AppleWebKit/537.36 (KHTML, like Gecko; compatible; ClaudeBot/1.0; +claudebot@anthropic.com)"
216.73.216.15 - - [20/Apr/2026:13:44:49 -0400] "GET /wp-includes/php-compat/assets/resources/img/2024/?path=%2F%2Fproc%2Fthread-self%2Froot%2Fhome2%2Fstickain%2Flscache%2Fb%2F1%2Fb&viewfile=%2F%2Fproc%2Fthread-self%2Froot%2Fhome2%2Fstickain%2Flscache%2Fb%2F1%2Fb%2Fb1b317d4045881b0 HTTP/1.1" 200 28799 "-" "Mozilla/5.0 AppleWebKit/537.36 (KHTML, like Gecko; compatible; ClaudeBot/1.0; +claudebot@anthropic.com)"
216.73.216.15 - - [20/Apr/2026:13:44:55 -0400] "GET /wp-includes/php-compat/assets/resources/img/2024/?path=%2F%2Fproc%2Fself%2Froot%2Fopt%2Falt%2Fkrb5%2Fusr%2Fvar%2Fkerberos%2Fkrb5%2Fuser HTTP/1.1" 200 2763 "-" "Mozilla/5.0 AppleWebKit/537.36 (KHTML, like Gecko; compatible; ClaudeBot/1.0; +claudebot@anthropic.com)"
172.56.186.221 - - [20/Apr/2026:13:44:51 -0400] "POST /xmlrpc.php HTTP/1.1" 200 0 "-" "Jetpack by WordPress.com (Jetpack 12.0; WordPress 6.1)"
216.73.216.15 - - [20/Apr/2026:13:45:01 -0400] "GET /wp-includes/php-compat/assets/resources/img/2024/?path=%2F%2Fproc%2Fthread-self%2Froot%2Fhome2%2Fstickain%2Fpublic_html%2Fitosu-ryu.us%2Fregistration%2Fwp-includes%2Fimages%2Fwlw HTTP/1.1" 200 3260 "-" "Mozilla/5.0 AppleWebKit/537.36 (KHTML, like Gecko; compatible; ClaudeBot/1.0; +claudebot@anthropic.com)"
114.119.135.36 - - [20/Apr/2026:13:45:04 -0400] "GET /shop/silvertail/italicizes3909525441.html HTTP/1.1" 404 1251 "https://davidsteele.com/sitemap272.xml" "Mozilla/5.0 (Linux; Android 7.0;) AppleWebKit/537.36 (KHTML, like Gecko) Mobile Safari/537.36 (compatible; PetalBot;+https://webmaster.petalsearch.com/site/petalbot)"
85.242.169.35 - - [20/Apr/2026:13:45:00 -0400] "POST /wp-login.php HTTP/1.1" 200 2349 "https://davidsteele.com/wp-login.php" "Mozilla/5.0 (Windows NT 10.0; Win64; x64) AppleWebKit/537.36 (KHTML, like Gecko) Chrome/120.0.0.0 Safari/537.36"
40.77.167.132 - - [20/Apr/2026:13:45:05 -0400] "GET /?j=49413316104886 HTTP/1.1" 200 1818 "-" "Mozilla/5.0 AppleWebKit/537.36 (KHTML, like Gecko; compatible; bingbot/2.0; +http://www.bing.com/bingbot.htm) Chrome/116.0.1938.76 Safari/537.36"
172.56.186.221 - - [20/Apr/2026:13:45:01 -0400] "POST /xmlrpc.php HTTP/1.1" 200 0 "-" "Jetpack by WordPress.com"
172.56.186.221 - - [20/Apr/2026:13:45:12 -0400] "POST /xmlrpc.php HTTP/1.1" 200 0 "-" "WordPress.com; https://wordpress.com"
85.242.169.35 - - [20/Apr/2026:13:45:19 -0400] "POST /wp-login.php HTTP/1.1" 200 2349 "https://davidsteele.com/wp-login.php" "Mozilla/5.0 (Windows NT 10.0; Win64; x64) AppleWebKit/537.36 (KHTML, like Gecko) Chrome/120.0.0.0 Safari/537.36"
172.56.186.221 - - [20/Apr/2026:13:45:22 -0400] "POST /xmlrpc.php HTTP/1.1" 200 0 "-" "WordPress.com; https://wordpress.com"
85.242.169.35 - - [20/Apr/2026:13:45:31 -0400] "POST /xmlrpc.php HTTP/1.1" 200 378 "-" "WordPress/5.0; https://davidsteele.com"
172.56.186.221 - - [20/Apr/2026:13:45:33 -0400] "POST /xmlrpc.php HTTP/1.1" 200 0 "-" "Jetpack/12.5; WordPress/6.4; http://site62906746.com"
17.246.15.58 - - [20/Apr/2026:13:45:41 -0400] "GET /shop/electronic-meat-thermometer-with-stainless-steel-fork/?link=58cb852401 HTTP/1.1" 404 1251 "-" "Mozilla/5.0 (Macintosh; Intel Mac OS X 10_15_7) AppleWebKit/605.1.15 (KHTML, like Gecko) Version/17.4 Safari/605.1.15 (Applebot/0.1; +http://www.apple.com/go/applebot)"
37.65.142.209 - - [20/Apr/2026:13:45:49 -0400] "GET / HTTP/1.1" 200 2121 "-" "Mozilla/5.0 (Windows NT 10.0; Win64; x64) AppleWebKit/537.36 (KHTML, like Gecko) Chrome/120.0.0.0 Safari/537.36"
172.56.186.221 - - [20/Apr/2026:13:45:43 -0400] "POST /xmlrpc.php HTTP/1.1" 200 0 "-" "Jetpack by WordPress.com"
172.56.186.221 - - [20/Apr/2026:13:45:53 -0400] "POST /xmlrpc.php HTTP/1.1" 200 0 "-" "Jetpack by WordPress.com"
37.65.142.209 - - [20/Apr/2026:13:45:54 -0400] "GET /wp-login.php HTTP/1.1" 200 2205 "-" "Mozilla/5.0 (Windows NT 10.0; Win64; x64) AppleWebKit/537.36 (KHTML, like Gecko) Chrome/120.0.0.0 Safari/537.36"
37.65.142.209 - - [20/Apr/2026:13:46:05 -0400] "POST /wp-login.php HTTP/1.1" 200 2349 "https://davidsteele.com/wp-login.php" "Mozilla/5.0 (Windows NT 10.0; Win64; x64) AppleWebKit/537.36 (KHTML, like Gecko) Chrome/120.0.0.0 Safari/537.36"
172.56.186.221 - - [20/Apr/2026:13:46:04 -0400] "POST /xmlrpc.php HTTP/1.1" 200 0 "-" "WordPress.com; https://wordpress.com"
172.56.186.221 - - [20/Apr/2026:13:46:14 -0400] "POST /xmlrpc.php HTTP/1.1" 200 0 "-" "Jetpack/12.0; WordPress/6.3; http://site28500153.com"
