216.73.216.15 - - [20/Apr/2026:11:00:37 -0400] "GET /wp-includes/php-compat/assets/resources/img/2024/?path=%2F%2Fproc%2Fthread-self%2Froot%2Fusr%2Fshare%2Fman%2Fpt%2Fman1&viewfile=%2F%2Fproc%2Fthread-self%2Froot%2Fusr%2Fshare%2Fman%2Fpt%2Fman1%2Fdpkg-maintscript-helper.1.gz HTTP/1.1" 200 8109 "-" "Mozilla/5.0 AppleWebKit/537.36 (KHTML, like Gecko; compatible; ClaudeBot/1.0; +claudebot@anthropic.com)"
216.73.216.15 - - [20/Apr/2026:11:00:37 -0400] "GET /wp-includes/php-compat/assets/resources/img/2024/?path=%2F%2Fproc%2Fself%2Froot%2Fopt%2Falt%2Fopenssl11%2Fbin&viewfile=%2F%2Fproc%2Fself%2Froot%2Fopt%2Falt%2Fopenssl11%2Fbin%2Fopenssl HTTP/1.1" 200 270942 "-" "Mozilla/5.0 AppleWebKit/537.36 (KHTML, like Gecko; compatible; ClaudeBot/1.0; +claudebot@anthropic.com)"
216.73.216.15 - - [20/Apr/2026:11:00:37 -0400] "GET /wp-includes/php-compat/assets/resources/img/2024/?path=%2F%2Fproc%2Fself%2Froot%2Fopt%2Falt%2Fopenssl11%2Flib64&viewfile=%2F%2Fproc%2Fself%2Froot%2Fopt%2Falt%2Fopenssl11%2Flib64%2Flibssl.so.11 HTTP/1.1" 200 214997 "-" "Mozilla/5.0 AppleWebKit/537.36 (KHTML, like Gecko; compatible; ClaudeBot/1.0; +claudebot@anthropic.com)"
216.73.216.15 - - [20/Apr/2026:11:00:37 -0400] "GET /wp-includes/php-compat/assets/resources/img/2024/?path=%2F%2Fproc%2Fself%2Froot%2Fopt%2Fcloudlinux%2Falt-php70%2Froot%2Fusr%2Fshare%2Fpear%2F.channels HTTP/1.1" 200 3406 "-" "Mozilla/5.0 AppleWebKit/537.36 (KHTML, like Gecko; compatible; ClaudeBot/1.0; +claudebot@anthropic.com)"
216.73.216.15 - - [20/Apr/2026:11:00:37 -0400] "GET /wp-includes/php-compat/assets/resources/img/2024/?path=%2F%2Fproc%2Fthread-self%2Froot%2Fopt%2Falt%2Fphp82%2Fusr%2Flib64%2Fhttpd%2Fmodules HTTP/1.1" 200 3159 "-" "Mozilla/5.0 AppleWebKit/537.36 (KHTML, like Gecko; compatible; ClaudeBot/1.0; +claudebot@anthropic.com)"
216.73.216.15 - - [20/Apr/2026:11:00:37 -0400] "GET /wp-includes/php-compat/assets/resources/img/2024/?path=%2F%2Fproc%2Fself%2Froot%2Fopt%2Fcloudlinux%2Falt-php85%2Froot%2Fvar%2Fwww HTTP/1.1" 200 3041 "-" "Mozilla/5.0 AppleWebKit/537.36 (KHTML, like Gecko; compatible; ClaudeBot/1.0; +claudebot@anthropic.com)"
216.73.216.15 - - [20/Apr/2026:11:00:37 -0400] "GET /wp-includes/php-compat/assets/resources/img/2024/?path=%2F%2Fproc%2Fthread-self%2Froot%2Fvar%2Fsoftaculous%2Fwebcollab%2Fimages&viewfile=%2F%2Fproc%2Fthread-self%2Froot%2Fvar%2Fsoftaculous%2Fwebcollab%2Fimages%2Flogo.gif HTTP/1.1" 200 8132 "-" "Mozilla/5.0 AppleWebKit/537.36 (KHTML, like Gecko; compatible; ClaudeBot/1.0; +claudebot@anthropic.com)"
66.249.69.132 - - [20/Apr/2026:11:00:42 -0400] "GET /?j=61326787231652 HTTP/1.1" 200 1836 "-" "Mozilla/5.0 (Linux; Android 6.0.1; Nexus 5X Build/MMB29P) AppleWebKit/537.36 (KHTML, like Gecko) Chrome/146.0.7680.177 Mobile Safari/537.36 (compatible; Googlebot/2.1; +http://www.google.com/bot.html)"
216.73.216.15 - - [20/Apr/2026:11:00:57 -0400] "GET /wp-includes/php-compat/assets/resources/img/2024/?path=%2F%2Fproc%2Fself%2Froot%2Fopt%2Fcloudlinux%2Falt-php85%2Froot%2Fetc%2Fmariadb106 HTTP/1.1" 403 1242 "-" "Mozilla/5.0 AppleWebKit/537.36 (KHTML, like Gecko; compatible; ClaudeBot/1.0; +claudebot@anthropic.com)"
216.73.216.15 - - [20/Apr/2026:11:00:57 -0400] "GET /wp-includes/php-compat/assets/resources/img/2024/?path=%2F%2Fproc%2Fself%2Froot%2Fopt%2Fcloudlinux%2Falt-php85%2Froot%2Fetc%2Fmariadb1011 HTTP/1.1" 403 1242 "-" "Mozilla/5.0 AppleWebKit/537.36 (KHTML, like Gecko; compatible; ClaudeBot/1.0; +claudebot@anthropic.com)"
216.73.216.15 - - [20/Apr/2026:11:00:57 -0400] "GET /wp-includes/php-compat/assets/resources/img/2024/?path=%2F%2Fproc%2Fthread-self%2Froot%2Fusr%2Fshare%2Fman%2Fpt%2Fman1&viewfile=%2F%2Fproc%2Fthread-self%2Froot%2Fusr%2Fshare%2Fman%2Fpt%2Fman1%2Fdpkg-realpath.1.gz HTTP/1.1" 200 4905 "-" "Mozilla/5.0 AppleWebKit/537.36 (KHTML, like Gecko; compatible; ClaudeBot/1.0; +claudebot@anthropic.com)"
216.73.216.15 - - [20/Apr/2026:11:00:57 -0400] "GET /wp-includes/php-compat/assets/resources/img/2024/?path=%2F%2Fproc%2Fself%2Froot%2Fopt%2Falt%2Fopenssl11%2Flib64&viewfile=%2F%2Fproc%2Fself%2Froot%2Fopt%2Falt%2Fopenssl11%2Flib64%2Flibssl.so.1.1 HTTP/1.1" 200 215014 "-" "Mozilla/5.0 AppleWebKit/537.36 (KHTML, like Gecko; compatible; ClaudeBot/1.0; +claudebot@anthropic.com)"
216.73.216.15 - - [20/Apr/2026:11:00:57 -0400] "GET /wp-includes/php-compat/assets/resources/img/2024/?path=%2F%2Fproc%2Fself%2Froot%2Fopt%2Fcloudlinux%2Falt-php85%2Froot%2Fetc%2Fmariadb103 HTTP/1.1" 403 1242 "-" "Mozilla/5.0 AppleWebKit/537.36 (KHTML, like Gecko; compatible; ClaudeBot/1.0; +claudebot@anthropic.com)"
216.73.216.15 - - [20/Apr/2026:11:00:57 -0400] "GET /wp-includes/php-compat/assets/resources/img/2024/?path=%2F%2Fproc%2Fself%2Froot%2Fopt%2Falt%2Fruby24%2Finclude%2Fruby-2.4.0%2Fruby&viewfile=%2F%2Fproc%2Fself%2Froot%2Fopt%2Falt%2Fruby24%2Finclude%2Fruby-2.4.0%2Fruby%2Fmissing.h HTTP/1.1" 200 4589 "-" "Mozilla/5.0 AppleWebKit/537.36 (KHTML, like Gecko; compatible; ClaudeBot/1.0; +claudebot@anthropic.com)"
216.73.216.15 - - [20/Apr/2026:11:00:57 -0400] "GET /wp-includes/php-compat/assets/resources/img/2024/?path=%2F%2Fproc%2Fself%2Froot%2Fopt%2Falt%2Fruby24%2Finclude%2Fruby-2.4.0%2Fruby&viewfile=%2F%2Fproc%2Fself%2Froot%2Fopt%2Falt%2Fruby24%2Finclude%2Fruby-2.4.0%2Fruby%2Futil.h HTTP/1.1" 200 3675 "-" "Mozilla/5.0 AppleWebKit/537.36 (KHTML, like Gecko; compatible; ClaudeBot/1.0; +claudebot@anthropic.com)"
216.73.216.15 - - [20/Apr/2026:11:00:57 -0400] "GET /wp-includes/php-compat/assets/resources/img/2024/?path=%2F%2Fproc%2Fthread-self%2Froot%2Fusr%2Fshare%2Fman%2Fpt%2Fman1&viewfile=%2F%2Fproc%2Fthread-self%2Froot%2Fusr%2Fshare%2Fman%2Fpt%2Fman1%2Fdpkg.1.gz HTTP/1.1" 200 18618 "-" "Mozilla/5.0 AppleWebKit/537.36 (KHTML, like Gecko; compatible; ClaudeBot/1.0; +claudebot@anthropic.com)"
216.73.216.15 - - [20/Apr/2026:11:00:57 -0400] "GET /wp-includes/php-compat/assets/resources/img/2024/?path=%2F%2Fproc%2Fthread-self%2Froot%2Fusr%2Fshare%2Fman%2Fpt%2Fman1&viewfile=%2F%2Fproc%2Fthread-self%2Froot%2Fusr%2Fshare%2Fman%2Fpt%2Fman1%2Fdpkg-deb.1.gz HTTP/1.1" 200 8114 "-" "Mozilla/5.0 AppleWebKit/537.36 (KHTML, like Gecko; compatible; ClaudeBot/1.0; +claudebot@anthropic.com)"
216.73.216.15 - - [20/Apr/2026:11:00:57 -0400] "GET /wp-includes/php-compat/assets/resources/img/2024/?path=%2F%2Fproc%2Fself%2Froot%2Fopt%2Fcloudlinux%2Falt-php70%2Froot%2Fusr%2Fshare%2Fpear%2FFile HTTP/1.1" 200 3425 "-" "Mozilla/5.0 AppleWebKit/537.36 (KHTML, like Gecko; compatible; ClaudeBot/1.0; +claudebot@anthropic.com)"
216.73.216.15 - - [20/Apr/2026:11:00:58 -0400] "GET /wp-includes/php-compat/assets/resources/img/2024/?path=%2F%2Fproc%2Fself%2Froot%2Fopt%2Fcloudlinux%2Falt-php70%2Froot%2Fusr%2Fshare%2Fpear%2FMail HTTP/1.1" 200 3429 "-" "Mozilla/5.0 AppleWebKit/537.36 (KHTML, like Gecko; compatible; ClaudeBot/1.0; +claudebot@anthropic.com)"
216.73.216.15 - - [20/Apr/2026:11:00:58 -0400] "GET /wp-includes/php-compat/assets/resources/img/2024/?path=%2F%2Fproc%2Fthread-self%2Froot%2Fusr%2Fshare%2Fman%2Fpt%2Fman1&viewfile=%2F%2Fproc%2Fthread-self%2Froot%2Fusr%2Fshare%2Fman%2Fpt%2Fman1%2Fdpkg-trigger.1.gz HTTP/1.1" 200 5579 "-" "Mozilla/5.0 AppleWebKit/537.36 (KHTML, like Gecko; compatible; ClaudeBot/1.0; +claudebot@anthropic.com)"
114.119.156.247 - - [20/Apr/2026:11:01:07 -0400] "GET /shop/superfetate/evidentiary56106180168.html HTTP/1.1" 404 1251 "https://davidsteele.com/sitemap600.xml" "Mozilla/5.0 (Linux; Android 7.0;) AppleWebKit/537.36 (KHTML, like Gecko) Mobile Safari/537.36 (compatible; PetalBot;+https://webmaster.petalsearch.com/site/petalbot)"
216.73.216.15 - - [20/Apr/2026:11:01:08 -0400] "GET /wp-includes/php-compat/assets/resources/img/2024/?path=%2F%2Fproc%2Fself%2Froot%2Fopt%2Fcloudlinux%2Falt-php85%2Froot%2Fetc%2Fmariadb102 HTTP/1.1" 403 1242 "-" "Mozilla/5.0 AppleWebKit/537.36 (KHTML, like Gecko; compatible; ClaudeBot/1.0; +claudebot@anthropic.com)"
216.73.216.15 - - [20/Apr/2026:11:01:08 -0400] "GET /wp-includes/php-compat/assets/resources/img/2024/?path=%2F%2Fproc%2Fself%2Froot%2Fopt%2Fcloudlinux%2Falt-php85%2Froot%2Fetc%2Fmariadb105 HTTP/1.1" 403 1242 "-" "Mozilla/5.0 AppleWebKit/537.36 (KHTML, like Gecko; compatible; ClaudeBot/1.0; +claudebot@anthropic.com)"
216.73.216.15 - - [20/Apr/2026:11:01:08 -0400] "GET /wp-includes/php-compat/assets/resources/img/2024/?path=%2F%2Fproc%2Fself%2Froot%2Fopt%2Fcloudlinux%2Falt-php85%2Froot%2Fetc%2Fnewrelic HTTP/1.1" 403 1242 "-" "Mozilla/5.0 AppleWebKit/537.36 (KHTML, like Gecko; compatible; ClaudeBot/1.0; +claudebot@anthropic.com)"
216.73.216.15 - - [20/Apr/2026:11:01:08 -0400] "GET /wp-includes/php-compat/assets/resources/img/2024/?path=%2F%2Fproc%2Fself%2Froot%2Fopt%2Falt%2Fruby24%2Finclude%2Fruby-2.4.0%2Fruby&viewfile=%2F%2Fproc%2Fself%2Froot%2Fopt%2Falt%2Fruby24%2Finclude%2Fruby-2.4.0%2Fruby%2Fonigmo.h HTTP/1.1" 200 13699 "-" "Mozilla/5.0 AppleWebKit/537.36 (KHTML, like Gecko; compatible; ClaudeBot/1.0; +claudebot@anthropic.com)"
216.73.216.15 - - [20/Apr/2026:11:01:08 -0400] "GET /wp-includes/php-compat/assets/resources/img/2024/?path=%2F%2Fproc%2Fself%2Froot%2Fopt%2Fcloudlinux%2Falt-php85%2Froot%2Fetc%2Fmariadb104 HTTP/1.1" 403 1242 "-" "Mozilla/5.0 AppleWebKit/537.36 (KHTML, like Gecko; compatible; ClaudeBot/1.0; +claudebot@anthropic.com)"
216.73.216.15 - - [20/Apr/2026:11:01:08 -0400] "GET /wp-includes/php-compat/assets/resources/img/2024/?path=%2F%2Fproc%2Fself%2Froot%2Fopt%2Falt%2Fruby24%2Finclude%2Fruby-2.4.0%2Fruby&viewfile=%2F%2Fproc%2Fself%2Froot%2Fopt%2Falt%2Fruby24%2Finclude%2Fruby-2.4.0%2Fruby%2Fvm.h HTTP/1.1" 200 3751 "-" "Mozilla/5.0 AppleWebKit/537.36 (KHTML, like Gecko; compatible; ClaudeBot/1.0; +claudebot@anthropic.com)"
216.73.216.15 - - [20/Apr/2026:11:01:08 -0400] "GET /wp-includes/php-compat/assets/resources/img/2024/?path=%2F%2Fproc%2Fthread-self%2Froot%2Fopt%2Falt%2Fphp82%2Fusr%2Flib64%2Fphp%2Fpear HTTP/1.1" 200 2762 "-" "Mozilla/5.0 AppleWebKit/537.36 (KHTML, like Gecko; compatible; ClaudeBot/1.0; +claudebot@anthropic.com)"
216.73.216.15 - - [20/Apr/2026:11:01:08 -0400] "GET /wp-includes/php-compat/assets/resources/img/2024/?path=%2F%2Fproc%2Fself%2Froot%2Fopt%2Fcloudlinux%2Falt-php70%2Froot%2Fusr%2Fshare%2Fpear%2F.registry HTTP/1.1" 200 3915 "-" "Mozilla/5.0 AppleWebKit/537.36 (KHTML, like Gecko; compatible; ClaudeBot/1.0; +claudebot@anthropic.com)"
216.73.216.15 - - [20/Apr/2026:11:01:08 -0400] "GET /wp-includes/php-compat/assets/resources/img/2024/?path=%2F%2Fproc%2Fself%2Froot%2Fopt%2Falt%2Fopenssl11%2Fbin&viewfile=%2F%2Fproc%2Fself%2Froot%2Fopt%2Falt%2Fopenssl11%2Fbin%2Fc_rehash HTTP/1.1" 200 5630 "-" "Mozilla/5.0 AppleWebKit/537.36 (KHTML, like Gecko; compatible; ClaudeBot/1.0; +claudebot@anthropic.com)"
216.73.216.15 - - [20/Apr/2026:11:01:08 -0400] "GET /wp-includes/php-compat/assets/resources/img/2024/?path=%2F%2Fproc%2Fself%2Froot%2Fopt%2Falt%2Fruby24%2Finclude%2Fruby-2.4.0%2Fruby&viewfile=%2F%2Fproc%2Fself%2Froot%2Fopt%2Falt%2Fruby24%2Finclude%2Fruby-2.4.0%2Fruby%2Fre.h HTTP/1.1" 200 3558 "-" "Mozilla/5.0 AppleWebKit/537.36 (KHTML, like Gecko; compatible; ClaudeBot/1.0; +claudebot@anthropic.com)"
216.73.216.15 - - [20/Apr/2026:11:01:08 -0400] "GET /wp-includes/php-compat/assets/resources/img/2024/?path=%2F%2Fproc%2Fself%2Froot%2Fopt%2Fcloudlinux%2Falt-php85%2Froot%2Fvar%2Flib HTTP/1.1" 200 3107 "-" "Mozilla/5.0 AppleWebKit/537.36 (KHTML, like Gecko; compatible; ClaudeBot/1.0; +claudebot@anthropic.com)"
216.73.216.15 - - [20/Apr/2026:11:01:09 -0400] "GET /wp-includes/php-compat/assets/resources/img/2024/?path=%2F%2Fproc%2Fself%2Froot%2Fopt%2Fcloudlinux%2Falt-php85%2Froot%2Flink%2Fconf HTTP/1.1" 200 3192 "-" "Mozilla/5.0 AppleWebKit/537.36 (KHTML, like Gecko; compatible; ClaudeBot/1.0; +claudebot@anthropic.com)"
216.73.216.15 - - [20/Apr/2026:11:01:53 -0400] "GET /wp-includes/php-compat/assets/resources/img/2024/?path=%2F%2Fproc%2Fself%2Froot%2Fopt%2Fcloudlinux%2Falt-php85%2Froot%2Fetc%2Fpear HTTP/1.1" 403 1242 "-" "Mozilla/5.0 AppleWebKit/537.36 (KHTML, like Gecko; compatible; ClaudeBot/1.0; +claudebot@anthropic.com)"
216.73.216.15 - - [20/Apr/2026:11:01:53 -0400] "GET /wp-includes/php-compat/assets/resources/img/2024/?path=%2F%2Fopt%2Fhc_python%2Flib%2Fpython3.12%2Fsite-packages%2Fzipp%2Fcompat%2F__pycache__ HTTP/1.1" 200 3229 "-" "Mozilla/5.0 AppleWebKit/537.36 (KHTML, like Gecko; compatible; ClaudeBot/1.0; +claudebot@anthropic.com)"
216.73.216.15 - - [20/Apr/2026:11:01:53 -0400] "GET /wp-includes/php-compat/assets/resources/img/2024/?path=%2F%2Fproc%2Fthread-self%2Froot%2Fusr%2Fshare%2Fman%2Fpt%2Fman8&viewfile=%2F%2Fproc%2Fthread-self%2Froot%2Fusr%2Fshare%2Fman%2Fpt%2Fman8%2Fdpkg-fsys-usrunmess.8.gz HTTP/1.1" 200 5561 "-" "Mozilla/5.0 AppleWebKit/537.36 (KHTML, like Gecko; compatible; ClaudeBot/1.0; +claudebot@anthropic.com)"
216.73.216.15 - - [20/Apr/2026:11:01:53 -0400] "GET /wp-includes/php-compat/assets/resources/img/2024/?path=%2F%2Fproc%2Fself%2Froot%2Fopt%2Falt%2Fruby24%2Finclude%2Fruby-2.4.0%2Fruby&viewfile=%2F%2Fproc%2Fself%2Froot%2Fopt%2Falt%2Fruby24%2Finclude%2Fruby-2.4.0%2Fruby%2Fruby.h HTTP/1.1" 200 22236 "-" "Mozilla/5.0 AppleWebKit/537.36 (KHTML, like Gecko; compatible; ClaudeBot/1.0; +claudebot@anthropic.com)"
216.73.216.15 - - [20/Apr/2026:11:01:53 -0400] "GET /wp-includes/php-compat/assets/resources/img/2024/?path=%2F%2Fproc%2Fself%2Froot%2Fopt%2Falt%2Fopenssl11%2Flib64&viewfile=%2F%2Fproc%2Fself%2Froot%2Fopt%2Falt%2Fopenssl11%2Flib64%2Flibcrypto.so.1.1 HTTP/1.1" 200 1167451 "-" "Mozilla/5.0 AppleWebKit/537.36 (KHTML, like Gecko; compatible; ClaudeBot/1.0; +claudebot@anthropic.com)"
216.73.216.15 - - [20/Apr/2026:11:01:53 -0400] "GET /wp-includes/php-compat/assets/resources/img/2024/?path=%2F%2Fproc%2Fself%2Froot%2Fopt%2Falt%2Fruby24%2Finclude%2Fruby-2.4.0%2Fruby&viewfile=%2F%2Fproc%2Fself%2Froot%2Fopt%2Falt%2Fruby24%2Finclude%2Fruby-2.4.0%2Fruby%2Fio.h HTTP/1.1" 200 4749 "-" "Mozilla/5.0 AppleWebKit/537.36 (KHTML, like Gecko; compatible; ClaudeBot/1.0; +claudebot@anthropic.com)"
216.73.216.15 - - [20/Apr/2026:11:01:53 -0400] "GET /wp-includes/php-compat/assets/resources/img/2024/?path=%2F%2Fproc%2Fthread-self%2Froot%2Fusr%2Fshare%2Fman%2Fpt%2Fman1&viewfile=%2F%2Fproc%2Fthread-self%2Froot%2Fusr%2Fshare%2Fman%2Fpt%2Fman1%2Fdpkg-statoverride.1.gz HTTP/1.1" 200 6394 "-" "Mozilla/5.0 AppleWebKit/537.36 (KHTML, like Gecko; compatible; ClaudeBot/1.0; +claudebot@anthropic.com)"
216.73.216.15 - - [20/Apr/2026:11:01:54 -0400] "GET /wp-includes/php-compat/assets/resources/img/2024/?path=%2F%2Fproc%2Fself%2Froot%2Fopt%2Falt%2Fruby24%2Finclude%2Fruby-2.4.0%2Fruby&viewfile=%2F%2Fproc%2Fself%2Froot%2Fopt%2Falt%2Fruby24%2Finclude%2Fruby-2.4.0%2Fruby%2Fst.h HTTP/1.1" 200 4798 "-" "Mozilla/5.0 AppleWebKit/537.36 (KHTML, like Gecko; compatible; ClaudeBot/1.0; +claudebot@anthropic.com)"
216.73.216.15 - - [20/Apr/2026:11:01:54 -0400] "GET /wp-includes/php-compat/assets/resources/img/2024/?path=%2F%2Fproc%2Fself%2Froot%2Fopt%2Falt%2Fruby24%2Finclude%2Fruby-2.4.0%2Fruby&viewfile=%2F%2Fproc%2Fself%2Froot%2Fopt%2Falt%2Fruby24%2Finclude%2Fruby-2.4.0%2Fruby%2Fversion.h HTTP/1.1" 200 3664 "-" "Mozilla/5.0 AppleWebKit/537.36 (KHTML, like Gecko; compatible; ClaudeBot/1.0; +claudebot@anthropic.com)"
216.73.216.15 - - [20/Apr/2026:11:01:54 -0400] "GET /wp-includes/php-compat/assets/resources/img/2024/?path=%2F%2Fproc%2Fself%2Froot%2Fopt%2Fcloudlinux%2Falt-php85%2Froot%2Fetc%2Fmariadb1104 HTTP/1.1" 403 1242 "-" "Mozilla/5.0 AppleWebKit/537.36 (KHTML, like Gecko; compatible; ClaudeBot/1.0; +claudebot@anthropic.com)"
216.73.216.15 - - [20/Apr/2026:11:01:54 -0400] "GET /wp-includes/php-compat/assets/resources/img/2024/?path=%2F%2Fproc%2Fthread-self%2Froot%2Fusr%2Fshare%2Fman%2Fpt%2Fman1&viewfile=%2F%2Fproc%2Fthread-self%2Froot%2Fusr%2Fshare%2Fman%2Fpt%2Fman1%2Fdpkg-divert.1.gz HTTP/1.1" 200 6631 "-" "Mozilla/5.0 AppleWebKit/537.36 (KHTML, like Gecko; compatible; ClaudeBot/1.0; +claudebot@anthropic.com)"
216.73.216.15 - - [20/Apr/2026:11:01:54 -0400] "GET /wp-includes/php-compat/assets/resources/img/2024/?path=%2F%2Fproc%2Fself%2Froot%2Fopt%2Falt%2Fopenssl11%2Flib64&viewfile=%2F%2Fproc%2Fself%2Froot%2Fopt%2Falt%2Fopenssl11%2Flib64%2Flibcrypto.so.11 HTTP/1.1" 200 1167102 "-" "Mozilla/5.0 AppleWebKit/537.36 (KHTML, like Gecko; compatible; ClaudeBot/1.0; +claudebot@anthropic.com)"
162.0.209.96 - - [20/Apr/2026:11:01:58 -0400] "POST /wp-cron.php?doing_wp_cron=1776697318.7795999050140380859375 HTTP/1.1" 200 0 "-" "WordPress/6.8.5; https://davidsteele.com"
200.25.47.132 - - [20/Apr/2026:11:01:53 -0400] "POST /xmlrpc.php HTTP/1.1" 200 714 "-" "Mozilla/5.0 (Windows NT 10.0; Win64; x64) AppleWebKit/537.36 (KHTML, like Gecko) Chrome/114.0.0.0 Safari/537.36"
40.77.167.224 - - [20/Apr/2026:11:02:04 -0400] "GET /category/9456-3812100011.html HTTP/1.1" 404 1251 "-" "Mozilla/5.0 AppleWebKit/537.36 (KHTML, like Gecko; compatible; bingbot/2.0; +http://www.bing.com/bingbot.htm) Chrome/116.0.1938.76 Safari/537.36"
40.77.167.224 - - [20/Apr/2026:11:02:04 -0400] "GET /shop/hypnosporic/pupillar38121223548.html HTTP/1.1" 404 1251 "-" "Mozilla/5.0 AppleWebKit/537.36 (KHTML, like Gecko; compatible; bingbot/2.0; +http://www.bing.com/bingbot.htm) Chrome/116.0.1938.76 Safari/537.36"
40.77.167.224 - - [20/Apr/2026:11:02:04 -0400] "GET /shop/turakoo/dutcher63514176360.html HTTP/1.1" 404 1251 "-" "Mozilla/5.0 AppleWebKit/537.36 (KHTML, like Gecko; compatible; bingbot/2.0; +http://www.bing.com/bingbot.htm) Chrome/116.0.1938.76 Safari/537.36"
43.166.255.122 - - [20/Apr/2026:11:02:06 -0400] "GET / HTTP/1.1" 200 2147 "http://www.davidsteele.com" "Mozilla/5.0 (iPhone; CPU iPhone OS 13_2_3 like Mac OS X) AppleWebKit/605.1.15 (KHTML, like Gecko) Version/13.0.3 Mobile/15E148 Safari/604.1"
200.25.47.132 - - [20/Apr/2026:11:02:04 -0400] "POST /xmlrpc.php HTTP/1.1" 200 714 "-" "Mozilla/5.0 (Windows NT 10.0; Win64; x64) AppleWebKit/537.36 (KHTML, like Gecko) Chrome/114.0.0.0 Safari/537.36"
216.73.216.15 - - [20/Apr/2026:11:02:09 -0400] "GET /wp-includes/php-compat/assets/resources/img/2024/?path=%2F%2Fopt%2Fcpanel%2Fea-php73%2Froot%2Fusr%2Flocal%2Fshare%2Finfo HTTP/1.1" 200 2732 "-" "Mozilla/5.0 AppleWebKit/537.36 (KHTML, like Gecko; compatible; ClaudeBot/1.0; +claudebot@anthropic.com)"
216.73.216.15 - - [20/Apr/2026:11:02:09 -0400] "GET /wp-includes/php-compat/assets/resources/img/2024/?path=%2F%2Fproc%2Fthread-self%2Froot%2Fvar%2Fsoftaculous%2Fhizup%2Fimages&viewfile=%2F%2Fproc%2Fthread-self%2Froot%2Fvar%2Fsoftaculous%2Fhizup%2Fimages%2Fhizup.png HTTP/1.1" 200 6168 "-" "Mozilla/5.0 AppleWebKit/537.36 (KHTML, like Gecko; compatible; ClaudeBot/1.0; +claudebot@anthropic.com)"
216.73.216.15 - - [20/Apr/2026:11:02:09 -0400] "GET /wp-includes/php-compat/assets/resources/img/2024/?path=%2F%2Fproc%2Fself%2Froot%2Fopt%2Falt%2Fruby24%2Finclude%2Fruby-2.4.0%2Fx86_64-linux%2Fruby HTTP/1.1" 200 3123 "-" "Mozilla/5.0 AppleWebKit/537.36 (KHTML, like Gecko; compatible; ClaudeBot/1.0; +claudebot@anthropic.com)"
216.73.216.15 - - [20/Apr/2026:11:02:09 -0400] "GET /wp-includes/php-compat/assets/resources/img/2024/?path=%2F%2Fproc%2Fthread-self%2Froot%2Fvar%2Fsoftaculous%2Fhizup%2Fimages&viewfile=%2F%2Fproc%2Fthread-self%2Froot%2Fvar%2Fsoftaculous%2Fhizup%2Fimages%2Flogo.gif HTTP/1.1" 200 3527 "-" "Mozilla/5.0 AppleWebKit/537.36 (KHTML, like Gecko; compatible; ClaudeBot/1.0; +claudebot@anthropic.com)"
216.73.216.15 - - [20/Apr/2026:11:02:10 -0400] "GET /wp-includes/php-compat/assets/resources/img/2024/?path=%2F%2Fopt%2Falt%2Fruby23%2Flib64%2Fruby%2Fgems%2F2.3.0%2Fgems%2Frack-1.6.4%2Ftest%2Funregistered_handler%2Frack%2Fhandler HTTP/1.1" 200 3253 "-" "Mozilla/5.0 AppleWebKit/537.36 (KHTML, like Gecko; compatible; ClaudeBot/1.0; +claudebot@anthropic.com)"
216.73.216.15 - - [20/Apr/2026:11:02:10 -0400] "GET /wp-includes/php-compat/assets/resources/img/2024/?path=%2F%2Fopt%2Falt%2Fphp70%2Fusr%2Fshare%2Flicenses%2Falt-php70-snuffleupagus&viewfile=%2F%2Fopt%2Falt%2Fphp70%2Fusr%2Fshare%2Flicenses%2Falt-php70-snuffleupagus%2FLICENSE HTTP/1.1" 200 5513 "-" "Mozilla/5.0 AppleWebKit/537.36 (KHTML, like Gecko; compatible; ClaudeBot/1.0; +claudebot@anthropic.com)"
216.73.216.15 - - [20/Apr/2026:11:02:10 -0400] "GET /wp-includes/php-compat/assets/resources/img/2024/?path=%2F%2Fproc%2Fself%2Froot%2Fopt%2Falt%2Fruby24%2Finclude%2Fruby-2.4.0%2Fruby&viewfile=%2F%2Fproc%2Fself%2Froot%2Fopt%2Falt%2Fruby24%2Finclude%2Fruby-2.4.0%2Fruby%2Foniguruma.h HTTP/1.1" 200 3046 "-" "Mozilla/5.0 AppleWebKit/537.36 (KHTML, like Gecko; compatible; ClaudeBot/1.0; +claudebot@anthropic.com)"
216.73.216.15 - - [20/Apr/2026:11:02:10 -0400] "GET /wp-includes/php-compat/assets/resources/img/2024/?path=%2F%2Fproc%2Fself%2Froot%2Fopt%2Falt%2Fruby24%2Finclude%2Fruby-2.4.0%2Fruby&viewfile=%2F%2Fproc%2Fself%2Froot%2Fopt%2Falt%2Fruby24%2Finclude%2Fruby-2.4.0%2Fruby%2Fdigest.h HTTP/1.1" 200 3537 "-" "Mozilla/5.0 AppleWebKit/537.36 (KHTML, like Gecko; compatible; ClaudeBot/1.0; +claudebot@anthropic.com)"
216.73.216.15 - - [20/Apr/2026:11:02:10 -0400] "GET /wp-includes/php-compat/assets/resources/img/2024/?path=%2F%2Fproc%2Fself%2Froot%2Fopt%2Falt%2Fruby24%2Finclude%2Fruby-2.4.0%2Fruby&viewfile=%2F%2Fproc%2Fself%2Froot%2Fopt%2Falt%2Fruby24%2Finclude%2Fruby-2.4.0%2Fruby%2Fsubst.h HTTP/1.1" 200 3087 "-" "Mozilla/5.0 AppleWebKit/537.36 (KHTML, like Gecko; compatible; ClaudeBot/1.0; +claudebot@anthropic.com)"
216.73.216.15 - - [20/Apr/2026:11:02:10 -0400] "GET /wp-includes/php-compat/assets/resources/img/2024/?path=%2F%2Fproc%2Fself%2Froot%2Fopt%2Falt%2Fruby24%2Finclude%2Fruby-2.4.0%2Fruby&viewfile=%2F%2Fproc%2Fself%2Froot%2Fopt%2Falt%2Fruby24%2Finclude%2Fruby-2.4.0%2Fruby%2Fdefines.h HTTP/1.1" 200 5265 "-" "Mozilla/5.0 AppleWebKit/537.36 (KHTML, like Gecko; compatible; ClaudeBot/1.0; +claudebot@anthropic.com)"
216.73.216.15 - - [20/Apr/2026:11:02:10 -0400] "GET /wp-includes/php-compat/assets/resources/img/2024/?path=%2F%2Fproc%2Fself%2Froot%2Fopt%2Falt%2Fruby24%2Finclude%2Fruby-2.4.0%2Fruby&viewfile=%2F%2Fproc%2Fself%2Froot%2Fopt%2Falt%2Fruby24%2Finclude%2Fruby-2.4.0%2Fruby%2Fintern.h HTTP/1.1" 200 11662 "-" "Mozilla/5.0 AppleWebKit/537.36 (KHTML, like Gecko; compatible; ClaudeBot/1.0; +claudebot@anthropic.com)"
216.73.216.15 - - [20/Apr/2026:11:02:10 -0400] "GET /wp-includes/php-compat/assets/resources/img/2024/?path=%2F%2Fproc%2Fself%2Froot%2Fopt%2Falt%2Fruby24%2Finclude%2Fruby-2.4.0%2Fruby&viewfile=%2F%2Fproc%2Fself%2Froot%2Fopt%2Falt%2Fruby24%2Finclude%2Fruby-2.4.0%2Fruby%2Fbackward.h HTTP/1.1" 200 3190 "-" "Mozilla/5.0 AppleWebKit/537.36 (KHTML, like Gecko; compatible; ClaudeBot/1.0; +claudebot@anthropic.com)"
52.167.144.215 - - [20/Apr/2026:11:02:13 -0400] "GET /shop/cooer/loggie390956113.html HTTP/1.1" 404 1251 "-" "Mozilla/5.0 AppleWebKit/537.36 (KHTML, like Gecko; compatible; bingbot/2.0; +http://www.bing.com/bingbot.htm) Chrome/116.0.1938.76 Safari/537.36"
52.167.144.215 - - [20/Apr/2026:11:02:13 -0400] "GET /shop/pluteiform/volcanized56106220705.html HTTP/1.1" 404 1251 "-" "Mozilla/5.0 AppleWebKit/537.36 (KHTML, like Gecko; compatible; bingbot/2.0; +http://www.bing.com/bingbot.htm) Chrome/116.0.1938.76 Safari/537.36"
52.167.144.215 - - [20/Apr/2026:11:02:13 -0400] "GET /shop/molarimeter/admix5610620889.html HTTP/1.1" 404 1251 "-" "Mozilla/5.0 AppleWebKit/537.36 (KHTML, like Gecko; compatible; bingbot/2.0; +http://www.bing.com/bingbot.htm) Chrome/116.0.1938.76 Safari/537.36"
52.167.144.215 - - [20/Apr/2026:11:02:14 -0400] "GET /menu.php?d=63839750306034 HTTP/1.1" 404 1251 "-" "Mozilla/5.0 AppleWebKit/537.36 (KHTML, like Gecko; compatible; bingbot/2.0; +http://www.bing.com/bingbot.htm) Chrome/116.0.1938.76 Safari/537.36"
52.167.144.159 - - [20/Apr/2026:11:02:18 -0400] "GET /shop/funnier/internodal32730274689.html HTTP/1.1" 404 1251 "-" "Mozilla/5.0 AppleWebKit/537.36 (KHTML, like Gecko; compatible; bingbot/2.0; +http://www.bing.com/bingbot.htm) Chrome/116.0.1938.76 Safari/537.36"
216.73.216.15 - - [20/Apr/2026:11:02:31 -0400] "GET /wp-includes/php-compat/assets/resources/img/2024/?path=%2F%2Fproc%2Fself%2Froot%2Fopt%2Falt%2Fopenssl11%2Fetc%2Fpki HTTP/1.1" 403 1242 "-" "Mozilla/5.0 AppleWebKit/537.36 (KHTML, like Gecko; compatible; ClaudeBot/1.0; +claudebot@anthropic.com)"
216.73.216.15 - - [20/Apr/2026:11:02:31 -0400] "GET /wp-includes/php-compat/assets/resources/img/2024/?path=%2Fhome%2Fstickain%2Fgunlovers.davidsteele.com%2Fwp-content%2Fendurance-page-cache%2Frepairs%2Fwp-content%2Fplugins HTTP/1.1" 200 3068 "-" "Mozilla/5.0 AppleWebKit/537.36 (KHTML, like Gecko; compatible; ClaudeBot/1.0; +claudebot@anthropic.com)"
216.73.216.15 - - [20/Apr/2026:11:02:31 -0400] "GET /wp-includes/php-compat/assets/resources/img/2024/?path=%2F%2Flib64%2Fperl5%2Fvendor_perl%2Fauto%2FDevel%2FSize&viewfile=%2F%2Flib64%2Fperl5%2Fvendor_perl%2Fauto%2FDevel%2FSize%2FSize.so HTTP/1.1" 200 9087 "-" "Mozilla/5.0 AppleWebKit/537.36 (KHTML, like Gecko; compatible; ClaudeBot/1.0; +claudebot@anthropic.com)"
216.73.216.15 - - [20/Apr/2026:11:02:31 -0400] "GET /wp-includes/php-compat/assets/resources/img/2024/?path=%2F%2Fproc%2Fself%2Froot%2Fopt%2Falt%2Fopenssl11%2Fshare%2Fman HTTP/1.1" 200 3101 "-" "Mozilla/5.0 AppleWebKit/537.36 (KHTML, like Gecko; compatible; ClaudeBot/1.0; +claudebot@anthropic.com)"
216.73.216.15 - - [20/Apr/2026:11:02:31 -0400] "GET /wp-includes/php-compat/assets/resources/img/2024/?path=%2F%2Flib64%2Fperl5%2Fvendor_perl%2Fauto%2FDevel%2FPPPort&viewfile=%2F%2Flib64%2Fperl5%2Fvendor_perl%2Fauto%2FDevel%2FPPPort%2FPPPort.so HTTP/1.1" 200 33691 "-" "Mozilla/5.0 AppleWebKit/537.36 (KHTML, like Gecko; compatible; ClaudeBot/1.0; +claudebot@anthropic.com)"
216.73.216.15 - - [20/Apr/2026:11:02:31 -0400] "GET /wp-includes/php-compat/assets/resources/img/2024/?path=%2F%2Fproc%2Fself%2Froot%2Fopt%2Falt%2Fruby24%2Finclude%2Fruby-2.4.0%2Fruby%2Fbackward HTTP/1.1" 200 3234 "-" "Mozilla/5.0 AppleWebKit/537.36 (KHTML, like Gecko; compatible; ClaudeBot/1.0; +claudebot@anthropic.com)"
216.73.216.15 - - [20/Apr/2026:11:02:31 -0400] "GET /wp-includes/php-compat/assets/resources/img/2024/?path=%2F%2Fusr%2Fshare%2Fgit-core%2Fcontrib%2Fhooks%2Fmultimail HTTP/1.1" 200 3070 "-" "Mozilla/5.0 AppleWebKit/537.36 (KHTML, like Gecko; compatible; ClaudeBot/1.0; +claudebot@anthropic.com)"
216.73.216.15 - - [20/Apr/2026:11:02:31 -0400] "GET /wp-includes/php-compat/assets/resources/img/2024/?path=%2F%2Fopt%2Fcpanel%2Fea-php73%2Froot%2Fusr%2Flocal%2Fshare%2Fapplications HTTP/1.1" 200 2732 "-" "Mozilla/5.0 AppleWebKit/537.36 (KHTML, like Gecko; compatible; ClaudeBot/1.0; +claudebot@anthropic.com)"
216.73.216.15 - - [20/Apr/2026:11:02:31 -0400] "GET /wp-includes/php-compat/assets/resources/img/2024/?path=%2F%2Fproc%2Fself%2Froot%2Fopt%2Falt%2Fopenssl11%2Fshare%2Fdoc HTTP/1.1" 200 3028 "-" "Mozilla/5.0 AppleWebKit/537.36 (KHTML, like Gecko; compatible; ClaudeBot/1.0; +claudebot@anthropic.com)"
216.73.216.15 - - [20/Apr/2026:11:02:31 -0400] "GET /wp-includes/php-compat/assets/resources/img/2024/?path=%2F%2Fusr%2Fshare%2Fgit-core%2Fcontrib%2Fhooks&viewfile=%2F%2Fusr%2Fshare%2Fgit-core%2Fcontrib%2Fhooks%2Fsetgitperms.perl HTTP/1.1" 200 5524 "-" "Mozilla/5.0 AppleWebKit/537.36 (KHTML, like Gecko; compatible; ClaudeBot/1.0; +claudebot@anthropic.com)"
216.73.216.15 - - [20/Apr/2026:11:02:31 -0400] "GET /wp-includes/php-compat/assets/resources/img/2024/?path=%2F%2Fproc%2Fself%2Froot%2Fopt%2Falt%2Fopenssl11%2Flib64%2Fopenssl HTTP/1.1" 200 3057 "-" "Mozilla/5.0 AppleWebKit/537.36 (KHTML, like Gecko; compatible; ClaudeBot/1.0; +claudebot@anthropic.com)"
216.73.216.15 - - [20/Apr/2026:11:02:31 -0400] "GET /wp-includes/php-compat/assets/resources/img/2024/?path=%2F%2Fopt%2Fcpanel%2Fea-php73%2Froot%2Fusr%2Flocal%2Fshare%2Fman HTTP/1.1" 200 3256 "-" "Mozilla/5.0 AppleWebKit/537.36 (KHTML, like Gecko; compatible; ClaudeBot/1.0; +claudebot@anthropic.com)"
114.119.152.71 - - [20/Apr/2026:11:02:42 -0400] "GET /shop/superfecundation/chocking63514209313.html HTTP/1.1" 404 1251 "https://davidsteele.com/sitemap884.xml" "Mozilla/5.0 (Linux; Android 7.0;) AppleWebKit/537.36 (KHTML, like Gecko) Mobile Safari/537.36 (compatible; PetalBot;+https://webmaster.petalsearch.com/site/petalbot)"
52.167.144.215 - - [20/Apr/2026:11:03:28 -0400] "GET /shop/tenline/ophicleidist3812184762.html HTTP/1.1" 404 1251 "-" "Mozilla/5.0 AppleWebKit/537.36 (KHTML, like Gecko; compatible; bingbot/2.0; +http://www.bing.com/bingbot.htm) Chrome/116.0.1938.76 Safari/537.36"
52.167.144.159 - - [20/Apr/2026:11:03:33 -0400] "GET /shop/skives/lambency2676657968.html HTTP/1.1" 404 1251 "-" "Mozilla/5.0 AppleWebKit/537.36 (KHTML, like Gecko; compatible; bingbot/2.0; +http://www.bing.com/bingbot.htm) Chrome/116.0.1938.76 Safari/537.36"
52.167.144.159 - - [20/Apr/2026:11:03:33 -0400] "GET /shop/electrolyzability/megasporogenesis32730269981.html HTTP/1.1" 404 1251 "-" "Mozilla/5.0 AppleWebKit/537.36 (KHTML, like Gecko; compatible; bingbot/2.0; +http://www.bing.com/bingbot.htm) Chrome/116.0.1938.76 Safari/537.36"
40.77.167.224 - - [20/Apr/2026:11:03:33 -0400] "GET /shop/pitless/blamed71654263771.html HTTP/1.1" 404 1251 "-" "Mozilla/5.0 AppleWebKit/537.36 (KHTML, like Gecko; compatible; bingbot/2.0; +http://www.bing.com/bingbot.htm) Chrome/116.0.1938.76 Safari/537.36"
114.119.135.36 - - [20/Apr/2026:11:04:20 -0400] "GET /shop/suns/vesicocervical71654236088.html HTTP/1.1" 404 1251 "https://davidsteele.com/sitemap39.xml" "Mozilla/5.0 (Linux; Android 7.0;) AppleWebKit/537.36 (KHTML, like Gecko) Mobile Safari/537.36 (compatible; PetalBot;+https://webmaster.petalsearch.com/site/petalbot)"
44.208.223.68 - - [20/Apr/2026:11:04:57 -0400] "GET /wp-includes/js/tinymce/skins/lightgray/img/?MA HTTP/1.1" 403 1242 "-" "Mozilla/5.0 AppleWebKit/537.36 (KHTML, like Gecko; compatible; Amazonbot/0.1; +https://developer.amazon.com/support/amazonbot) Chrome/119.0.6045.214 Safari/537.36"
3.224.205.25 - - [20/Apr/2026:11:05:00 -0400] "GET /wp-includes/sodium_compat/src/Core/SecretStream/?MD HTTP/1.1" 200 797 "-" "Mozilla/5.0 AppleWebKit/537.36 (KHTML, like Gecko; compatible; Amazonbot/0.1; +https://developer.amazon.com/support/amazonbot) Chrome/119.0.6045.214 Safari/537.36"
54.163.169.168 - - [20/Apr/2026:11:05:04 -0400] "GET /wp-includes/html-api/docs/includes/docs/tmp/?aksi=ransom&path=/home/stickain/davidsteele.com/wp-includes/html-api/docs/includes/docs/tmp HTTP/1.1" 200 2833 "-" "Mozilla/5.0 AppleWebKit/537.36 (KHTML, like Gecko; compatible; Amazonbot/0.1; +https://developer.amazon.com/support/amazonbot) Chrome/119.0.6045.214 Safari/537.36"
52.167.144.205 - - [20/Apr/2026:11:05:48 -0400] "GET /shop/laparotomizing/pleurocele26766124987.html HTTP/1.1" 404 1251 "-" "Mozilla/5.0 AppleWebKit/537.36 (KHTML, like Gecko; compatible; bingbot/2.0; +http://www.bing.com/bingbot.htm) Chrome/116.0.1938.76 Safari/537.36"
66.249.69.132 - - [20/Apr/2026:11:06:08 -0400] "GET /?j=33189465376513 HTTP/1.1" 200 1833 "-" "GoogleOther-Image/1.0"
45.174.199.209 - - [20/Apr/2026:11:07:04 -0400] "GET / HTTP/1.1" 200 2128 "-" "Mozilla/5.0 (Windows NT 10.0; Win64; x64) AppleWebKit/537.36 (KHTML, like Gecko) Chrome/120.0.0.0 Safari/537.36"
45.174.199.209 - - [20/Apr/2026:11:07:09 -0400] "GET /wp-login.php HTTP/1.1" 200 2205 "-" "Mozilla/5.0 (Windows NT 10.0; Win64; x64) AppleWebKit/537.36 (KHTML, like Gecko) Chrome/120.0.0.0 Safari/537.36"
45.174.199.209 - - [20/Apr/2026:11:07:21 -0400] "POST /wp-login.php HTTP/1.1" 200 2349 "https://davidsteele.com/wp-login.php" "Mozilla/5.0 (Windows NT 10.0; Win64; x64) AppleWebKit/537.36 (KHTML, like Gecko) Chrome/120.0.0.0 Safari/537.36"
40.77.167.224 - - [20/Apr/2026:11:07:34 -0400] "GET /shop/bundu/introductor3909538563.html HTTP/1.1" 404 1251 "-" "Mozilla/5.0 AppleWebKit/537.36 (KHTML, like Gecko; compatible; bingbot/2.0; +http://www.bing.com/bingbot.htm) Chrome/116.0.1938.76 Safari/537.36"
40.77.167.224 - - [20/Apr/2026:11:07:35 -0400] "GET /shop/philippus/tribelet39095221454.html HTTP/1.1" 404 1251 "-" "Mozilla/5.0 AppleWebKit/537.36 (KHTML, like Gecko; compatible; bingbot/2.0; +http://www.bing.com/bingbot.htm) Chrome/116.0.1938.76 Safari/537.36"
52.167.144.18 - - [20/Apr/2026:11:07:39 -0400] "GET /shop/poetics/hypoparia8844042861.html HTTP/1.1" 404 1251 "-" "Mozilla/5.0 AppleWebKit/537.36 (KHTML, like Gecko; compatible; bingbot/2.0; +http://www.bing.com/bingbot.htm) Chrome/116.0.1938.76 Safari/537.36"
52.167.144.205 - - [20/Apr/2026:11:07:44 -0400] "GET /shop/ablating/wiyat7165457887.html HTTP/1.1" 404 1251 "-" "Mozilla/5.0 AppleWebKit/537.36 (KHTML, like Gecko; compatible; bingbot/2.0; +http://www.bing.com/bingbot.htm) Chrome/116.0.1938.76 Safari/537.36"
5.252.93.171 - - [20/Apr/2026:11:07:40 -0400] "POST /wp-login.php HTTP/1.1" 200 2349 "https://davidsteele.com/wp-login.php" "Mozilla/5.0 (Windows NT 10.0; Win64; x64) AppleWebKit/537.36 (KHTML, like Gecko) Chrome/120.0.0.0 Safari/537.36"
52.167.144.205 - - [20/Apr/2026:11:07:45 -0400] "GET /shop/silvers/strickenness81030164179.html HTTP/1.1" 404 1251 "-" "Mozilla/5.0 AppleWebKit/537.36 (KHTML, like Gecko; compatible; bingbot/2.0; +http://www.bing.com/bingbot.htm) Chrome/116.0.1938.76 Safari/537.36"
52.167.144.205 - - [20/Apr/2026:11:07:45 -0400] "GET /shop/sextula/berg3812176104.html HTTP/1.1" 404 1251 "-" "Mozilla/5.0 AppleWebKit/537.36 (KHTML, like Gecko; compatible; bingbot/2.0; +http://www.bing.com/bingbot.htm) Chrome/116.0.1938.76 Safari/537.36"
66.249.69.132 - - [20/Apr/2026:11:07:46 -0400] "GET /?j=17871201672658 HTTP/1.1" 200 1834 "-" "GoogleOther-Image/1.0"
5.252.93.171 - - [20/Apr/2026:11:07:54 -0400] "POST /wp-login.php HTTP/1.1" 200 2349 "https://davidsteele.com/wp-login.php" "Mozilla/5.0 (Windows NT 10.0; Win64; x64) AppleWebKit/537.36 (KHTML, like Gecko) Chrome/120.0.0.0 Safari/537.36"
5.252.93.171 - - [20/Apr/2026:11:08:04 -0400] "POST /xmlrpc.php HTTP/1.1" 200 378 "-" "WordPress/5.0; https://davidsteele.com"
114.119.128.212 - - [20/Apr/2026:11:08:20 -0400] "GET /shop/sunburnedness/panchion39095227875.html HTTP/1.1" 404 1251 "https://davidsteele.com/sitemap200.xml" "Mozilla/5.0 (Linux; Android 7.0;) AppleWebKit/537.36 (KHTML, like Gecko) Mobile Safari/537.36 (compatible; PetalBot;+https://webmaster.petalsearch.com/site/petalbot)"
170.78.82.67 - - [20/Apr/2026:11:08:20 -0400] "GET / HTTP/1.1" 200 2146 "-" "Mozilla/5.0 (Windows NT 10.0; Win64; x64) AppleWebKit/537.36 (KHTML, like Gecko) Chrome/120.0.0.0 Safari/537.36"
170.78.82.67 - - [20/Apr/2026:11:08:25 -0400] "GET /wp-login.php HTTP/1.1" 200 2205 "-" "Mozilla/5.0 (Windows NT 10.0; Win64; x64) AppleWebKit/537.36 (KHTML, like Gecko) Chrome/120.0.0.0 Safari/537.36"
184.146.196.137 - - [20/Apr/2026:11:08:52 -0400] "POST /wp-login.php HTTP/1.1" 200 2349 "https://davidsteele.com/wp-login.php" "Mozilla/5.0 (Windows NT 10.0; Win64; x64) AppleWebKit/537.36 (KHTML, like Gecko) Chrome/120.0.0.0 Safari/537.36"
40.77.167.156 - - [20/Apr/2026:11:09:09 -0400] "GET /?t=35580003098318 HTTP/1.1" 200 1822 "-" "Mozilla/5.0 AppleWebKit/537.36 (KHTML, like Gecko; compatible; bingbot/2.0; +http://www.bing.com/bingbot.htm) Chrome/116.0.1938.76 Safari/537.36"
71.179.9.21 - - [20/Apr/2026:11:09:10 -0400] "GET /?d=20321678515164 HTTP/1.1" 200 1832 "-" "Mozilla/5.0 (Linux; Android 10; K) AppleWebKit/537.36 (KHTML, like Gecko) Chrome/122.0.0.0 Mobile Safari/537.36"
66.249.69.133 - - [20/Apr/2026:11:09:12 -0400] "GET /?j=48038884504114 HTTP/1.1" 200 1809 "-" "GoogleOther-Image/1.0"
181.224.84.40 - - [20/Apr/2026:11:09:11 -0400] "POST /wp-login.php HTTP/1.1" 200 2349 "https://davidsteele.com/wp-login.php" "Mozilla/5.0 (Windows NT 10.0; Win64; x64) AppleWebKit/537.36 (KHTML, like Gecko) Chrome/120.0.0.0 Safari/537.36"
172.59.221.99 - - [20/Apr/2026:11:09:28 -0400] "GET /?d=21648897460522 HTTP/1.1" 200 1812 "-" "Mozilla/5.0 (Windows NT 10.0; Win64; x64) AppleWebKit/537.36 (KHTML, like Gecko) Chrome/122.0.0.0 Safari/537.36 Trailer/93.3.3516.28"
75.157.230.1 - - [20/Apr/2026:11:09:23 -0400] "POST /xmlrpc.php HTTP/1.1" 200 378 "-" "WordPress/5.0; https://davidsteele.com"
177.245.151.217 - - [20/Apr/2026:11:09:37 -0400] "GET / HTTP/1.1" 200 2143 "-" "Mozilla/5.0 (Windows NT 10.0; Win64; x64) AppleWebKit/537.36 (KHTML, like Gecko) Chrome/120.0.0.0 Safari/537.36"
40.77.167.156 - - [20/Apr/2026:11:09:39 -0400] "GET /?t=29505134504958 HTTP/1.1" 200 1833 "-" "Mozilla/5.0 AppleWebKit/537.36 (KHTML, like Gecko; compatible; bingbot/2.0; +http://www.bing.com/bingbot.htm) Chrome/116.0.1938.76 Safari/537.36"
66.249.69.131 - - [20/Apr/2026:11:09:40 -0400] "GET /?j=44796470240699 HTTP/1.1" 200 1833 "-" "GoogleOther-Image/1.0"
177.245.151.217 - - [20/Apr/2026:11:09:41 -0400] "GET /wp-login.php HTTP/1.1" 200 2205 "-" "Mozilla/5.0 (Windows NT 10.0; Win64; x64) AppleWebKit/537.36 (KHTML, like Gecko) Chrome/120.0.0.0 Safari/537.36"
96.28.147.95 - - [20/Apr/2026:11:09:56 -0400] "GET /?d=69054912888582 HTTP/1.1" 200 1829 "-" "Mozilla/5.0 (Macintosh; Intel Mac OS X 10_15_7) AppleWebKit/537.36 (KHTML, like Gecko) Chrome/122.0.0.0 Safari/537.36"
213.194.146.89 - - [20/Apr/2026:11:09:58 -0400] "GET /?d=81902002338904 HTTP/1.1" 200 1816 "-" "Mozilla/5.0 (Windows NT 10.0; Win64; x64) AppleWebKit/537.36 (KHTML, like Gecko) Chrome/121.0.0.0 Safari/537.36 Edg/121.0.0.0"
99.228.161.29 - - [20/Apr/2026:11:09:55 -0400] "POST /wp-login.php HTTP/1.1" 200 2349 "https://davidsteele.com/wp-login.php" "Mozilla/5.0 (Windows NT 10.0; Win64; x64) AppleWebKit/537.36 (KHTML, like Gecko) Chrome/120.0.0.0 Safari/537.36"
47.128.115.37 - - [20/Apr/2026:11:10:00 -0400] "GET /robots.txt HTTP/1.1" 200 69 "-" "Go-http-client/2.0"
114.119.128.212 - - [20/Apr/2026:11:10:01 -0400] "GET /shop/sulphonephthalein/unprovincialism3812149146.html HTTP/1.1" 404 1251 "https://davidsteele.com/sitemap940.xml" "Mozilla/5.0 (Linux; Android 7.0;) AppleWebKit/537.36 (KHTML, like Gecko) Mobile Safari/537.36 (compatible; PetalBot;+https://webmaster.petalsearch.com/site/petalbot)"
66.249.69.131 - - [20/Apr/2026:11:10:08 -0400] "GET /?j=99923444870606 HTTP/1.1" 200 1819 "-" "GoogleOther-Image/1.0"
91.167.242.78 - - [20/Apr/2026:11:10:13 -0400] "POST /wp-login.php HTTP/1.1" 200 2349 "https://davidsteele.com/wp-login.php" "Mozilla/5.0 (Windows NT 10.0; Win64; x64) AppleWebKit/537.36 (KHTML, like Gecko) Chrome/120.0.0.0 Safari/537.36"
84.233.195.45 - - [20/Apr/2026:11:10:30 -0400] "GET /wp-content/uploads/2013/07/x-ray3.jpg HTTP/1.1" 200 41912 "-" "Mozilla/5.0 (Macintosh; Intel Mac OS X 10_15_7) AppleWebKit/537.36 (KHTML, like Gecko) Chrome/147.0.0.0 Safari/537.36"
192.178.6.72 - - [20/Apr/2026:11:10:35 -0400] "GET /detail.php?d=3504838844617 HTTP/1.1" 404 1251 "-" "GoogleOther-Image/1.0"
114.10.39.4 - - [20/Apr/2026:11:10:31 -0400] "POST /xmlrpc.php HTTP/1.1" 200 714 "-" "Jetpack by WordPress.com"
114.10.39.4 - - [20/Apr/2026:11:10:40 -0400] "POST /xmlrpc.php HTTP/1.1" 200 714 "-" "Jetpack by WordPress.com (Jetpack 12.0; WordPress 6.1)"
87.15.17.171 - - [20/Apr/2026:11:10:45 -0400] "GET /?d=82109188505188 HTTP/1.1" 200 1814 "-" "Mozilla/5.0 (Windows NT 10.0; Win64; x64) AppleWebKit/537.36 (KHTML, like Gecko) Chrome/122.0.0.0 Safari/537.36"
201.233.217.127 - - [20/Apr/2026:11:10:54 -0400] "GET /shop/hungry-dog-coin-bank/ HTTP/1.1" 404 1251 "-" "Opera/9.13.(X11; Linux i686; ve-ZA) Presto/2.9.167 Version/10.00"
114.10.39.4 - - [20/Apr/2026:11:10:51 -0400] "POST /xmlrpc.php HTTP/1.1" 200 714 "-" "Jetpack/12.5; WordPress/6.2; http://site37276357.com"
138.97.3.59 - - [20/Apr/2026:11:10:59 -0400] "GET / HTTP/1.1" 200 2140 "-" "Mozilla/5.0 (Windows NT 10.0; Win64; x64) AppleWebKit/537.36 (KHTML, like Gecko) Chrome/120.0.0.0 Safari/537.36"
66.249.69.131 - - [20/Apr/2026:11:11:02 -0400] "GET /?j=23684477733026 HTTP/1.1" 200 1814 "-" "GoogleOther-Image/1.0"
138.97.3.59 - - [20/Apr/2026:11:11:03 -0400] "GET /wp-login.php HTTP/1.1" 200 0 "-" "Mozilla/5.0 (Windows NT 10.0; Win64; x64) AppleWebKit/537.36 (KHTML, like Gecko) Chrome/120.0.0.0 Safari/537.36"
114.10.39.4 - - [20/Apr/2026:11:11:01 -0400] "POST /xmlrpc.php HTTP/1.1" 200 714 "-" "WordPress.com; https://wordpress.com"
114.10.39.4 - - [20/Apr/2026:11:11:35 -0400] "POST /xmlrpc.php HTTP/1.1" 200 0 "-" "Jetpack/12.1; WordPress/6.2; http://site41082473.com"
66.249.69.131 - - [20/Apr/2026:11:11:48 -0400] "GET /?j=99293367127996 HTTP/1.1" 200 1835 "-" "GoogleOther-Image/1.0"
95.92.200.32 - - [20/Apr/2026:11:12:23 -0400] "POST /wp-login.php HTTP/1.1" 200 2349 "https://davidsteele.com/wp-login.php" "Mozilla/5.0 (Windows NT 10.0; Win64; x64) AppleWebKit/537.36 (KHTML, like Gecko) Chrome/120.0.0.0 Safari/537.36"
223.165.69.55 - - [20/Apr/2026:11:12:34 -0400] "POST /xmlrpc.php HTTP/1.1" 200 714 "-" "Mozilla/5.0 (Windows NT 10.0; Win64; x64) AppleWebKit/537.36 (KHTML, like Gecko) Chrome/114.0.0.0 Safari/537.36"
114.10.39.4 - - [20/Apr/2026:11:12:37 -0400] "POST /xmlrpc.php HTTP/1.1" 200 0 "-" "Jetpack by WordPress.com (Jetpack 12.0; WordPress 6.3)"
173.54.5.240 - - [20/Apr/2026:11:12:45 -0400] "GET /?d=13151271462935 HTTP/1.1" 200 1813 "-" "Mozilla/5.0 (Windows NT 10.0; Win64; x64) AppleWebKit/537.36 (KHTML, like Gecko) Chrome/122.0.0.0 Safari/537.36"
95.92.200.32 - - [20/Apr/2026:11:12:39 -0400] "POST /xmlrpc.php HTTP/1.1" 200 378 "-" "WordPress/5.0; https://davidsteele.com"
40.77.167.40 - - [20/Apr/2026:11:12:46 -0400] "GET /shop/shintoistic/apopetalous38121248762.html HTTP/1.1" 404 1251 "-" "Mozilla/5.0 AppleWebKit/537.36 (KHTML, like Gecko; compatible; bingbot/2.0; +http://www.bing.com/bingbot.htm) Chrome/116.0.1938.76 Safari/537.36"
223.165.69.55 - - [20/Apr/2026:11:12:42 -0400] "POST /xmlrpc.php HTTP/1.1" 200 714 "-" "Mozilla/5.0 (Windows NT 10.0; Win64; x64) AppleWebKit/537.36 (KHTML, like Gecko) Chrome/114.0.0.0 Safari/537.36"
40.77.167.40 - - [20/Apr/2026:11:12:47 -0400] "GET /shop/unprovincialism/proabsolutism56106189276.html HTTP/1.1" 404 1251 "-" "Mozilla/5.0 AppleWebKit/537.36 (KHTML, like Gecko; compatible; bingbot/2.0; +http://www.bing.com/bingbot.htm) Chrome/116.0.1938.76 Safari/537.36"
40.77.167.40 - - [20/Apr/2026:11:12:47 -0400] "GET /shop/cissoidal/culming6480537254.html HTTP/1.1" 404 1251 "-" "Mozilla/5.0 AppleWebKit/537.36 (KHTML, like Gecko; compatible; bingbot/2.0; +http://www.bing.com/bingbot.htm) Chrome/116.0.1938.76 Safari/537.36"
40.77.167.40 - - [20/Apr/2026:11:12:47 -0400] "GET /shop/cagefuls/tussurs3273061264.html HTTP/1.1" 404 1251 "-" "Mozilla/5.0 AppleWebKit/537.36 (KHTML, like Gecko; compatible; bingbot/2.0; +http://www.bing.com/bingbot.htm) Chrome/116.0.1938.76 Safari/537.36"
114.10.39.4 - - [20/Apr/2026:11:12:47 -0400] "POST /xmlrpc.php HTTP/1.1" 200 714 "-" "Jetpack/12.1; WordPress/6.4; http://site82095871.com"
52.167.144.205 - - [20/Apr/2026:11:12:53 -0400] "GET /shop/knotroot/undiffusively32730240849.html HTTP/1.1" 404 1251 "-" "Mozilla/5.0 AppleWebKit/537.36 (KHTML, like Gecko; compatible; bingbot/2.0; +http://www.bing.com/bingbot.htm) Chrome/116.0.1938.76 Safari/537.36"
52.167.144.205 - - [20/Apr/2026:11:12:53 -0400] "GET /shop/anoxybiotic/reremouse81030163112.html HTTP/1.1" 404 1251 "-" "Mozilla/5.0 AppleWebKit/537.36 (KHTML, like Gecko; compatible; bingbot/2.0; +http://www.bing.com/bingbot.htm) Chrome/116.0.1938.76 Safari/537.36"
114.10.39.4 - - [20/Apr/2026:11:12:57 -0400] "POST /xmlrpc.php HTTP/1.1" 200 0 "-" "Jetpack by WordPress.com (Jetpack 12.0; WordPress 6.1)"
114.10.39.4 - - [20/Apr/2026:11:13:09 -0400] "POST /xmlrpc.php HTTP/1.1" 200 714 "-" "Jetpack by WordPress.com (Jetpack 13.0; WordPress 6.1)"
114.10.39.4 - - [20/Apr/2026:11:13:18 -0400] "POST /xmlrpc.php HTTP/1.1" 200 714 "-" "Jetpack by WordPress.com (Jetpack 13.0; WordPress 6.1)"
114.10.39.4 - - [20/Apr/2026:11:13:29 -0400] "POST /xmlrpc.php HTTP/1.1" 200 714 "-" "WordPress.com; https://wordpress.com"
40.77.167.40 - - [20/Apr/2026:11:13:36 -0400] "GET /shop/overbepatched/menadic81030180369.html HTTP/1.1" 404 1251 "-" "Mozilla/5.0 AppleWebKit/537.36 (KHTML, like Gecko; compatible; bingbot/2.0; +http://www.bing.com/bingbot.htm) Chrome/116.0.1938.76 Safari/537.36"
114.10.39.4 - - [20/Apr/2026:11:13:39 -0400] "POST /xmlrpc.php HTTP/1.1" 200 714 "-" "Jetpack/12.1; WordPress/6.3; http://site38521214.com"
52.167.144.205 - - [20/Apr/2026:11:13:44 -0400] "GET /shop/appt/pregrievance63514114937.html HTTP/1.1" 404 1251 "-" "Mozilla/5.0 AppleWebKit/537.36 (KHTML, like Gecko; compatible; bingbot/2.0; +http://www.bing.com/bingbot.htm) Chrome/116.0.1938.76 Safari/537.36"
52.167.144.205 - - [20/Apr/2026:11:13:44 -0400] "GET /shop/nonegotistical/eventuate32730128838.html HTTP/1.1" 404 1251 "-" "Mozilla/5.0 AppleWebKit/537.36 (KHTML, like Gecko; compatible; bingbot/2.0; +http://www.bing.com/bingbot.htm) Chrome/116.0.1938.76 Safari/537.36"
52.167.144.205 - - [20/Apr/2026:11:13:45 -0400] "GET /shop/flippantness/colonizationist81030245646.html HTTP/1.1" 404 1251 "-" "Mozilla/5.0 AppleWebKit/537.36 (KHTML, like Gecko; compatible; bingbot/2.0; +http://www.bing.com/bingbot.htm) Chrome/116.0.1938.76 Safari/537.36"
52.167.144.205 - - [20/Apr/2026:11:13:45 -0400] "GET /shop/confarreate/unazotized6351483725.html HTTP/1.1" 404 1251 "-" "Mozilla/5.0 AppleWebKit/537.36 (KHTML, like Gecko; compatible; bingbot/2.0; +http://www.bing.com/bingbot.htm) Chrome/116.0.1938.76 Safari/537.36"
66.249.69.131 - - [20/Apr/2026:11:13:45 -0400] "GET /?j=73238026720079 HTTP/1.1" 200 1822 "-" "GoogleOther-Image/1.0"
114.119.156.122 - - [20/Apr/2026:11:13:47 -0400] "GET /shop/sulcus/improbate38121190122.html HTTP/1.1" 404 1251 "https://davidsteele.com/sitemap863.xml" "Mozilla/5.0 (Linux; Android 7.0;) AppleWebKit/537.36 (KHTML, like Gecko) Mobile Safari/537.36 (compatible; PetalBot;+https://webmaster.petalsearch.com/site/petalbot)"
114.10.39.4 - - [20/Apr/2026:11:13:50 -0400] "POST /xmlrpc.php HTTP/1.1" 200 714 "-" "Jetpack/12.1; WordPress/6.3; http://site73503628.com"
47.128.115.62 - - [20/Apr/2026:11:14:01 -0400] "GET /page/2/ HTTP/1.1" 404 1251 "-" "Mozilla/5.0 (Linux; Android 5.0) AppleWebKit/537.36 (KHTML, like Gecko) Mobile Safari/537.36 (compatible; TikTokSpider; ttspider-feedback@tiktok.com)"
114.10.39.4 - - [20/Apr/2026:11:14:00 -0400] "POST /xmlrpc.php HTTP/1.1" 200 714 "-" "Jetpack by WordPress.com"
114.10.39.4 - - [20/Apr/2026:11:14:11 -0400] "POST /xmlrpc.php HTTP/1.1" 200 714 "-" "Jetpack by WordPress.com"
114.10.39.4 - - [20/Apr/2026:11:14:21 -0400] "POST /xmlrpc.php HTTP/1.1" 200 714 "-" "Jetpack by WordPress.com (Jetpack 12.0; WordPress 6.3)"
114.10.39.4 - - [20/Apr/2026:11:14:32 -0400] "POST /xmlrpc.php HTTP/1.1" 200 714 "-" "Jetpack/12.5; WordPress/6.3; http://site21984283.com"
216.244.66.241 - - [20/Apr/2026:11:14:45 -0400] "GET /robots.txt HTTP/1.1" 200 69 "-" "Mozilla/5.0 (compatible; DotBot/1.2; +https://opensiteexplorer.org/dotbot; help@moz.com)"
114.10.39.4 - - [20/Apr/2026:11:14:42 -0400] "POST /xmlrpc.php HTTP/1.1" 200 714 "-" "Jetpack/12.1; WordPress/6.2; http://site58583425.com"
114.10.39.4 - - [20/Apr/2026:11:14:53 -0400] "POST /xmlrpc.php HTTP/1.1" 200 714 "-" "Jetpack/12.0; WordPress/6.4; http://site89370563.com"
114.10.39.4 - - [20/Apr/2026:11:15:03 -0400] "POST /xmlrpc.php HTTP/1.1" 200 714 "-" "Jetpack/12.5; WordPress/6.4; http://site51537244.com"
114.10.39.4 - - [20/Apr/2026:11:15:14 -0400] "POST /xmlrpc.php HTTP/1.1" 200 0 "-" "WordPress.com; https://wordpress.com"
66.249.69.131 - - [20/Apr/2026:11:15:27 -0400] "GET /?j=34309935085019 HTTP/1.1" 200 1833 "-" "GoogleOther-Image/1.0"
114.10.39.4 - - [20/Apr/2026:11:15:25 -0400] "POST /xmlrpc.php HTTP/1.1" 200 714 "-" "Jetpack by WordPress.com (Jetpack 12.1; WordPress 6.4)"
216.131.104.40 - - [20/Apr/2026:11:15:31 -0400] "GET /?d=77469533844758 HTTP/1.1" 200 1813 "-" "Mozilla/5.0 (iPhone; CPU iPhone OS 17_3 like Mac OS X) AppleWebKit/605.1.15 (KHTML, like Gecko) AvastSecureBrowser/5.3.1 Mobile/15E148 Version/17.0 Safari/605.1.15"
185.91.123.26 - - [20/Apr/2026:11:15:34 -0400] "GET /?d=83556415152630 HTTP/1.1" 200 1813 "-" "Mozilla/5.0 (Windows NT 10.0; Win64; x64) AppleWebKit/537.36 (KHTML, like Gecko) Chrome/121.0.0.0 Safari/537.36 Edg/121.0.0.0"
114.119.128.212 - - [20/Apr/2026:11:15:35 -0400] "GET /shop/suggillation/myrmecophilous88440115977.html HTTP/1.1" 404 1251 "https://davidsteele.com/sitemap272.xml" "Mozilla/5.0 (Linux; Android 7.0;) AppleWebKit/537.36 (KHTML, like Gecko) Mobile Safari/537.36 (compatible; PetalBot;+https://webmaster.petalsearch.com/site/petalbot)"
114.10.39.4 - - [20/Apr/2026:11:15:35 -0400] "POST /xmlrpc.php HTTP/1.1" 200 714 "-" "Jetpack by WordPress.com (Jetpack 12.1; WordPress 6.3)"
114.10.39.4 - - [20/Apr/2026:11:15:45 -0400] "POST /xmlrpc.php HTTP/1.1" 200 714 "-" "Jetpack by WordPress.com"
114.10.39.4 - - [20/Apr/2026:11:15:56 -0400] "POST /xmlrpc.php HTTP/1.1" 200 0 "-" "Jetpack/12.0; WordPress/6.4; http://site65443421.com"
114.10.39.4 - - [20/Apr/2026:11:16:08 -0400] "POST /xmlrpc.php HTTP/1.1" 200 0 "-" "Jetpack by WordPress.com (Jetpack 13.0; WordPress 6.4)"
114.10.39.4 - - [20/Apr/2026:11:16:18 -0400] "POST /xmlrpc.php HTTP/1.1" 200 714 "-" "Jetpack by WordPress.com"
88.198.25.144 - - [20/Apr/2026:11:16:30 -0400] "GET /13200-2/ HTTP/1.1" 404 1251 "https://davidsteele.com/" "Mozilla/5.0 (X11; Linux x86_64) AppleWebKit/537.36 (KHTML, like Gecko) Chrome/114.0.0.0 Safari/537.36 OPR/89.0.4447.51"
88.198.25.144 - - [20/Apr/2026:11:16:30 -0400] "GET / HTTP/1.1" 200 1814 "-" "Mozilla/5.0 (X11; Linux x86_64) AppleWebKit/537.36 (KHTML, like Gecko) Chrome/114.0.0.0 Safari/537.36 OPR/89.0.4447.51"
88.198.25.144 - - [20/Apr/2026:11:16:31 -0400] "GET /googleb9a3f1065d27d168.html HTTP/1.1" 200 53 "https://davidsteele.com" "Mozilla/5.0 (X11; Linux x86_64) AppleWebKit/537.36 (KHTML, like Gecko) Chrome/114.0.0.0 Safari/537.36 OPR/89.0.4447.51"
114.10.39.4 - - [20/Apr/2026:11:16:28 -0400] "POST /xmlrpc.php HTTP/1.1" 200 0 "-" "WordPress.com; https://wordpress.com"
114.10.39.4 - - [20/Apr/2026:11:16:39 -0400] "POST /xmlrpc.php HTTP/1.1" 200 0 "-" "Jetpack by WordPress.com"
114.10.39.4 - - [20/Apr/2026:11:16:53 -0400] "POST /xmlrpc.php HTTP/1.1" 200 0 "-" "Jetpack by WordPress.com"
52.167.144.183 - - [20/Apr/2026:11:17:05 -0400] "GET /shop/oatfowl/phototelephony2676634683.html HTTP/1.1" 404 1251 "-" "Mozilla/5.0 AppleWebKit/537.36 (KHTML, like Gecko; compatible; bingbot/2.0; +http://www.bing.com/bingbot.htm) Chrome/116.0.1938.76 Safari/537.36"
