D7net
Home
Console
Upload
information
Create File
Create Folder
About
Tools
:
/
home
/
stickain
/
access-logs
/
Filename :
flyfishing.davidsteele.com-ssl_log
back
Copy
43.173.175.33 - - [13/Apr/2026:08:14:01 -0400] "GET /product-category/most-popular/?add-to-cart=3198 HTTP/1.1" 302 0 "-" "Mozilla/5.0 (Windows NT 10.0; Win64; x64) AppleWebKit/537.36 (KHTML, like Gecko) Chrome/133.0.0.0 Safari/537.36"
162.0.209.96 - - [13/Apr/2026:08:14:05 -0400] "POST /wp-cron.php?doing_wp_cron=1776082445.5798730850219726562500 HTTP/1.1" 200 0 "-" "WordPress/6.8.5; https://flyfishing.davidsteele.com"
43.172.196.20 - - [13/Apr/2026:08:14:05 -0400] "GET /cart/ HTTP/1.1" 200 29015 "-" "Mozilla/5.0 (Windows NT 10.0; Win64; x64) AppleWebKit/537.36 (KHTML, like Gecko) Chrome/133.0.0.0 Safari/537.36"
43.173.174.192 - - [13/Apr/2026:08:20:43 -0400] "GET /product-category/most-popular/?add-to-cart=3306 HTTP/1.1" 302 0 "-" "Mozilla/5.0 (Windows NT 10.0; Win64; x64) AppleWebKit/537.36 (KHTML, like Gecko) Chrome/124.0.0.0 Safari/537.36"
162.0.209.96 - - [13/Apr/2026:08:20:47 -0400] "POST /wp-cron.php?doing_wp_cron=1776082847.4658370018005371093750 HTTP/1.1" 200 0 "-" "WordPress/6.8.5; https://flyfishing.davidsteele.com"
43.173.174.192 - - [13/Apr/2026:08:20:47 -0400] "GET /cart/ HTTP/1.1" 200 26504 "https://flyfishing.davidsteele.com/product-category/most-popular/?add-to-cart=3306" "Mozilla/5.0 (Windows NT 10.0; Win64; x64) AppleWebKit/537.36 (KHTML, like Gecko) Chrome/124.0.0.0 Safari/537.36"
216.73.216.99 - - [13/Apr/2026:08:22:04 -0400] "GET /robots.txt HTTP/1.1" 200 191 "-" "Mozilla/5.0 AppleWebKit/537.36 (KHTML, like Gecko; compatible; ClaudeBot/1.0; +claudebot@anthropic.com)"
216.73.216.99 - - [13/Apr/2026:08:22:04 -0400] "GET /shop/fly-fishing-stripping-basket/?add-to-cart=3306 HTTP/1.1" 302 0 "-" "Mozilla/5.0 AppleWebKit/537.36 (KHTML, like Gecko; compatible; ClaudeBot/1.0; +claudebot@anthropic.com)"
216.73.216.99 - - [13/Apr/2026:08:22:04 -0400] "GET /shop/fly-fishing-stripping-basket/?add-to-cart=3289 HTTP/1.1" 302 0 "-" "Mozilla/5.0 AppleWebKit/537.36 (KHTML, like Gecko; compatible; ClaudeBot/1.0; +claudebot@anthropic.com)"
162.0.209.96 - - [13/Apr/2026:08:22:04 -0400] "POST /wp-cron.php?doing_wp_cron=1776082924.7375249862670898437500 HTTP/1.1" 200 0 "-" "WordPress/6.8.5; https://flyfishing.davidsteele.com"
216.73.216.99 - - [13/Apr/2026:08:22:04 -0400] "GET /sitemap_index.xml HTTP/1.1" 200 341 "-" "Mozilla/5.0 AppleWebKit/537.36 (KHTML, like Gecko; compatible; ClaudeBot/1.0; +claudebot@anthropic.com)"
216.73.216.99 - - [13/Apr/2026:08:22:04 -0400] "GET /shop/fly-fishing-stripping-basket/?add-to-cart=3340 HTTP/1.1" 302 0 "-" "Mozilla/5.0 AppleWebKit/537.36 (KHTML, like Gecko; compatible; ClaudeBot/1.0; +claudebot@anthropic.com)"
216.73.216.99 - - [13/Apr/2026:08:22:04 -0400] "GET /cart/ HTTP/1.1" 200 25987 "https://flyfishing.davidsteele.com/shop/fly-fishing-stripping-basket/?add-to-cart=3289" "Mozilla/5.0 AppleWebKit/537.36 (KHTML, like Gecko; compatible; ClaudeBot/1.0; +claudebot@anthropic.com)"
216.73.216.99 - - [13/Apr/2026:08:22:04 -0400] "GET /cart/ HTTP/1.1" 200 25922 "https://flyfishing.davidsteele.com/shop/fly-fishing-stripping-basket/?add-to-cart=3306" "Mozilla/5.0 AppleWebKit/537.36 (KHTML, like Gecko; compatible; ClaudeBot/1.0; +claudebot@anthropic.com)"
216.73.216.99 - - [13/Apr/2026:08:22:05 -0400] "GET /cart/ HTTP/1.1" 200 25968 "https://flyfishing.davidsteele.com/shop/fly-fishing-stripping-basket/?add-to-cart=3340" "Mozilla/5.0 AppleWebKit/537.36 (KHTML, like Gecko; compatible; ClaudeBot/1.0; +claudebot@anthropic.com)"
162.0.209.96 - - [13/Apr/2026:08:23:51 -0400] "POST /wp-cron.php?doing_wp_cron=1776083031.5928199291229248046875 HTTP/1.1" 200 0 "-" "WordPress/6.8.5; https://flyfishing.davidsteele.com"
216.73.216.99 - - [13/Apr/2026:08:23:48 -0400] "GET /cart/?remove_item=9ef2ed4b7fd2c810847ffa5fa85bce38 HTTP/1.1" 200 23816 "-" "Mozilla/5.0 AppleWebKit/537.36 (KHTML, like Gecko; compatible; ClaudeBot/1.0; +claudebot@anthropic.com)"
216.73.216.99 - - [13/Apr/2026:08:27:26 -0400] "GET /shop/all-day-uv-protection-fishing-hat/feed HTTP/1.1" 200 417 "-" "Mozilla/5.0 AppleWebKit/537.36 (KHTML, like Gecko; compatible; ClaudeBot/1.0; +claudebot@anthropic.com)"
216.73.216.99 - - [13/Apr/2026:08:27:26 -0400] "GET /shop/4-spools-tippet-line-3x-4x-5x-6x-spool-tender/feed HTTP/1.1" 200 449 "-" "Mozilla/5.0 AppleWebKit/537.36 (KHTML, like Gecko; compatible; ClaudeBot/1.0; +claudebot@anthropic.com)"
216.73.216.99 - - [13/Apr/2026:08:27:26 -0400] "GET /shop/magnetic-fly-fishing-release-cord/feed HTTP/1.1" 200 415 "-" "Mozilla/5.0 AppleWebKit/537.36 (KHTML, like Gecko; compatible; ClaudeBot/1.0; +claudebot@anthropic.com)"
216.73.216.99 - - [13/Apr/2026:08:27:26 -0400] "GET /shop/fly-fishing-magnifier-glasses/feed HTTP/1.1" 200 413 "-" "Mozilla/5.0 AppleWebKit/537.36 (KHTML, like Gecko; compatible; ClaudeBot/1.0; +claudebot@anthropic.com)"
216.73.216.99 - - [13/Apr/2026:08:27:26 -0400] "GET /shop/polarized-slap-bracelet-sun-glasses/feed HTTP/1.1" 200 438 "-" "Mozilla/5.0 AppleWebKit/537.36 (KHTML, like Gecko; compatible; ClaudeBot/1.0; +claudebot@anthropic.com)"
216.73.216.99 - - [13/Apr/2026:08:27:26 -0400] "GET /shop/fly-fishing-stripping-basket/feed HTTP/1.1" 200 409 "-" "Mozilla/5.0 AppleWebKit/537.36 (KHTML, like Gecko; compatible; ClaudeBot/1.0; +claudebot@anthropic.com)"
216.73.216.99 - - [13/Apr/2026:08:27:26 -0400] "GET /shop/fly-fishing-stripping-basket?add-to-cart=3327 HTTP/1.1" 302 0 "-" "Mozilla/5.0 AppleWebKit/537.36 (KHTML, like Gecko; compatible; ClaudeBot/1.0; +claudebot@anthropic.com)"
216.73.216.99 - - [13/Apr/2026:08:27:26 -0400] "GET /shop/4-spools-tippet-line-3x-4x-5x-6x-spool-tender/?add-to-cart=3314 HTTP/1.1" 302 0 "-" "Mozilla/5.0 AppleWebKit/537.36 (KHTML, like Gecko; compatible; ClaudeBot/1.0; +claudebot@anthropic.com)"
216.73.216.99 - - [13/Apr/2026:08:27:26 -0400] "GET /shop/polarized-slap-bracelet-sun-glasses/?add-to-cart=3132 HTTP/1.1" 302 0 "-" "Mozilla/5.0 AppleWebKit/537.36 (KHTML, like Gecko; compatible; ClaudeBot/1.0; +claudebot@anthropic.com)"
162.0.209.96 - - [13/Apr/2026:08:27:29 -0400] "POST /wp-cron.php?doing_wp_cron=1776083249.4697070121765136718750 HTTP/1.1" 200 0 "-" "WordPress/6.8.5; https://flyfishing.davidsteele.com"
216.73.216.99 - - [13/Apr/2026:08:27:29 -0400] "GET /cart/ HTTP/1.1" 200 25889 "https://flyfishing.davidsteele.com/shop/4-spools-tippet-line-3x-4x-5x-6x-spool-tender/?add-to-cart=3314" "Mozilla/5.0 AppleWebKit/537.36 (KHTML, like Gecko; compatible; ClaudeBot/1.0; +claudebot@anthropic.com)"
216.73.216.99 - - [13/Apr/2026:08:27:29 -0400] "GET /cart/ HTTP/1.1" 200 25973 "https://flyfishing.davidsteele.com/shop/fly-fishing-stripping-basket?add-to-cart=3327" "Mozilla/5.0 AppleWebKit/537.36 (KHTML, like Gecko; compatible; ClaudeBot/1.0; +claudebot@anthropic.com)"
216.73.216.99 - - [13/Apr/2026:08:27:29 -0400] "GET /cart/ HTTP/1.1" 200 25998 "https://flyfishing.davidsteele.com/shop/polarized-slap-bracelet-sun-glasses/?add-to-cart=3132" "Mozilla/5.0 AppleWebKit/537.36 (KHTML, like Gecko; compatible; ClaudeBot/1.0; +claudebot@anthropic.com)"
146.190.254.191 - - [13/Apr/2026:08:34:42 -0400] "GET / HTTP/1.1" 200 25523 "-" "Mozilla/5.0 (X11; Linux x86_64) AppleWebKit/537.36 (KHTML, like Gecko) Chrome/142.0.0.0 Safari/537.36"
146.190.254.191 - - [13/Apr/2026:08:34:43 -0400] "GET /favicon.ico HTTP/1.1" 404 1251 "https://flyfishing.davidsteele.com/" "Mozilla/5.0 (X11; Linux x86_64) AppleWebKit/537.36 (KHTML, like Gecko) Chrome/142.0.0.0 Safari/537.36"
42.84.162.85 - - [13/Apr/2026:08:44:32 -0400] "GET /shop/polarized-slap-bracelet-sun-glasses/ HTTP/1.1" 200 16482 "-" "Mozilla/5.0 (Macintosh; Intel Mac OS X 10_15_7) AppleWebKit/537.36 (KHTML, like Gecko) Chrome/140.0.0.0 Safari/537.36"
216.73.216.99 - - [13/Apr/2026:09:41:49 -0400] "GET /robots.txt HTTP/1.1" 200 191 "-" "Mozilla/5.0 AppleWebKit/537.36 (KHTML, like Gecko; compatible; ClaudeBot/1.0; +claudebot@anthropic.com)"
162.0.209.96 - - [13/Apr/2026:09:41:53 -0400] "POST /wp-cron.php?doing_wp_cron=1776087713.3876569271087646484375 HTTP/1.1" 200 0 "-" "WordPress/6.8.5; https://flyfishing.davidsteele.com"
216.73.216.99 - - [13/Apr/2026:09:41:49 -0400] "GET /sitemap_index.xml HTTP/1.1" 200 341 "-" "Mozilla/5.0 AppleWebKit/537.36 (KHTML, like Gecko; compatible; ClaudeBot/1.0; +claudebot@anthropic.com)"
111.225.149.147 - - [13/Apr/2026:09:58:52 -0400] "GET /shop/portable-fly-tying-tool-kit/ HTTP/1.1" 200 12683 "-" "Mozilla/5.0 (Linux; Android 5.0) AppleWebKit/537.36 (KHTML, like Gecko) Mobile Safari/537.36 (compatible; Bytespider; https://zhanzhang.toutiao.com/)"
111.225.149.65 - - [13/Apr/2026:09:59:12 -0400] "GET /shop/round-wood-stump-pillow/ HTTP/1.1" 200 16198 "-" "Mozilla/5.0 (Linux; Android 5.0) AppleWebKit/537.36 (KHTML, like Gecko) Mobile Safari/537.36 (compatible; Bytespider; https://zhanzhang.toutiao.com/)"
111.225.148.213 - - [13/Apr/2026:09:59:52 -0400] "GET /shop/waterproof-see-through-fly-box/ HTTP/1.1" 200 15941 "-" "Mozilla/5.0 (Linux; Android 5.0) AppleWebKit/537.36 (KHTML, like Gecko) Mobile Safari/537.36 (compatible; Bytespider; https://zhanzhang.toutiao.com/)"
111.225.148.213 - - [13/Apr/2026:09:59:54 -0400] "GET /wp-content/plugins/woocommerce/assets/js/frontend/woocommerce.min.js?ver=8.8.2 HTTP/1.1" 200 1251 "https://flyfishing.davidsteele.com/shop/waterproof-see-through-fly-box/" "Mozilla/5.0 (Linux; Android 5.0) AppleWebKit/537.36 (KHTML, like Gecko) Mobile Safari/537.36 (compatible; Bytespider; https://zhanzhang.toutiao.com/)"
111.225.148.213 - - [13/Apr/2026:09:59:55 -0400] "GET /wp-content/uploads/2017/06/3294-b4a6f2cf3360c9e6d93bbac8c2736cc8-400x400.jpg HTTP/1.1" 206 500 "https://flyfishing.davidsteele.com/shop/waterproof-see-through-fly-box/" "Mozilla/5.0 (Linux; Android 5.0) AppleWebKit/537.36 (KHTML, like Gecko) Mobile Safari/537.36 (compatible; Bytespider; https://zhanzhang.toutiao.com/)"
111.225.149.55 - - [13/Apr/2026:10:00:35 -0400] "GET /shop/fly-fishing-nipper/ HTTP/1.1" 200 15671 "-" "Mozilla/5.0 (Linux; Android 5.0) AppleWebKit/537.36 (KHTML, like Gecko) Mobile Safari/537.36 (compatible; Bytespider; https://zhanzhang.toutiao.com/)"
110.249.201.188 - - [13/Apr/2026:10:00:54 -0400] "GET /shop/led-magnifying-glasses/ HTTP/1.1" 200 14311 "-" "Mozilla/5.0 (Linux; Android 5.0) AppleWebKit/537.36 (KHTML, like Gecko) Mobile Safari/537.36 (compatible; Bytespider; https://zhanzhang.toutiao.com/)"
110.249.201.224 - - [13/Apr/2026:10:01:17 -0400] "GET /shop/fly-fish-chest-waders/ HTTP/1.1" 200 13827 "-" "Mozilla/5.0 (Linux; Android 5.0) AppleWebKit/537.36 (KHTML, like Gecko) Mobile Safari/537.36 (compatible; Bytespider; https://zhanzhang.toutiao.com/)"
111.225.149.99 - - [13/Apr/2026:10:01:34 -0400] "GET /shop/magnetic-fly-fishing-release-cord/ HTTP/1.1" 200 14563 "-" "Mozilla/5.0 (Linux; Android 5.0) AppleWebKit/537.36 (KHTML, like Gecko) Mobile Safari/537.36 (compatible; Bytespider; https://zhanzhang.toutiao.com/)"
111.225.149.99 - - [13/Apr/2026:10:01:34 -0400] "GET /wp-content/plugins/contact-form-7/includes/css/styles.css?ver=5.9.3 HTTP/1.1" 200 890 "https://flyfishing.davidsteele.com/shop/magnetic-fly-fishing-release-cord/" "Mozilla/5.0 (Linux; Android 5.0) AppleWebKit/537.36 (KHTML, like Gecko) Mobile Safari/537.36 (compatible; Bytespider; https://zhanzhang.toutiao.com/)"
111.225.149.99 - - [13/Apr/2026:10:01:35 -0400] "GET /wp-content/uploads/2017/06/3205-f8d9438fddd89cd8f4839eb728a45fac-400x400.jpg HTTP/1.1" 206 500 "https://flyfishing.davidsteele.com/shop/magnetic-fly-fishing-release-cord/" "Mozilla/5.0 (Linux; Android 5.0) AppleWebKit/537.36 (KHTML, like Gecko) Mobile Safari/537.36 (compatible; Bytespider; https://zhanzhang.toutiao.com/)"
110.249.201.192 - - [13/Apr/2026:10:01:55 -0400] "GET /shop/mini-fly-reel-keychain/ HTTP/1.1" 200 15490 "-" "Mozilla/5.0 (Linux; Android 5.0) AppleWebKit/537.36 (KHTML, like Gecko) Mobile Safari/537.36 (compatible; Bytespider; https://zhanzhang.toutiao.com/)"
110.249.201.192 - - [13/Apr/2026:10:01:56 -0400] "GET /wp-includes/js/dist/i18n.min.js?ver=5e580eb46a90c2b997e6 HTTP/1.1" 200 3542 "https://flyfishing.davidsteele.com/shop/mini-fly-reel-keychain/" "Mozilla/5.0 (Linux; Android 5.0) AppleWebKit/537.36 (KHTML, like Gecko) Mobile Safari/537.36 (compatible; Bytespider; https://zhanzhang.toutiao.com/)"
110.249.201.192 - - [13/Apr/2026:10:01:56 -0400] "GET /wp-content/plugins/woocommerce/assets/js/photoswipe/photoswipe-ui-default.min.js?ver=4.1.1-wc.9.8.4 HTTP/1.1" 200 3478 "https://flyfishing.davidsteele.com/shop/mini-fly-reel-keychain/" "Mozilla/5.0 (Linux; Android 5.0) AppleWebKit/537.36 (KHTML, like Gecko) Mobile Safari/537.36 (compatible; Bytespider; https://zhanzhang.toutiao.com/)"
110.249.202.48 - - [13/Apr/2026:10:02:55 -0400] "GET / HTTP/1.1" 200 22570 "-" "Mozilla/5.0 (Linux; Android 5.0) AppleWebKit/537.36 (KHTML, like Gecko) Mobile Safari/537.36 (compatible; Bytespider; https://zhanzhang.toutiao.com/)"
110.249.202.48 - - [13/Apr/2026:10:02:56 -0400] "GET /wp-content/plugins/woo-notification/css/woo-notification.min.css?ver=1.3.4 HTTP/1.1" 200 2927 "https://flyfishing.davidsteele.com/" "Mozilla/5.0 (Linux; Android 5.0) AppleWebKit/537.36 (KHTML, like Gecko) Mobile Safari/537.36 (compatible; Bytespider; https://zhanzhang.toutiao.com/)"
110.249.202.48 - - [13/Apr/2026:10:02:56 -0400] "GET /wp-content/uploads/2017/06/safesite-400.png HTTP/1.1" 206 500 "https://flyfishing.davidsteele.com/" "Mozilla/5.0 (Linux; Android 5.0) AppleWebKit/537.36 (KHTML, like Gecko) Mobile Safari/537.36 (compatible; Bytespider; https://zhanzhang.toutiao.com/)"
110.249.202.48 - - [13/Apr/2026:10:02:57 -0400] "GET /wp-content/themes/Divi/core/admin/js/common.js?ver=4.27.4 HTTP/1.1" 200 490 "https://flyfishing.davidsteele.com/" "Mozilla/5.0 (Linux; Android 5.0) AppleWebKit/537.36 (KHTML, like Gecko) Mobile Safari/537.36 (compatible; Bytespider; https://zhanzhang.toutiao.com/)"
110.249.202.48 - - [13/Apr/2026:10:02:57 -0400] "GET /wp-content/plugins/ghostmonitor/assets/js/ghostmonitor_messenger_widget.js?ver=6.8.5 HTTP/1.1" 200 243 "https://flyfishing.davidsteele.com/" "Mozilla/5.0 (Linux; Android 5.0) AppleWebKit/537.36 (KHTML, like Gecko) Mobile Safari/537.36 (compatible; Bytespider; https://zhanzhang.toutiao.com/)"
162.0.209.96 - - [13/Apr/2026:10:03:01 -0400] "POST /wp-cron.php?doing_wp_cron=1776088981.5442950725555419921875 HTTP/1.1" 200 0 "-" "WordPress/6.8.5; https://flyfishing.davidsteele.com"
110.249.202.48 - - [13/Apr/2026:10:02:58 -0400] "POST /?wc-ajax=get_refreshed_fragments HTTP/1.1" 200 210 "https://flyfishing.davidsteele.com/" "Mozilla/5.0 (Linux; Android 5.0) AppleWebKit/537.36 (KHTML, like Gecko) Mobile Safari/537.36 (compatible; Bytespider; https://zhanzhang.toutiao.com/)"
111.225.148.219 - - [13/Apr/2026:10:03:17 -0400] "GET /shop/fly-fishing-magnifier-glasses/ HTTP/1.1" 200 14018 "-" "Mozilla/5.0 (Linux; Android 5.0) AppleWebKit/537.36 (KHTML, like Gecko) Mobile Safari/537.36 (compatible; Bytespider; https://zhanzhang.toutiao.com/)"
111.225.148.219 - - [13/Apr/2026:10:03:18 -0400] "GET /wp-includes/js/dist/vendor/wp-polyfill.min.js?ver=3.15.0 HTTP/1.1" 200 14134 "https://flyfishing.davidsteele.com/shop/fly-fishing-magnifier-glasses/" "Mozilla/5.0 (Linux; Android 5.0) AppleWebKit/537.36 (KHTML, like Gecko) Mobile Safari/537.36 (compatible; Bytespider; https://zhanzhang.toutiao.com/)"
111.225.148.219 - - [13/Apr/2026:10:03:22 -0400] "GET /wp-content/uploads/2017/06/3346-b7e6fb9e3baaa04e8d3b91086f3659ab-400x400.jpg HTTP/1.1" 206 500 "https://flyfishing.davidsteele.com/shop/fly-fishing-magnifier-glasses/" "Mozilla/5.0 (Linux; Android 5.0) AppleWebKit/537.36 (KHTML, like Gecko) Mobile Safari/537.36 (compatible; Bytespider; https://zhanzhang.toutiao.com/)"
104.210.140.137 - - [13/Apr/2026:10:25:21 -0400] "GET /robots.txt HTTP/1.1" 200 191 "-" "Mozilla/5.0 (Macintosh; Intel Mac OS X 10_15_7) AppleWebKit/537.36 (KHTML, like Gecko) Chrome/131.0.0.0 Safari/537.36; compatible; OAI-SearchBot/1.0; +https://openai.com/searchbot"
116.104.171.123 - - [13/Apr/2026:10:26:41 -0400] "GET /shop/fly-fish-chest-waders/ HTTP/1.1" 200 13827 "-" "Mozilla/5.0 (Macintosh; U; Intel Mac OS X 10_12_6; rv:1.9.4.20) Gecko/9570-07-29 19:04:43.354218 Firefox/3.6.15"
110.249.201.162 - - [13/Apr/2026:10:32:58 -0400] "GET /robots.txt HTTP/1.1" 200 212 "-" "Mozilla/5.0 (Linux; Android 5.0) AppleWebKit/537.36 (KHTML, like Gecko) Mobile Safari/537.36 (compatible; Bytespider; https://zhanzhang.toutiao.com/)"
162.0.209.96 - - [13/Apr/2026:10:58:40 -0400] "POST /wp-cron.php?doing_wp_cron=1776092320.0425341129302978515625 HTTP/1.1" 200 0 "-" "WordPress/6.8.5; https://flyfishing.davidsteele.com"
34.239.197.197 - - [13/Apr/2026:10:58:35 -0400] "GET /wp-json/wp/v2/product/3225 HTTP/1.1" 200 12306 "-" "Mozilla/5.0 AppleWebKit/537.36 (KHTML, like Gecko; compatible; Amazonbot/0.1; +https://developer.amazon.com/support/amazonbot) Chrome/119.0.6045.214 Safari/537.36"
162.0.209.96 - - [13/Apr/2026:11:06:34 -0400] "POST /wp-cron.php?doing_wp_cron=1776092794.4915030002593994140625 HTTP/1.1" 200 0 "-" "WordPress/6.8.5; https://flyfishing.davidsteele.com"
23.23.104.107 - - [13/Apr/2026:11:06:31 -0400] "GET /wp-json/oembed/1.0/embed?format=xml&url=https://flyfishing.davidsteele.com/shop/mini-fly-reel-keychain/ HTTP/1.1" 200 1464 "-" "Mozilla/5.0 AppleWebKit/537.36 (KHTML, like Gecko; compatible; Amazonbot/0.1; +https://developer.amazon.com/support/amazonbot) Chrome/119.0.6045.214 Safari/537.36"
103.85.157.206 - - [13/Apr/2026:11:08:04 -0400] "GET / HTTP/1.1" 200 22570 "-" "Mozilla/5.0 (compatible; MSIE 8.0; Windows 98; Win 9x 4.90; Trident/5.0)"
43.172.196.32 - - [13/Apr/2026:11:22:34 -0400] "GET /shop/polarized-slap-bracelet-sun-glasses/?add-to-cart=3289 HTTP/1.1" 302 0 "-" "Mozilla/5.0 (Windows NT 10.0; Win64; x64) AppleWebKit/537.36 (KHTML, like Gecko) Chrome/120.0.0.0 Safari/537.36"
162.0.209.96 - - [13/Apr/2026:11:22:38 -0400] "POST /wp-cron.php?doing_wp_cron=1776093758.0702490806579589843750 HTTP/1.1" 200 0 "-" "WordPress/6.8.5; https://flyfishing.davidsteele.com"
43.173.174.116 - - [13/Apr/2026:11:22:37 -0400] "GET /cart/ HTTP/1.1" 200 26680 "-" "Mozilla/5.0 (Windows NT 10.0; Win64; x64) AppleWebKit/537.36 (KHTML, like Gecko) Chrome/120.0.0.0 Safari/537.36"
216.73.216.99 - - [13/Apr/2026:11:25:55 -0400] "GET /robots.txt HTTP/1.1" 200 191 "-" "Mozilla/5.0 AppleWebKit/537.36 (KHTML, like Gecko; compatible; ClaudeBot/1.0; +claudebot@anthropic.com)"
162.0.209.96 - - [13/Apr/2026:11:25:58 -0400] "POST /wp-cron.php?doing_wp_cron=1776093958.3574719429016113281250 HTTP/1.1" 200 0 "-" "WordPress/6.8.5; https://flyfishing.davidsteele.com"
216.73.216.99 - - [13/Apr/2026:11:25:56 -0400] "GET /sitemap_index.xml HTTP/1.1" 200 341 "-" "Mozilla/5.0 AppleWebKit/537.36 (KHTML, like Gecko; compatible; ClaudeBot/1.0; +claudebot@anthropic.com)"
162.0.209.96 - - [13/Apr/2026:11:25:58 -0400] "PURGE /.* HTTP/1.1" 200 0 "-" "WordPress/6.8.5; https://flyfishing.davidsteele.com; EPC/v2.2.2/epc_scheduled_purge_all"
162.0.209.96 - - [13/Apr/2026:11:25:58 -0400] "PURGE /.* HTTP/1.1" 200 0 "-" "WordPress/6.8.5; https://flyfishing.davidsteele.com; EPC/v2.2.2/epc_scheduled_purge_all"
54.225.181.161 - - [13/Apr/2026:11:38:55 -0400] "GET /shop/mini-fly-reel-keychain/feed/ HTTP/1.1" 200 481 "-" "Mozilla/5.0 AppleWebKit/537.36 (KHTML, like Gecko; compatible; Amazonbot/0.1; +https://developer.amazon.com/support/amazonbot) Chrome/119.0.6045.214 Safari/537.36"
162.0.209.96 - - [13/Apr/2026:11:39:46 -0400] "POST /wp-cron.php?doing_wp_cron=1776094786.2756719589233398437500 HTTP/1.1" 200 0 "-" "WordPress/6.8.5; https://flyfishing.davidsteele.com"
44.206.65.8 - - [13/Apr/2026:11:39:43 -0400] "GET /wp-json/wp/v2/product/3306 HTTP/1.1" 200 12280 "-" "Mozilla/5.0 AppleWebKit/537.36 (KHTML, like Gecko; compatible; Amazonbot/0.1; +https://developer.amazon.com/support/amazonbot) Chrome/119.0.6045.214 Safari/537.36"
162.0.209.96 - - [13/Apr/2026:11:45:26 -0400] "POST /wp-cron.php?doing_wp_cron=1776095126.5354440212249755859375 HTTP/1.1" 200 0 "-" "WordPress/6.8.5; https://flyfishing.davidsteele.com"
18.214.138.148 - - [13/Apr/2026:11:45:23 -0400] "GET /wp-json/oembed/1.0/embed?format=xml&url=https://flyfishing.davidsteele.com/shop/fly-fish-chest-waders/ HTTP/1.1" 200 1327 "-" "Mozilla/5.0 AppleWebKit/537.36 (KHTML, like Gecko; compatible; Amazonbot/0.1; +https://developer.amazon.com/support/amazonbot) Chrome/119.0.6045.214 Safari/537.36"
82.180.139.98 - - [13/Apr/2026:11:48:40 -0400] "GET / HTTP/1.1" 200 25523 "-" "httpx - Open-source project (github.com/projectdiscovery/httpx)"
162.0.209.96 - - [13/Apr/2026:12:11:43 -0400] "POST /wp-cron.php?doing_wp_cron=1776096703.7326350212097167968750 HTTP/1.1" 200 0 "-" "WordPress/6.8.5; https://flyfishing.davidsteele.com"
213.202.253.4 - - [13/Apr/2026:12:11:38 -0400] "GET /txets.php HTTP/1.1" 404 19963 "www.google.com" "Mozlila/5.0 (Linux; Android 7.0; SM-G892A Bulid/NRD90M; wv) AppleWebKit/537.36 (KHTML, like Gecko) Version/4.0 Chrome/60.0.3112.107 Moblie Safari/537.36"
213.202.253.4 - - [13/Apr/2026:12:11:54 -0400] "GET /wp-content/txets.php HTTP/1.1" 404 19947 "www.google.com" "Mozlila/5.0 (Linux; Android 7.0; SM-G892A Bulid/NRD90M; wv) AppleWebKit/537.36 (KHTML, like Gecko) Version/4.0 Chrome/60.0.3112.107 Moblie Safari/537.36"
213.202.253.4 - - [13/Apr/2026:12:12:06 -0400] "GET /wp-content/txets.php HTTP/1.1" 404 19947 "www.google.com" "Mozlila/5.0 (Linux; Android 7.0; SM-G892A Bulid/NRD90M; wv) AppleWebKit/537.36 (KHTML, like Gecko) Version/4.0 Chrome/60.0.3112.107 Moblie Safari/537.36"
162.0.209.96 - - [13/Apr/2026:12:12:15 -0400] "POST /wp-cron.php?doing_wp_cron=1776096735.8472809791564941406250 HTTP/1.1" 200 0 "-" "WordPress/6.8.5; https://flyfishing.davidsteele.com"
213.202.253.4 - - [13/Apr/2026:12:12:15 -0400] "GET /wp-content/postnews.php HTTP/1.1" 404 19963 "www.google.com" "Mozlila/5.0 (Linux; Android 7.0; SM-G892A Bulid/NRD90M; wv) AppleWebKit/537.36 (KHTML, like Gecko) Version/4.0 Chrome/60.0.3112.107 Moblie Safari/537.36"
213.202.253.4 - - [13/Apr/2026:12:12:25 -0400] "GET /wp-content/postnews.php HTTP/1.1" 404 19963 "www.google.com" "Mozlila/5.0 (Linux; Android 7.0; SM-G892A Bulid/NRD90M; wv) AppleWebKit/537.36 (KHTML, like Gecko) Version/4.0 Chrome/60.0.3112.107 Moblie Safari/537.36"
213.202.253.4 - - [13/Apr/2026:12:12:33 -0400] "GET /postnews.php HTTP/1.1" 404 19938 "www.google.com" "Mozlila/5.0 (Linux; Android 7.0; SM-G892A Bulid/NRD90M; wv) AppleWebKit/537.36 (KHTML, like Gecko) Version/4.0 Chrome/60.0.3112.107 Moblie Safari/537.36"
213.202.253.4 - - [13/Apr/2026:12:12:45 -0400] "GET /postnews.php HTTP/1.1" 404 19938 "www.google.com" "Mozlila/5.0 (Linux; Android 7.0; SM-G892A Bulid/NRD90M; wv) AppleWebKit/537.36 (KHTML, like Gecko) Version/4.0 Chrome/60.0.3112.107 Moblie Safari/537.36"
213.202.253.4 - - [13/Apr/2026:12:12:55 -0400] "GET /userfuns.php HTTP/1.1" 404 19953 "www.google.com" "Mozlila/5.0 (Linux; Android 7.0; SM-G892A Bulid/NRD90M; wv) AppleWebKit/537.36 (KHTML, like Gecko) Version/4.0 Chrome/60.0.3112.107 Moblie Safari/537.36"
213.202.253.4 - - [13/Apr/2026:12:13:07 -0400] "GET /userfuns.php HTTP/1.1" 404 19953 "www.google.com" "Mozlila/5.0 (Linux; Android 7.0; SM-G892A Bulid/NRD90M; wv) AppleWebKit/537.36 (KHTML, like Gecko) Version/4.0 Chrome/60.0.3112.107 Moblie Safari/537.36"
162.0.209.96 - - [13/Apr/2026:12:13:17 -0400] "POST /wp-cron.php?doing_wp_cron=1776096797.0621469020843505859375 HTTP/1.1" 200 0 "-" "WordPress/6.8.5; https://flyfishing.davidsteele.com"
213.202.253.4 - - [13/Apr/2026:12:13:16 -0400] "GET /gdftps.php HTTP/1.1" 404 19953 "www.google.com" "Mozlila/5.0 (Linux; Android 7.0; SM-G892A Bulid/NRD90M; wv) AppleWebKit/537.36 (KHTML, like Gecko) Version/4.0 Chrome/60.0.3112.107 Moblie Safari/537.36"
213.202.253.4 - - [13/Apr/2026:12:13:28 -0400] "GET /gdftps.php HTTP/1.1" 404 19953 "www.google.com" "Mozlila/5.0 (Linux; Android 7.0; SM-G892A Bulid/NRD90M; wv) AppleWebKit/537.36 (KHTML, like Gecko) Version/4.0 Chrome/60.0.3112.107 Moblie Safari/537.36"
213.202.253.4 - - [13/Apr/2026:12:13:36 -0400] "GET /adminfuns.php HTTP/1.1" 404 19931 "www.google.com" "Mozlila/5.0 (Linux; Android 7.0; SM-G892A Bulid/NRD90M; wv) AppleWebKit/537.36 (KHTML, like Gecko) Version/4.0 Chrome/60.0.3112.107 Moblie Safari/537.36"
213.202.253.4 - - [13/Apr/2026:12:13:44 -0400] "GET /adminfuns.php HTTP/1.1" 404 19931 "www.google.com" "Mozlila/5.0 (Linux; Android 7.0; SM-G892A Bulid/NRD90M; wv) AppleWebKit/537.36 (KHTML, like Gecko) Version/4.0 Chrome/60.0.3112.107 Moblie Safari/537.36"
162.0.209.96 - - [13/Apr/2026:12:13:55 -0400] "POST /wp-cron.php?doing_wp_cron=1776096834.9980289936065673828125 HTTP/1.1" 200 0 "-" "WordPress/6.8.5; https://flyfishing.davidsteele.com"
213.202.253.4 - - [13/Apr/2026:12:13:54 -0400] "GET /memberfuns.php HTTP/1.1" 404 19931 "www.google.com" "Mozlila/5.0 (Linux; Android 7.0; SM-G892A Bulid/NRD90M; wv) AppleWebKit/537.36 (KHTML, like Gecko) Version/4.0 Chrome/60.0.3112.107 Moblie Safari/537.36"
213.202.253.4 - - [13/Apr/2026:12:14:04 -0400] "GET /memberfuns.php HTTP/1.1" 404 19931 "www.google.com" "Mozlila/5.0 (Linux; Android 7.0; SM-G892A Bulid/NRD90M; wv) AppleWebKit/537.36 (KHTML, like Gecko) Version/4.0 Chrome/60.0.3112.107 Moblie Safari/537.36"
162.0.209.96 - - [13/Apr/2026:12:14:13 -0400] "POST /wp-cron.php?doing_wp_cron=1776096853.7776119709014892578125 HTTP/1.1" 200 0 "-" "WordPress/6.8.5; https://flyfishing.davidsteele.com"
213.202.253.4 - - [13/Apr/2026:12:14:13 -0400] "GET /delpaths.php HTTP/1.1" 404 19956 "www.google.com" "Mozlila/5.0 (Linux; Android 7.0; SM-G892A Bulid/NRD90M; wv) AppleWebKit/537.36 (KHTML, like Gecko) Version/4.0 Chrome/60.0.3112.107 Moblie Safari/537.36"
213.202.253.4 - - [13/Apr/2026:12:14:21 -0400] "GET /delpaths.php HTTP/1.1" 404 19956 "www.google.com" "Mozlila/5.0 (Linux; Android 7.0; SM-G892A Bulid/NRD90M; wv) AppleWebKit/537.36 (KHTML, like Gecko) Version/4.0 Chrome/60.0.3112.107 Moblie Safari/537.36"
213.202.253.4 - - [13/Apr/2026:12:14:29 -0400] "GET /doiconvs HTTP/1.1" 404 19947 "www.google.com" "Mozlila/5.0 (Linux; Android 7.0; SM-G892A Bulid/NRD90M; wv) AppleWebKit/537.36 (KHTML, like Gecko) Version/4.0 Chrome/60.0.3112.107 Moblie Safari/537.36"
213.202.253.4 - - [13/Apr/2026:12:14:41 -0400] "GET /doiconvs HTTP/1.1" 404 19947 "www.google.com" "Mozlila/5.0 (Linux; Android 7.0; SM-G892A Bulid/NRD90M; wv) AppleWebKit/537.36 (KHTML, like Gecko) Version/4.0 Chrome/60.0.3112.107 Moblie Safari/537.36"
213.202.253.4 - - [13/Apr/2026:12:14:50 -0400] "GET /siteheads HTTP/1.1" 404 19953 "www.google.com" "Mozlila/5.0 (Linux; Android 7.0; SM-G892A Bulid/NRD90M; wv) AppleWebKit/537.36 (KHTML, like Gecko) Version/4.0 Chrome/60.0.3112.107 Moblie Safari/537.36"
213.202.253.4 - - [13/Apr/2026:12:15:00 -0400] "GET /siteheads HTTP/1.1" 404 19953 "www.google.com" "Mozlila/5.0 (Linux; Android 7.0; SM-G892A Bulid/NRD90M; wv) AppleWebKit/537.36 (KHTML, like Gecko) Version/4.0 Chrome/60.0.3112.107 Moblie Safari/537.36"
162.0.209.96 - - [13/Apr/2026:12:15:09 -0400] "POST /wp-cron.php?doing_wp_cron=1776096909.8323979377746582031250 HTTP/1.1" 200 0 "-" "WordPress/6.8.5; https://flyfishing.davidsteele.com"
213.202.253.4 - - [13/Apr/2026:12:15:09 -0400] "GET /moddofuns HTTP/1.1" 404 19955 "www.google.com" "Mozlila/5.0 (Linux; Android 7.0; SM-G892A Bulid/NRD90M; wv) AppleWebKit/537.36 (KHTML, like Gecko) Version/4.0 Chrome/60.0.3112.107 Moblie Safari/537.36"
213.202.253.4 - - [13/Apr/2026:12:15:19 -0400] "GET /moddofuns HTTP/1.1" 404 19955 "www.google.com" "Mozlila/5.0 (Linux; Android 7.0; SM-G892A Bulid/NRD90M; wv) AppleWebKit/537.36 (KHTML, like Gecko) Version/4.0 Chrome/60.0.3112.107 Moblie Safari/537.36"
213.202.253.4 - - [13/Apr/2026:12:15:27 -0400] "GET /schallfuns.php HTTP/1.1" 404 19962 "www.google.com" "Mozlila/5.0 (Linux; Android 7.0; SM-G892A Bulid/NRD90M; wv) AppleWebKit/537.36 (KHTML, like Gecko) Version/4.0 Chrome/60.0.3112.107 Moblie Safari/537.36"
213.202.253.4 - - [13/Apr/2026:12:15:39 -0400] "GET /schallfuns.php HTTP/1.1" 404 19962 "www.google.com" "Mozlila/5.0 (Linux; Android 7.0; SM-G892A Bulid/NRD90M; wv) AppleWebKit/537.36 (KHTML, like Gecko) Version/4.0 Chrome/60.0.3112.107 Moblie Safari/537.36"
213.202.253.4 - - [13/Apr/2026:12:15:46 -0400] "GET /wp-content/schallfuns.php HTTP/1.1" 404 19938 "www.google.com" "Mozlila/5.0 (Linux; Android 7.0; SM-G892A Bulid/NRD90M; wv) AppleWebKit/537.36 (KHTML, like Gecko) Version/4.0 Chrome/60.0.3112.107 Moblie Safari/537.36"
213.202.253.4 - - [13/Apr/2026:12:15:57 -0400] "GET /wp-content/schallfuns.php HTTP/1.1" 404 19938 "www.google.com" "Mozlila/5.0 (Linux; Android 7.0; SM-G892A Bulid/NRD90M; wv) AppleWebKit/537.36 (KHTML, like Gecko) Version/4.0 Chrome/60.0.3112.107 Moblie Safari/537.36"
162.0.209.96 - - [13/Apr/2026:12:18:34 -0400] "POST /wp-cron.php?doing_wp_cron=1776097114.6364901065826416015625 HTTP/1.1" 200 0 "-" "WordPress/6.8.5; https://flyfishing.davidsteele.com"
18.205.91.101 - - [13/Apr/2026:12:18:31 -0400] "GET /wp-json/oembed/1.0/embed?url=https://flyfishing.davidsteele.com/shop/wooden-fly-fishing-landing-net/ HTTP/1.1" 200 2523 "-" "Mozilla/5.0 AppleWebKit/537.36 (KHTML, like Gecko; compatible; Amazonbot/0.1; +https://developer.amazon.com/support/amazonbot) Chrome/119.0.6045.214 Safari/537.36"
204.69.217.130 - - [13/Apr/2026:12:18:39 -0400] "GET /wp-content/uploads/2017/06/3327-dff1e2bad5e670029346e9bcc0cfeaf4.jpg HTTP/1.1" 200 142497 "-" "Mozilla/5.0 (compatible; crawler)"
162.0.209.96 - - [13/Apr/2026:12:24:39 -0400] "POST /wp-cron.php?doing_wp_cron=1776097479.0601229667663574218750 HTTP/1.1" 200 0 "-" "WordPress/6.8.5; https://flyfishing.davidsteele.com"
216.73.216.99 - - [13/Apr/2026:12:24:36 -0400] "GET /sitemap_index.xml HTTP/1.1" 200 341 "-" "Mozilla/5.0 AppleWebKit/537.36 (KHTML, like Gecko; compatible; ClaudeBot/1.0; +claudebot@anthropic.com)"
83.99.206.134 - - [13/Apr/2026:12:25:44 -0400] "GET /robots.txt HTTP/1.1" 200 191 "-" "Mozilla/5.0 (X11; Linux x86_64) AppleWebKit/537.36 (KHTML, like Gecko; GeedoShopProductFinder) Chrome/142.0.0.0 Safari/537.36"
83.99.206.134 - - [13/Apr/2026:12:25:45 -0400] "GET / HTTP/1.1" 200 22570 "-" "Mozilla/5.0 (X11; Linux x86_64) AppleWebKit/537.36 (KHTML, like Gecko; GeedoShopProductFinder) Chrome/142.0.0.0 Safari/537.36"
162.0.209.96 - - [13/Apr/2026:12:26:10 -0400] "POST /wp-cron.php?doing_wp_cron=1776097570.9073870182037353515625 HTTP/1.1" 200 0 "-" "WordPress/6.8.5; https://flyfishing.davidsteele.com"
83.99.206.60 - - [13/Apr/2026:12:26:07 -0400] "GET /sitemap_index.xml HTTP/1.1" 200 341 "-" "Mozilla/5.0 (X11; Linux x86_64) AppleWebKit/537.36 (KHTML, like Gecko; GeedoShopProductFinder) Chrome/142.0.0.0 Safari/537.36"
83.99.206.60 - - [13/Apr/2026:12:26:31 -0400] "GET /page-sitemap.xml HTTP/1.1" 200 1214 "-" "Mozilla/5.0 (X11; Linux x86_64) AppleWebKit/537.36 (KHTML, like Gecko; GeedoShopProductFinder) Chrome/142.0.0.0 Safari/537.36"
162.0.209.96 - - [13/Apr/2026:12:26:53 -0400] "POST /wp-cron.php?doing_wp_cron=1776097613.4053781032562255859375 HTTP/1.1" 200 0 "-" "WordPress/6.8.5; https://flyfishing.davidsteele.com"
83.99.206.60 - - [13/Apr/2026:12:26:53 -0400] "GET /attachment-sitemap.xml HTTP/1.1" 200 1472 "-" "Mozilla/5.0 (X11; Linux x86_64) AppleWebKit/537.36 (KHTML, like Gecko; GeedoShopProductFinder) Chrome/142.0.0.0 Safari/537.36"
162.0.209.96 - - [13/Apr/2026:12:27:14 -0400] "POST /wp-cron.php?doing_wp_cron=1776097634.3183460235595703125000 HTTP/1.1" 200 0 "-" "WordPress/6.8.5; https://flyfishing.davidsteele.com"
83.99.206.60 - - [13/Apr/2026:12:27:14 -0400] "GET /product-sitemap.xml HTTP/1.1" 200 1708 "-" "Mozilla/5.0 (X11; Linux x86_64) AppleWebKit/537.36 (KHTML, like Gecko; GeedoShopProductFinder) Chrome/142.0.0.0 Safari/537.36"
162.0.209.96 - - [13/Apr/2026:12:27:35 -0400] "POST /wp-cron.php?doing_wp_cron=1776097655.0732491016387939453125 HTTP/1.1" 200 0 "-" "WordPress/6.8.5; https://flyfishing.davidsteele.com"
83.99.206.60 - - [13/Apr/2026:12:27:34 -0400] "GET /product_cat-sitemap.xml HTTP/1.1" 200 416 "-" "Mozilla/5.0 (X11; Linux x86_64) AppleWebKit/537.36 (KHTML, like Gecko; GeedoShopProductFinder) Chrome/142.0.0.0 Safari/537.36"
83.99.206.196 - - [13/Apr/2026:12:27:56 -0400] "GET /product_shipping_class-sitemap.xml HTTP/1.1" 200 371 "-" "Mozilla/5.0 (X11; Linux x86_64) AppleWebKit/537.36 (KHTML, like Gecko; GeedoShopProductFinder) Chrome/142.0.0.0 Safari/537.36"
83.99.206.199 - - [13/Apr/2026:12:28:44 -0400] "GET /home/dse-header/ HTTP/1.1" 200 7993 "-" "Mozilla/5.0 (X11; Linux x86_64) AppleWebKit/537.36 (KHTML, like Gecko; GeedoShopProductFinder) Chrome/142.0.0.0 Safari/537.36"
83.99.206.147 - - [13/Apr/2026:12:29:02 -0400] "GET /shop/6-pcs-deer-hair-mouse-fly-fishing-lure/ HTTP/1.1" 200 13740 "-" "Mozilla/5.0 (X11; Linux x86_64) AppleWebKit/537.36 (KHTML, like Gecko; GeedoShopProductFinder) Chrome/142.0.0.0 Safari/537.36"
83.99.206.114 - - [13/Apr/2026:12:29:22 -0400] "GET /home/top-selling/ HTTP/1.1" 200 7833 "-" "Mozilla/5.0 (X11; Linux x86_64) AppleWebKit/537.36 (KHTML, like Gecko; GeedoShopProductFinder) Chrome/142.0.0.0 Safari/537.36"
83.99.206.133 - - [13/Apr/2026:12:29:43 -0400] "GET /product-category/essentials/ HTTP/1.1" 200 12251 "-" "Mozilla/5.0 (X11; Linux x86_64) AppleWebKit/537.36 (KHTML, like Gecko; GeedoShopProductFinder) Chrome/142.0.0.0 Safari/537.36"
83.99.206.199 - - [13/Apr/2026:12:30:03 -0400] "GET /shop/uv-protection-face-neck-sun-hat/ HTTP/1.1" 200 16084 "-" "Mozilla/5.0 (X11; Linux x86_64) AppleWebKit/537.36 (KHTML, like Gecko; GeedoShopProductFinder) Chrome/142.0.0.0 Safari/537.36"
83.99.206.199 - - [13/Apr/2026:12:30:22 -0400] "GET /product-category/best-value/ HTTP/1.1" 200 11811 "-" "Mozilla/5.0 (X11; Linux x86_64) AppleWebKit/537.36 (KHTML, like Gecko; GeedoShopProductFinder) Chrome/142.0.0.0 Safari/537.36"
83.99.206.60 - - [13/Apr/2026:12:31:05 -0400] "GET /shop/waterproof-smartphone-pouch/ HTTP/1.1" 200 15863 "-" "Mozilla/5.0 (X11; Linux x86_64) AppleWebKit/537.36 (KHTML, like Gecko; GeedoShopProductFinder) Chrome/142.0.0.0 Safari/537.36"
83.99.206.60 - - [13/Apr/2026:12:31:25 -0400] "GET /product-category/editors-choice/ HTTP/1.1" 200 12195 "-" "Mozilla/5.0 (X11; Linux x86_64) AppleWebKit/537.36 (KHTML, like Gecko; GeedoShopProductFinder) Chrome/142.0.0.0 Safari/537.36"
83.99.206.113 - - [13/Apr/2026:12:31:46 -0400] "GET /shop/metal-frame-polarized-fly-fishing-sunglasses/ HTTP/1.1" 200 15808 "-" "Mozilla/5.0 (X11; Linux x86_64) AppleWebKit/537.36 (KHTML, like Gecko; GeedoShopProductFinder) Chrome/142.0.0.0 Safari/537.36"
83.99.206.60 - - [13/Apr/2026:12:32:06 -0400] "GET /shop/magnetic-fly-fishing-release-cord/ HTTP/1.1" 200 14563 "-" "Mozilla/5.0 (X11; Linux x86_64) AppleWebKit/537.36 (KHTML, like Gecko; GeedoShopProductFinder) Chrome/142.0.0.0 Safari/537.36"
83.99.206.175 - - [13/Apr/2026:12:32:25 -0400] "GET /shop/ultralight-folding-wading-trekking-stick/ HTTP/1.1" 200 14035 "-" "Mozilla/5.0 (X11; Linux x86_64) AppleWebKit/537.36 (KHTML, like Gecko; GeedoShopProductFinder) Chrome/142.0.0.0 Safari/537.36"
83.99.206.15 - - [13/Apr/2026:12:32:45 -0400] "GET /shop/portable-fly-tying-tool-kit/ HTTP/1.1" 200 12683 "-" "Mozilla/5.0 (X11; Linux x86_64) AppleWebKit/537.36 (KHTML, like Gecko; GeedoShopProductFinder) Chrome/142.0.0.0 Safari/537.36"
111.225.149.227 - - [13/Apr/2026:12:32:47 -0400] "GET / HTTP/1.1" 200 22570 "-" "Mozilla/5.0 (Linux; Android 5.0) AppleWebKit/537.36 (KHTML, like Gecko) Mobile Safari/537.36 (compatible; Bytespider; https://zhanzhang.toutiao.com/)"
162.0.209.96 - - [13/Apr/2026:12:32:51 -0400] "POST /wp-cron.php?doing_wp_cron=1776097971.2584168910980224609375 HTTP/1.1" 200 0 "-" "WordPress/6.8.5; https://flyfishing.davidsteele.com"
111.225.149.227 - - [13/Apr/2026:12:32:49 -0400] "POST /?wc-ajax=get_refreshed_fragments HTTP/1.1" 200 210 "https://flyfishing.davidsteele.com/" "Mozilla/5.0 (Linux; Android 5.0) AppleWebKit/537.36 (KHTML, like Gecko) Mobile Safari/537.36 (compatible; Bytespider; https://zhanzhang.toutiao.com/)"
111.225.148.91 - - [13/Apr/2026:12:33:07 -0400] "GET /shop/fly-fishing-magnifier-glasses/ HTTP/1.1" 200 14018 "-" "Mozilla/5.0 (Linux; Android 5.0) AppleWebKit/537.36 (KHTML, like Gecko) Mobile Safari/537.36 (compatible; Bytespider; https://zhanzhang.toutiao.com/)"
111.225.148.91 - - [13/Apr/2026:12:33:08 -0400] "GET /wp-content/plugins/woocommerce/assets/css/photoswipe/photoswipe.min.css?ver=8.8.2 HTTP/1.1" 200 857 "https://flyfishing.davidsteele.com/shop/fly-fishing-magnifier-glasses/" "Mozilla/5.0 (Linux; Android 5.0) AppleWebKit/537.36 (KHTML, like Gecko) Mobile Safari/537.36 (compatible; Bytespider; https://zhanzhang.toutiao.com/)"
83.99.206.91 - - [13/Apr/2026:12:33:21 -0400] "GET /it-worked/ HTTP/1.1" 200 7553 "-" "Mozilla/5.0 (X11; Linux x86_64) AppleWebKit/537.36 (KHTML, like Gecko; GeedoShopProductFinder) Chrome/142.0.0.0 Safari/537.36"
111.225.149.167 - - [13/Apr/2026:12:33:28 -0400] "GET /shop/fly-fish-chest-waders/ HTTP/1.1" 200 13827 "-" "Mozilla/5.0 (Linux; Android 5.0) AppleWebKit/537.36 (KHTML, like Gecko) Mobile Safari/537.36 (compatible; Bytespider; https://zhanzhang.toutiao.com/)"
83.99.206.64 - - [13/Apr/2026:12:33:42 -0400] "GET /shop/waterproof-see-through-fly-box/ HTTP/1.1" 200 15941 "-" "Mozilla/5.0 (X11; Linux x86_64) AppleWebKit/537.36 (KHTML, like Gecko; GeedoShopProductFinder) Chrome/142.0.0.0 Safari/537.36"
111.225.149.65 - - [13/Apr/2026:12:33:48 -0400] "GET /shop/magnetic-fly-fishing-release-cord/ HTTP/1.1" 200 14563 "-" "Mozilla/5.0 (Linux; Android 5.0) AppleWebKit/537.36 (KHTML, like Gecko) Mobile Safari/537.36 (compatible; Bytespider; https://zhanzhang.toutiao.com/)"
111.225.149.65 - - [13/Apr/2026:12:33:50 -0400] "GET /wp-content/themes/david-steele/ds-script.js?ver=6.5.3 HTTP/1.1" 200 38 "https://flyfishing.davidsteele.com/shop/magnetic-fly-fishing-release-cord/" "Mozilla/5.0 (Linux; Android 5.0) AppleWebKit/537.36 (KHTML, like Gecko) Mobile Safari/537.36 (compatible; Bytespider; https://zhanzhang.toutiao.com/)"
83.99.206.131 - - [13/Apr/2026:12:34:02 -0400] "GET /shop/4-spools-tippet-line-3x-4x-5x-6x-spool-tender/ HTTP/1.1" 200 12909 "-" "Mozilla/5.0 (X11; Linux x86_64) AppleWebKit/537.36 (KHTML, like Gecko; GeedoShopProductFinder) Chrome/142.0.0.0 Safari/537.36"
110.249.202.83 - - [13/Apr/2026:12:34:13 -0400] "GET /shop/round-wood-stump-pillow/ HTTP/1.1" 200 16198 "-" "Mozilla/5.0 (Linux; Android 5.0) AppleWebKit/537.36 (KHTML, like Gecko) Mobile Safari/537.36 (compatible; Bytespider; https://zhanzhang.toutiao.com/)"
83.99.206.64 - - [13/Apr/2026:12:34:22 -0400] "GET /product-category/most-popular/ HTTP/1.1" 200 12288 "-" "Mozilla/5.0 (X11; Linux x86_64) AppleWebKit/537.36 (KHTML, like Gecko; GeedoShopProductFinder) Chrome/142.0.0.0 Safari/537.36"
83.99.206.109 - - [13/Apr/2026:12:34:42 -0400] "GET /shop/led-magnifying-glasses/ HTTP/1.1" 200 14311 "-" "Mozilla/5.0 (X11; Linux x86_64) AppleWebKit/537.36 (KHTML, like Gecko; GeedoShopProductFinder) Chrome/142.0.0.0 Safari/537.36"
111.225.149.118 - - [13/Apr/2026:12:34:49 -0400] "GET /shop/waterproof-see-through-fly-box/ HTTP/1.1" 200 15941 "-" "Mozilla/5.0 (Linux; Android 5.0) AppleWebKit/537.36 (KHTML, like Gecko) Mobile Safari/537.36 (compatible; Bytespider; https://zhanzhang.toutiao.com/)"
111.225.149.118 - - [13/Apr/2026:12:34:52 -0400] "GET /wp-content/uploads/2017/06/3139-2a07895214bf421a7a60a1357ec957f7-400x400.jpg HTTP/1.1" 206 500 "https://flyfishing.davidsteele.com/shop/waterproof-see-through-fly-box/" "Mozilla/5.0 (Linux; Android 5.0) AppleWebKit/537.36 (KHTML, like Gecko) Mobile Safari/537.36 (compatible; Bytespider; https://zhanzhang.toutiao.com/)"
83.99.206.64 - - [13/Apr/2026:12:35:01 -0400] "GET /product-category/editors-choice/page/2/ HTTP/1.1" 200 12400 "-" "Mozilla/5.0 (X11; Linux x86_64) AppleWebKit/537.36 (KHTML, like Gecko; GeedoShopProductFinder) Chrome/142.0.0.0 Safari/537.36"
111.225.148.224 - - [13/Apr/2026:12:35:09 -0400] "GET /shop/mini-fly-reel-keychain/ HTTP/1.1" 200 15490 "-" "Mozilla/5.0 (Linux; Android 5.0) AppleWebKit/537.36 (KHTML, like Gecko) Mobile Safari/537.36 (compatible; Bytespider; https://zhanzhang.toutiao.com/)"
83.99.206.107 - - [13/Apr/2026:12:35:40 -0400] "GET /product-category/uncategorized/ HTTP/1.1" 200 9860 "-" "Mozilla/5.0 (X11; Linux x86_64) AppleWebKit/537.36 (KHTML, like Gecko; GeedoShopProductFinder) Chrome/142.0.0.0 Safari/537.36"
83.99.206.111 - - [13/Apr/2026:12:35:59 -0400] "GET /?taxonomy=product_shipping_class&term=flat-rate HTTP/1.1" 200 17371 "-" "Mozilla/5.0 (X11; Linux x86_64) AppleWebKit/537.36 (KHTML, like Gecko; GeedoShopProductFinder) Chrome/142.0.0.0 Safari/537.36"
110.249.201.121 - - [13/Apr/2026:12:36:11 -0400] "GET /shop/fly-fishing-nipper/ HTTP/1.1" 200 15671 "-" "Mozilla/5.0 (Linux; Android 5.0) AppleWebKit/537.36 (KHTML, like Gecko) Mobile Safari/537.36 (compatible; Bytespider; https://zhanzhang.toutiao.com/)"
110.249.201.121 - - [13/Apr/2026:12:36:12 -0400] "GET /wp-content/plugins/woocommerce/assets/js/photoswipe/photoswipe.min.js?ver=4.1.1-wc.8.8.2 HTTP/1.1" 200 11652 "https://flyfishing.davidsteele.com/shop/fly-fishing-nipper/" "Mozilla/5.0 (Linux; Android 5.0) AppleWebKit/537.36 (KHTML, like Gecko) Mobile Safari/537.36 (compatible; Bytespider; https://zhanzhang.toutiao.com/)"
83.99.206.251 - - [13/Apr/2026:12:36:20 -0400] "GET /product-category/editors-choice/page/3/ HTTP/1.1" 200 11452 "-" "Mozilla/5.0 (X11; Linux x86_64) AppleWebKit/537.36 (KHTML, like Gecko; GeedoShopProductFinder) Chrome/142.0.0.0 Safari/537.36"
110.249.201.48 - - [13/Apr/2026:12:36:31 -0400] "GET /shop/led-magnifying-glasses/ HTTP/1.1" 200 14311 "-" "Mozilla/5.0 (Linux; Android 5.0) AppleWebKit/537.36 (KHTML, like Gecko) Mobile Safari/537.36 (compatible; Bytespider; https://zhanzhang.toutiao.com/)"
83.99.206.107 - - [13/Apr/2026:12:36:39 -0400] "GET /shop/leather-fly-fishing-gloves/ HTTP/1.1" 200 14730 "-" "Mozilla/5.0 (X11; Linux x86_64) AppleWebKit/537.36 (KHTML, like Gecko; GeedoShopProductFinder) Chrome/142.0.0.0 Safari/537.36"
83.99.206.107 - - [13/Apr/2026:12:37:00 -0400] "GET /product-category/essentials/page/3/ HTTP/1.1" 200 11143 "-" "Mozilla/5.0 (X11; Linux x86_64) AppleWebKit/537.36 (KHTML, like Gecko; GeedoShopProductFinder) Chrome/142.0.0.0 Safari/537.36"
111.225.149.174 - - [13/Apr/2026:12:37:13 -0400] "GET /shop/portable-fly-tying-tool-kit/ HTTP/1.1" 200 12683 "-" "Mozilla/5.0 (Linux; Android 5.0) AppleWebKit/537.36 (KHTML, like Gecko) Mobile Safari/537.36 (compatible; Bytespider; https://zhanzhang.toutiao.com/)"
83.99.206.107 - - [13/Apr/2026:12:37:19 -0400] "GET /shop/all-day-uv-protection-fishing-hat/ HTTP/1.1" 200 14298 "-" "Mozilla/5.0 (X11; Linux x86_64) AppleWebKit/537.36 (KHTML, like Gecko; GeedoShopProductFinder) Chrome/142.0.0.0 Safari/537.36"
83.99.206.209 - - [13/Apr/2026:12:37:57 -0400] "GET /shop/fly-fishing-magnifier-glasses/ HTTP/1.1" 200 14018 "-" "Mozilla/5.0 (X11; Linux x86_64) AppleWebKit/537.36 (KHTML, like Gecko; GeedoShopProductFinder) Chrome/142.0.0.0 Safari/537.36"
83.99.206.209 - - [13/Apr/2026:12:38:17 -0400] "GET /shop/round-wood-stump-pillow/ HTTP/1.1" 200 16198 "-" "Mozilla/5.0 (X11; Linux x86_64) AppleWebKit/537.36 (KHTML, like Gecko; GeedoShopProductFinder) Chrome/142.0.0.0 Safari/537.36"
83.99.206.209 - - [13/Apr/2026:12:38:36 -0400] "GET /shop/fly-fish-chest-waders/ HTTP/1.1" 200 13827 "-" "Mozilla/5.0 (X11; Linux x86_64) AppleWebKit/537.36 (KHTML, like Gecko; GeedoShopProductFinder) Chrome/142.0.0.0 Safari/537.36"
83.99.206.167 - - [13/Apr/2026:12:38:56 -0400] "GET /home/dse-ff-sm-banner/ HTTP/1.1" 200 7856 "-" "Mozilla/5.0 (X11; Linux x86_64) AppleWebKit/537.36 (KHTML, like Gecko; GeedoShopProductFinder) Chrome/142.0.0.0 Safari/537.36"
83.99.206.209 - - [13/Apr/2026:12:39:17 -0400] "GET /product-category/essentials/page/2/ HTTP/1.1" 200 12429 "-" "Mozilla/5.0 (X11; Linux x86_64) AppleWebKit/537.36 (KHTML, like Gecko; GeedoShopProductFinder) Chrome/142.0.0.0 Safari/537.36"
83.99.206.209 - - [13/Apr/2026:12:39:36 -0400] "GET /shop/wooden-fly-fishing-landing-net/ HTTP/1.1" 200 14091 "-" "Mozilla/5.0 (X11; Linux x86_64) AppleWebKit/537.36 (KHTML, like Gecko; GeedoShopProductFinder) Chrome/142.0.0.0 Safari/537.36"
83.99.206.209 - - [13/Apr/2026:12:40:11 -0400] "GET /shop/fly-fishing-stripping-basket/ HTTP/1.1" 200 12858 "-" "Mozilla/5.0 (X11; Linux x86_64) AppleWebKit/537.36 (KHTML, like Gecko; GeedoShopProductFinder) Chrome/142.0.0.0 Safari/537.36"
83.99.206.209 - - [13/Apr/2026:12:40:31 -0400] "GET /shop/2-pcs-magnetic-fly-fishing-rod-holder-stand/ HTTP/1.1" 200 13724 "-" "Mozilla/5.0 (X11; Linux x86_64) AppleWebKit/537.36 (KHTML, like Gecko; GeedoShopProductFinder) Chrome/142.0.0.0 Safari/537.36"
83.99.206.27 - - [13/Apr/2026:12:40:50 -0400] "GET /shop/wooden-handle-silicone-rubber-fly-fishing-net/ HTTP/1.1" 200 14182 "-" "Mozilla/5.0 (X11; Linux x86_64) AppleWebKit/537.36 (KHTML, like Gecko; GeedoShopProductFinder) Chrome/142.0.0.0 Safari/537.36"
83.99.206.209 - - [13/Apr/2026:12:41:10 -0400] "GET /shop/polarized-slap-bracelet-sun-glasses/ HTTP/1.1" 200 16482 "-" "Mozilla/5.0 (X11; Linux x86_64) AppleWebKit/537.36 (KHTML, like Gecko; GeedoShopProductFinder) Chrome/142.0.0.0 Safari/537.36"
83.99.206.209 - - [13/Apr/2026:12:41:31 -0400] "GET /shop/large-waterproof-fly-box/ HTTP/1.1" 200 13965 "-" "Mozilla/5.0 (X11; Linux x86_64) AppleWebKit/537.36 (KHTML, like Gecko; GeedoShopProductFinder) Chrome/142.0.0.0 Safari/537.36"
162.0.209.96 - - [13/Apr/2026:12:41:53 -0400] "POST /wp-cron.php?doing_wp_cron=1776098513.7066249847412109375000 HTTP/1.1" 200 0 "-" "WordPress/6.8.5; https://flyfishing.davidsteele.com"
83.99.206.209 - - [13/Apr/2026:12:41:50 -0400] "GET /product-category/essentials/page/1/ HTTP/1.1" 301 0 "-" "Mozilla/5.0 (X11; Linux x86_64) AppleWebKit/537.36 (KHTML, like Gecko; GeedoShopProductFinder) Chrome/142.0.0.0 Safari/537.36"
83.99.206.209 - - [13/Apr/2026:12:41:54 -0400] "GET /product-category/essentials/ HTTP/1.1" 200 12251 "-" "Mozilla/5.0 (X11; Linux x86_64) AppleWebKit/537.36 (KHTML, like Gecko; GeedoShopProductFinder) Chrome/142.0.0.0 Safari/537.36"
83.99.206.183 - - [13/Apr/2026:12:42:29 -0400] "GET /product-category/most-popular/page/2/ HTTP/1.1" 200 10963 "-" "Mozilla/5.0 (X11; Linux x86_64) AppleWebKit/537.36 (KHTML, like Gecko; GeedoShopProductFinder) Chrome/142.0.0.0 Safari/537.36"
154.16.3.70 - - [13/Apr/2026:12:42:39 -0400] "GET /wp-content/uploads/2017/11/3380-ac634078c498ccf9664d39e7256872e4.jpg HTTP/1.1" 200 333311 "-" "Mozilla/5.0 (compatible; crawler)"
83.99.206.64 - - [13/Apr/2026:12:42:50 -0400] "GET /product-category/top-selling/ HTTP/1.1" 200 12036 "-" "Mozilla/5.0 (X11; Linux x86_64) AppleWebKit/537.36 (KHTML, like Gecko; GeedoShopProductFinder) Chrome/142.0.0.0 Safari/537.36"
83.99.206.4 - - [13/Apr/2026:12:43:09 -0400] "GET / HTTP/1.1" 200 22570 "-" "Mozilla/5.0 (X11; Linux x86_64) AppleWebKit/537.36 (KHTML, like Gecko; GeedoShopProductFinder) Chrome/142.0.0.0 Safari/537.36"
83.99.206.64 - - [13/Apr/2026:12:43:29 -0400] "GET /shop/ HTTP/1.1" 200 14817 "-" "Mozilla/5.0 (X11; Linux x86_64) AppleWebKit/537.36 (KHTML, like Gecko; GeedoShopProductFinder) Chrome/142.0.0.0 Safari/537.36"
83.99.206.84 - - [13/Apr/2026:12:43:50 -0400] "GET /shop/9ft-5-8wt-fly-fishing-rod-combo-pre-spooled-with-cordura/ HTTP/1.1" 200 14419 "-" "Mozilla/5.0 (X11; Linux x86_64) AppleWebKit/537.36 (KHTML, like Gecko; GeedoShopProductFinder) Chrome/142.0.0.0 Safari/537.36"
83.99.206.64 - - [13/Apr/2026:12:44:09 -0400] "GET /shop/adjustable-fly-fishing-vest/ HTTP/1.1" 200 14595 "-" "Mozilla/5.0 (X11; Linux x86_64) AppleWebKit/537.36 (KHTML, like Gecko; GeedoShopProductFinder) Chrome/142.0.0.0 Safari/537.36"
162.0.209.96 - - [13/Apr/2026:12:44:51 -0400] "POST /wp-cron.php?doing_wp_cron=1776098691.1033689975738525390625 HTTP/1.1" 200 0 "-" "WordPress/6.8.5; https://flyfishing.davidsteele.com"
83.99.206.209 - - [13/Apr/2026:12:44:48 -0400] "GET /product-category/editors-choice/page/1/ HTTP/1.1" 301 0 "-" "Mozilla/5.0 (X11; Linux x86_64) AppleWebKit/537.36 (KHTML, like Gecko; GeedoShopProductFinder) Chrome/142.0.0.0 Safari/537.36"
83.99.206.209 - - [13/Apr/2026:12:44:51 -0400] "GET /product-category/editors-choice/ HTTP/1.1" 200 12195 "-" "Mozilla/5.0 (X11; Linux x86_64) AppleWebKit/537.36 (KHTML, like Gecko; GeedoShopProductFinder) Chrome/142.0.0.0 Safari/537.36"
83.99.206.209 - - [13/Apr/2026:12:45:08 -0400] "GET /product-category/essentials HTTP/1.1" 200 12251 "-" "Mozilla/5.0 (X11; Linux x86_64) AppleWebKit/537.36 (KHTML, like Gecko; GeedoShopProductFinder) Chrome/142.0.0.0 Safari/537.36"
83.99.206.247 - - [13/Apr/2026:12:45:29 -0400] "GET /product-category/top-selling/page/3/ HTTP/1.1" 200 11140 "-" "Mozilla/5.0 (X11; Linux x86_64) AppleWebKit/537.36 (KHTML, like Gecko; GeedoShopProductFinder) Chrome/142.0.0.0 Safari/537.36"
83.99.206.209 - - [13/Apr/2026:12:45:48 -0400] "GET /shop/mini-fly-reel-keychain/ HTTP/1.1" 200 15490 "-" "Mozilla/5.0 (X11; Linux x86_64) AppleWebKit/537.36 (KHTML, like Gecko; GeedoShopProductFinder) Chrome/142.0.0.0 Safari/537.36"
83.99.206.209 - - [13/Apr/2026:12:46:08 -0400] "GET /product-category/top-selling/page/2/ HTTP/1.1" 200 12421 "-" "Mozilla/5.0 (X11; Linux x86_64) AppleWebKit/537.36 (KHTML, like Gecko; GeedoShopProductFinder) Chrome/142.0.0.0 Safari/537.36"
83.99.206.236 - - [13/Apr/2026:12:46:29 -0400] "GET /shop/11-bright-led-cap-headlamp/ HTTP/1.1" 200 12857 "-" "Mozilla/5.0 (X11; Linux x86_64) AppleWebKit/537.36 (KHTML, like Gecko; GeedoShopProductFinder) Chrome/142.0.0.0 Safari/537.36"
162.0.209.96 - - [13/Apr/2026:12:47:08 -0400] "POST /wp-cron.php?doing_wp_cron=1776098828.1437110900878906250000 HTTP/1.1" 200 0 "-" "WordPress/6.8.5; https://flyfishing.davidsteele.com"
83.99.206.60 - - [13/Apr/2026:12:47:05 -0400] "GET /product-category/most-popular/page/1/ HTTP/1.1" 301 0 "-" "Mozilla/5.0 (X11; Linux x86_64) AppleWebKit/537.36 (KHTML, like Gecko; GeedoShopProductFinder) Chrome/142.0.0.0 Safari/537.36"
83.99.206.60 - - [13/Apr/2026:12:47:08 -0400] "GET /product-category/most-popular/ HTTP/1.1" 200 12288 "-" "Mozilla/5.0 (X11; Linux x86_64) AppleWebKit/537.36 (KHTML, like Gecko; GeedoShopProductFinder) Chrome/142.0.0.0 Safari/537.36"
